Aug 19 11:01:48.722853 n-d-853682-2 devstack@g-api.service[116815]: DEBUG glance_store.location [None req-1c4705fb-3f95-4964-a373-5f6679474348 admin admin] Registering scheme swift+https with {'store': , 'location_class': , 'store_entry': 'swift'} {{(pid=116815) register_scheme_map /usr/local/lib/python3.8/dist-packages/glance_store/location.py:146}}
Aug 19 11:01:48.723111 n-d-853682-2 devstack@g-api.service[116815]: DEBUG glance_store.location [None req-1c4705fb-3f95-4964-a373-5f6679474348 admin admin] Registering scheme swift+https with {'store': , 'location_class': , 'store_entry': 'swift'} {{(pid=116815) register_scheme_map /usr/local/lib/python3.8/dist-packages/glance_store/location.py:146}}
Aug 19 11:01:48.723361 n-d-853682-2 devstack@g-api.service[116815]: DEBUG glance_store.location [None req-1c4705fb-3f95-4964-a373-5f6679474348 admin admin] Registering scheme swift with {'store': , 'location_class': , 'store_entry': 'swift'} {{(pid=116815) register_scheme_map /usr/local/lib/python3.8/dist-packages/glance_store/location.py:146}}
Aug 19 11:01:48.723608 n-d-853682-2 devstack@g-api.service[116815]: DEBUG glance_store.location [None req-1c4705fb-3f95-4964-a373-5f6679474348 admin admin] Registering scheme swift+https with {'store': , 'location_class': , 'store_entry': 'swift'} {{(pid=116815) register_scheme_map /usr/local/lib/python3.8/dist-packages/glance_store/location.py:146}}
Aug 19 11:01:48.723854 n-d-853682-2 devstack@g-api.service[116815]: DEBUG glance_store.location [None req-1c4705fb-3f95-4964-a373-5f6679474348 admin admin] Registering scheme swift with {'store': , 'location_class': , 'store_entry': 'swift'} {{(pid=116815) register_scheme_map /usr/local/lib/python3.8/dist-packages/glance_store/location.py:146}}
Aug 19 11:01:48.724098 n-d-853682-2 devstack@g-api.service[116815]: DEBUG glance_store.location [None req-1c4705fb-3f95-4964-a373-5f6679474348 admin admin] Registering scheme swift+http with {'store': , 'location_class': , 'store_entry': 'swift'} {{(pid=116815) register_scheme_map /usr/local/lib/python3.8/dist-packages/glance_store/location.py:146}}
Aug 19 11:01:48.724344 n-d-853682-2 devstack@g-api.service[116815]: DEBUG glance_store.location [None req-1c4705fb-3f95-4964-a373-5f6679474348 admin admin] Registering scheme swift+https with {'store': , 'location_class': , 'store_entry': 'swift'} {{(pid=116815) register_scheme_map /usr/local/lib/python3.8/dist-packages/glance_store/location.py:146}}
Aug 19 11:01:48.724583 n-d-853682-2 devstack@g-api.service[116815]: DEBUG glance_store.location [None req-1c4705fb-3f95-4964-a373-5f6679474348 admin admin] Registering scheme swift with {'store': , 'location_class': , 'store_entry': 'swift'} {{(pid=116815) register_scheme_map /usr/local/lib/python3.8/dist-packages/glance_store/location.py:146}}
Aug 19 11:01:48.724822 n-d-853682-2 devstack@g-api.service[116815]: DEBUG glance_store.location [None req-1c4705fb-3f95-4964-a373-5f6679474348 admin admin] Registering scheme swift+http with {'store': , 'location_class': , 'store_entry': 'swift'} {{(pid=116815) register_scheme_map /usr/local/lib/python3.8/dist-packages/glance_store/location.py:146}}
Aug 19 11:01:48.725064 n-d-853682-2 devstack@g-api.service[116815]: DEBUG glance_store.location [None req-1c4705fb-3f95-4964-a373-5f6679474348 admin admin] Registering scheme swift+config with {'store': , 'location_class': , 'store_entry': 'swift'} {{(pid=116815) register_scheme_map /usr/local/lib/python3.8/dist-packages/glance_store/location.py:146}}
Aug 19 11:01:48.725312 n-d-853682-2 devstack@g-api.service[116815]: DEBUG glance_store.backend [None req-1c4705fb-3f95-4964-a373-5f6679474348 admin admin] Skipping store.set_acls... not implemented. {{(pid=116815) set_acls /usr/local/lib/python3.8/dist-packages/glance_store/backend.py:508}}
Aug 19 11:01:48.728377 n-d-853682-2 devstack@g-api.service[116815]: [pid: 116815|app: 0|req: 3/4] 127.0.0.1 () {40 vars in 866 bytes} [Fri Aug 19 11:01:32 2022] PUT /v2/images/8d182164-c102-4b93-9914-45f7cfbcb400/file => generated 0 bytes in 16553 msecs (HTTP/1.1 204) 4 headers in 171 bytes (1 switches on core 0)
Aug 19 11:01:58.717215 n-d-853682-2 devstack@g-api.service[116815]: DEBUG dbcounter [-] [116815] Writing DB stats glance:SELECT=9,glance:UPDATE=1,glance:INSERT=1 {{(pid=116815) stat_writer /usr/local/lib/python3.8/dist-packages/dbcounter.py:114}}
Aug 19 11:03:01.056449 n-d-853682-2 devstack@g-api.service[116816]: DEBUG glance.api.middleware.version_negotiation [None req-4821f743-f09f-4da2-b35c-7968148a37a8 admin admin] Determining version of request: GET / Accept: application/json {{(pid=116816) process_request /opt/stack/glance/glance/api/middleware/version_negotiation.py:44}}
Aug 19 11:03:01.057077 n-d-853682-2 devstack@g-api.service[116816]: DEBUG glance.api.middleware.version_negotiation [None req-4821f743-f09f-4da2-b35c-7968148a37a8 admin admin] Using url versioning {{(pid=116816) process_request /opt/stack/glance/glance/api/middleware/version_negotiation.py:57}}
Aug 19 11:03:01.057077 n-d-853682-2 devstack@g-api.service[116816]: DEBUG glance.api.middleware.version_negotiation [None req-4821f743-f09f-4da2-b35c-7968148a37a8 admin admin] Unknown version. Returning version choices. {{(pid=116816) process_request /opt/stack/glance/glance/api/middleware/version_negotiation.py:64}}
Aug 19 11:03:01.058785 n-d-853682-2 devstack@g-api.service[116816]: [pid: 116816|app: 0|req: 2/5] 127.0.0.1 () {34 vars in 509 bytes} [Fri Aug 19 11:03:01 2022] GET / => generated 1299 bytes in 4 msecs (HTTP/1.1 300) 3 headers in 106 bytes (1 switches on core 0)
Aug 19 11:03:01.070521 n-d-853682-2 devstack@g-api.service[116815]: DEBUG glance.api.middleware.version_negotiation [None req-1c4705fb-3f95-4964-a373-5f6679474348 admin admin] Determining version of request: GET /v2/images Accept: application/json {{(pid=116815) process_request /opt/stack/glance/glance/api/middleware/version_negotiation.py:44}}
Aug 19 11:03:01.070981 n-d-853682-2 devstack@g-api.service[116815]: DEBUG glance.api.middleware.version_negotiation [None req-1c4705fb-3f95-4964-a373-5f6679474348 admin admin] Using url versioning {{(pid=116815) process_request /opt/stack/glance/glance/api/middleware/version_negotiation.py:57}}
Aug 19 11:03:01.071907 n-d-853682-2 devstack@g-api.service[116815]: DEBUG glance.api.middleware.version_negotiation [None req-1c4705fb-3f95-4964-a373-5f6679474348 admin admin] Matched version: v2 {{(pid=116815) process_request /opt/stack/glance/glance/api/middleware/version_negotiation.py:69}}
Aug 19 11:03:01.072106 n-d-853682-2 devstack@g-api.service[116815]: DEBUG glance.api.middleware.version_negotiation [None req-1c4705fb-3f95-4964-a373-5f6679474348 admin admin] new path /v2/images {{(pid=116815) process_request /opt/stack/glance/glance/api/middleware/version_negotiation.py:70}}
Aug 19 11:03:01.587530 n-d-853682-2 devstack@g-api.service[116815]: [pid: 116815|app: 0|req: 4/6] 127.0.0.1 () {36 vars in 731 bytes} [Fri Aug 19 11:03:01 2022] GET /v2/images => generated 1015 bytes in 517 msecs (HTTP/1.1 200) 4 headers in 158 bytes (1 switches on core 0)
Aug 19 11:03:11.576692 n-d-853682-2 devstack@g-api.service[116815]: DEBUG dbcounter [-] [116815] Writing DB stats glance:SELECT=2 {{(pid=116815) stat_writer /usr/local/lib/python3.8/dist-packages/dbcounter.py:114}}
Aug 19 11:05:09.303149 n-d-853682-2 devstack@g-api.service[116816]: DEBUG glance.api.middleware.version_negotiation [None req-4821f743-f09f-4da2-b35c-7968148a37a8 admin admin] Determining version of request: GET /v1 Accept: application/json {{(pid=116816) process_request /opt/stack/glance/glance/api/middleware/version_negotiation.py:44}}
Aug 19 11:05:09.303583 n-d-853682-2 devstack@g-api.service[116816]: DEBUG glance.api.middleware.version_negotiation [None req-4821f743-f09f-4da2-b35c-7968148a37a8 admin admin] Using url versioning {{(pid=116816) process_request /opt/stack/glance/glance/api/middleware/version_negotiation.py:57}}
Aug 19 11:05:09.303796 n-d-853682-2 devstack@g-api.service[116816]: DEBUG glance.api.middleware.version_negotiation [None req-4821f743-f09f-4da2-b35c-7968148a37a8 admin admin] Unknown version. Returning version choices. {{(pid=116816) process_request /opt/stack/glance/glance/api/middleware/version_negotiation.py:64}}
Aug 19 11:05:09.305171 n-d-853682-2 devstack@g-api.service[116816]: [pid: 116816|app: 0|req: 3/7] 127.0.0.1 () {38 vars in 688 bytes} [Fri Aug 19 11:05:09 2022] GET /v1 => generated 1299 bytes in 2 msecs (HTTP/1.1 300) 3 headers in 106 bytes (1 switches on core 0)
Aug 19 11:10:29.275862 n-d-853682-2 devstack@g-api.service[116815]: DEBUG glance.api.middleware.version_negotiation [None req-5e2e2b40-0852-44eb-893e-c53a164b9589 admin admin] Determining version of request: GET / Accept: application/json {{(pid=116815) process_request /opt/stack/glance/glance/api/middleware/version_negotiation.py:44}}
Aug 19 11:10:29.277054 n-d-853682-2 devstack@g-api.service[116815]: DEBUG glance.api.middleware.version_negotiation [None req-5e2e2b40-0852-44eb-893e-c53a164b9589 admin admin] Using url versioning {{(pid=116815) process_request /opt/stack/glance/glance/api/middleware/version_negotiation.py:57}}
Aug 19 11:10:29.278367 n-d-853682-2 devstack@g-api.service[116815]: DEBUG glance.api.middleware.version_negotiation [None req-5e2e2b40-0852-44eb-893e-c53a164b9589 admin admin] Unknown version. Returning version choices. {{(pid=116815) process_request /opt/stack/glance/glance/api/middleware/version_negotiation.py:64}}
Aug 19 11:10:29.280621 n-d-853682-2 devstack@g-api.service[116815]: [pid: 116815|app: 0|req: 5/8] 127.0.0.1 () {34 vars in 494 bytes} [Fri Aug 19 11:10:29 2022] GET / => generated 1299 bytes in 5 msecs (HTTP/1.1 300) 3 headers in 106 bytes (1 switches on core 0)
Aug 19 11:10:29.710398 n-d-853682-2 devstack@g-api.service[116816]: DEBUG glance.api.middleware.version_negotiation [None req-4821f743-f09f-4da2-b35c-7968148a37a8 admin admin] Determining version of request: GET /v2/images/8d182164-c102-4b93-9914-45f7cfbcb400 Accept: */* {{(pid=116816) process_request /opt/stack/glance/glance/api/middleware/version_negotiation.py:44}}
Aug 19 11:10:29.712782 n-d-853682-2 devstack@g-api.service[116816]: DEBUG glance.api.middleware.version_negotiation [None req-4821f743-f09f-4da2-b35c-7968148a37a8 admin admin] Using url versioning {{(pid=116816) process_request /opt/stack/glance/glance/api/middleware/version_negotiation.py:57}}
Aug 19 11:10:29.713286 n-d-853682-2 devstack@g-api.service[116816]: DEBUG glance.api.middleware.version_negotiation [None req-4821f743-f09f-4da2-b35c-7968148a37a8 admin admin] Matched version: v2 {{(pid=116816) process_request /opt/stack/glance/glance/api/middleware/version_negotiation.py:69}}
Aug 19 11:10:29.713961 n-d-853682-2 devstack@g-api.service[116816]: DEBUG glance.api.middleware.version_negotiation [None req-4821f743-f09f-4da2-b35c-7968148a37a8 admin admin] new path /v2/images/8d182164-c102-4b93-9914-45f7cfbcb400 {{(pid=116816) process_request /opt/stack/glance/glance/api/middleware/version_negotiation.py:70}}
Aug 19 11:10:29.873757 n-d-853682-2 devstack@g-api.service[116816]: WARNING keystonemiddleware.auth_token [None req-4821f743-f09f-4da2-b35c-7968148a37a8 admin admin] A valid token was submitted as a service token, but it was not a valid service token. This is incorrect but backwards compatible behaviour. This will be removed in future releases.
Aug 19 11:10:29.936885 n-d-853682-2 devstack@g-api.service[116816]: [pid: 116816|app: 0|req: 4/9] 127.0.0.1 () {42 vars in 1051 bytes} [Fri Aug 19 11:10:29 2022] GET /v2/images/8d182164-c102-4b93-9914-45f7cfbcb400 => generated 946 bytes in 227 msecs (HTTP/1.1 200) 4 headers in 157 bytes (1 switches on core 0)
Aug 19 11:10:29.944133 n-d-853682-2 devstack@g-api.service[116815]: DEBUG glance.api.middleware.version_negotiation [None req-5e2e2b40-0852-44eb-893e-c53a164b9589 admin admin] Determining version of request: GET /v2/schemas/image Accept: */* {{(pid=116815) process_request /opt/stack/glance/glance/api/middleware/version_negotiation.py:44}}
Aug 19 11:10:29.944404 n-d-853682-2 devstack@g-api.service[116815]: DEBUG glance.api.middleware.version_negotiation [None req-5e2e2b40-0852-44eb-893e-c53a164b9589 admin admin] Using url versioning {{(pid=116815) process_request /opt/stack/glance/glance/api/middleware/version_negotiation.py:57}}
Aug 19 11:10:29.944851 n-d-853682-2 devstack@g-api.service[116815]: DEBUG glance.api.middleware.version_negotiation [None req-5e2e2b40-0852-44eb-893e-c53a164b9589 admin admin] Matched version: v2 {{(pid=116815) process_request /opt/stack/glance/glance/api/middleware/version_negotiation.py:69}}
Aug 19 11:10:29.945278 n-d-853682-2 devstack@g-api.service[116815]: DEBUG glance.api.middleware.version_negotiation [None req-5e2e2b40-0852-44eb-893e-c53a164b9589 admin admin] new path /v2/schemas/image {{(pid=116815) process_request /opt/stack/glance/glance/api/middleware/version_negotiation.py:70}}
Aug 19 11:10:29.947261 n-d-853682-2 devstack@g-api.service[116815]: WARNING keystonemiddleware.auth_token [None req-5e2e2b40-0852-44eb-893e-c53a164b9589 admin admin] A valid token was submitted as a service token, but it was not a valid service token. This is incorrect but backwards compatible behaviour. This will be removed in future releases.
Aug 19 11:10:29.953036 n-d-853682-2 devstack@g-api.service[116815]: [pid: 116815|app: 0|req: 6/10] 127.0.0.1 () {42 vars in 991 bytes} [Fri Aug 19 11:10:29 2022] GET /v2/schemas/image => generated 6083 bytes in 10 msecs (HTTP/1.1 200) 4 headers in 158 bytes (1 switches on core 0)
Aug 19 11:10:33.656424 n-d-853682-2 devstack@g-api.service[116816]: DEBUG glance.api.middleware.version_negotiation [None req-32b59d35-a9ba-4fc5-b830-4d316cf6e95e tempest-DeleteServersAdminTestJSON-2048279229 tempest-DeleteServersAdminTestJSON-2048279229-project] Determining version of request: GET /v2/images/8d182164-c102-4b93-9914-45f7cfbcb400 Accept: */* {{(pid=116816) process_request /opt/stack/glance/glance/api/middleware/version_negotiation.py:44}}
Aug 19 11:10:33.656919 n-d-853682-2 devstack@g-api.service[116816]: DEBUG glance.api.middleware.version_negotiation [None req-32b59d35-a9ba-4fc5-b830-4d316cf6e95e tempest-DeleteServersAdminTestJSON-2048279229 tempest-DeleteServersAdminTestJSON-2048279229-project] Using url versioning {{(pid=116816) process_request /opt/stack/glance/glance/api/middleware/version_negotiation.py:57}}
Aug 19 11:10:33.659438 n-d-853682-2 devstack@g-api.service[116816]: DEBUG glance.api.middleware.version_negotiation [None req-32b59d35-a9ba-4fc5-b830-4d316cf6e95e tempest-DeleteServersAdminTestJSON-2048279229 tempest-DeleteServersAdminTestJSON-2048279229-project] Matched version: v2 {{(pid=116816) process_request /opt/stack/glance/glance/api/middleware/version_negotiation.py:69}}
Aug 19 11:10:33.659798 n-d-853682-2 devstack@g-api.service[116816]: DEBUG glance.api.middleware.version_negotiation [None req-32b59d35-a9ba-4fc5-b830-4d316cf6e95e tempest-DeleteServersAdminTestJSON-2048279229 tempest-DeleteServersAdminTestJSON-2048279229-project] new path /v2/images/8d182164-c102-4b93-9914-45f7cfbcb400 {{(pid=116816) process_request /opt/stack/glance/glance/api/middleware/version_negotiation.py:70}}
Aug 19 11:10:33.716837 n-d-853682-2 devstack@g-api.service[116816]: [pid: 116816|app: 0|req: 5/11] 127.0.0.1 () {42 vars in 1051 bytes} [Fri Aug 19 11:10:33 2022] GET /v2/images/8d182164-c102-4b93-9914-45f7cfbcb400 => generated 946 bytes in 61 msecs (HTTP/1.1 200) 4 headers in 157 bytes (1 switches on core 0)
Aug 19 11:10:33.722838 n-d-853682-2 devstack@g-api.service[116815]: DEBUG glance.api.middleware.version_negotiation [None req-32b59d35-a9ba-4fc5-b830-4d316cf6e95e tempest-DeleteServersAdminTestJSON-2048279229 tempest-DeleteServersAdminTestJSON-2048279229-project] Determining version of request: GET /v2/schemas/image Accept: */* {{(pid=116815) process_request /opt/stack/glance/glance/api/middleware/version_negotiation.py:44}}
Aug 19 11:10:33.723739 n-d-853682-2 devstack@g-api.service[116815]: DEBUG glance.api.middleware.version_negotiation [None req-32b59d35-a9ba-4fc5-b830-4d316cf6e95e tempest-DeleteServersAdminTestJSON-2048279229 tempest-DeleteServersAdminTestJSON-2048279229-project] Using url versioning {{(pid=116815) process_request /opt/stack/glance/glance/api/middleware/version_negotiation.py:57}}
Aug 19 11:10:33.724219 n-d-853682-2 devstack@g-api.service[116815]: DEBUG glance.api.middleware.version_negotiation [None req-32b59d35-a9ba-4fc5-b830-4d316cf6e95e tempest-DeleteServersAdminTestJSON-2048279229 tempest-DeleteServersAdminTestJSON-2048279229-project] Matched version: v2 {{(pid=116815) process_request /opt/stack/glance/glance/api/middleware/version_negotiation.py:69}}
Aug 19 11:10:33.726522 n-d-853682-2 devstack@g-api.service[116815]: DEBUG glance.api.middleware.version_negotiation [None req-32b59d35-a9ba-4fc5-b830-4d316cf6e95e tempest-DeleteServersAdminTestJSON-2048279229 tempest-DeleteServersAdminTestJSON-2048279229-project] new path /v2/schemas/image {{(pid=116815) process_request /opt/stack/glance/glance/api/middleware/version_negotiation.py:70}}
Aug 19 11:10:33.732641 n-d-853682-2 devstack@g-api.service[116815]: [pid: 116815|app: 0|req: 7/12] 127.0.0.1 () {42 vars in 991 bytes} [Fri Aug 19 11:10:33 2022] GET /v2/schemas/image => generated 6083 bytes in 10 msecs (HTTP/1.1 200) 4 headers in 158 bytes (1 switches on core 0)
Aug 19 11:10:35.662345 n-d-853682-2 devstack@g-api.service[116816]: DEBUG glance.api.middleware.version_negotiation [None req-0fd29b58-d237-4d12-b2aa-96c83c091619 tempest-AggregatesAdminTestJSON-1947841520 tempest-AggregatesAdminTestJSON-1947841520-project] Determining version of request: GET /v2/images/8d182164-c102-4b93-9914-45f7cfbcb400 Accept: */* {{(pid=116816) process_request /opt/stack/glance/glance/api/middleware/version_negotiation.py:44}}
Aug 19 11:10:35.663459 n-d-853682-2 devstack@g-api.service[116816]: DEBUG glance.api.middleware.version_negotiation [None req-0fd29b58-d237-4d12-b2aa-96c83c091619 tempest-AggregatesAdminTestJSON-1947841520 tempest-AggregatesAdminTestJSON-1947841520-project] Using url versioning {{(pid=116816) process_request /opt/stack/glance/glance/api/middleware/version_negotiation.py:57}}
Aug 19 11:10:35.664520 n-d-853682-2 devstack@g-api.service[116816]: DEBUG glance.api.middleware.version_negotiation [None req-0fd29b58-d237-4d12-b2aa-96c83c091619 tempest-AggregatesAdminTestJSON-1947841520 tempest-AggregatesAdminTestJSON-1947841520-project] Matched version: v2 {{(pid=116816) process_request /opt/stack/glance/glance/api/middleware/version_negotiation.py:69}}
Aug 19 11:10:35.664993 n-d-853682-2 devstack@g-api.service[116816]: DEBUG glance.api.middleware.version_negotiation [None req-0fd29b58-d237-4d12-b2aa-96c83c091619 tempest-AggregatesAdminTestJSON-1947841520 tempest-AggregatesAdminTestJSON-1947841520-project] new path /v2/images/8d182164-c102-4b93-9914-45f7cfbcb400 {{(pid=116816) process_request /opt/stack/glance/glance/api/middleware/version_negotiation.py:70}}
Aug 19 11:10:35.705559 n-d-853682-2 devstack@g-api.service[116816]: [pid: 116816|app: 0|req: 6/13] 127.0.0.1 () {40 vars in 844 bytes} [Fri Aug 19 11:10:35 2022] GET /v2/images/8d182164-c102-4b93-9914-45f7cfbcb400 => generated 946 bytes in 44 msecs (HTTP/1.1 200) 4 headers in 157 bytes (1 switches on core 0)
Aug 19 11:10:35.707991 n-d-853682-2 devstack@g-api.service[116815]: DEBUG glance.api.middleware.version_negotiation [None req-0fd29b58-d237-4d12-b2aa-96c83c091619 tempest-AggregatesAdminTestJSON-1947841520 tempest-AggregatesAdminTestJSON-1947841520-project] Determining version of request: GET /v2/images/8d182164-c102-4b93-9914-45f7cfbcb400/file Accept: */* {{(pid=116815) process_request /opt/stack/glance/glance/api/middleware/version_negotiation.py:44}}
Aug 19 11:10:35.708488 n-d-853682-2 devstack@g-api.service[116815]: DEBUG glance.api.middleware.version_negotiation [None req-0fd29b58-d237-4d12-b2aa-96c83c091619 tempest-AggregatesAdminTestJSON-1947841520 tempest-AggregatesAdminTestJSON-1947841520-project] Using url versioning {{(pid=116815) process_request /opt/stack/glance/glance/api/middleware/version_negotiation.py:57}}
Aug 19 11:10:35.708945 n-d-853682-2 devstack@g-api.service[116815]: DEBUG glance.api.middleware.version_negotiation [None req-0fd29b58-d237-4d12-b2aa-96c83c091619 tempest-AggregatesAdminTestJSON-1947841520 tempest-AggregatesAdminTestJSON-1947841520-project] Matched version: v2 {{(pid=116815) process_request /opt/stack/glance/glance/api/middleware/version_negotiation.py:69}}
Aug 19 11:10:35.709241 n-d-853682-2 devstack@g-api.service[116815]: DEBUG glance.api.middleware.version_negotiation [None req-0fd29b58-d237-4d12-b2aa-96c83c091619 tempest-AggregatesAdminTestJSON-1947841520 tempest-AggregatesAdminTestJSON-1947841520-project] new path /v2/images/8d182164-c102-4b93-9914-45f7cfbcb400/file {{(pid=116815) process_request /opt/stack/glance/glance/api/middleware/version_negotiation.py:70}}
Aug 19 11:10:35.782200 n-d-853682-2 devstack@g-api.service[116815]: DEBUG glance_store.backend [None req-32b59d35-a9ba-4fc5-b830-4d316cf6e95e tempest-DeleteServersAdminTestJSON-2048279229 tempest-DeleteServersAdminTestJSON-2048279229-project] Attempting to import store swift {{(pid=116815) _load_store /usr/local/lib/python3.8/dist-packages/glance_store/backend.py:216}}
Aug 19 11:10:35.788036 n-d-853682-2 devstack@g-api.service[116815]: DEBUG glance_store.capabilities [None req-32b59d35-a9ba-4fc5-b830-4d316cf6e95e tempest-DeleteServersAdminTestJSON-2048279229 tempest-DeleteServersAdminTestJSON-2048279229-project] Store glance_store._drivers.swift.store.SingleTenantStore doesn't support updating dynamic storage capabilities. Please overwrite 'update_capabilities' method of the store to implement updating logics if needed. {{(pid=116815) update_capabilities /usr/local/lib/python3.8/dist-packages/glance_store/capabilities.py:91}}
Aug 19 11:10:35.795057 n-d-853682-2 devstack@g-api.service[116815]: DEBUG glance_store.driver [None req-32b59d35-a9ba-4fc5-b830-4d316cf6e95e tempest-DeleteServersAdminTestJSON-2048279229 tempest-DeleteServersAdminTestJSON-2048279229-project] Late loading location class glance_store._drivers.swift.store.StoreLocation {{(pid=116815) get_store_location_class /usr/local/lib/python3.8/dist-packages/glance_store/driver.py:116}}
Aug 19 11:10:35.795682 n-d-853682-2 devstack@g-api.service[116815]: DEBUG glance_store.location [None req-32b59d35-a9ba-4fc5-b830-4d316cf6e95e tempest-DeleteServersAdminTestJSON-2048279229 tempest-DeleteServersAdminTestJSON-2048279229-project] Registering scheme swift+https with {'store': , 'location_class': , 'store_entry': 'swift'} {{(pid=116815) register_scheme_map /usr/local/lib/python3.8/dist-packages/glance_store/location.py:146}}
Aug 19 11:10:35.796280 n-d-853682-2 devstack@g-api.service[116815]: DEBUG glance_store.location [None req-32b59d35-a9ba-4fc5-b830-4d316cf6e95e tempest-DeleteServersAdminTestJSON-2048279229 tempest-DeleteServersAdminTestJSON-2048279229-project] Registering scheme swift+https with {'store': , 'location_class': , 'store_entry': 'swift'} {{(pid=116815) register_scheme_map /usr/local/lib/python3.8/dist-packages/glance_store/location.py:146}}
Aug 19 11:10:35.796727 n-d-853682-2 devstack@g-api.service[116815]: DEBUG glance_store.location [None req-32b59d35-a9ba-4fc5-b830-4d316cf6e95e tempest-DeleteServersAdminTestJSON-2048279229 tempest-DeleteServersAdminTestJSON-2048279229-project] Registering scheme swift with {'store': , 'location_class': , 'store_entry': 'swift'} {{(pid=116815) register_scheme_map /usr/local/lib/python3.8/dist-packages/glance_store/location.py:146}}
Aug 19 11:10:35.797055 n-d-853682-2 devstack@g-api.service[116815]: DEBUG glance_store.location [None req-32b59d35-a9ba-4fc5-b830-4d316cf6e95e tempest-DeleteServersAdminTestJSON-2048279229 tempest-DeleteServersAdminTestJSON-2048279229-project] Registering scheme swift+https with {'store': , 'location_class': , 'store_entry': 'swift'} {{(pid=116815) register_scheme_map /usr/local/lib/python3.8/dist-packages/glance_store/location.py:146}}
Aug 19 11:10:35.797412 n-d-853682-2 devstack@g-api.service[116815]: DEBUG glance_store.location [None req-32b59d35-a9ba-4fc5-b830-4d316cf6e95e tempest-DeleteServersAdminTestJSON-2048279229 tempest-DeleteServersAdminTestJSON-2048279229-project] Registering scheme swift with {'store': , 'location_class': , 'store_entry': 'swift'} {{(pid=116815) register_scheme_map /usr/local/lib/python3.8/dist-packages/glance_store/location.py:146}}
Aug 19 11:10:35.797728 n-d-853682-2 devstack@g-api.service[116815]: DEBUG glance_store.location [None req-32b59d35-a9ba-4fc5-b830-4d316cf6e95e tempest-DeleteServersAdminTestJSON-2048279229 tempest-DeleteServersAdminTestJSON-2048279229-project] Registering scheme swift+http with {'store': , 'location_class': , 'store_entry': 'swift'} {{(pid=116815) register_scheme_map /usr/local/lib/python3.8/dist-packages/glance_store/location.py:146}}
Aug 19 11:10:35.798059 n-d-853682-2 devstack@g-api.service[116815]: DEBUG glance_store.location [None req-32b59d35-a9ba-4fc5-b830-4d316cf6e95e tempest-DeleteServersAdminTestJSON-2048279229 tempest-DeleteServersAdminTestJSON-2048279229-project] Registering scheme swift+https with {'store': , 'location_class': , 'store_entry': 'swift'} {{(pid=116815) register_scheme_map /usr/local/lib/python3.8/dist-packages/glance_store/location.py:146}}
Aug 19 11:10:35.798372 n-d-853682-2 devstack@g-api.service[116815]: DEBUG glance_store.location [None req-32b59d35-a9ba-4fc5-b830-4d316cf6e95e tempest-DeleteServersAdminTestJSON-2048279229 tempest-DeleteServersAdminTestJSON-2048279229-project] Registering scheme swift with {'store': , 'location_class': , 'store_entry': 'swift'} {{(pid=116815) register_scheme_map /usr/local/lib/python3.8/dist-packages/glance_store/location.py:146}}
Aug 19 11:10:35.798683 n-d-853682-2 devstack@g-api.service[116815]: DEBUG glance_store.location [None req-32b59d35-a9ba-4fc5-b830-4d316cf6e95e tempest-DeleteServersAdminTestJSON-2048279229 tempest-DeleteServersAdminTestJSON-2048279229-project] Registering scheme swift+http with {'store': , 'location_class': , 'store_entry': 'swift'} {{(pid=116815) register_scheme_map /usr/local/lib/python3.8/dist-packages/glance_store/location.py:146}}
Aug 19 11:10:35.799662 n-d-853682-2 devstack@g-api.service[116815]: DEBUG glance_store.location [None req-32b59d35-a9ba-4fc5-b830-4d316cf6e95e tempest-DeleteServersAdminTestJSON-2048279229 tempest-DeleteServersAdminTestJSON-2048279229-project] Registering scheme swift+config with {'store': , 'location_class': , 'store_entry': 'swift'} {{(pid=116815) register_scheme_map /usr/local/lib/python3.8/dist-packages/glance_store/location.py:146}}
Aug 19 11:10:37.274488 n-d-853682-2 devstack@g-api.service[116815]: DEBUG swiftclient [None req-32b59d35-a9ba-4fc5-b830-4d316cf6e95e tempest-DeleteServersAdminTestJSON-2048279229 tempest-DeleteServersAdminTestJSON-2048279229-project] REQ: curl -i http://10.222.0.42:8080/v1/AUTH_4a81c0e815b743aaad661e1d8c212fc3/glance/8d182164-c102-4b93-9914-45f7cfbcb400 -X GET -H "X-Auth-Token: gAAAAABi_2-rAWwv..." {{(pid=116815) http_log /usr/local/lib/python3.8/dist-packages/swiftclient/client.py:157}}
Aug 19 11:10:37.275072 n-d-853682-2 devstack@g-api.service[116815]: DEBUG swiftclient [None req-32b59d35-a9ba-4fc5-b830-4d316cf6e95e tempest-DeleteServersAdminTestJSON-2048279229 tempest-DeleteServersAdminTestJSON-2048279229-project] RESP STATUS: 200 OK {{(pid=116815) http_log /usr/local/lib/python3.8/dist-packages/swiftclient/client.py:158}}
Aug 19 11:10:37.275072 n-d-853682-2 devstack@g-api.service[116815]: DEBUG swiftclient [None req-32b59d35-a9ba-4fc5-b830-4d316cf6e95e tempest-DeleteServersAdminTestJSON-2048279229 tempest-DeleteServersAdminTestJSON-2048279229-project] RESP HEADERS: {'Content-Type': 'application/octet-stream', 'Etag': '318f990048c8a194829e52141534610d', 'Last-Modified': 'Fri, 19 Aug 2022 11:01:34 GMT', 'X-Timestamp': '1660906893.79194', 'Accept-Ranges': 'bytes', 'Content-Length': '645922816', 'X-Trans-Id': 'tx70d2182dc2314efd8cd9d-0062ff6fac', 'X-Openstack-Request-Id': 'tx70d2182dc2314efd8cd9d-0062ff6fac', 'Date': 'Fri, 19 Aug 2022 11:10:37 GMT'} {{(pid=116815) http_log /usr/local/lib/python3.8/dist-packages/swiftclient/client.py:159}}
Aug 19 11:10:37.311902 n-d-853682-2 devstack@g-api.service[116815]: DEBUG glance.image_cache [None req-32b59d35-a9ba-4fc5-b830-4d316cf6e95e tempest-DeleteServersAdminTestJSON-2048279229 tempest-DeleteServersAdminTestJSON-2048279229-project] Tee'ing image '8d182164-c102-4b93-9914-45f7cfbcb400' into cache {{(pid=116815) get_caching_iter /opt/stack/glance/glance/image_cache/__init__.py:343}}
Aug 19 11:10:45.696813 n-d-853682-2 devstack@g-api.service[116816]: DEBUG dbcounter [-] [116816] Writing DB stats glance:SELECT=12 {{(pid=116816) stat_writer /usr/local/lib/python3.8/dist-packages/dbcounter.py:114}}
Aug 19 11:10:47.294741 n-d-853682-2 devstack@g-api.service[116815]: DEBUG dbcounter [-] [116815] Writing DB stats glance:SELECT=8 {{(pid=116815) stat_writer /usr/local/lib/python3.8/dist-packages/dbcounter.py:114}}
Aug 19 11:10:52.141766 n-d-853682-2 devstack@g-api.service[116815]: DEBUG glance.image_cache.drivers.sqlite [None req-32b59d35-a9ba-4fc5-b830-4d316cf6e95e tempest-DeleteServersAdminTestJSON-2048279229 tempest-DeleteServersAdminTestJSON-2048279229-project] Fetch finished, moving '/opt/stack/data/glance/cache/incomplete/8d182164-c102-4b93-9914-45f7cfbcb400' to '/opt/stack/data/glance/cache/8d182164-c102-4b93-9914-45f7cfbcb400' {{(pid=116815) commit /opt/stack/glance/glance/image_cache/drivers/sqlite.py:324}}
Aug 19 11:10:52.207944 n-d-853682-2 devstack@g-api.service[116815]: [pid: 116815|app: 0|req: 8/14] 127.0.0.1 () {40 vars in 854 bytes} [Fri Aug 19 11:10:35 2022] GET /v2/images/8d182164-c102-4b93-9914-45f7cfbcb400/file => generated 645922816 bytes in 16500 msecs (HTTP/1.1 200) 4 headers in 191 bytes (9857 switches on core 0)
Aug 19 11:10:59.892208 n-d-853682-2 devstack@g-api.service[116816]: DEBUG glance.api.middleware.version_negotiation [None req-32b59d35-a9ba-4fc5-b830-4d316cf6e95e tempest-DeleteServersAdminTestJSON-2048279229 tempest-DeleteServersAdminTestJSON-2048279229-project] Determining version of request: GET / Accept: application/json {{(pid=116816) process_request /opt/stack/glance/glance/api/middleware/version_negotiation.py:44}}
Aug 19 11:10:59.892684 n-d-853682-2 devstack@g-api.service[116816]: DEBUG glance.api.middleware.version_negotiation [None req-32b59d35-a9ba-4fc5-b830-4d316cf6e95e tempest-DeleteServersAdminTestJSON-2048279229 tempest-DeleteServersAdminTestJSON-2048279229-project] Using url versioning {{(pid=116816) process_request /opt/stack/glance/glance/api/middleware/version_negotiation.py:57}}
Aug 19 11:10:59.892907 n-d-853682-2 devstack@g-api.service[116816]: DEBUG glance.api.middleware.version_negotiation [None req-32b59d35-a9ba-4fc5-b830-4d316cf6e95e tempest-DeleteServersAdminTestJSON-2048279229 tempest-DeleteServersAdminTestJSON-2048279229-project] Unknown version. Returning version choices. {{(pid=116816) process_request /opt/stack/glance/glance/api/middleware/version_negotiation.py:64}}
Aug 19 11:10:59.896073 n-d-853682-2 devstack@g-api.service[116816]: [pid: 116816|app: 0|req: 7/15] 127.0.0.1 () {34 vars in 494 bytes} [Fri Aug 19 11:10:59 2022] GET / => generated 1299 bytes in 3 msecs (HTTP/1.1 300) 3 headers in 106 bytes (1 switches on core 0)
Aug 19 11:10:59.905879 n-d-853682-2 devstack@g-api.service[116815]: DEBUG glance.api.middleware.version_negotiation [None req-32b59d35-a9ba-4fc5-b830-4d316cf6e95e tempest-DeleteServersAdminTestJSON-2048279229 tempest-DeleteServersAdminTestJSON-2048279229-project] Determining version of request: GET /v2/images/8d182164-c102-4b93-9914-45f7cfbcb400 Accept: */* {{(pid=116815) process_request /opt/stack/glance/glance/api/middleware/version_negotiation.py:44}}
Aug 19 11:10:59.907065 n-d-853682-2 devstack@g-api.service[116815]: DEBUG glance.api.middleware.version_negotiation [None req-32b59d35-a9ba-4fc5-b830-4d316cf6e95e tempest-DeleteServersAdminTestJSON-2048279229 tempest-DeleteServersAdminTestJSON-2048279229-project] Using url versioning {{(pid=116815) process_request /opt/stack/glance/glance/api/middleware/version_negotiation.py:57}}
Aug 19 11:10:59.907941 n-d-853682-2 devstack@g-api.service[116815]: DEBUG glance.api.middleware.version_negotiation [None req-32b59d35-a9ba-4fc5-b830-4d316cf6e95e tempest-DeleteServersAdminTestJSON-2048279229 tempest-DeleteServersAdminTestJSON-2048279229-project] Matched version: v2 {{(pid=116815) process_request /opt/stack/glance/glance/api/middleware/version_negotiation.py:69}}
Aug 19 11:10:59.908364 n-d-853682-2 devstack@g-api.service[116815]: DEBUG glance.api.middleware.version_negotiation [None req-32b59d35-a9ba-4fc5-b830-4d316cf6e95e tempest-DeleteServersAdminTestJSON-2048279229 tempest-DeleteServersAdminTestJSON-2048279229-project] new path /v2/images/8d182164-c102-4b93-9914-45f7cfbcb400 {{(pid=116815) process_request /opt/stack/glance/glance/api/middleware/version_negotiation.py:70}}
Aug 19 11:10:59.944891 n-d-853682-2 devstack@g-api.service[116815]: [pid: 116815|app: 0|req: 9/16] 127.0.0.1 () {42 vars in 1051 bytes} [Fri Aug 19 11:10:59 2022] GET /v2/images/8d182164-c102-4b93-9914-45f7cfbcb400 => generated 946 bytes in 40 msecs (HTTP/1.1 200) 4 headers in 157 bytes (1 switches on core 0)
Aug 19 11:10:59.950653 n-d-853682-2 devstack@g-api.service[116816]: DEBUG glance.api.middleware.version_negotiation [None req-32b59d35-a9ba-4fc5-b830-4d316cf6e95e tempest-DeleteServersAdminTestJSON-2048279229 tempest-DeleteServersAdminTestJSON-2048279229-project] Determining version of request: GET /v2/schemas/image Accept: */* {{(pid=116816) process_request /opt/stack/glance/glance/api/middleware/version_negotiation.py:44}}
Aug 19 11:10:59.951321 n-d-853682-2 devstack@g-api.service[116816]: DEBUG glance.api.middleware.version_negotiation [None req-32b59d35-a9ba-4fc5-b830-4d316cf6e95e tempest-DeleteServersAdminTestJSON-2048279229 tempest-DeleteServersAdminTestJSON-2048279229-project] Using url versioning {{(pid=116816) process_request /opt/stack/glance/glance/api/middleware/version_negotiation.py:57}}
Aug 19 11:10:59.951665 n-d-853682-2 devstack@g-api.service[116816]: DEBUG glance.api.middleware.version_negotiation [None req-32b59d35-a9ba-4fc5-b830-4d316cf6e95e tempest-DeleteServersAdminTestJSON-2048279229 tempest-DeleteServersAdminTestJSON-2048279229-project] Matched version: v2 {{(pid=116816) process_request /opt/stack/glance/glance/api/middleware/version_negotiation.py:69}}
Aug 19 11:10:59.951955 n-d-853682-2 devstack@g-api.service[116816]: DEBUG glance.api.middleware.version_negotiation [None req-32b59d35-a9ba-4fc5-b830-4d316cf6e95e tempest-DeleteServersAdminTestJSON-2048279229 tempest-DeleteServersAdminTestJSON-2048279229-project] new path /v2/schemas/image {{(pid=116816) process_request /opt/stack/glance/glance/api/middleware/version_negotiation.py:70}}
Aug 19 11:10:59.959000 n-d-853682-2 devstack@g-api.service[116816]: [pid: 116816|app: 0|req: 8/17] 127.0.0.1 () {42 vars in 991 bytes} [Fri Aug 19 11:10:59 2022] GET /v2/schemas/image => generated 6083 bytes in 9 msecs (HTTP/1.1 200) 4 headers in 158 bytes (1 switches on core 0)
Aug 19 11:11:02.396209 n-d-853682-2 devstack@g-api.service[116815]: DEBUG glance.api.middleware.version_negotiation [None req-e8871e63-cbbf-43b5-9a8f-fa0638cb4a34 tempest-ServersWithSpecificFlavorTestJSON-1435313817 tempest-ServersWithSpecificFlavorTestJSON-1435313817-project] Determining version of request: GET /v2/images/8d182164-c102-4b93-9914-45f7cfbcb400 Accept: */* {{(pid=116815) process_request /opt/stack/glance/glance/api/middleware/version_negotiation.py:44}}
Aug 19 11:11:02.396759 n-d-853682-2 devstack@g-api.service[116815]: DEBUG glance.api.middleware.version_negotiation [None req-e8871e63-cbbf-43b5-9a8f-fa0638cb4a34 tempest-ServersWithSpecificFlavorTestJSON-1435313817 tempest-ServersWithSpecificFlavorTestJSON-1435313817-project] Using url versioning {{(pid=116815) process_request /opt/stack/glance/glance/api/middleware/version_negotiation.py:57}}
Aug 19 11:11:02.396759 n-d-853682-2 devstack@g-api.service[116815]: DEBUG glance.api.middleware.version_negotiation [None req-e8871e63-cbbf-43b5-9a8f-fa0638cb4a34 tempest-ServersWithSpecificFlavorTestJSON-1435313817 tempest-ServersWithSpecificFlavorTestJSON-1435313817-project] Matched version: v2 {{(pid=116815) process_request /opt/stack/glance/glance/api/middleware/version_negotiation.py:69}}
Aug 19 11:11:02.397126 n-d-853682-2 devstack@g-api.service[116815]: DEBUG glance.api.middleware.version_negotiation [None req-e8871e63-cbbf-43b5-9a8f-fa0638cb4a34 tempest-ServersWithSpecificFlavorTestJSON-1435313817 tempest-ServersWithSpecificFlavorTestJSON-1435313817-project] new path /v2/images/8d182164-c102-4b93-9914-45f7cfbcb400 {{(pid=116815) process_request /opt/stack/glance/glance/api/middleware/version_negotiation.py:70}}
Aug 19 11:11:02.424743 n-d-853682-2 devstack@g-api.service[116815]: [pid: 116815|app: 0|req: 10/18] 127.0.0.1 () {42 vars in 1051 bytes} [Fri Aug 19 11:11:02 2022] GET /v2/images/8d182164-c102-4b93-9914-45f7cfbcb400 => generated 946 bytes in 28 msecs (HTTP/1.1 200) 4 headers in 157 bytes (1 switches on core 0)
Aug 19 11:11:02.429580 n-d-853682-2 devstack@g-api.service[116816]: DEBUG glance.api.middleware.version_negotiation [None req-e8871e63-cbbf-43b5-9a8f-fa0638cb4a34 tempest-ServersWithSpecificFlavorTestJSON-1435313817 tempest-ServersWithSpecificFlavorTestJSON-1435313817-project] Determining version of request: GET /v2/schemas/image Accept: */* {{(pid=116816) process_request /opt/stack/glance/glance/api/middleware/version_negotiation.py:44}}
Aug 19 11:11:02.430119 n-d-853682-2 devstack@g-api.service[116816]: DEBUG glance.api.middleware.version_negotiation [None req-e8871e63-cbbf-43b5-9a8f-fa0638cb4a34 tempest-ServersWithSpecificFlavorTestJSON-1435313817 tempest-ServersWithSpecificFlavorTestJSON-1435313817-project] Using url versioning {{(pid=116816) process_request /opt/stack/glance/glance/api/middleware/version_negotiation.py:57}}
Aug 19 11:11:02.430248 n-d-853682-2 devstack@g-api.service[116816]: DEBUG glance.api.middleware.version_negotiation [None req-e8871e63-cbbf-43b5-9a8f-fa0638cb4a34 tempest-ServersWithSpecificFlavorTestJSON-1435313817 tempest-ServersWithSpecificFlavorTestJSON-1435313817-project] Matched version: v2 {{(pid=116816) process_request /opt/stack/glance/glance/api/middleware/version_negotiation.py:69}}
Aug 19 11:11:02.431223 n-d-853682-2 devstack@g-api.service[116816]: DEBUG glance.api.middleware.version_negotiation [None req-e8871e63-cbbf-43b5-9a8f-fa0638cb4a34 tempest-ServersWithSpecificFlavorTestJSON-1435313817 tempest-ServersWithSpecificFlavorTestJSON-1435313817-project] new path /v2/schemas/image {{(pid=116816) process_request /opt/stack/glance/glance/api/middleware/version_negotiation.py:70}}
Aug 19 11:11:02.436778 n-d-853682-2 devstack@g-api.service[116816]: [pid: 116816|app: 0|req: 9/19] 127.0.0.1 () {42 vars in 991 bytes} [Fri Aug 19 11:11:02 2022] GET /v2/schemas/image => generated 6083 bytes in 8 msecs (HTTP/1.1 200) 4 headers in 158 bytes (1 switches on core 0)
Aug 19 11:11:05.730180 n-d-853682-2 devstack@g-api.service[116815]: DEBUG glance.api.middleware.version_negotiation [None req-ac66f0cd-7534-4d27-a84a-0dda9f1a9407 tempest-LiveMigrationTest-84935771 tempest-LiveMigrationTest-84935771-project] Determining version of request: GET /v2/images/8d182164-c102-4b93-9914-45f7cfbcb400 Accept: */* {{(pid=116815) process_request /opt/stack/glance/glance/api/middleware/version_negotiation.py:44}}
Aug 19 11:11:05.733549 n-d-853682-2 devstack@g-api.service[116815]: DEBUG glance.api.middleware.version_negotiation [None req-ac66f0cd-7534-4d27-a84a-0dda9f1a9407 tempest-LiveMigrationTest-84935771 tempest-LiveMigrationTest-84935771-project] Using url versioning {{(pid=116815) process_request /opt/stack/glance/glance/api/middleware/version_negotiation.py:57}}
Aug 19 11:11:05.733549 n-d-853682-2 devstack@g-api.service[116815]: DEBUG glance.api.middleware.version_negotiation [None req-ac66f0cd-7534-4d27-a84a-0dda9f1a9407 tempest-LiveMigrationTest-84935771 tempest-LiveMigrationTest-84935771-project] Matched version: v2 {{(pid=116815) process_request /opt/stack/glance/glance/api/middleware/version_negotiation.py:69}}
Aug 19 11:11:05.733549 n-d-853682-2 devstack@g-api.service[116815]: DEBUG glance.api.middleware.version_negotiation [None req-ac66f0cd-7534-4d27-a84a-0dda9f1a9407 tempest-LiveMigrationTest-84935771 tempest-LiveMigrationTest-84935771-project] new path /v2/images/8d182164-c102-4b93-9914-45f7cfbcb400 {{(pid=116815) process_request /opt/stack/glance/glance/api/middleware/version_negotiation.py:70}}
Aug 19 11:11:05.768545 n-d-853682-2 devstack@g-api.service[116815]: [pid: 116815|app: 0|req: 11/20] 127.0.0.1 () {40 vars in 844 bytes} [Fri Aug 19 11:11:05 2022] GET /v2/images/8d182164-c102-4b93-9914-45f7cfbcb400 => generated 946 bytes in 39 msecs (HTTP/1.1 200) 4 headers in 157 bytes (1 switches on core 0)
Aug 19 11:11:05.773742 n-d-853682-2 devstack@g-api.service[116816]: DEBUG glance.api.middleware.version_negotiation [None req-ac66f0cd-7534-4d27-a84a-0dda9f1a9407 tempest-LiveMigrationTest-84935771 tempest-LiveMigrationTest-84935771-project] Determining version of request: GET /v2/images/8d182164-c102-4b93-9914-45f7cfbcb400/file Accept: */* {{(pid=116816) process_request /opt/stack/glance/glance/api/middleware/version_negotiation.py:44}}
Aug 19 11:11:05.774282 n-d-853682-2 devstack@g-api.service[116816]: DEBUG glance.api.middleware.version_negotiation [None req-ac66f0cd-7534-4d27-a84a-0dda9f1a9407 tempest-LiveMigrationTest-84935771 tempest-LiveMigrationTest-84935771-project] Using url versioning {{(pid=116816) process_request /opt/stack/glance/glance/api/middleware/version_negotiation.py:57}}
Aug 19 11:11:05.774739 n-d-853682-2 devstack@g-api.service[116816]: DEBUG glance.api.middleware.version_negotiation [None req-ac66f0cd-7534-4d27-a84a-0dda9f1a9407 tempest-LiveMigrationTest-84935771 tempest-LiveMigrationTest-84935771-project] Matched version: v2 {{(pid=116816) process_request /opt/stack/glance/glance/api/middleware/version_negotiation.py:69}}
Aug 19 11:11:05.775956 n-d-853682-2 devstack@g-api.service[116816]: DEBUG glance.api.middleware.version_negotiation [None req-ac66f0cd-7534-4d27-a84a-0dda9f1a9407 tempest-LiveMigrationTest-84935771 tempest-LiveMigrationTest-84935771-project] new path /v2/images/8d182164-c102-4b93-9914-45f7cfbcb400/file {{(pid=116816) process_request /opt/stack/glance/glance/api/middleware/version_negotiation.py:70}}
Aug 19 11:11:05.796769 n-d-853682-2 devstack@g-api.service[116816]: DEBUG glance.api.middleware.cache [None req-e8871e63-cbbf-43b5-9a8f-fa0638cb4a34 tempest-ServersWithSpecificFlavorTestJSON-1435313817 tempest-ServersWithSpecificFlavorTestJSON-1435313817-project] Cache hit for image '8d182164-c102-4b93-9914-45f7cfbcb400' {{(pid=116816) process_request /opt/stack/glance/glance/api/middleware/cache.py:160}}
Aug 19 11:11:10.704657 n-d-853682-2 devstack@g-api.service[116816]: [pid: 116816|app: 0|req: 10/21] 127.0.0.1 () {40 vars in 854 bytes} [Fri Aug 19 11:11:05 2022] GET /v2/images/8d182164-c102-4b93-9914-45f7cfbcb400/file => generated 645922816 bytes in 4931 msecs (HTTP/1.1 200) 5 headers in 218 bytes (10015 switches on core 0)
Aug 19 11:11:10.753746 n-d-853682-2 devstack@g-api.service[116815]: DEBUG glance.api.middleware.version_negotiation [None req-e8871e63-cbbf-43b5-9a8f-fa0638cb4a34 tempest-ServersWithSpecificFlavorTestJSON-1435313817 tempest-ServersWithSpecificFlavorTestJSON-1435313817-project] Determining version of request: GET /v2/images/8d182164-c102-4b93-9914-45f7cfbcb400 Accept: */* {{(pid=116815) process_request /opt/stack/glance/glance/api/middleware/version_negotiation.py:44}}
Aug 19 11:11:10.754355 n-d-853682-2 devstack@g-api.service[116815]: DEBUG glance.api.middleware.version_negotiation [None req-e8871e63-cbbf-43b5-9a8f-fa0638cb4a34 tempest-ServersWithSpecificFlavorTestJSON-1435313817 tempest-ServersWithSpecificFlavorTestJSON-1435313817-project] Using url versioning {{(pid=116815) process_request /opt/stack/glance/glance/api/middleware/version_negotiation.py:57}}
Aug 19 11:11:10.754505 n-d-853682-2 devstack@g-api.service[116815]: DEBUG glance.api.middleware.version_negotiation [None req-e8871e63-cbbf-43b5-9a8f-fa0638cb4a34 tempest-ServersWithSpecificFlavorTestJSON-1435313817 tempest-ServersWithSpecificFlavorTestJSON-1435313817-project] Matched version: v2 {{(pid=116815) process_request /opt/stack/glance/glance/api/middleware/version_negotiation.py:69}}
Aug 19 11:11:10.755368 n-d-853682-2 devstack@g-api.service[116815]: DEBUG glance.api.middleware.version_negotiation [None req-e8871e63-cbbf-43b5-9a8f-fa0638cb4a34 tempest-ServersWithSpecificFlavorTestJSON-1435313817 tempest-ServersWithSpecificFlavorTestJSON-1435313817-project] new path /v2/images/8d182164-c102-4b93-9914-45f7cfbcb400 {{(pid=116815) process_request /opt/stack/glance/glance/api/middleware/version_negotiation.py:70}}
Aug 19 11:11:10.779090 n-d-853682-2 devstack@g-api.service[116815]: [pid: 116815|app: 0|req: 12/22] 127.0.0.1 () {42 vars in 1051 bytes} [Fri Aug 19 11:11:10 2022] GET /v2/images/8d182164-c102-4b93-9914-45f7cfbcb400 => generated 946 bytes in 26 msecs (HTTP/1.1 200) 4 headers in 157 bytes (1 switches on core 0)
Aug 19 11:11:10.784060 n-d-853682-2 devstack@g-api.service[116816]: DEBUG glance.api.middleware.version_negotiation [None req-e8871e63-cbbf-43b5-9a8f-fa0638cb4a34 tempest-ServersWithSpecificFlavorTestJSON-1435313817 tempest-ServersWithSpecificFlavorTestJSON-1435313817-project] Determining version of request: GET /v2/schemas/image Accept: */* {{(pid=116816) process_request /opt/stack/glance/glance/api/middleware/version_negotiation.py:44}}
Aug 19 11:11:10.784599 n-d-853682-2 devstack@g-api.service[116816]: DEBUG glance.api.middleware.version_negotiation [None req-e8871e63-cbbf-43b5-9a8f-fa0638cb4a34 tempest-ServersWithSpecificFlavorTestJSON-1435313817 tempest-ServersWithSpecificFlavorTestJSON-1435313817-project] Using url versioning {{(pid=116816) process_request /opt/stack/glance/glance/api/middleware/version_negotiation.py:57}}
Aug 19 11:11:10.785158 n-d-853682-2 devstack@g-api.service[116816]: DEBUG glance.api.middleware.version_negotiation [None req-e8871e63-cbbf-43b5-9a8f-fa0638cb4a34 tempest-ServersWithSpecificFlavorTestJSON-1435313817 tempest-ServersWithSpecificFlavorTestJSON-1435313817-project] Matched version: v2 {{(pid=116816) process_request /opt/stack/glance/glance/api/middleware/version_negotiation.py:69}}
Aug 19 11:11:10.785447 n-d-853682-2 devstack@g-api.service[116816]: DEBUG glance.api.middleware.version_negotiation [None req-e8871e63-cbbf-43b5-9a8f-fa0638cb4a34 tempest-ServersWithSpecificFlavorTestJSON-1435313817 tempest-ServersWithSpecificFlavorTestJSON-1435313817-project] new path /v2/schemas/image {{(pid=116816) process_request /opt/stack/glance/glance/api/middleware/version_negotiation.py:70}}
Aug 19 11:11:10.796881 n-d-853682-2 devstack@g-api.service[116816]: [pid: 116816|app: 0|req: 11/23] 127.0.0.1 () {42 vars in 991 bytes} [Fri Aug 19 11:11:10 2022] GET /v2/schemas/image => generated 6083 bytes in 14 msecs (HTTP/1.1 200) 4 headers in 158 bytes (1 switches on core 0)
Aug 19 11:11:15.792122 n-d-853682-2 devstack@g-api.service[116816]: DEBUG dbcounter [-] [116816] Writing DB stats glance:SELECT=4 {{(pid=116816) stat_writer /usr/local/lib/python3.8/dist-packages/dbcounter.py:114}}
Aug 19 11:11:20.771515 n-d-853682-2 devstack@g-api.service[116815]: DEBUG dbcounter [-] [116815] Writing DB stats glance:SELECT=16 {{(pid=116815) stat_writer /usr/local/lib/python3.8/dist-packages/dbcounter.py:114}}
Aug 19 11:11:27.477889 n-d-853682-2 devstack@g-api.service[116815]: DEBUG glance.api.middleware.version_negotiation [None req-7e582f5d-3880-49e1-b87c-4c4a870ff829 tempest-DeleteServersAdminTestJSON-2048279229 tempest-DeleteServersAdminTestJSON-2048279229-project] Determining version of request: GET /v2/images/8d182164-c102-4b93-9914-45f7cfbcb400 Accept: */* {{(pid=116815) process_request /opt/stack/glance/glance/api/middleware/version_negotiation.py:44}}
Aug 19 11:11:27.478466 n-d-853682-2 devstack@g-api.service[116815]: DEBUG glance.api.middleware.version_negotiation [None req-7e582f5d-3880-49e1-b87c-4c4a870ff829 tempest-DeleteServersAdminTestJSON-2048279229 tempest-DeleteServersAdminTestJSON-2048279229-project] Using url versioning {{(pid=116815) process_request /opt/stack/glance/glance/api/middleware/version_negotiation.py:57}}
Aug 19 11:11:27.478769 n-d-853682-2 devstack@g-api.service[116815]: DEBUG glance.api.middleware.version_negotiation [None req-7e582f5d-3880-49e1-b87c-4c4a870ff829 tempest-DeleteServersAdminTestJSON-2048279229 tempest-DeleteServersAdminTestJSON-2048279229-project] Matched version: v2 {{(pid=116815) process_request /opt/stack/glance/glance/api/middleware/version_negotiation.py:69}}
Aug 19 11:11:27.479032 n-d-853682-2 devstack@g-api.service[116815]: DEBUG glance.api.middleware.version_negotiation [None req-7e582f5d-3880-49e1-b87c-4c4a870ff829 tempest-DeleteServersAdminTestJSON-2048279229 tempest-DeleteServersAdminTestJSON-2048279229-project] new path /v2/images/8d182164-c102-4b93-9914-45f7cfbcb400 {{(pid=116815) process_request /opt/stack/glance/glance/api/middleware/version_negotiation.py:70}}
Aug 19 11:11:27.498529 n-d-853682-2 devstack@g-api.service[116815]: [pid: 116815|app: 0|req: 13/24] 127.0.0.1 () {42 vars in 1051 bytes} [Fri Aug 19 11:11:27 2022] GET /v2/images/8d182164-c102-4b93-9914-45f7cfbcb400 => generated 946 bytes in 21 msecs (HTTP/1.1 200) 4 headers in 157 bytes (1 switches on core 0)
