Aug 25 14:46:50.014684 n-d-853316-6 devstack@placement-api.service[108459]: DEBUG placement.handlers.allocation [req-e484d9d0-491c-4b93-90cf-73c25119b0ed req-e503ea3f-502a-47ff-a7ac-e73f7467c7b0 service placement] Successfully wrote allocations [, , ] {{(pid=108459) _update_consumers_and_create_allocations /opt/stack/placement/placement/handlers/allocation.py:462}}
Aug 25 14:46:50.087735 n-d-853316-6 devstack@placement-api.service[108459]: INFO placement.requestlog [req-e484d9d0-491c-4b93-90cf-73c25119b0ed req-e503ea3f-502a-47ff-a7ac-e73f7467c7b0 service placement] 10.222.0.27 "PUT /placement/allocations/0651d85e-5e20-4345-ae7e-6f2cc3760c8a" status: 204 len: 0 microversion: 1.36
Aug 25 14:46:50.088409 n-d-853316-6 devstack@placement-api.service[108459]: [pid: 108459|app: 0|req: 402/793] 10.222.0.27 () {64 vars in 1433 bytes} [Thu Aug 25 14:46:49 2022] PUT /placement/allocations/0651d85e-5e20-4345-ae7e-6f2cc3760c8a => generated 0 bytes in 249 msecs (HTTP/1.1 204) 5 headers in 199 bytes (2 switches on core 0)
Aug 25 14:46:59.830572 n-d-853316-6 devstack@placement-api.service[108460]: DEBUG dbcounter [-] [108460] Writing DB stats placement:SELECT=70,placement:DELETE=6,placement:INSERT=4,placement:UPDATE=2 {{(pid=108460) stat_writer /usr/local/lib/python3.8/dist-packages/dbcounter.py:114}}
Aug 25 14:47:00.014395 n-d-853316-6 devstack@placement-api.service[108459]: DEBUG dbcounter [-] [108459] Writing DB stats placement:UPDATE=4,placement:SELECT=32,placement:DELETE=3,placement:INSERT=4 {{(pid=108459) stat_writer /usr/local/lib/python3.8/dist-packages/dbcounter.py:114}}
Aug 25 14:47:00.846784 n-d-853316-6 devstack@placement-api.service[108460]: DEBUG placement.requestlog [req-e484d9d0-491c-4b93-90cf-73c25119b0ed req-20ab89b0-e362-421a-acdc-41b912574814 None None] Starting request: 10.222.0.26 "GET /placement/allocations/0651d85e-5e20-4345-ae7e-6f2cc3760c8a" {{(pid=108460) __call__ /opt/stack/placement/placement/requestlog.py:55}}
Aug 25 14:47:00.917604 n-d-853316-6 devstack@placement-api.service[108460]: INFO placement.requestlog [req-e484d9d0-491c-4b93-90cf-73c25119b0ed req-20ab89b0-e362-421a-acdc-41b912574814 service placement] 10.222.0.26 "GET /placement/allocations/0651d85e-5e20-4345-ae7e-6f2cc3760c8a" status: 200 len: 259 microversion: 1.28
Aug 25 14:47:00.918723 n-d-853316-6 devstack@placement-api.service[108460]: [pid: 108460|app: 0|req: 392/794] 10.222.0.26 () {60 vars in 1377 bytes} [Thu Aug 25 14:47:00 2022] GET /placement/allocations/0651d85e-5e20-4345-ae7e-6f2cc3760c8a => generated 259 bytes in 72 msecs (HTTP/1.1 200) 8 headers in 296 bytes (1 switches on core 0)
Aug 25 14:47:04.335285 n-d-853316-6 devstack@placement-api.service[108459]: DEBUG placement.requestlog [req-30a40dff-cb6b-4030-b84d-91e5b44d5743 req-f7047a70-2082-492a-9c5b-210a8688ddda None None] Starting request: 10.222.0.26 "GET /placement/allocations/57ea0cb7-339d-4e92-b291-5848980f2bfc" {{(pid=108459) __call__ /opt/stack/placement/placement/requestlog.py:55}}
Aug 25 14:47:04.388356 n-d-853316-6 devstack@placement-api.service[108459]: INFO placement.requestlog [req-30a40dff-cb6b-4030-b84d-91e5b44d5743 req-f7047a70-2082-492a-9c5b-210a8688ddda service placement] 10.222.0.26 "GET /placement/allocations/57ea0cb7-339d-4e92-b291-5848980f2bfc" status: 200 len: 259 microversion: 1.28
Aug 25 14:47:04.389628 n-d-853316-6 devstack@placement-api.service[108459]: [pid: 108459|app: 0|req: 403/795] 10.222.0.26 () {60 vars in 1377 bytes} [Thu Aug 25 14:47:04 2022] GET /placement/allocations/57ea0cb7-339d-4e92-b291-5848980f2bfc => generated 259 bytes in 54 msecs (HTTP/1.1 200) 8 headers in 296 bytes (1 switches on core 0)
Aug 25 14:47:08.123829 n-d-853316-6 devstack@placement-api.service[108460]: DEBUG placement.requestlog [req-4c2972d2-6c91-4a9c-a265-7119afc979ab req-b4fa873a-79bd-4bc1-b870-e197245512ce None None] Starting request: 10.222.0.27 "GET /placement/allocation_candidates?limit=1000&resources=DISK_GB%3A1%2CMEMORY_MB%3A1024%2CVCPU%3A1&root_required=%21COMPUTE_STATUS_DISABLED" {{(pid=108460) __call__ /opt/stack/placement/placement/requestlog.py:55}}
Aug 25 14:47:08.254687 n-d-853316-6 devstack@placement-api.service[108460]: DEBUG placement.objects.research_context [req-4c2972d2-6c91-4a9c-a265-7119afc979ab req-b4fa873a-79bd-4bc1-b870-e197245512ce service placement] getting providers with 1 DISK_GB {{(pid=108460) __init__ /opt/stack/placement/placement/objects/research_context.py:136}}
Aug 25 14:47:08.276422 n-d-853316-6 devstack@placement-api.service[108460]: DEBUG placement.objects.research_context [req-4c2972d2-6c91-4a9c-a265-7119afc979ab req-b4fa873a-79bd-4bc1-b870-e197245512ce service placement] getting providers with 1024 MEMORY_MB {{(pid=108460) __init__ /opt/stack/placement/placement/objects/research_context.py:136}}
Aug 25 14:47:08.289973 n-d-853316-6 devstack@placement-api.service[108460]: DEBUG placement.objects.research_context [req-4c2972d2-6c91-4a9c-a265-7119afc979ab req-b4fa873a-79bd-4bc1-b870-e197245512ce service placement] getting providers with 1 VCPU {{(pid=108460) __init__ /opt/stack/placement/placement/objects/research_context.py:136}}
Aug 25 14:47:08.300410 n-d-853316-6 devstack@placement-api.service[108460]: DEBUG placement.objects.research_context [req-4c2972d2-6c91-4a9c-a265-7119afc979ab req-b4fa873a-79bd-4bc1-b870-e197245512ce service placement] found 2 providers with available 1 DISK_GB {{(pid=108460) get_provider_ids_matching /opt/stack/placement/placement/objects/research_context.py:563}}
Aug 25 14:47:08.300702 n-d-853316-6 devstack@placement-api.service[108460]: DEBUG placement.objects.research_context [req-4c2972d2-6c91-4a9c-a265-7119afc979ab req-b4fa873a-79bd-4bc1-b870-e197245512ce service placement] found 2 providers with available 1024 MEMORY_MB {{(pid=108460) get_provider_ids_matching /opt/stack/placement/placement/objects/research_context.py:563}}
Aug 25 14:47:08.300984 n-d-853316-6 devstack@placement-api.service[108460]: DEBUG placement.objects.research_context [req-4c2972d2-6c91-4a9c-a265-7119afc979ab req-b4fa873a-79bd-4bc1-b870-e197245512ce service placement] found 2 providers after filtering by previous result {{(pid=108460) get_provider_ids_matching /opt/stack/placement/placement/objects/research_context.py:594}}
Aug 25 14:47:08.301292 n-d-853316-6 devstack@placement-api.service[108460]: DEBUG placement.objects.research_context [req-4c2972d2-6c91-4a9c-a265-7119afc979ab req-b4fa873a-79bd-4bc1-b870-e197245512ce service placement] found 2 providers with available 1 VCPU {{(pid=108460) get_provider_ids_matching /opt/stack/placement/placement/objects/research_context.py:563}}
Aug 25 14:47:08.301558 n-d-853316-6 devstack@placement-api.service[108460]: DEBUG placement.objects.research_context [req-4c2972d2-6c91-4a9c-a265-7119afc979ab req-b4fa873a-79bd-4bc1-b870-e197245512ce service placement] found 2 providers after filtering by previous result {{(pid=108460) get_provider_ids_matching /opt/stack/placement/placement/objects/research_context.py:594}}
Aug 25 14:47:08.350736 n-d-853316-6 devstack@placement-api.service[108460]: DEBUG placement.objects.allocation_candidate [req-4c2972d2-6c91-4a9c-a265-7119afc979ab req-b4fa873a-79bd-4bc1-b870-e197245512ce service placement] RequestGroup(use_same_provider=False, resources={DISK_GB:1, MEMORY_MB:1024, VCPU:1}, traits=(), aggregates=[]) (suffix '') returned 2 matches {{(pid=108460) _get_by_requests /opt/stack/placement/placement/objects/allocation_candidate.py:156}}
Aug 25 14:47:08.351123 n-d-853316-6 devstack@placement-api.service[108460]: DEBUG placement.objects.allocation_candidate [req-4c2972d2-6c91-4a9c-a265-7119afc979ab req-b4fa873a-79bd-4bc1-b870-e197245512ce service placement] Merging candidates yields 2 allocation requests and 2 provider summaries {{(pid=108460) _merge_candidates /opt/stack/placement/placement/objects/allocation_candidate.py:809}}
Aug 25 14:47:08.356039 n-d-853316-6 devstack@placement-api.service[108460]: INFO placement.requestlog [req-4c2972d2-6c91-4a9c-a265-7119afc979ab req-b4fa873a-79bd-4bc1-b870-e197245512ce service placement] 10.222.0.27 "GET /placement/allocation_candidates?limit=1000&resources=DISK_GB%3A1%2CMEMORY_MB%3A1024%2CVCPU%3A1&root_required=%21COMPUTE_STATUS_DISABLED" status: 200 len: 1309 microversion: 1.36
Aug 25 14:47:08.356424 n-d-853316-6 devstack@placement-api.service[108460]: [pid: 108460|app: 0|req: 393/796] 10.222.0.27 () {60 vars in 1506 bytes} [Thu Aug 25 14:47:08 2022] GET /placement/allocation_candidates?limit=1000&resources=DISK_GB%3A1%2CMEMORY_MB%3A1024%2CVCPU%3A1&root_required=%21COMPUTE_STATUS_DISABLED => generated 1309 bytes in 233 msecs (HTTP/1.1 200) 8 headers in 297 bytes (1 switches on core 0)
Aug 25 14:47:08.591464 n-d-853316-6 devstack@placement-api.service[108459]: DEBUG placement.requestlog [req-4c2972d2-6c91-4a9c-a265-7119afc979ab req-4855762b-2032-40e4-8d4a-02da21c9d1cb None None] Starting request: 10.222.0.27 "GET /placement/allocations/a1cc6ddd-9da0-4042-8f29-6e1bb43702d8" {{(pid=108459) __call__ /opt/stack/placement/placement/requestlog.py:55}}
Aug 25 14:47:08.621006 n-d-853316-6 devstack@placement-api.service[108459]: INFO placement.requestlog [req-4c2972d2-6c91-4a9c-a265-7119afc979ab req-4855762b-2032-40e4-8d4a-02da21c9d1cb service placement] 10.222.0.27 "GET /placement/allocations/a1cc6ddd-9da0-4042-8f29-6e1bb43702d8" status: 200 len: 19 microversion: 1.28
Aug 25 14:47:08.621006 n-d-853316-6 devstack@placement-api.service[108459]: [pid: 108459|app: 0|req: 404/797] 10.222.0.27 () {60 vars in 1380 bytes} [Thu Aug 25 14:47:08 2022] GET /placement/allocations/a1cc6ddd-9da0-4042-8f29-6e1bb43702d8 => generated 19 bytes in 29 msecs (HTTP/1.1 200) 8 headers in 295 bytes (1 switches on core 0)
Aug 25 14:47:08.652215 n-d-853316-6 devstack@placement-api.service[108460]: DEBUG placement.requestlog [req-4c2972d2-6c91-4a9c-a265-7119afc979ab req-0f57df8c-e283-44e2-81ad-403855723e98 None None] Starting request: 10.222.0.27 "PUT /placement/allocations/a1cc6ddd-9da0-4042-8f29-6e1bb43702d8" {{(pid=108460) __call__ /opt/stack/placement/placement/requestlog.py:55}}
Aug 25 14:47:09.083887 n-d-853316-6 devstack@placement-api.service[108460]: DEBUG placement.handlers.allocation [req-4c2972d2-6c91-4a9c-a265-7119afc979ab req-0f57df8c-e283-44e2-81ad-403855723e98 service placement] Successfully wrote allocations [, , ] {{(pid=108460) _update_consumers_and_create_allocations /opt/stack/placement/placement/handlers/allocation.py:462}}
Aug 25 14:47:09.150582 n-d-853316-6 devstack@placement-api.service[108460]: INFO placement.requestlog [req-4c2972d2-6c91-4a9c-a265-7119afc979ab req-0f57df8c-e283-44e2-81ad-403855723e98 service placement] 10.222.0.27 "PUT /placement/allocations/a1cc6ddd-9da0-4042-8f29-6e1bb43702d8" status: 204 len: 0 microversion: 1.36
Aug 25 14:47:09.151193 n-d-853316-6 devstack@placement-api.service[108460]: [pid: 108460|app: 0|req: 394/798] 10.222.0.27 () {64 vars in 1433 bytes} [Thu Aug 25 14:47:08 2022] PUT /placement/allocations/a1cc6ddd-9da0-4042-8f29-6e1bb43702d8 => generated 0 bytes in 499 msecs (HTTP/1.1 204) 5 headers in 199 bytes (1 switches on core 0)
Aug 25 14:47:10.659526 n-d-853316-6 devstack@placement-api.service[108459]: DEBUG placement.requestlog [req-4c2972d2-6c91-4a9c-a265-7119afc979ab req-4799bdb7-f48a-4351-8931-b75134c1c5d2 None None] Starting request: 10.222.0.57 "GET /placement/allocations/a1cc6ddd-9da0-4042-8f29-6e1bb43702d8" {{(pid=108459) __call__ /opt/stack/placement/placement/requestlog.py:55}}
Aug 25 14:47:10.700218 n-d-853316-6 devstack@placement-api.service[108459]: INFO placement.requestlog [req-4c2972d2-6c91-4a9c-a265-7119afc979ab req-4799bdb7-f48a-4351-8931-b75134c1c5d2 service placement] 10.222.0.57 "GET /placement/allocations/a1cc6ddd-9da0-4042-8f29-6e1bb43702d8" status: 200 len: 259 microversion: 1.28
Aug 25 14:47:10.709157 n-d-853316-6 devstack@placement-api.service[108459]: [pid: 108459|app: 0|req: 405/799] 10.222.0.57 () {60 vars in 1377 bytes} [Thu Aug 25 14:47:10 2022] GET /placement/allocations/a1cc6ddd-9da0-4042-8f29-6e1bb43702d8 => generated 259 bytes in 45 msecs (HTTP/1.1 200) 8 headers in 296 bytes (1 switches on core 0)
Aug 25 14:47:11.651087 n-d-853316-6 devstack@placement-api.service[108460]: DEBUG placement.requestlog [req-27218663-aa56-4aaa-b2cb-281215ac5d7f req-7b593dda-f23b-48fe-b0d1-87466c51bf09 None None] Starting request: 10.222.0.26 "GET /placement/resource_providers?in_tree=fae5b110-0450-43ca-a79a-3bdeb1c3cd6a" {{(pid=108460) __call__ /opt/stack/placement/placement/requestlog.py:55}}
Aug 25 14:47:11.975227 n-d-853316-6 devstack@placement-api.service[108460]: INFO placement.requestlog [req-27218663-aa56-4aaa-b2cb-281215ac5d7f req-7b593dda-f23b-48fe-b0d1-87466c51bf09 service placement] 10.222.0.26 "GET /placement/resource_providers?in_tree=fae5b110-0450-43ca-a79a-3bdeb1c3cd6a" status: 200 len: 863 microversion: 1.14
Aug 25 14:47:11.975924 n-d-853316-6 devstack@placement-api.service[108460]: [pid: 108460|app: 0|req: 395/800] 10.222.0.26 () {60 vars in 1376 bytes} [Thu Aug 25 14:47:11 2022] GET /placement/resource_providers?in_tree=fae5b110-0450-43ca-a79a-3bdeb1c3cd6a => generated 863 bytes in 325 msecs (HTTP/1.1 200) 6 headers in 225 bytes (1 switches on core 0)
Aug 25 14:47:11.995473 n-d-853316-6 devstack@placement-api.service[108459]: DEBUG placement.requestlog [req-27218663-aa56-4aaa-b2cb-281215ac5d7f req-aa1b74a2-1476-42a2-af38-adfeb3605e55 None None] Starting request: 10.222.0.26 "GET /placement/resource_providers/fae5b110-0450-43ca-a79a-3bdeb1c3cd6a/inventories" {{(pid=108459) __call__ /opt/stack/placement/placement/requestlog.py:55}}
Aug 25 14:47:12.033374 n-d-853316-6 devstack@placement-api.service[108459]: INFO placement.requestlog [req-27218663-aa56-4aaa-b2cb-281215ac5d7f req-aa1b74a2-1476-42a2-af38-adfeb3605e55 service placement] 10.222.0.26 "GET /placement/resource_providers/fae5b110-0450-43ca-a79a-3bdeb1c3cd6a/inventories" status: 200 len: 398 microversion: 1.0
Aug 25 14:47:12.034423 n-d-853316-6 devstack@placement-api.service[108459]: [pid: 108459|app: 0|req: 406/801] 10.222.0.26 () {58 vars in 1390 bytes} [Thu Aug 25 14:47:11 2022] GET /placement/resource_providers/fae5b110-0450-43ca-a79a-3bdeb1c3cd6a/inventories => generated 398 bytes in 39 msecs (HTTP/1.1 200) 6 headers in 224 bytes (1 switches on core 0)
Aug 25 14:47:12.149463 n-d-853316-6 devstack@placement-api.service[108460]: DEBUG placement.requestlog [req-27218663-aa56-4aaa-b2cb-281215ac5d7f req-b3119381-2f08-42c3-993b-7a92cfc9e789 None None] Starting request: 10.222.0.26 "GET /placement/resource_providers/fae5b110-0450-43ca-a79a-3bdeb1c3cd6a/aggregates" {{(pid=108460) __call__ /opt/stack/placement/placement/requestlog.py:55}}
Aug 25 14:47:12.204935 n-d-853316-6 devstack@placement-api.service[108460]: INFO placement.requestlog [req-27218663-aa56-4aaa-b2cb-281215ac5d7f req-b3119381-2f08-42c3-993b-7a92cfc9e789 service placement] 10.222.0.26 "GET /placement/resource_providers/fae5b110-0450-43ca-a79a-3bdeb1c3cd6a/aggregates" status: 200 len: 54 microversion: 1.19
Aug 25 14:47:12.205695 n-d-853316-6 devstack@placement-api.service[108460]: [pid: 108460|app: 0|req: 396/802] 10.222.0.26 () {60 vars in 1431 bytes} [Thu Aug 25 14:47:12 2022] GET /placement/resource_providers/fae5b110-0450-43ca-a79a-3bdeb1c3cd6a/aggregates => generated 54 bytes in 57 msecs (HTTP/1.1 200) 8 headers in 295 bytes (1 switches on core 0)
Aug 25 14:47:12.243299 n-d-853316-6 devstack@placement-api.service[108459]: DEBUG placement.requestlog [req-27218663-aa56-4aaa-b2cb-281215ac5d7f req-224f6990-07dc-4588-9fcb-c6717743c2a4 None None] Starting request: 10.222.0.26 "GET /placement/resource_providers/fae5b110-0450-43ca-a79a-3bdeb1c3cd6a/traits" {{(pid=108459) __call__ /opt/stack/placement/placement/requestlog.py:55}}
Aug 25 14:47:12.350136 n-d-853316-6 devstack@placement-api.service[108459]: INFO placement.requestlog [req-27218663-aa56-4aaa-b2cb-281215ac5d7f req-224f6990-07dc-4588-9fcb-c6717743c2a4 service placement] 10.222.0.26 "GET /placement/resource_providers/fae5b110-0450-43ca-a79a-3bdeb1c3cd6a/traits" status: 200 len: 212 microversion: 1.6
Aug 25 14:47:12.350769 n-d-853316-6 devstack@placement-api.service[108459]: [pid: 108459|app: 0|req: 407/803] 10.222.0.26 () {60 vars in 1418 bytes} [Thu Aug 25 14:47:12 2022] GET /placement/resource_providers/fae5b110-0450-43ca-a79a-3bdeb1c3cd6a/traits => generated 212 bytes in 110 msecs (HTTP/1.1 200) 6 headers in 224 bytes (1 switches on core 0)
Aug 25 14:47:13.179507 n-d-853316-6 devstack@placement-api.service[108460]: DEBUG placement.requestlog [req-27218663-aa56-4aaa-b2cb-281215ac5d7f req-5a13000d-ea60-40f2-9559-d371c5080c8b None None] Starting request: 10.222.0.26 "DELETE /placement/allocations/713ad062-9dbb-4e79-a06c-252836b549a4" {{(pid=108460) __call__ /opt/stack/placement/placement/requestlog.py:55}}
Aug 25 14:47:13.446477 n-d-853316-6 devstack@placement-api.service[108460]: DEBUG placement.handlers.allocation [req-27218663-aa56-4aaa-b2cb-281215ac5d7f req-5a13000d-ea60-40f2-9559-d371c5080c8b service placement] Successfully deleted allocations [, , ] {{(pid=108460) delete_allocations /opt/stack/placement/placement/handlers/allocation.py:627}}
Aug 25 14:47:13.447650 n-d-853316-6 devstack@placement-api.service[108460]: INFO placement.requestlog [req-27218663-aa56-4aaa-b2cb-281215ac5d7f req-5a13000d-ea60-40f2-9559-d371c5080c8b service placement] 10.222.0.26 "DELETE /placement/allocations/713ad062-9dbb-4e79-a06c-252836b549a4" status: 204 len: 0 microversion: 1.0
Aug 25 14:47:13.448626 n-d-853316-6 devstack@placement-api.service[108460]: [pid: 108460|app: 0|req: 397/804] 10.222.0.26 () {60 vars in 1355 bytes} [Thu Aug 25 14:47:13 2022] DELETE /placement/allocations/713ad062-9dbb-4e79-a06c-252836b549a4 => generated 0 bytes in 278 msecs (HTTP/1.1 204) 5 headers in 198 bytes (1 switches on core 0)
Aug 25 14:47:17.982115 n-d-853316-6 devstack@placement-api.service[108459]: DEBUG placement.requestlog [req-b4b50e90-4044-46c8-abd6-8437a5ee3759 req-55e5d17c-d279-488c-842b-b353f33a1130 None None] Starting request: 10.222.0.27 "GET /placement/allocation_candidates?limit=1000&resources=DISK_GB%3A1%2CMEMORY_MB%3A1024%2CVCPU%3A1&root_required=%21COMPUTE_STATUS_DISABLED" {{(pid=108459) __call__ /opt/stack/placement/placement/requestlog.py:55}}
Aug 25 14:47:18.057511 n-d-853316-6 devstack@placement-api.service[108459]: DEBUG placement.objects.research_context [req-b4b50e90-4044-46c8-abd6-8437a5ee3759 req-55e5d17c-d279-488c-842b-b353f33a1130 service placement] getting providers with 1 DISK_GB {{(pid=108459) __init__ /opt/stack/placement/placement/objects/research_context.py:136}}
Aug 25 14:47:18.071368 n-d-853316-6 devstack@placement-api.service[108459]: DEBUG placement.objects.research_context [req-b4b50e90-4044-46c8-abd6-8437a5ee3759 req-55e5d17c-d279-488c-842b-b353f33a1130 service placement] getting providers with 1024 MEMORY_MB {{(pid=108459) __init__ /opt/stack/placement/placement/objects/research_context.py:136}}
Aug 25 14:47:18.080621 n-d-853316-6 devstack@placement-api.service[108459]: DEBUG placement.objects.research_context [req-b4b50e90-4044-46c8-abd6-8437a5ee3759 req-55e5d17c-d279-488c-842b-b353f33a1130 service placement] getting providers with 1 VCPU {{(pid=108459) __init__ /opt/stack/placement/placement/objects/research_context.py:136}}
Aug 25 14:47:18.088501 n-d-853316-6 devstack@placement-api.service[108459]: DEBUG placement.objects.research_context [req-b4b50e90-4044-46c8-abd6-8437a5ee3759 req-55e5d17c-d279-488c-842b-b353f33a1130 service placement] found 2 providers with available 1 DISK_GB {{(pid=108459) get_provider_ids_matching /opt/stack/placement/placement/objects/research_context.py:563}}
Aug 25 14:47:18.089625 n-d-853316-6 devstack@placement-api.service[108459]: DEBUG placement.objects.research_context [req-b4b50e90-4044-46c8-abd6-8437a5ee3759 req-55e5d17c-d279-488c-842b-b353f33a1130 service placement] found 2 providers with available 1024 MEMORY_MB {{(pid=108459) get_provider_ids_matching /opt/stack/placement/placement/objects/research_context.py:563}}
Aug 25 14:47:18.090172 n-d-853316-6 devstack@placement-api.service[108459]: DEBUG placement.objects.research_context [req-b4b50e90-4044-46c8-abd6-8437a5ee3759 req-55e5d17c-d279-488c-842b-b353f33a1130 service placement] found 2 providers after filtering by previous result {{(pid=108459) get_provider_ids_matching /opt/stack/placement/placement/objects/research_context.py:594}}
Aug 25 14:47:18.090875 n-d-853316-6 devstack@placement-api.service[108459]: DEBUG placement.objects.research_context [req-b4b50e90-4044-46c8-abd6-8437a5ee3759 req-55e5d17c-d279-488c-842b-b353f33a1130 service placement] found 2 providers with available 1 VCPU {{(pid=108459) get_provider_ids_matching /opt/stack/placement/placement/objects/research_context.py:563}}
Aug 25 14:47:18.093332 n-d-853316-6 devstack@placement-api.service[108459]: DEBUG placement.objects.research_context [req-b4b50e90-4044-46c8-abd6-8437a5ee3759 req-55e5d17c-d279-488c-842b-b353f33a1130 service placement] found 2 providers after filtering by previous result {{(pid=108459) get_provider_ids_matching /opt/stack/placement/placement/objects/research_context.py:594}}
Aug 25 14:47:18.124479 n-d-853316-6 devstack@placement-api.service[108459]: DEBUG placement.objects.allocation_candidate [req-b4b50e90-4044-46c8-abd6-8437a5ee3759 req-55e5d17c-d279-488c-842b-b353f33a1130 service placement] RequestGroup(use_same_provider=False, resources={DISK_GB:1, MEMORY_MB:1024, VCPU:1}, traits=(), aggregates=[]) (suffix '') returned 2 matches {{(pid=108459) _get_by_requests /opt/stack/placement/placement/objects/allocation_candidate.py:156}}
Aug 25 14:47:18.125770 n-d-853316-6 devstack@placement-api.service[108459]: DEBUG placement.objects.allocation_candidate [req-b4b50e90-4044-46c8-abd6-8437a5ee3759 req-55e5d17c-d279-488c-842b-b353f33a1130 service placement] Merging candidates yields 2 allocation requests and 2 provider summaries {{(pid=108459) _merge_candidates /opt/stack/placement/placement/objects/allocation_candidate.py:809}}
Aug 25 14:47:18.127545 n-d-853316-6 devstack@placement-api.service[108459]: INFO placement.requestlog [req-b4b50e90-4044-46c8-abd6-8437a5ee3759 req-55e5d17c-d279-488c-842b-b353f33a1130 service placement] 10.222.0.27 "GET /placement/allocation_candidates?limit=1000&resources=DISK_GB%3A1%2CMEMORY_MB%3A1024%2CVCPU%3A1&root_required=%21COMPUTE_STATUS_DISABLED" status: 200 len: 1309 microversion: 1.36
Aug 25 14:47:18.127974 n-d-853316-6 devstack@placement-api.service[108459]: [pid: 108459|app: 0|req: 408/805] 10.222.0.27 () {60 vars in 1506 bytes} [Thu Aug 25 14:47:17 2022] GET /placement/allocation_candidates?limit=1000&resources=DISK_GB%3A1%2CMEMORY_MB%3A1024%2CVCPU%3A1&root_required=%21COMPUTE_STATUS_DISABLED => generated 1309 bytes in 146 msecs (HTTP/1.1 200) 8 headers in 297 bytes (1 switches on core 0)
Aug 25 14:47:18.226295 n-d-853316-6 devstack@placement-api.service[108460]: DEBUG placement.requestlog [req-b4b50e90-4044-46c8-abd6-8437a5ee3759 req-76ae132e-b00b-459b-8879-b92a830a5fee None None] Starting request: 10.222.0.27 "GET /placement/allocations/1704f807-8d09-4e3a-bf63-cd7aa4234950" {{(pid=108460) __call__ /opt/stack/placement/placement/requestlog.py:55}}
Aug 25 14:47:18.226295 n-d-853316-6 devstack@placement-api.service[108460]: INFO placement.requestlog [req-b4b50e90-4044-46c8-abd6-8437a5ee3759 req-76ae132e-b00b-459b-8879-b92a830a5fee service placement] 10.222.0.27 "GET /placement/allocations/1704f807-8d09-4e3a-bf63-cd7aa4234950" status: 200 len: 19 microversion: 1.28
Aug 25 14:47:18.227815 n-d-853316-6 devstack@placement-api.service[108460]: [pid: 108460|app: 0|req: 398/806] 10.222.0.27 () {60 vars in 1380 bytes} [Thu Aug 25 14:47:18 2022] GET /placement/allocations/1704f807-8d09-4e3a-bf63-cd7aa4234950 => generated 19 bytes in 16 msecs (HTTP/1.1 200) 8 headers in 295 bytes (1 switches on core 0)
Aug 25 14:47:18.234223 n-d-853316-6 devstack@placement-api.service[108459]: DEBUG placement.requestlog [req-b4b50e90-4044-46c8-abd6-8437a5ee3759 req-74d202ef-099e-49f4-9508-b9e117d55eb9 None None] Starting request: 10.222.0.27 "PUT /placement/allocations/1704f807-8d09-4e3a-bf63-cd7aa4234950" {{(pid=108459) __call__ /opt/stack/placement/placement/requestlog.py:55}}
Aug 25 14:47:18.442496 n-d-853316-6 devstack@placement-api.service[108459]: DEBUG placement.handlers.allocation [req-b4b50e90-4044-46c8-abd6-8437a5ee3759 req-74d202ef-099e-49f4-9508-b9e117d55eb9 service placement] Successfully wrote allocations [, , ] {{(pid=108459) _update_consumers_and_create_allocations /opt/stack/placement/placement/handlers/allocation.py:462}}
Aug 25 14:47:18.526875 n-d-853316-6 devstack@placement-api.service[108459]: INFO placement.requestlog [req-b4b50e90-4044-46c8-abd6-8437a5ee3759 req-74d202ef-099e-49f4-9508-b9e117d55eb9 service placement] 10.222.0.27 "PUT /placement/allocations/1704f807-8d09-4e3a-bf63-cd7aa4234950" status: 204 len: 0 microversion: 1.36
Aug 25 14:47:18.527291 n-d-853316-6 devstack@placement-api.service[108459]: [pid: 108459|app: 0|req: 409/807] 10.222.0.27 () {64 vars in 1433 bytes} [Thu Aug 25 14:47:18 2022] PUT /placement/allocations/1704f807-8d09-4e3a-bf63-cd7aa4234950 => generated 0 bytes in 293 msecs (HTTP/1.1 204) 5 headers in 199 bytes (1 switches on core 0)
Aug 25 14:47:18.687787 n-d-853316-6 devstack@placement-api.service[108460]: DEBUG placement.requestlog [req-fa699cf8-0f15-4f85-aab0-f6d120cb04c5 req-2b885a22-2ad7-450a-9990-2d8fb83716b7 None None] Starting request: 10.222.0.27 "DELETE /placement/allocations/1704f807-8d09-4e3a-bf63-cd7aa4234950" {{(pid=108460) __call__ /opt/stack/placement/placement/requestlog.py:55}}
Aug 25 14:47:19.000820 n-d-853316-6 devstack@placement-api.service[108460]: DEBUG placement.handlers.allocation [req-fa699cf8-0f15-4f85-aab0-f6d120cb04c5 req-2b885a22-2ad7-450a-9990-2d8fb83716b7 service placement] Successfully deleted allocations [, , ] {{(pid=108460) delete_allocations /opt/stack/placement/placement/handlers/allocation.py:627}}
Aug 25 14:47:19.001316 n-d-853316-6 devstack@placement-api.service[108460]: INFO placement.requestlog [req-fa699cf8-0f15-4f85-aab0-f6d120cb04c5 req-2b885a22-2ad7-450a-9990-2d8fb83716b7 service placement] 10.222.0.27 "DELETE /placement/allocations/1704f807-8d09-4e3a-bf63-cd7aa4234950" status: 204 len: 0 microversion: 1.0
Aug 25 14:47:19.001676 n-d-853316-6 devstack@placement-api.service[108460]: [pid: 108460|app: 0|req: 399/808] 10.222.0.27 () {60 vars in 1349 bytes} [Thu Aug 25 14:47:18 2022] DELETE /placement/allocations/1704f807-8d09-4e3a-bf63-cd7aa4234950 => generated 0 bytes in 314 msecs (HTTP/1.1 204) 5 headers in 198 bytes (2 switches on core 0)
Aug 25 14:47:20.357776 n-d-853316-6 devstack@placement-api.service[108459]: DEBUG placement.requestlog [req-e6c0916c-4aa8-4105-89e2-086f3cd520d8 req-be7c8661-0f4b-41b0-ae2d-5f886eec36ad None None] Starting request: 10.222.0.27 "GET /placement/allocation_candidates?limit=1000&resources=DISK_GB%3A1%2CMEMORY_MB%3A1024%2CVCPU%3A1&root_required=%21COMPUTE_STATUS_DISABLED" {{(pid=108459) __call__ /opt/stack/placement/placement/requestlog.py:55}}
Aug 25 14:47:20.397664 n-d-853316-6 devstack@placement-api.service[108459]: DEBUG placement.objects.research_context [req-e6c0916c-4aa8-4105-89e2-086f3cd520d8 req-be7c8661-0f4b-41b0-ae2d-5f886eec36ad service placement] getting providers with 1 DISK_GB {{(pid=108459) __init__ /opt/stack/placement/placement/objects/research_context.py:136}}
Aug 25 14:47:20.404469 n-d-853316-6 devstack@placement-api.service[108459]: DEBUG placement.objects.research_context [req-e6c0916c-4aa8-4105-89e2-086f3cd520d8 req-be7c8661-0f4b-41b0-ae2d-5f886eec36ad service placement] getting providers with 1024 MEMORY_MB {{(pid=108459) __init__ /opt/stack/placement/placement/objects/research_context.py:136}}
Aug 25 14:47:20.410943 n-d-853316-6 devstack@placement-api.service[108459]: DEBUG placement.objects.research_context [req-e6c0916c-4aa8-4105-89e2-086f3cd520d8 req-be7c8661-0f4b-41b0-ae2d-5f886eec36ad service placement] getting providers with 1 VCPU {{(pid=108459) __init__ /opt/stack/placement/placement/objects/research_context.py:136}}
Aug 25 14:47:20.416211 n-d-853316-6 devstack@placement-api.service[108459]: DEBUG placement.objects.research_context [req-e6c0916c-4aa8-4105-89e2-086f3cd520d8 req-be7c8661-0f4b-41b0-ae2d-5f886eec36ad service placement] found 2 providers with available 1 DISK_GB {{(pid=108459) get_provider_ids_matching /opt/stack/placement/placement/objects/research_context.py:563}}
Aug 25 14:47:20.416491 n-d-853316-6 devstack@placement-api.service[108459]: DEBUG placement.objects.research_context [req-e6c0916c-4aa8-4105-89e2-086f3cd520d8 req-be7c8661-0f4b-41b0-ae2d-5f886eec36ad service placement] found 2 providers with available 1024 MEMORY_MB {{(pid=108459) get_provider_ids_matching /opt/stack/placement/placement/objects/research_context.py:563}}
Aug 25 14:47:20.416759 n-d-853316-6 devstack@placement-api.service[108459]: DEBUG placement.objects.research_context [req-e6c0916c-4aa8-4105-89e2-086f3cd520d8 req-be7c8661-0f4b-41b0-ae2d-5f886eec36ad service placement] found 2 providers after filtering by previous result {{(pid=108459) get_provider_ids_matching /opt/stack/placement/placement/objects/research_context.py:594}}
Aug 25 14:47:20.417013 n-d-853316-6 devstack@placement-api.service[108459]: DEBUG placement.objects.research_context [req-e6c0916c-4aa8-4105-89e2-086f3cd520d8 req-be7c8661-0f4b-41b0-ae2d-5f886eec36ad service placement] found 2 providers with available 1 VCPU {{(pid=108459) get_provider_ids_matching /opt/stack/placement/placement/objects/research_context.py:563}}
Aug 25 14:47:20.417621 n-d-853316-6 devstack@placement-api.service[108459]: DEBUG placement.objects.research_context [req-e6c0916c-4aa8-4105-89e2-086f3cd520d8 req-be7c8661-0f4b-41b0-ae2d-5f886eec36ad service placement] found 2 providers after filtering by previous result {{(pid=108459) get_provider_ids_matching /opt/stack/placement/placement/objects/research_context.py:594}}
Aug 25 14:47:20.428871 n-d-853316-6 devstack@placement-api.service[108459]: DEBUG placement.objects.allocation_candidate [req-e6c0916c-4aa8-4105-89e2-086f3cd520d8 req-be7c8661-0f4b-41b0-ae2d-5f886eec36ad service placement] RequestGroup(use_same_provider=False, resources={DISK_GB:1, MEMORY_MB:1024, VCPU:1}, traits=(), aggregates=[]) (suffix '') returned 2 matches {{(pid=108459) _get_by_requests /opt/stack/placement/placement/objects/allocation_candidate.py:156}}
Aug 25 14:47:20.429267 n-d-853316-6 devstack@placement-api.service[108459]: DEBUG placement.objects.allocation_candidate [req-e6c0916c-4aa8-4105-89e2-086f3cd520d8 req-be7c8661-0f4b-41b0-ae2d-5f886eec36ad service placement] Merging candidates yields 2 allocation requests and 2 provider summaries {{(pid=108459) _merge_candidates /opt/stack/placement/placement/objects/allocation_candidate.py:809}}
Aug 25 14:47:20.430815 n-d-853316-6 devstack@placement-api.service[108459]: INFO placement.requestlog [req-e6c0916c-4aa8-4105-89e2-086f3cd520d8 req-be7c8661-0f4b-41b0-ae2d-5f886eec36ad service placement] 10.222.0.27 "GET /placement/allocation_candidates?limit=1000&resources=DISK_GB%3A1%2CMEMORY_MB%3A1024%2CVCPU%3A1&root_required=%21COMPUTE_STATUS_DISABLED" status: 200 len: 1309 microversion: 1.36
Aug 25 14:47:20.431199 n-d-853316-6 devstack@placement-api.service[108459]: [pid: 108459|app: 0|req: 410/809] 10.222.0.27 () {60 vars in 1506 bytes} [Thu Aug 25 14:47:20 2022] GET /placement/allocation_candidates?limit=1000&resources=DISK_GB%3A1%2CMEMORY_MB%3A1024%2CVCPU%3A1&root_required=%21COMPUTE_STATUS_DISABLED => generated 1309 bytes in 74 msecs (HTTP/1.1 200) 8 headers in 297 bytes (1 switches on core 0)
Aug 25 14:47:20.494254 n-d-853316-6 devstack@placement-api.service[108460]: DEBUG placement.requestlog [req-e6c0916c-4aa8-4105-89e2-086f3cd520d8 req-13de025e-ca37-4f11-abc7-70611751a2f8 None None] Starting request: 10.222.0.27 "GET /placement/allocations/451cbc73-ab27-4ab4-89dd-f8fb6d494f3a" {{(pid=108460) __call__ /opt/stack/placement/placement/requestlog.py:55}}
Aug 25 14:47:20.505343 n-d-853316-6 devstack@placement-api.service[108460]: INFO placement.requestlog [req-e6c0916c-4aa8-4105-89e2-086f3cd520d8 req-13de025e-ca37-4f11-abc7-70611751a2f8 service placement] 10.222.0.27 "GET /placement/allocations/451cbc73-ab27-4ab4-89dd-f8fb6d494f3a" status: 200 len: 19 microversion: 1.28
Aug 25 14:47:20.505870 n-d-853316-6 devstack@placement-api.service[108460]: [pid: 108460|app: 0|req: 400/810] 10.222.0.27 () {60 vars in 1380 bytes} [Thu Aug 25 14:47:20 2022] GET /placement/allocations/451cbc73-ab27-4ab4-89dd-f8fb6d494f3a => generated 19 bytes in 12 msecs (HTTP/1.1 200) 8 headers in 295 bytes (1 switches on core 0)
Aug 25 14:47:20.511627 n-d-853316-6 devstack@placement-api.service[108459]: DEBUG placement.requestlog [req-e6c0916c-4aa8-4105-89e2-086f3cd520d8 req-d047538a-dffe-458b-a74b-6bd70a5490d7 None None] Starting request: 10.222.0.27 "PUT /placement/allocations/451cbc73-ab27-4ab4-89dd-f8fb6d494f3a" {{(pid=108459) __call__ /opt/stack/placement/placement/requestlog.py:55}}
Aug 25 14:47:20.677495 n-d-853316-6 devstack@placement-api.service[108459]: DEBUG placement.handlers.allocation [req-e6c0916c-4aa8-4105-89e2-086f3cd520d8 req-d047538a-dffe-458b-a74b-6bd70a5490d7 service placement] Successfully wrote allocations [, , ] {{(pid=108459) _update_consumers_and_create_allocations /opt/stack/placement/placement/handlers/allocation.py:462}}
Aug 25 14:47:20.771302 n-d-853316-6 devstack@placement-api.service[108459]: INFO placement.requestlog [req-e6c0916c-4aa8-4105-89e2-086f3cd520d8 req-d047538a-dffe-458b-a74b-6bd70a5490d7 service placement] 10.222.0.27 "PUT /placement/allocations/451cbc73-ab27-4ab4-89dd-f8fb6d494f3a" status: 204 len: 0 microversion: 1.36
Aug 25 14:47:20.789368 n-d-853316-6 devstack@placement-api.service[108459]: [pid: 108459|app: 0|req: 411/811] 10.222.0.27 () {64 vars in 1433 bytes} [Thu Aug 25 14:47:20 2022] PUT /placement/allocations/451cbc73-ab27-4ab4-89dd-f8fb6d494f3a => generated 0 bytes in 261 msecs (HTTP/1.1 204) 5 headers in 199 bytes (1 switches on core 0)
Aug 25 14:47:22.559875 n-d-853316-6 devstack@placement-api.service[108460]: DEBUG placement.requestlog [req-f14e2656-f318-4ae2-baa3-ce5eb7364c33 req-75316f28-8e6d-458e-ac45-8b8f56e0692f None None] Starting request: 10.222.0.57 "DELETE /placement/allocations/9c8df369-1919-488b-b618-eae2f5097d1c" {{(pid=108460) __call__ /opt/stack/placement/placement/requestlog.py:55}}
Aug 25 14:47:22.822107 n-d-853316-6 devstack@placement-api.service[108460]: DEBUG placement.handlers.allocation [req-f14e2656-f318-4ae2-baa3-ce5eb7364c33 req-75316f28-8e6d-458e-ac45-8b8f56e0692f service placement] Successfully deleted allocations [, , ] {{(pid=108460) delete_allocations /opt/stack/placement/placement/handlers/allocation.py:627}}
Aug 25 14:47:22.822707 n-d-853316-6 devstack@placement-api.service[108460]: INFO placement.requestlog [req-f14e2656-f318-4ae2-baa3-ce5eb7364c33 req-75316f28-8e6d-458e-ac45-8b8f56e0692f service placement] 10.222.0.57 "DELETE /placement/allocations/9c8df369-1919-488b-b618-eae2f5097d1c" status: 204 len: 0 microversion: 1.0
Aug 25 14:47:22.823601 n-d-853316-6 devstack@placement-api.service[108460]: [pid: 108460|app: 0|req: 401/812] 10.222.0.57 () {60 vars in 1355 bytes} [Thu Aug 25 14:47:22 2022] DELETE /placement/allocations/9c8df369-1919-488b-b618-eae2f5097d1c => generated 0 bytes in 266 msecs (HTTP/1.1 204) 5 headers in 198 bytes (1 switches on core 0)
Aug 25 14:47:23.815863 n-d-853316-6 devstack@placement-api.service[108459]: DEBUG placement.requestlog [req-e6c0916c-4aa8-4105-89e2-086f3cd520d8 req-e46db59f-92e2-4834-a818-04660e9e1294 None None] Starting request: 10.222.0.26 "GET /placement/allocations/451cbc73-ab27-4ab4-89dd-f8fb6d494f3a" {{(pid=108459) __call__ /opt/stack/placement/placement/requestlog.py:55}}
Aug 25 14:47:23.839171 n-d-853316-6 devstack@placement-api.service[108459]: INFO placement.requestlog [req-e6c0916c-4aa8-4105-89e2-086f3cd520d8 req-e46db59f-92e2-4834-a818-04660e9e1294 service placement] 10.222.0.26 "GET /placement/allocations/451cbc73-ab27-4ab4-89dd-f8fb6d494f3a" status: 200 len: 259 microversion: 1.28
Aug 25 14:47:23.840109 n-d-853316-6 devstack@placement-api.service[108459]: [pid: 108459|app: 0|req: 412/813] 10.222.0.26 () {60 vars in 1377 bytes} [Thu Aug 25 14:47:23 2022] GET /placement/allocations/451cbc73-ab27-4ab4-89dd-f8fb6d494f3a => generated 259 bytes in 24 msecs (HTTP/1.1 200) 8 headers in 296 bytes (1 switches on core 0)
Aug 25 14:47:24.510645 n-d-853316-6 devstack@placement-api.service[108460]: DEBUG placement.requestlog [None req-113d9ae6-edb5-4ae3-9f81-97770d41fb22 None None] Starting request: 10.222.0.27 "GET /placement/resource_providers/0f1af42c-2eda-40a5-aa22-c34afe6a26c4/aggregates" {{(pid=108460) __call__ /opt/stack/placement/placement/requestlog.py:55}}
Aug 25 14:47:24.588516 n-d-853316-6 devstack@placement-api.service[108460]: INFO placement.requestlog [None req-113d9ae6-edb5-4ae3-9f81-97770d41fb22 service placement] 10.222.0.27 "GET /placement/resource_providers/0f1af42c-2eda-40a5-aa22-c34afe6a26c4/aggregates" status: 404 len: 235 microversion: 1.1
Aug 25 14:47:24.588840 n-d-853316-6 devstack@placement-api.service[108460]: [pid: 108460|app: 0|req: 402/814] 10.222.0.27 () {58 vars in 1362 bytes} [Thu Aug 25 14:47:24 2022] GET /placement/resource_providers/0f1af42c-2eda-40a5-aa22-c34afe6a26c4/aggregates => generated 235 bytes in 79 msecs (HTTP/1.1 404) 5 headers in 202 bytes (1 switches on core 0)
Aug 25 14:47:24.595514 n-d-853316-6 devstack@placement-api.service[108459]: DEBUG placement.requestlog [None req-edc8bca1-5bcc-4ae6-9921-ac3e49952987 None None] Starting request: 10.222.0.27 "DELETE /placement/resource_providers/0f1af42c-2eda-40a5-aa22-c34afe6a26c4" {{(pid=108459) __call__ /opt/stack/placement/placement/requestlog.py:55}}
Aug 25 14:47:24.605114 n-d-853316-6 devstack@placement-api.service[108459]: DEBUG placement.wsgi_wrapper [None req-edc8bca1-5bcc-4ae6-9921-ac3e49952987 service placement] Placement API returning an error response: No resource provider with uuid 0f1af42c-2eda-40a5-aa22-c34afe6a26c4 found for delete {{(pid=108459) call_func /opt/stack/placement/placement/wsgi_wrapper.py:31}}
Aug 25 14:47:24.605835 n-d-853316-6 devstack@placement-api.service[108459]: INFO placement.requestlog [None req-edc8bca1-5bcc-4ae6-9921-ac3e49952987 service placement] 10.222.0.27 "DELETE /placement/resource_providers/0f1af42c-2eda-40a5-aa22-c34afe6a26c4" status: 404 len: 246 microversion: 1.1
Aug 25 14:47:24.606149 n-d-853316-6 devstack@placement-api.service[108459]: [pid: 108459|app: 0|req: 413/815] 10.222.0.27 () {60 vars in 1351 bytes} [Thu Aug 25 14:47:24 2022] DELETE /placement/resource_providers/0f1af42c-2eda-40a5-aa22-c34afe6a26c4 => generated 246 bytes in 11 msecs (HTTP/1.1 404) 6 headers in 231 bytes (1 switches on core 0)
Aug 25 14:47:25.975450 n-d-853316-6 devstack@placement-api.service[108460]: DEBUG placement.requestlog [req-e0e28e26-d639-4a11-a357-c53bf01e3518 req-0ab0108e-cc4e-48d4-9a85-2c35512b3fdb None None] Starting request: 10.222.0.57 "GET /placement/resource_providers/960c574f-087d-457e-af3b-f397159c6010/allocations" {{(pid=108460) __call__ /opt/stack/placement/placement/requestlog.py:55}}
Aug 25 14:47:26.007997 n-d-853316-6 devstack@placement-api.service[108460]: INFO placement.requestlog [req-e0e28e26-d639-4a11-a357-c53bf01e3518 req-0ab0108e-cc4e-48d4-9a85-2c35512b3fdb service placement] 10.222.0.57 "GET /placement/resource_providers/960c574f-087d-457e-af3b-f397159c6010/allocations" status: 200 len: 328 microversion: 1.0
Aug 25 14:47:26.008815 n-d-853316-6 devstack@placement-api.service[108460]: [pid: 108460|app: 0|req: 403/816] 10.222.0.57 () {58 vars in 1390 bytes} [Thu Aug 25 14:47:25 2022] GET /placement/resource_providers/960c574f-087d-457e-af3b-f397159c6010/allocations => generated 328 bytes in 34 msecs (HTTP/1.1 200) 6 headers in 224 bytes (1 switches on core 0)
Aug 25 14:47:26.047482 n-d-853316-6 devstack@placement-api.service[108459]: DEBUG placement.requestlog [None req-5d0a2eae-9b0b-47e7-92bf-580fd1504c29 None None] Starting request: 10.222.0.27 "GET /placement/resource_providers/0baac28a-f081-4095-bf79-c867a0885d4e/aggregates" {{(pid=108459) __call__ /opt/stack/placement/placement/requestlog.py:55}}
Aug 25 14:47:26.058405 n-d-853316-6 devstack@placement-api.service[108459]: INFO placement.requestlog [None req-5d0a2eae-9b0b-47e7-92bf-580fd1504c29 service placement] 10.222.0.27 "GET /placement/resource_providers/0baac28a-f081-4095-bf79-c867a0885d4e/aggregates" status: 404 len: 235 microversion: 1.1
Aug 25 14:47:26.058911 n-d-853316-6 devstack@placement-api.service[108459]: [pid: 108459|app: 0|req: 414/817] 10.222.0.27 () {58 vars in 1362 bytes} [Thu Aug 25 14:47:26 2022] GET /placement/resource_providers/0baac28a-f081-4095-bf79-c867a0885d4e/aggregates => generated 235 bytes in 12 msecs (HTTP/1.1 404) 5 headers in 202 bytes (1 switches on core 0)
Aug 25 14:47:26.084469 n-d-853316-6 devstack@placement-api.service[108460]: DEBUG placement.requestlog [None req-4e475b05-cbb1-40a0-bbaf-0d77e6a79dac None None] Starting request: 10.222.0.27 "DELETE /placement/resource_providers/0baac28a-f081-4095-bf79-c867a0885d4e" {{(pid=108460) __call__ /opt/stack/placement/placement/requestlog.py:55}}
Aug 25 14:47:26.095575 n-d-853316-6 devstack@placement-api.service[108460]: DEBUG placement.wsgi_wrapper [None req-4e475b05-cbb1-40a0-bbaf-0d77e6a79dac service placement] Placement API returning an error response: No resource provider with uuid 0baac28a-f081-4095-bf79-c867a0885d4e found for delete {{(pid=108460) call_func /opt/stack/placement/placement/wsgi_wrapper.py:31}}
Aug 25 14:47:26.097422 n-d-853316-6 devstack@placement-api.service[108460]: INFO placement.requestlog [None req-4e475b05-cbb1-40a0-bbaf-0d77e6a79dac service placement] 10.222.0.27 "DELETE /placement/resource_providers/0baac28a-f081-4095-bf79-c867a0885d4e" status: 404 len: 246 microversion: 1.1
Aug 25 14:47:26.098987 n-d-853316-6 devstack@placement-api.service[108460]: [pid: 108460|app: 0|req: 404/818] 10.222.0.27 () {60 vars in 1351 bytes} [Thu Aug 25 14:47:26 2022] DELETE /placement/resource_providers/0baac28a-f081-4095-bf79-c867a0885d4e => generated 246 bytes in 15 msecs (HTTP/1.1 404) 6 headers in 231 bytes (1 switches on core 0)
Aug 25 14:47:36.056387 n-d-853316-6 devstack@placement-api.service[108459]: DEBUG dbcounter [-] [108459] Writing DB stats placement:SELECT=79,placement:INSERT=8,placement:DELETE=4,placement:UPDATE=4 {{(pid=108459) stat_writer /usr/local/lib/python3.8/dist-packages/dbcounter.py:114}}
Aug 25 14:47:36.094576 n-d-853316-6 devstack@placement-api.service[108460]: DEBUG dbcounter [-] [108460] Writing DB stats placement:SELECT=73,placement:INSERT=6,placement:DELETE=8,placement:UPDATE=2 {{(pid=108460) stat_writer /usr/local/lib/python3.8/dist-packages/dbcounter.py:114}}
Aug 25 14:47:45.478002 n-d-853316-6 devstack@placement-api.service[108459]: DEBUG placement.requestlog [req-b8725e37-d1ad-48c0-9eea-373b2dfaeaf7 req-6690a08e-59e9-4eb1-8442-472240db403a None None] Starting request: 10.222.0.26 "DELETE /placement/allocations/57ea0cb7-339d-4e92-b291-5848980f2bfc" {{(pid=108459) __call__ /opt/stack/placement/placement/requestlog.py:55}}
Aug 25 14:47:45.886329 n-d-853316-6 devstack@placement-api.service[108459]: DEBUG placement.handlers.allocation [req-b8725e37-d1ad-48c0-9eea-373b2dfaeaf7 req-6690a08e-59e9-4eb1-8442-472240db403a service placement] Successfully deleted allocations [, , ] {{(pid=108459) delete_allocations /opt/stack/placement/placement/handlers/allocation.py:627}}
Aug 25 14:47:45.887021 n-d-853316-6 devstack@placement-api.service[108459]: INFO placement.requestlog [req-b8725e37-d1ad-48c0-9eea-373b2dfaeaf7 req-6690a08e-59e9-4eb1-8442-472240db403a service placement] 10.222.0.26 "DELETE /placement/allocations/57ea0cb7-339d-4e92-b291-5848980f2bfc" status: 204 len: 0 microversion: 1.0
Aug 25 14:47:45.887823 n-d-853316-6 devstack@placement-api.service[108459]: [pid: 108459|app: 0|req: 415/819] 10.222.0.26 () {60 vars in 1355 bytes} [Thu Aug 25 14:47:45 2022] DELETE /placement/allocations/57ea0cb7-339d-4e92-b291-5848980f2bfc => generated 0 bytes in 411 msecs (HTTP/1.1 204) 5 headers in 198 bytes (2 switches on core 0)
Aug 25 14:47:49.468925 n-d-853316-6 devstack@placement-api.service[108460]: DEBUG placement.requestlog [req-0c149e54-9044-4e6d-bcae-b88f4c0b5aaf req-d797e3af-6e98-48ce-9258-fce990d11201 None None] Starting request: 10.222.0.57 "DELETE /placement/allocations/a1cc6ddd-9da0-4042-8f29-6e1bb43702d8" {{(pid=108460) __call__ /opt/stack/placement/placement/requestlog.py:55}}
Aug 25 14:47:49.760468 n-d-853316-6 devstack@placement-api.service[108460]: DEBUG placement.handlers.allocation [req-0c149e54-9044-4e6d-bcae-b88f4c0b5aaf req-d797e3af-6e98-48ce-9258-fce990d11201 service placement] Successfully deleted allocations [, , ] {{(pid=108460) delete_allocations /opt/stack/placement/placement/handlers/allocation.py:627}}
Aug 25 14:47:49.761194 n-d-853316-6 devstack@placement-api.service[108460]: INFO placement.requestlog [req-0c149e54-9044-4e6d-bcae-b88f4c0b5aaf req-d797e3af-6e98-48ce-9258-fce990d11201 service placement] 10.222.0.57 "DELETE /placement/allocations/a1cc6ddd-9da0-4042-8f29-6e1bb43702d8" status: 204 len: 0 microversion: 1.0
Aug 25 14:47:49.761959 n-d-853316-6 devstack@placement-api.service[108460]: [pid: 108460|app: 0|req: 405/820] 10.222.0.57 () {60 vars in 1355 bytes} [Thu Aug 25 14:47:49 2022] DELETE /placement/allocations/a1cc6ddd-9da0-4042-8f29-6e1bb43702d8 => generated 0 bytes in 293 msecs (HTTP/1.1 204) 5 headers in 198 bytes (2 switches on core 0)
Aug 25 14:47:50.970831 n-d-853316-6 devstack@placement-api.service[108459]: DEBUG placement.requestlog [req-15526d43-fc3a-4179-ac49-b204a96074f4 req-622fb330-c659-4740-b3f8-dcd74cc494bb None None] Starting request: 10.222.0.26 "GET /placement/resource_providers/fae5b110-0450-43ca-a79a-3bdeb1c3cd6a/allocations" {{(pid=108459) __call__ /opt/stack/placement/placement/requestlog.py:55}}
Aug 25 14:47:51.003064 n-d-853316-6 devstack@placement-api.service[108459]: INFO placement.requestlog [req-15526d43-fc3a-4179-ac49-b204a96074f4 req-622fb330-c659-4740-b3f8-dcd74cc494bb service placement] 10.222.0.26 "GET /placement/resource_providers/fae5b110-0450-43ca-a79a-3bdeb1c3cd6a/allocations" status: 200 len: 457 microversion: 1.0
Aug 25 14:47:51.003064 n-d-853316-6 devstack@placement-api.service[108459]: [pid: 108459|app: 0|req: 416/821] 10.222.0.26 () {58 vars in 1390 bytes} [Thu Aug 25 14:47:50 2022] GET /placement/resource_providers/fae5b110-0450-43ca-a79a-3bdeb1c3cd6a/allocations => generated 457 bytes in 31 msecs (HTTP/1.1 200) 6 headers in 224 bytes (1 switches on core 0)
Aug 25 14:47:51.891357 n-d-853316-6 devstack@placement-api.service[108460]: DEBUG placement.requestlog [req-07f1884b-381f-43b3-a265-a7dc481806ff req-d729d8b9-a989-487b-927e-d1fd8eb69e83 None None] Starting request: 10.222.0.26 "DELETE /placement/allocations/22408cbf-7b8a-4d00-8c8d-e14814d93ed0" {{(pid=108460) __call__ /opt/stack/placement/placement/requestlog.py:55}}
Aug 25 14:47:52.098112 n-d-853316-6 devstack@placement-api.service[108459]: DEBUG placement.requestlog [req-6ce8bfe7-e27b-430f-8904-52574e33cb68 req-40981b03-1121-4efb-9d7b-eeb6ec7add57 None None] Starting request: 10.222.0.57 "DELETE /placement/allocations/59551fc1-be59-4b49-837e-94d6c464dfd1" {{(pid=108459) __call__ /opt/stack/placement/placement/requestlog.py:55}}
Aug 25 14:47:52.153320 n-d-853316-6 devstack@placement-api.service[108460]: DEBUG placement.handlers.allocation [req-07f1884b-381f-43b3-a265-a7dc481806ff req-d729d8b9-a989-487b-927e-d1fd8eb69e83 service placement] Successfully deleted allocations [, , ] {{(pid=108460) delete_allocations /opt/stack/placement/placement/handlers/allocation.py:627}}
Aug 25 14:47:52.156792 n-d-853316-6 devstack@placement-api.service[108460]: INFO placement.requestlog [req-07f1884b-381f-43b3-a265-a7dc481806ff req-d729d8b9-a989-487b-927e-d1fd8eb69e83 service placement] 10.222.0.26 "DELETE /placement/allocations/22408cbf-7b8a-4d00-8c8d-e14814d93ed0" status: 204 len: 0 microversion: 1.0
Aug 25 14:47:52.158683 n-d-853316-6 devstack@placement-api.service[108460]: [pid: 108460|app: 0|req: 406/822] 10.222.0.26 () {60 vars in 1355 bytes} [Thu Aug 25 14:47:51 2022] DELETE /placement/allocations/22408cbf-7b8a-4d00-8c8d-e14814d93ed0 => generated 0 bytes in 266 msecs (HTTP/1.1 204) 5 headers in 198 bytes (1 switches on core 0)
Aug 25 14:47:52.319352 n-d-853316-6 devstack@placement-api.service[108459]: DEBUG placement.handlers.allocation [req-6ce8bfe7-e27b-430f-8904-52574e33cb68 req-40981b03-1121-4efb-9d7b-eeb6ec7add57 service placement] Successfully deleted allocations [, ] {{(pid=108459) delete_allocations /opt/stack/placement/placement/handlers/allocation.py:627}}
Aug 25 14:47:52.319352 n-d-853316-6 devstack@placement-api.service[108459]: INFO placement.requestlog [req-6ce8bfe7-e27b-430f-8904-52574e33cb68 req-40981b03-1121-4efb-9d7b-eeb6ec7add57 service placement] 10.222.0.57 "DELETE /placement/allocations/59551fc1-be59-4b49-837e-94d6c464dfd1" status: 204 len: 0 microversion: 1.0
Aug 25 14:47:52.319352 n-d-853316-6 devstack@placement-api.service[108459]: [pid: 108459|app: 0|req: 417/823] 10.222.0.57 () {60 vars in 1355 bytes} [Thu Aug 25 14:47:52 2022] DELETE /placement/allocations/59551fc1-be59-4b49-837e-94d6c464dfd1 => generated 0 bytes in 219 msecs (HTTP/1.1 204) 5 headers in 198 bytes (2 switches on core 0)
Aug 25 14:47:52.326311 n-d-853316-6 devstack@placement-api.service[108460]: DEBUG placement.requestlog [None req-d2108497-96ba-4343-8166-2102b888b936 None None] Starting request: 10.222.0.27 "GET /placement/resource_providers/54317adb-261d-4b6f-8363-023661caf605/aggregates" {{(pid=108460) __call__ /opt/stack/placement/placement/requestlog.py:55}}
