Oct 17 13:09:47.911060 n-d-853316-12 cinder-volume[120894]: DEBUG oslo_concurrency.processutils [None req-42c4395f-2a2b-4f78-9e8e-81b76ff7a974 tempest-VolumesGetTest-1835284134 None] Running cmd (subprocess): sudo cinder-rootwrap /etc/cinder/rootwrap.conf env LC_ALL=C lvcreate --name clone-snap-956120cd-96cb-4d78-a520-c5688c26b763 --snapshot stack-volumes-lvmdriver-1/volume-75fcf8af-1cc5-48f4-b4d5-7499fdcedffb -L 1.00g {{(pid=120894) execute /usr/local/lib/python3.8/dist-packages/oslo_concurrency/processutils.py:384}}
Oct 17 13:09:47.937155 n-d-853316-12 sudo[154249]: ubuntu : TTY=unknown ; PWD=/ ; USER=root ; COMMAND=/usr/local/bin/cinder-rootwrap /etc/cinder/rootwrap.conf env LC_ALL=C lvcreate --name clone-snap-956120cd-96cb-4d78-a520-c5688c26b763 --snapshot stack-volumes-lvmdriver-1/volume-75fcf8af-1cc5-48f4-b4d5-7499fdcedffb -L 1.00g
Oct 17 13:09:47.938307 n-d-853316-12 sudo[154249]: pam_unix(sudo:session): session opened for user root by (uid=0)
Oct 17 13:09:48.806501 n-d-853316-12 sudo[154249]: pam_unix(sudo:session): session closed for user root
Oct 17 13:09:48.809097 n-d-853316-12 cinder-volume[120894]: DEBUG oslo_concurrency.processutils [None req-42c4395f-2a2b-4f78-9e8e-81b76ff7a974 tempest-VolumesGetTest-1835284134 None] CMD "sudo cinder-rootwrap /etc/cinder/rootwrap.conf env LC_ALL=C lvcreate --name clone-snap-956120cd-96cb-4d78-a520-c5688c26b763 --snapshot stack-volumes-lvmdriver-1/volume-75fcf8af-1cc5-48f4-b4d5-7499fdcedffb -L 1.00g" returned: 0 in 0.898s {{(pid=120894) execute /usr/local/lib/python3.8/dist-packages/oslo_concurrency/processutils.py:422}}
Oct 17 13:09:48.812419 n-d-853316-12 cinder-volume[120894]: DEBUG oslo_concurrency.processutils [None req-42c4395f-2a2b-4f78-9e8e-81b76ff7a974 tempest-VolumesGetTest-1835284134 None] Running cmd (subprocess): sudo cinder-rootwrap /etc/cinder/rootwrap.conf env LC_ALL=C lvcreate -n volume-956120cd-96cb-4d78-a520-c5688c26b763 stack-volumes-lvmdriver-1 -L 1g {{(pid=120894) execute /usr/local/lib/python3.8/dist-packages/oslo_concurrency/processutils.py:384}}
Oct 17 13:09:48.835386 n-d-853316-12 sudo[154354]: ubuntu : TTY=unknown ; PWD=/ ; USER=root ; COMMAND=/usr/local/bin/cinder-rootwrap /etc/cinder/rootwrap.conf env LC_ALL=C lvcreate -n volume-956120cd-96cb-4d78-a520-c5688c26b763 stack-volumes-lvmdriver-1 -L 1g
Oct 17 13:09:48.836278 n-d-853316-12 sudo[154354]: pam_unix(sudo:session): session opened for user root by (uid=0)
Oct 17 13:09:49.655573 n-d-853316-12 sudo[154354]: pam_unix(sudo:session): session closed for user root
Oct 17 13:09:49.657976 n-d-853316-12 cinder-volume[120894]: DEBUG oslo_concurrency.processutils [None req-42c4395f-2a2b-4f78-9e8e-81b76ff7a974 tempest-VolumesGetTest-1835284134 None] CMD "sudo cinder-rootwrap /etc/cinder/rootwrap.conf env LC_ALL=C lvcreate -n volume-956120cd-96cb-4d78-a520-c5688c26b763 stack-volumes-lvmdriver-1 -L 1g" returned: 0 in 0.845s {{(pid=120894) execute /usr/local/lib/python3.8/dist-packages/oslo_concurrency/processutils.py:422}}
Oct 17 13:09:49.659805 n-d-853316-12 cinder-volume[120894]: DEBUG oslo_concurrency.processutils [None req-42c4395f-2a2b-4f78-9e8e-81b76ff7a974 tempest-VolumesGetTest-1835284134 None] Running cmd (subprocess): sudo cinder-rootwrap /etc/cinder/rootwrap.conf lvchange -a y --yes -K stack-volumes-lvmdriver-1/clone-snap-956120cd-96cb-4d78-a520-c5688c26b763 {{(pid=120894) execute /usr/local/lib/python3.8/dist-packages/oslo_concurrency/processutils.py:384}}
Oct 17 13:09:49.682017 n-d-853316-12 sudo[154385]: ubuntu : TTY=unknown ; PWD=/ ; USER=root ; COMMAND=/usr/local/bin/cinder-rootwrap /etc/cinder/rootwrap.conf lvchange -a y --yes -K stack-volumes-lvmdriver-1/clone-snap-956120cd-96cb-4d78-a520-c5688c26b763
Oct 17 13:09:49.682962 n-d-853316-12 sudo[154385]: pam_unix(sudo:session): session opened for user root by (uid=0)
Oct 17 13:09:50.355929 n-d-853316-12 sudo[154385]: pam_unix(sudo:session): session closed for user root
Oct 17 13:09:50.358955 n-d-853316-12 cinder-volume[120894]: DEBUG oslo_concurrency.processutils [None req-42c4395f-2a2b-4f78-9e8e-81b76ff7a974 tempest-VolumesGetTest-1835284134 None] CMD "sudo cinder-rootwrap /etc/cinder/rootwrap.conf lvchange -a y --yes -K stack-volumes-lvmdriver-1/clone-snap-956120cd-96cb-4d78-a520-c5688c26b763" returned: 0 in 0.699s {{(pid=120894) execute /usr/local/lib/python3.8/dist-packages/oslo_concurrency/processutils.py:422}}
Oct 17 13:09:50.361992 n-d-853316-12 cinder-volume[120894]: DEBUG oslo_concurrency.processutils [None req-42c4395f-2a2b-4f78-9e8e-81b76ff7a974 tempest-VolumesGetTest-1835284134 None] Running cmd (subprocess): sudo cinder-rootwrap /etc/cinder/rootwrap.conf dd count=0 if=/dev/mapper/stack--volumes--lvmdriver--1-clone--snap--956120cd--96cb--4d78--a520--c5688c26b763 of=/dev/mapper/stack--volumes--lvmdriver--1-volume--956120cd--96cb--4d78--a520--c5688c26b763 iflag=direct {{(pid=120894) execute /usr/local/lib/python3.8/dist-packages/oslo_concurrency/processutils.py:384}}
Oct 17 13:09:50.390417 n-d-853316-12 sudo[154388]: ubuntu : TTY=unknown ; PWD=/ ; USER=root ; COMMAND=/usr/local/bin/cinder-rootwrap /etc/cinder/rootwrap.conf dd count=0 if=/dev/mapper/stack--volumes--lvmdriver--1-clone--snap--956120cd--96cb--4d78--a520--c5688c26b763 of=/dev/mapper/stack--volumes--lvmdriver--1-volume--956120cd--96cb--4d78--a520--c5688c26b763 iflag=direct
Oct 17 13:09:50.392097 n-d-853316-12 sudo[154388]: pam_unix(sudo:session): session opened for user root by (uid=0)
Oct 17 13:09:50.988388 n-d-853316-12 sudo[154388]: pam_unix(sudo:session): session closed for user root
Oct 17 13:09:50.991958 n-d-853316-12 cinder-volume[120894]: DEBUG oslo_concurrency.processutils [None req-42c4395f-2a2b-4f78-9e8e-81b76ff7a974 tempest-VolumesGetTest-1835284134 None] CMD "sudo cinder-rootwrap /etc/cinder/rootwrap.conf dd count=0 if=/dev/mapper/stack--volumes--lvmdriver--1-clone--snap--956120cd--96cb--4d78--a520--c5688c26b763 of=/dev/mapper/stack--volumes--lvmdriver--1-volume--956120cd--96cb--4d78--a520--c5688c26b763 iflag=direct" returned: 0 in 0.629s {{(pid=120894) execute /usr/local/lib/python3.8/dist-packages/oslo_concurrency/processutils.py:422}}
Oct 17 13:09:50.992904 n-d-853316-12 cinder-volume[120894]: DEBUG oslo_concurrency.processutils [None req-42c4395f-2a2b-4f78-9e8e-81b76ff7a974 tempest-VolumesGetTest-1835284134 None] Running cmd (subprocess): sudo cinder-rootwrap /etc/cinder/rootwrap.conf dd count=0 if=/dev/mapper/stack--volumes--lvmdriver--1-clone--snap--956120cd--96cb--4d78--a520--c5688c26b763 of=/dev/mapper/stack--volumes--lvmdriver--1-volume--956120cd--96cb--4d78--a520--c5688c26b763 oflag=direct {{(pid=120894) execute /usr/local/lib/python3.8/dist-packages/oslo_concurrency/processutils.py:384}}
Oct 17 13:09:51.019602 n-d-853316-12 sudo[154400]: ubuntu : TTY=unknown ; PWD=/ ; USER=root ; COMMAND=/usr/local/bin/cinder-rootwrap /etc/cinder/rootwrap.conf dd count=0 if=/dev/mapper/stack--volumes--lvmdriver--1-clone--snap--956120cd--96cb--4d78--a520--c5688c26b763 of=/dev/mapper/stack--volumes--lvmdriver--1-volume--956120cd--96cb--4d78--a520--c5688c26b763 oflag=direct
Oct 17 13:09:51.020586 n-d-853316-12 sudo[154400]: pam_unix(sudo:session): session opened for user root by (uid=0)
Oct 17 13:09:51.632000 n-d-853316-12 sudo[154400]: pam_unix(sudo:session): session closed for user root
Oct 17 13:09:51.634195 n-d-853316-12 cinder-volume[120894]: DEBUG oslo_concurrency.processutils [None req-42c4395f-2a2b-4f78-9e8e-81b76ff7a974 tempest-VolumesGetTest-1835284134 None] CMD "sudo cinder-rootwrap /etc/cinder/rootwrap.conf dd count=0 if=/dev/mapper/stack--volumes--lvmdriver--1-clone--snap--956120cd--96cb--4d78--a520--c5688c26b763 of=/dev/mapper/stack--volumes--lvmdriver--1-volume--956120cd--96cb--4d78--a520--c5688c26b763 oflag=direct" returned: 0 in 0.641s {{(pid=120894) execute /usr/local/lib/python3.8/dist-packages/oslo_concurrency/processutils.py:422}}
Oct 17 13:09:51.635198 n-d-853316-12 cinder-volume[120894]: DEBUG oslo_concurrency.processutils [None req-42c4395f-2a2b-4f78-9e8e-81b76ff7a974 tempest-VolumesGetTest-1835284134 None] Running cmd (subprocess): sudo cinder-rootwrap /etc/cinder/rootwrap.conf dd if=/dev/mapper/stack--volumes--lvmdriver--1-clone--snap--956120cd--96cb--4d78--a520--c5688c26b763 of=/dev/mapper/stack--volumes--lvmdriver--1-volume--956120cd--96cb--4d78--a520--c5688c26b763 count=1073741824 bs=1M iflag=count_bytes,direct oflag=direct {{(pid=120894) execute /usr/local/lib/python3.8/dist-packages/oslo_concurrency/processutils.py:384}}
Oct 17 13:09:51.655390 n-d-853316-12 sudo[154415]: ubuntu : TTY=unknown ; PWD=/ ; USER=root ; COMMAND=/usr/local/bin/cinder-rootwrap /etc/cinder/rootwrap.conf dd if=/dev/mapper/stack--volumes--lvmdriver--1-clone--snap--956120cd--96cb--4d78--a520--c5688c26b763 of=/dev/mapper/stack--volumes--lvmdriver--1-volume--956120cd--96cb--4d78--a520--c5688c26b763 count=1073741824 bs=1M iflag=count_bytes,direct oflag=direct
Oct 17 13:09:51.656200 n-d-853316-12 sudo[154415]: pam_unix(sudo:session): session opened for user root by (uid=0)
Oct 17 13:09:57.051265 n-d-853316-12 sudo[154415]: pam_unix(sudo:session): session closed for user root
Oct 17 13:09:57.053387 n-d-853316-12 cinder-volume[120894]: DEBUG oslo_concurrency.processutils [None req-42c4395f-2a2b-4f78-9e8e-81b76ff7a974 tempest-VolumesGetTest-1835284134 None] CMD "sudo cinder-rootwrap /etc/cinder/rootwrap.conf dd if=/dev/mapper/stack--volumes--lvmdriver--1-clone--snap--956120cd--96cb--4d78--a520--c5688c26b763 of=/dev/mapper/stack--volumes--lvmdriver--1-volume--956120cd--96cb--4d78--a520--c5688c26b763 count=1073741824 bs=1M iflag=count_bytes,direct oflag=direct" returned: 0 in 5.418s {{(pid=120894) execute /usr/local/lib/python3.8/dist-packages/oslo_concurrency/processutils.py:422}}
Oct 17 13:09:57.053974 n-d-853316-12 cinder-volume[120894]: DEBUG cinder.volume.volume_utils [None req-42c4395f-2a2b-4f78-9e8e-81b76ff7a974 tempest-VolumesGetTest-1835284134 None] Volume copy details: src /dev/mapper/stack--volumes--lvmdriver--1-clone--snap--956120cd--96cb--4d78--a520--c5688c26b763, dest /dev/mapper/stack--volumes--lvmdriver--1-volume--956120cd--96cb--4d78--a520--c5688c26b763, size 1024.00 MB, duration 5.42 sec {{(pid=120894) _copy_volume_with_path /opt/stack/cinder/cinder/volume/volume_utils.py:513}}
Oct 17 13:09:57.054392 n-d-853316-12 cinder-volume[120894]: INFO cinder.volume.volume_utils [None req-42c4395f-2a2b-4f78-9e8e-81b76ff7a974 tempest-VolumesGetTest-1835284134 None] Volume copy 1024.00 MB at 188.96 MB/s
Oct 17 13:09:57.055610 n-d-853316-12 cinder-volume[120894]: DEBUG oslo_concurrency.processutils [None req-42c4395f-2a2b-4f78-9e8e-81b76ff7a974 tempest-VolumesGetTest-1835284134 None] Running cmd (subprocess): sudo cinder-rootwrap /etc/cinder/rootwrap.conf env LC_ALL=C lvs --noheadings --unit=g -o vg_name,name,size --nosuffix --readonly stack-volumes-lvmdriver-1/clone-snap-956120cd-96cb-4d78-a520-c5688c26b763 {{(pid=120894) execute /usr/local/lib/python3.8/dist-packages/oslo_concurrency/processutils.py:384}}
Oct 17 13:09:57.077393 n-d-853316-12 sudo[154423]: ubuntu : TTY=unknown ; PWD=/ ; USER=root ; COMMAND=/usr/local/bin/cinder-rootwrap /etc/cinder/rootwrap.conf env LC_ALL=C lvs --noheadings --unit=g -o vg_name,name,size --nosuffix --readonly stack-volumes-lvmdriver-1/clone-snap-956120cd-96cb-4d78-a520-c5688c26b763
Oct 17 13:09:57.078216 n-d-853316-12 sudo[154423]: pam_unix(sudo:session): session opened for user root by (uid=0)
Oct 17 13:09:57.253804 n-d-853316-12 cinder-volume[120894]: DEBUG dbcounter [-] [120894] Writing DB stats cinder:SELECT=9,cinder:UPDATE=3,cinder:DELETE=1 {{(pid=120894) stat_writer /usr/local/lib/python3.8/dist-packages/dbcounter.py:114}}
Oct 17 13:09:57.649146 n-d-853316-12 sudo[154423]: pam_unix(sudo:session): session closed for user root
Oct 17 13:09:57.651055 n-d-853316-12 cinder-volume[120894]: DEBUG oslo_concurrency.processutils [None req-42c4395f-2a2b-4f78-9e8e-81b76ff7a974 tempest-VolumesGetTest-1835284134 None] CMD "sudo cinder-rootwrap /etc/cinder/rootwrap.conf env LC_ALL=C lvs --noheadings --unit=g -o vg_name,name,size --nosuffix --readonly stack-volumes-lvmdriver-1/clone-snap-956120cd-96cb-4d78-a520-c5688c26b763" returned: 0 in 0.595s {{(pid=120894) execute /usr/local/lib/python3.8/dist-packages/oslo_concurrency/processutils.py:422}}
Oct 17 13:09:57.654240 n-d-853316-12 cinder-volume[120894]: DEBUG oslo_concurrency.processutils [None req-42c4395f-2a2b-4f78-9e8e-81b76ff7a974 tempest-VolumesGetTest-1835284134 None] Running cmd (subprocess): sudo cinder-rootwrap /etc/cinder/rootwrap.conf lvremove --config activation { retry_deactivation = 1} -f stack-volumes-lvmdriver-1/clone-snap-956120cd-96cb-4d78-a520-c5688c26b763 {{(pid=120894) execute /usr/local/lib/python3.8/dist-packages/oslo_concurrency/processutils.py:384}}
Oct 17 13:09:57.677077 n-d-853316-12 sudo[154433]: ubuntu : TTY=unknown ; PWD=/ ; USER=root ; COMMAND=/usr/local/bin/cinder-rootwrap /etc/cinder/rootwrap.conf lvremove --config activation { retry_deactivation = 1} -f stack-volumes-lvmdriver-1/clone-snap-956120cd-96cb-4d78-a520-c5688c26b763
Oct 17 13:09:57.678690 n-d-853316-12 sudo[154433]: pam_unix(sudo:session): session opened for user root by (uid=0)
Oct 17 13:09:58.460748 n-d-853316-12 sudo[154433]: pam_unix(sudo:session): session closed for user root
Oct 17 13:09:58.462958 n-d-853316-12 cinder-volume[120894]: DEBUG oslo_concurrency.processutils [None req-42c4395f-2a2b-4f78-9e8e-81b76ff7a974 tempest-VolumesGetTest-1835284134 None] CMD "sudo cinder-rootwrap /etc/cinder/rootwrap.conf lvremove --config activation { retry_deactivation = 1} -f stack-volumes-lvmdriver-1/clone-snap-956120cd-96cb-4d78-a520-c5688c26b763" returned: 0 in 0.809s {{(pid=120894) execute /usr/local/lib/python3.8/dist-packages/oslo_concurrency/processutils.py:422}}
Oct 17 13:09:58.469615 n-d-853316-12 cinder-volume[120894]: DEBUG cinder.volume.manager [None req-42c4395f-2a2b-4f78-9e8e-81b76ff7a974 tempest-VolumesGetTest-1835284134 None] Task 'cinder.volume.flows.manager.create_volume.CreateVolumeFromSpecTask;volume:create' (cf37da95-a51d-46b9-8315-7388e2cd7064) transitioned into state 'SUCCESS' from state 'RUNNING' with result '{'status': 'creating', 'volume_name': 'volume-956120cd-96cb-4d78-a520-c5688c26b763', 'volume_size': 1, 'source_volid': '75fcf8af-1cc5-48f4-b4d5-7499fdcedffb', 'source_volstatus': 'available'}' {{(pid=120894) _task_receiver /usr/local/lib/python3.8/dist-packages/taskflow/listeners/logging.py:178}}
Oct 17 13:09:58.474390 n-d-853316-12 cinder-volume[120894]: DEBUG cinder.volume.manager [None req-42c4395f-2a2b-4f78-9e8e-81b76ff7a974 tempest-VolumesGetTest-1835284134 None] Task 'cinder.volume.flows.manager.create_volume.CreateVolumeOnFinishTask;volume:create, create.end' (f776c7c5-d867-4c1d-8b24-7fd841227c6f) transitioned into state 'RUNNING' from state 'PENDING' {{(pid=120894) _task_receiver /usr/local/lib/python3.8/dist-packages/taskflow/listeners/logging.py:190}}
Oct 17 13:09:58.486845 n-d-853316-12 cinder-volume[120894]: INFO cinder.volume.flows.manager.create_volume [None req-42c4395f-2a2b-4f78-9e8e-81b76ff7a974 tempest-VolumesGetTest-1835284134 None] Volume volume-956120cd-96cb-4d78-a520-c5688c26b763 (956120cd-96cb-4d78-a520-c5688c26b763): created successfully
Oct 17 13:09:58.490655 n-d-853316-12 cinder-volume[120894]: DEBUG cinder.volume.manager [None req-42c4395f-2a2b-4f78-9e8e-81b76ff7a974 tempest-VolumesGetTest-1835284134 None] Task 'cinder.volume.flows.manager.create_volume.CreateVolumeOnFinishTask;volume:create, create.end' (f776c7c5-d867-4c1d-8b24-7fd841227c6f) transitioned into state 'SUCCESS' from state 'RUNNING' with result 'None' {{(pid=120894) _task_receiver /usr/local/lib/python3.8/dist-packages/taskflow/listeners/logging.py:178}}
Oct 17 13:09:58.496198 n-d-853316-12 cinder-volume[120894]: DEBUG cinder.volume.manager [None req-42c4395f-2a2b-4f78-9e8e-81b76ff7a974 tempest-VolumesGetTest-1835284134 None] Flow 'volume_create_manager' (945aaadf-8d5c-4619-b3f5-dde84669c3ae) transitioned into state 'SUCCESS' from state 'RUNNING' {{(pid=120894) _flow_receiver /usr/local/lib/python3.8/dist-packages/taskflow/listeners/logging.py:141}}
Oct 17 13:09:58.510693 n-d-853316-12 cinder-volume[120894]: INFO cinder.volume.manager [None req-42c4395f-2a2b-4f78-9e8e-81b76ff7a974 tempest-VolumesGetTest-1835284134 None] Created volume successfully.
Oct 17 13:09:59.425816 n-d-853316-12 cinder-volume[120894]: DEBUG cinder.volume.flows.manager.create_volume [None req-6a75dd21-3827-41c1-bb44-2cb30a3cea75 tempest-VolumesGetTest-1835284134 None] Volume reschedule parameters: True retry: {'num_attempts': 1, 'backends': ['n-d-853316-12@lvmdriver-1#lvmdriver-1'], 'hosts': ['n-d-853316-12@lvmdriver-1#lvmdriver-1']} {{(pid=120894) get_flow /opt/stack/cinder/cinder/volume/flows/manager/create_volume.py:1368}}
Oct 17 13:09:59.445594 n-d-853316-12 cinder-volume[120894]: DEBUG cinder.volume.manager [None req-6a75dd21-3827-41c1-bb44-2cb30a3cea75 tempest-VolumesGetTest-1835284134 None] Flow 'volume_create_manager' (479eddec-b492-49a2-ba2e-33fc299cd648) transitioned into state 'RUNNING' from state 'PENDING' {{(pid=120894) _flow_receiver /usr/local/lib/python3.8/dist-packages/taskflow/listeners/logging.py:141}}
Oct 17 13:09:59.452390 n-d-853316-12 cinder-volume[120894]: DEBUG cinder.volume.manager [None req-6a75dd21-3827-41c1-bb44-2cb30a3cea75 tempest-VolumesGetTest-1835284134 None] Task 'cinder.volume.flows.manager.create_volume.ExtractVolumeRefTask;volume:create' (0d09175a-e0d6-44a5-8162-ad1fdd42d0ed) transitioned into state 'RUNNING' from state 'PENDING' {{(pid=120894) _task_receiver /usr/local/lib/python3.8/dist-packages/taskflow/listeners/logging.py:190}}
Oct 17 13:09:59.469654 n-d-853316-12 cinder-volume[120894]: DEBUG cinder.volume.manager [None req-6a75dd21-3827-41c1-bb44-2cb30a3cea75 tempest-VolumesGetTest-1835284134 None] Task 'cinder.volume.flows.manager.create_volume.ExtractVolumeRefTask;volume:create' (0d09175a-e0d6-44a5-8162-ad1fdd42d0ed) transitioned into state 'SUCCESS' from state 'RUNNING' with result 'Volume(_name_id=None,admin_metadata=,attach_status='detached',availability_zone='nova',bootable=False,cluster=,cluster_name=None,consistencygroup=,consistencygroup_id=None,created_at=2022-10-17T13:09:59Z,deleted=False,deleted_at=None,display_description='tempest-@#$%^* description-1122367216',display_name=None,ec2_id=None,encryption_key_id=None,glance_metadata=,group=,group_id=None,host='n-d-853316-12@lvmdriver-1#lvmdriver-1',id=115a4594-df19-4d1f-9a85-3d4e7ddeb989,launched_at=None,metadata={},migration_status=None,multiattach=False,previous_status=None,project_id='9fd1e80db8664939938a09f2d00200c9',provider_auth=None,provider_geometry=None,provider_id=None,provider_location=None,replication_driver_data=None,replication_extended_status=None,replication_status=None,scheduled_at=2022-10-17T13:09:59Z,service_uuid=None,shared_targets=True,size=1,snapshot_id=None,snapshots=,source_volid=None,status='creating',terminated_at=None,updated_at=2022-10-17T13:09:59Z,use_quota=True,user_id='ccde52cb09694092b1421bd265c45946',volume_attachment=VolumeAttachmentList,volume_type=VolumeType(74efd90c-27fe-4869-9d1e-5ef154198c2c),volume_type_id=74efd90c-27fe-4869-9d1e-5ef154198c2c)' {{(pid=120894) _task_receiver /usr/local/lib/python3.8/dist-packages/taskflow/listeners/logging.py:178}}
Oct 17 13:09:59.474786 n-d-853316-12 cinder-volume[120894]: DEBUG cinder.volume.manager [None req-6a75dd21-3827-41c1-bb44-2cb30a3cea75 tempest-VolumesGetTest-1835284134 None] Task 'cinder.volume.flows.manager.create_volume.OnFailureRescheduleTask;volume:create' (42b2a1bb-ac2e-4796-85a9-42b35662fdf6) transitioned into state 'RUNNING' from state 'PENDING' {{(pid=120894) _task_receiver /usr/local/lib/python3.8/dist-packages/taskflow/listeners/logging.py:190}}
Oct 17 13:09:59.478799 n-d-853316-12 cinder-volume[120894]: DEBUG cinder.volume.manager [None req-6a75dd21-3827-41c1-bb44-2cb30a3cea75 tempest-VolumesGetTest-1835284134 None] Task 'cinder.volume.flows.manager.create_volume.OnFailureRescheduleTask;volume:create' (42b2a1bb-ac2e-4796-85a9-42b35662fdf6) transitioned into state 'SUCCESS' from state 'RUNNING' with result 'None' {{(pid=120894) _task_receiver /usr/local/lib/python3.8/dist-packages/taskflow/listeners/logging.py:178}}
Oct 17 13:09:59.484850 n-d-853316-12 cinder-volume[120894]: DEBUG cinder.volume.manager [None req-6a75dd21-3827-41c1-bb44-2cb30a3cea75 tempest-VolumesGetTest-1835284134 None] Task 'cinder.volume.flows.manager.create_volume.ExtractVolumeSpecTask;volume:create' (362ad8c8-989d-4fee-afe6-87a23fe4062e) transitioned into state 'RUNNING' from state 'PENDING' {{(pid=120894) _task_receiver /usr/local/lib/python3.8/dist-packages/taskflow/listeners/logging.py:190}}
Oct 17 13:09:59.488820 n-d-853316-12 cinder-volume[120894]: DEBUG cinder.volume.manager [None req-6a75dd21-3827-41c1-bb44-2cb30a3cea75 tempest-VolumesGetTest-1835284134 None] Task 'cinder.volume.flows.manager.create_volume.ExtractVolumeSpecTask;volume:create' (362ad8c8-989d-4fee-afe6-87a23fe4062e) transitioned into state 'SUCCESS' from state 'RUNNING' with result '{'status': 'creating', 'type': 'raw', 'volume_id': '115a4594-df19-4d1f-9a85-3d4e7ddeb989', 'volume_name': 'volume-115a4594-df19-4d1f-9a85-3d4e7ddeb989', 'volume_size': 1}' {{(pid=120894) _task_receiver /usr/local/lib/python3.8/dist-packages/taskflow/listeners/logging.py:178}}
Oct 17 13:09:59.493567 n-d-853316-12 cinder-volume[120894]: DEBUG cinder.volume.manager [None req-6a75dd21-3827-41c1-bb44-2cb30a3cea75 tempest-VolumesGetTest-1835284134 None] Task 'cinder.volume.flows.manager.create_volume.NotifyVolumeActionTask;volume:create, create.start' (56aff636-24fe-417a-b013-cf73ff4da852) transitioned into state 'RUNNING' from state 'PENDING' {{(pid=120894) _task_receiver /usr/local/lib/python3.8/dist-packages/taskflow/listeners/logging.py:190}}
Oct 17 13:09:59.497982 n-d-853316-12 cinder-volume[120894]: DEBUG cinder.volume.manager [None req-6a75dd21-3827-41c1-bb44-2cb30a3cea75 tempest-VolumesGetTest-1835284134 None] Task 'cinder.volume.flows.manager.create_volume.NotifyVolumeActionTask;volume:create, create.start' (56aff636-24fe-417a-b013-cf73ff4da852) transitioned into state 'SUCCESS' from state 'RUNNING' with result 'None' {{(pid=120894) _task_receiver /usr/local/lib/python3.8/dist-packages/taskflow/listeners/logging.py:178}}
Oct 17 13:09:59.502656 n-d-853316-12 cinder-volume[120894]: DEBUG cinder.volume.manager [None req-6a75dd21-3827-41c1-bb44-2cb30a3cea75 tempest-VolumesGetTest-1835284134 None] Task 'cinder.volume.flows.manager.create_volume.CreateVolumeFromSpecTask;volume:create' (d93250bc-30de-4e54-a979-c80c59f680b7) transitioned into state 'RUNNING' from state 'PENDING' {{(pid=120894) _task_receiver /usr/local/lib/python3.8/dist-packages/taskflow/listeners/logging.py:190}}
Oct 17 13:09:59.503695 n-d-853316-12 cinder-volume[120894]: INFO cinder.volume.flows.manager.create_volume [None req-6a75dd21-3827-41c1-bb44-2cb30a3cea75 tempest-VolumesGetTest-1835284134 None] Volume 115a4594-df19-4d1f-9a85-3d4e7ddeb989: being created as raw with specification: {'status': 'creating', 'volume_name': 'volume-115a4594-df19-4d1f-9a85-3d4e7ddeb989', 'volume_size': 1}
Oct 17 13:09:59.504704 n-d-853316-12 cinder-volume[120894]: DEBUG oslo_concurrency.processutils [None req-6a75dd21-3827-41c1-bb44-2cb30a3cea75 tempest-VolumesGetTest-1835284134 None] Running cmd (subprocess): sudo cinder-rootwrap /etc/cinder/rootwrap.conf env LC_ALL=C lvcreate -n volume-115a4594-df19-4d1f-9a85-3d4e7ddeb989 stack-volumes-lvmdriver-1 -L 1g {{(pid=120894) execute /usr/local/lib/python3.8/dist-packages/oslo_concurrency/processutils.py:384}}
Oct 17 13:09:59.523664 n-d-853316-12 sudo[154477]: ubuntu : TTY=unknown ; PWD=/ ; USER=root ; COMMAND=/usr/local/bin/cinder-rootwrap /etc/cinder/rootwrap.conf env LC_ALL=C lvcreate -n volume-115a4594-df19-4d1f-9a85-3d4e7ddeb989 stack-volumes-lvmdriver-1 -L 1g
Oct 17 13:09:59.524455 n-d-853316-12 sudo[154477]: pam_unix(sudo:session): session opened for user root by (uid=0)
Oct 17 13:10:00.188454 n-d-853316-12 sudo[154477]: pam_unix(sudo:session): session closed for user root
Oct 17 13:10:00.190672 n-d-853316-12 cinder-volume[120894]: DEBUG oslo_concurrency.processutils [None req-6a75dd21-3827-41c1-bb44-2cb30a3cea75 tempest-VolumesGetTest-1835284134 None] CMD "sudo cinder-rootwrap /etc/cinder/rootwrap.conf env LC_ALL=C lvcreate -n volume-115a4594-df19-4d1f-9a85-3d4e7ddeb989 stack-volumes-lvmdriver-1 -L 1g" returned: 0 in 0.685s {{(pid=120894) execute /usr/local/lib/python3.8/dist-packages/oslo_concurrency/processutils.py:422}}
Oct 17 13:10:00.197086 n-d-853316-12 cinder-volume[120894]: DEBUG cinder.volume.manager [None req-6a75dd21-3827-41c1-bb44-2cb30a3cea75 tempest-VolumesGetTest-1835284134 None] Task 'cinder.volume.flows.manager.create_volume.CreateVolumeFromSpecTask;volume:create' (d93250bc-30de-4e54-a979-c80c59f680b7) transitioned into state 'SUCCESS' from state 'RUNNING' with result '{'status': 'creating', 'volume_name': 'volume-115a4594-df19-4d1f-9a85-3d4e7ddeb989', 'volume_size': 1}' {{(pid=120894) _task_receiver /usr/local/lib/python3.8/dist-packages/taskflow/listeners/logging.py:178}}
Oct 17 13:10:00.202237 n-d-853316-12 cinder-volume[120894]: DEBUG cinder.volume.manager [None req-6a75dd21-3827-41c1-bb44-2cb30a3cea75 tempest-VolumesGetTest-1835284134 None] Task 'cinder.volume.flows.manager.create_volume.CreateVolumeOnFinishTask;volume:create, create.end' (a9fc8569-1180-4391-aa1c-c3ee954c701b) transitioned into state 'RUNNING' from state 'PENDING' {{(pid=120894) _task_receiver /usr/local/lib/python3.8/dist-packages/taskflow/listeners/logging.py:190}}
Oct 17 13:10:00.218108 n-d-853316-12 cinder-volume[120894]: INFO cinder.volume.flows.manager.create_volume [None req-6a75dd21-3827-41c1-bb44-2cb30a3cea75 tempest-VolumesGetTest-1835284134 None] Volume volume-115a4594-df19-4d1f-9a85-3d4e7ddeb989 (115a4594-df19-4d1f-9a85-3d4e7ddeb989): created successfully
Oct 17 13:10:00.227451 n-d-853316-12 cinder-volume[120894]: DEBUG cinder.volume.manager [None req-6a75dd21-3827-41c1-bb44-2cb30a3cea75 tempest-VolumesGetTest-1835284134 None] Task 'cinder.volume.flows.manager.create_volume.CreateVolumeOnFinishTask;volume:create, create.end' (a9fc8569-1180-4391-aa1c-c3ee954c701b) transitioned into state 'SUCCESS' from state 'RUNNING' with result 'None' {{(pid=120894) _task_receiver /usr/local/lib/python3.8/dist-packages/taskflow/listeners/logging.py:178}}
Oct 17 13:10:00.234065 n-d-853316-12 cinder-volume[120894]: DEBUG cinder.volume.manager [None req-6a75dd21-3827-41c1-bb44-2cb30a3cea75 tempest-VolumesGetTest-1835284134 None] Flow 'volume_create_manager' (479eddec-b492-49a2-ba2e-33fc299cd648) transitioned into state 'SUCCESS' from state 'RUNNING' {{(pid=120894) _flow_receiver /usr/local/lib/python3.8/dist-packages/taskflow/listeners/logging.py:141}}
Oct 17 13:10:00.244388 n-d-853316-12 cinder-volume[120894]: INFO cinder.volume.manager [None req-6a75dd21-3827-41c1-bb44-2cb30a3cea75 tempest-VolumesGetTest-1835284134 None] Created volume successfully.
Oct 17 13:10:00.602137 n-d-853316-12 cinder-volume[120894]: DEBUG cinder.coordination [None req-cfb066c2-f1d8-47c1-9659-a06a7e368bcf tempest-VolumesGetTest-1835284134 None] Acquiring lock "cinder-115a4594-df19-4d1f-9a85-3d4e7ddeb989-delete_volume" by "delete_volume" {{(pid=120894) _synchronized /opt/stack/cinder/cinder/coordination.py:192}}
Oct 17 13:10:00.617880 n-d-853316-12 cinder-volume[120894]: DEBUG cinder.coordination [None req-cfb066c2-f1d8-47c1-9659-a06a7e368bcf tempest-VolumesGetTest-1835284134 None] Lock "cinder-115a4594-df19-4d1f-9a85-3d4e7ddeb989-delete_volume" acquired by "delete_volume" :: waited 0.016s {{(pid=120894) _synchronized /opt/stack/cinder/cinder/coordination.py:196}}
Oct 17 13:10:00.702634 n-d-853316-12 cinder-volume[120894]: INFO cinder.volume.targets.iscsi [None req-cfb066c2-f1d8-47c1-9659-a06a7e368bcf tempest-VolumesGetTest-1835284134 None] Skipping remove_export. No iscsi_target is presently exported for volume: 115a4594-df19-4d1f-9a85-3d4e7ddeb989
Oct 17 13:10:00.704017 n-d-853316-12 cinder-volume[120894]: DEBUG oslo_concurrency.processutils [None req-cfb066c2-f1d8-47c1-9659-a06a7e368bcf tempest-VolumesGetTest-1835284134 None] Running cmd (subprocess): sudo cinder-rootwrap /etc/cinder/rootwrap.conf env LC_ALL=C lvs --noheadings --unit=g -o vg_name,name,size --nosuffix --readonly stack-volumes-lvmdriver-1/volume-115a4594-df19-4d1f-9a85-3d4e7ddeb989 {{(pid=120894) execute /usr/local/lib/python3.8/dist-packages/oslo_concurrency/processutils.py:384}}
Oct 17 13:10:00.746469 n-d-853316-12 sudo[154509]: ubuntu : TTY=unknown ; PWD=/ ; USER=root ; COMMAND=/usr/local/bin/cinder-rootwrap /etc/cinder/rootwrap.conf env LC_ALL=C lvs --noheadings --unit=g -o vg_name,name,size --nosuffix --readonly stack-volumes-lvmdriver-1/volume-115a4594-df19-4d1f-9a85-3d4e7ddeb989
Oct 17 13:10:00.751416 n-d-853316-12 sudo[154509]: pam_unix(sudo:session): session opened for user root by (uid=0)
Oct 17 13:10:01.346348 n-d-853316-12 sudo[154509]: pam_unix(sudo:session): session closed for user root
Oct 17 13:10:01.351394 n-d-853316-12 cinder-volume[120894]: DEBUG oslo_concurrency.processutils [None req-cfb066c2-f1d8-47c1-9659-a06a7e368bcf tempest-VolumesGetTest-1835284134 None] CMD "sudo cinder-rootwrap /etc/cinder/rootwrap.conf env LC_ALL=C lvs --noheadings --unit=g -o vg_name,name,size --nosuffix --readonly stack-volumes-lvmdriver-1/volume-115a4594-df19-4d1f-9a85-3d4e7ddeb989" returned: 0 in 0.646s {{(pid=120894) execute /usr/local/lib/python3.8/dist-packages/oslo_concurrency/processutils.py:422}}
Oct 17 13:10:01.353498 n-d-853316-12 cinder-volume[120894]: DEBUG oslo_concurrency.processutils [None req-cfb066c2-f1d8-47c1-9659-a06a7e368bcf tempest-VolumesGetTest-1835284134 None] Running cmd (subprocess): sudo cinder-rootwrap /etc/cinder/rootwrap.conf env LC_ALL=C lvdisplay --noheading -C -o Attr --readonly stack-volumes-lvmdriver-1/volume-115a4594-df19-4d1f-9a85-3d4e7ddeb989 {{(pid=120894) execute /usr/local/lib/python3.8/dist-packages/oslo_concurrency/processutils.py:384}}
Oct 17 13:10:01.378409 n-d-853316-12 sudo[154512]: ubuntu : TTY=unknown ; PWD=/ ; USER=root ; COMMAND=/usr/local/bin/cinder-rootwrap /etc/cinder/rootwrap.conf env LC_ALL=C lvdisplay --noheading -C -o Attr --readonly stack-volumes-lvmdriver-1/volume-115a4594-df19-4d1f-9a85-3d4e7ddeb989
Oct 17 13:10:01.383874 n-d-853316-12 sudo[154512]: pam_unix(sudo:session): session opened for user root by (uid=0)
Oct 17 13:10:02.088716 n-d-853316-12 sudo[154512]: pam_unix(sudo:session): session closed for user root
Oct 17 13:10:02.091960 n-d-853316-12 cinder-volume[120894]: DEBUG oslo_concurrency.processutils [None req-cfb066c2-f1d8-47c1-9659-a06a7e368bcf tempest-VolumesGetTest-1835284134 None] CMD "sudo cinder-rootwrap /etc/cinder/rootwrap.conf env LC_ALL=C lvdisplay --noheading -C -o Attr --readonly stack-volumes-lvmdriver-1/volume-115a4594-df19-4d1f-9a85-3d4e7ddeb989" returned: 0 in 0.738s {{(pid=120894) execute /usr/local/lib/python3.8/dist-packages/oslo_concurrency/processutils.py:422}}
Oct 17 13:10:02.093719 n-d-853316-12 cinder-volume[120894]: DEBUG oslo_concurrency.processutils [None req-cfb066c2-f1d8-47c1-9659-a06a7e368bcf tempest-VolumesGetTest-1835284134 None] Running cmd (subprocess): sudo cinder-rootwrap /etc/cinder/rootwrap.conf lvremove --config activation { retry_deactivation = 1} -f stack-volumes-lvmdriver-1/volume-115a4594-df19-4d1f-9a85-3d4e7ddeb989 {{(pid=120894) execute /usr/local/lib/python3.8/dist-packages/oslo_concurrency/processutils.py:384}}
Oct 17 13:10:02.111984 n-d-853316-12 sudo[154517]: ubuntu : TTY=unknown ; PWD=/ ; USER=root ; COMMAND=/usr/local/bin/cinder-rootwrap /etc/cinder/rootwrap.conf lvremove --config activation { retry_deactivation = 1} -f stack-volumes-lvmdriver-1/volume-115a4594-df19-4d1f-9a85-3d4e7ddeb989
Oct 17 13:10:02.112781 n-d-853316-12 sudo[154517]: pam_unix(sudo:session): session opened for user root by (uid=0)
Oct 17 13:10:02.775768 n-d-853316-12 sudo[154517]: pam_unix(sudo:session): session closed for user root
Oct 17 13:10:02.779444 n-d-853316-12 cinder-volume[120894]: DEBUG oslo_concurrency.processutils [None req-cfb066c2-f1d8-47c1-9659-a06a7e368bcf tempest-VolumesGetTest-1835284134 None] CMD "sudo cinder-rootwrap /etc/cinder/rootwrap.conf lvremove --config activation { retry_deactivation = 1} -f stack-volumes-lvmdriver-1/volume-115a4594-df19-4d1f-9a85-3d4e7ddeb989" returned: 0 in 0.685s {{(pid=120894) execute /usr/local/lib/python3.8/dist-packages/oslo_concurrency/processutils.py:422}}
Oct 17 13:10:02.781398 n-d-853316-12 cinder-volume[120894]: INFO cinder.volume.drivers.lvm [None req-cfb066c2-f1d8-47c1-9659-a06a7e368bcf tempest-VolumesGetTest-1835284134 None] Successfully deleted volume: 115a4594-df19-4d1f-9a85-3d4e7ddeb989
Oct 17 13:10:02.848807 n-d-853316-12 cinder-volume[120894]: DEBUG cinder.quota [None req-cfb066c2-f1d8-47c1-9659-a06a7e368bcf tempest-VolumesGetTest-1835284134 None] Created reservations ['cd41a911-6e13-452b-88a9-7aad160fd101', 'aa8f6c53-968c-461a-b62c-fed427ff4fe8', '097b5549-5b55-42d3-889e-6c0de2236725', '41bcc096-914c-4143-b257-809373e92b6f'] {{(pid=120894) reserve /opt/stack/cinder/cinder/quota.py:755}}
Oct 17 13:10:02.910514 n-d-853316-12 cinder-volume[120894]: DEBUG cinder.volume.drivers.lvm [None req-cfb066c2-f1d8-47c1-9659-a06a7e368bcf tempest-VolumesGetTest-1835284134 None] Updating volume stats {{(pid=120894) _update_volume_stats /opt/stack/cinder/cinder/volume/drivers/lvm.py:213}}
Oct 17 13:10:02.911397 n-d-853316-12 cinder-volume[120894]: DEBUG oslo_concurrency.processutils [None req-cfb066c2-f1d8-47c1-9659-a06a7e368bcf tempest-VolumesGetTest-1835284134 None] Running cmd (subprocess): sudo cinder-rootwrap /etc/cinder/rootwrap.conf env LC_ALL=C vgs --noheadings --unit=g -o name,size,free,lv_count,uuid --separator : --nosuffix stack-volumes-lvmdriver-1 {{(pid=120894) execute /usr/local/lib/python3.8/dist-packages/oslo_concurrency/processutils.py:384}}
Oct 17 13:10:02.937495 n-d-853316-12 sudo[154522]: ubuntu : TTY=unknown ; PWD=/ ; USER=root ; COMMAND=/usr/local/bin/cinder-rootwrap /etc/cinder/rootwrap.conf env LC_ALL=C vgs --noheadings --unit=g -o name,size,free,lv_count,uuid --separator : --nosuffix stack-volumes-lvmdriver-1
Oct 17 13:10:02.938380 n-d-853316-12 sudo[154522]: pam_unix(sudo:session): session opened for user root by (uid=0)
Oct 17 13:10:03.839804 n-d-853316-12 sudo[154522]: pam_unix(sudo:session): session closed for user root
Oct 17 13:10:03.842530 n-d-853316-12 cinder-volume[120894]: DEBUG oslo_concurrency.processutils [None req-cfb066c2-f1d8-47c1-9659-a06a7e368bcf tempest-VolumesGetTest-1835284134 None] CMD "sudo cinder-rootwrap /etc/cinder/rootwrap.conf env LC_ALL=C vgs --noheadings --unit=g -o name,size,free,lv_count,uuid --separator : --nosuffix stack-volumes-lvmdriver-1" returned: 0 in 0.931s {{(pid=120894) execute /usr/local/lib/python3.8/dist-packages/oslo_concurrency/processutils.py:422}}
Oct 17 13:10:03.846990 n-d-853316-12 cinder-volume[120894]: DEBUG oslo_concurrency.processutils [None req-cfb066c2-f1d8-47c1-9659-a06a7e368bcf tempest-VolumesGetTest-1835284134 None] Running cmd (subprocess): sudo cinder-rootwrap /etc/cinder/rootwrap.conf env LC_ALL=C lvs --noheadings --unit=g -o vg_name,name,size --nosuffix --readonly stack-volumes-lvmdriver-1 {{(pid=120894) execute /usr/local/lib/python3.8/dist-packages/oslo_concurrency/processutils.py:384}}
Oct 17 13:10:03.889228 n-d-853316-12 sudo[154525]: ubuntu : TTY=unknown ; PWD=/ ; USER=root ; COMMAND=/usr/local/bin/cinder-rootwrap /etc/cinder/rootwrap.conf env LC_ALL=C lvs --noheadings --unit=g -o vg_name,name,size --nosuffix --readonly stack-volumes-lvmdriver-1
Oct 17 13:10:03.890096 n-d-853316-12 sudo[154525]: pam_unix(sudo:session): session opened for user root by (uid=0)
Oct 17 13:10:04.034206 n-d-853316-12 cinder-volume[120894]: DEBUG cinder.coordination [None req-bdbaab0d-cf1c-4330-9285-56f33e5cb83b tempest-VolumesGetTest-1835284134 None] Acquiring lock "cinder-956120cd-96cb-4d78-a520-c5688c26b763-delete_volume" by "delete_volume" {{(pid=120894) _synchronized /opt/stack/cinder/cinder/coordination.py:192}}
Oct 17 13:10:04.085318 n-d-853316-12 cinder-volume[120894]: DEBUG cinder.coordination [None req-bdbaab0d-cf1c-4330-9285-56f33e5cb83b tempest-VolumesGetTest-1835284134 None] Lock "cinder-956120cd-96cb-4d78-a520-c5688c26b763-delete_volume" acquired by "delete_volume" :: waited 0.051s {{(pid=120894) _synchronized /opt/stack/cinder/cinder/coordination.py:196}}
Oct 17 13:10:04.195135 n-d-853316-12 cinder-volume[120894]: INFO cinder.volume.targets.iscsi [None req-bdbaab0d-cf1c-4330-9285-56f33e5cb83b tempest-VolumesGetTest-1835284134 None] Skipping remove_export. No iscsi_target is presently exported for volume: 956120cd-96cb-4d78-a520-c5688c26b763
Oct 17 13:10:04.196348 n-d-853316-12 cinder-volume[120894]: DEBUG oslo_concurrency.processutils [None req-bdbaab0d-cf1c-4330-9285-56f33e5cb83b tempest-VolumesGetTest-1835284134 None] Running cmd (subprocess): sudo cinder-rootwrap /etc/cinder/rootwrap.conf env LC_ALL=C lvs --noheadings --unit=g -o vg_name,name,size --nosuffix --readonly stack-volumes-lvmdriver-1/volume-956120cd-96cb-4d78-a520-c5688c26b763 {{(pid=120894) execute /usr/local/lib/python3.8/dist-packages/oslo_concurrency/processutils.py:384}}
Oct 17 13:10:04.263518 n-d-853316-12 sudo[154527]: ubuntu : TTY=unknown ; PWD=/ ; USER=root ; COMMAND=/usr/local/bin/cinder-rootwrap /etc/cinder/rootwrap.conf env LC_ALL=C lvs --noheadings --unit=g -o vg_name,name,size --nosuffix --readonly stack-volumes-lvmdriver-1/volume-956120cd-96cb-4d78-a520-c5688c26b763
Oct 17 13:10:04.264359 n-d-853316-12 sudo[154527]: pam_unix(sudo:session): session opened for user root by (uid=0)
Oct 17 13:10:05.151213 n-d-853316-12 sudo[154525]: pam_unix(sudo:session): session closed for user root
Oct 17 13:10:05.154116 n-d-853316-12 cinder-volume[120894]: DEBUG oslo_concurrency.processutils [None req-cfb066c2-f1d8-47c1-9659-a06a7e368bcf tempest-VolumesGetTest-1835284134 None] CMD "sudo cinder-rootwrap /etc/cinder/rootwrap.conf env LC_ALL=C lvs --noheadings --unit=g -o vg_name,name,size --nosuffix --readonly stack-volumes-lvmdriver-1" returned: 0 in 1.307s {{(pid=120894) execute /usr/local/lib/python3.8/dist-packages/oslo_concurrency/processutils.py:422}}
Oct 17 13:10:05.156919 n-d-853316-12 cinder-volume[120894]: DEBUG cinder.manager [None req-cfb066c2-f1d8-47c1-9659-a06a7e368bcf tempest-VolumesGetTest-1835284134 None] Notifying Schedulers of capabilities ... {{(pid=120894) _publish_service_capabilities /opt/stack/cinder/cinder/manager.py:202}}
Oct 17 13:10:05.172379 n-d-853316-12 cinder-volume[120894]: INFO cinder.volume.manager [None req-cfb066c2-f1d8-47c1-9659-a06a7e368bcf tempest-VolumesGetTest-1835284134 None] Deleted volume successfully.
Oct 17 13:10:05.182856 n-d-853316-12 sudo[154527]: pam_unix(sudo:session): session closed for user root
Oct 17 13:10:05.186685 n-d-853316-12 cinder-volume[120894]: DEBUG oslo_concurrency.processutils [None req-bdbaab0d-cf1c-4330-9285-56f33e5cb83b tempest-VolumesGetTest-1835284134 None] CMD "sudo cinder-rootwrap /etc/cinder/rootwrap.conf env LC_ALL=C lvs --noheadings --unit=g -o vg_name,name,size --nosuffix --readonly stack-volumes-lvmdriver-1/volume-956120cd-96cb-4d78-a520-c5688c26b763" returned: 0 in 0.990s {{(pid=120894) execute /usr/local/lib/python3.8/dist-packages/oslo_concurrency/processutils.py:422}}
Oct 17 13:10:05.189762 n-d-853316-12 cinder-volume[120894]: DEBUG oslo_concurrency.processutils [None req-bdbaab0d-cf1c-4330-9285-56f33e5cb83b tempest-VolumesGetTest-1835284134 None] Running cmd (subprocess): sudo cinder-rootwrap /etc/cinder/rootwrap.conf env LC_ALL=C lvdisplay --noheading -C -o Attr --readonly stack-volumes-lvmdriver-1/volume-956120cd-96cb-4d78-a520-c5688c26b763 {{(pid=120894) execute /usr/local/lib/python3.8/dist-packages/oslo_concurrency/processutils.py:384}}
Oct 17 13:10:05.233874 n-d-853316-12 cinder-volume[120894]: DEBUG cinder.coordination [None req-cfb066c2-f1d8-47c1-9659-a06a7e368bcf tempest-VolumesGetTest-1835284134 None] Lock "cinder-115a4594-df19-4d1f-9a85-3d4e7ddeb989-delete_volume" released by "delete_volume" :: held 4.616s {{(pid=120894) _synchronized /opt/stack/cinder/cinder/coordination.py:207}}
Oct 17 13:10:05.246436 n-d-853316-12 sudo[154531]: ubuntu : TTY=unknown ; PWD=/ ; USER=root ; COMMAND=/usr/local/bin/cinder-rootwrap /etc/cinder/rootwrap.conf env LC_ALL=C lvdisplay --noheading -C -o Attr --readonly stack-volumes-lvmdriver-1/volume-956120cd-96cb-4d78-a520-c5688c26b763
Oct 17 13:10:05.250062 n-d-853316-12 sudo[154531]: pam_unix(sudo:session): session opened for user root by (uid=0)
Oct 17 13:10:05.997306 n-d-853316-12 sudo[154531]: pam_unix(sudo:session): session closed for user root
Oct 17 13:10:05.999467 n-d-853316-12 cinder-volume[120894]: DEBUG oslo_concurrency.processutils [None req-bdbaab0d-cf1c-4330-9285-56f33e5cb83b tempest-VolumesGetTest-1835284134 None] CMD "sudo cinder-rootwrap /etc/cinder/rootwrap.conf env LC_ALL=C lvdisplay --noheading -C -o Attr --readonly stack-volumes-lvmdriver-1/volume-956120cd-96cb-4d78-a520-c5688c26b763" returned: 0 in 0.811s {{(pid=120894) execute /usr/local/lib/python3.8/dist-packages/oslo_concurrency/processutils.py:422}}
Oct 17 13:10:06.001682 n-d-853316-12 cinder-volume[120894]: DEBUG oslo_concurrency.processutils [None req-bdbaab0d-cf1c-4330-9285-56f33e5cb83b tempest-VolumesGetTest-1835284134 None] Running cmd (subprocess): sudo cinder-rootwrap /etc/cinder/rootwrap.conf lvremove --config activation { retry_deactivation = 1} -f stack-volumes-lvmdriver-1/volume-956120cd-96cb-4d78-a520-c5688c26b763 {{(pid=120894) execute /usr/local/lib/python3.8/dist-packages/oslo_concurrency/processutils.py:384}}
Oct 17 13:10:06.044117 n-d-853316-12 sudo[154534]: ubuntu : TTY=unknown ; PWD=/ ; USER=root ; COMMAND=/usr/local/bin/cinder-rootwrap /etc/cinder/rootwrap.conf lvremove --config activation { retry_deactivation = 1} -f stack-volumes-lvmdriver-1/volume-956120cd-96cb-4d78-a520-c5688c26b763
Oct 17 13:10:06.044925 n-d-853316-12 sudo[154534]: pam_unix(sudo:session): session opened for user root by (uid=0)
Oct 17 13:10:07.083604 n-d-853316-12 sudo[154534]: pam_unix(sudo:session): session closed for user root
Oct 17 13:10:07.088590 n-d-853316-12 cinder-volume[120894]: DEBUG oslo_concurrency.processutils [None req-bdbaab0d-cf1c-4330-9285-56f33e5cb83b tempest-VolumesGetTest-1835284134 None] CMD "sudo cinder-rootwrap /etc/cinder/rootwrap.conf lvremove --config activation { retry_deactivation = 1} -f stack-volumes-lvmdriver-1/volume-956120cd-96cb-4d78-a520-c5688c26b763" returned: 0 in 1.086s {{(pid=120894) execute /usr/local/lib/python3.8/dist-packages/oslo_concurrency/processutils.py:422}}
Oct 17 13:10:07.091362 n-d-853316-12 cinder-volume[120894]: INFO cinder.volume.drivers.lvm [None req-bdbaab0d-cf1c-4330-9285-56f33e5cb83b tempest-VolumesGetTest-1835284134 None] Successfully deleted volume: 956120cd-96cb-4d78-a520-c5688c26b763
Oct 17 13:10:07.172972 n-d-853316-12 cinder-volume[120894]: DEBUG cinder.quota [None req-bdbaab0d-cf1c-4330-9285-56f33e5cb83b tempest-VolumesGetTest-1835284134 None] Created reservations ['7d2fd924-62fd-4152-bd84-4659c924e93c', '731c147f-29b4-4e1f-b078-9cdc44678516', '6bb1894c-bfc7-44e9-84f0-e69c4d26eee9', '322fb545-064f-446f-b206-2b762ed87c11'] {{(pid=120894) reserve /opt/stack/cinder/cinder/quota.py:755}}
Oct 17 13:10:07.277481 n-d-853316-12 cinder-volume[120894]: DEBUG cinder.volume.drivers.lvm [None req-bdbaab0d-cf1c-4330-9285-56f33e5cb83b tempest-VolumesGetTest-1835284134 None] Updating volume stats {{(pid=120894) _update_volume_stats /opt/stack/cinder/cinder/volume/drivers/lvm.py:213}}
Oct 17 13:10:07.278497 n-d-853316-12 cinder-volume[120894]: DEBUG oslo_concurrency.processutils [None req-bdbaab0d-cf1c-4330-9285-56f33e5cb83b tempest-VolumesGetTest-1835284134 None] Running cmd (subprocess): sudo cinder-rootwrap /etc/cinder/rootwrap.conf env LC_ALL=C vgs --noheadings --unit=g -o name,size,free,lv_count,uuid --separator : --nosuffix stack-volumes-lvmdriver-1 {{(pid=120894) execute /usr/local/lib/python3.8/dist-packages/oslo_concurrency/processutils.py:384}}
Oct 17 13:10:07.326236 n-d-853316-12 sudo[154551]: ubuntu : TTY=unknown ; PWD=/ ; USER=root ; COMMAND=/usr/local/bin/cinder-rootwrap /etc/cinder/rootwrap.conf env LC_ALL=C vgs --noheadings --unit=g -o name,size,free,lv_count,uuid --separator : --nosuffix stack-volumes-lvmdriver-1
Oct 17 13:10:07.331937 n-d-853316-12 sudo[154551]: pam_unix(sudo:session): session opened for user root by (uid=0)
Oct 17 13:10:08.490469 n-d-853316-12 cinder-volume[120894]: DEBUG cinder.volume.flows.manager.create_volume [None req-ab95349b-31b9-43f9-ab2c-868e51e7f1ef tempest-VolumesGetTest-1835284134 None] Volume reschedule parameters: True retry: {'num_attempts': 1, 'backends': ['n-d-853316-12@lvmdriver-1#lvmdriver-1'], 'hosts': ['n-d-853316-12@lvmdriver-1#lvmdriver-1']} {{(pid=120894) get_flow /opt/stack/cinder/cinder/volume/flows/manager/create_volume.py:1368}}
Oct 17 13:10:08.539050 n-d-853316-12 cinder-volume[120894]: DEBUG cinder.volume.manager [None req-ab95349b-31b9-43f9-ab2c-868e51e7f1ef tempest-VolumesGetTest-1835284134 None] Flow 'volume_create_manager' (3a74254e-5676-4001-bf68-4c41ff2b5ec1) transitioned into state 'RUNNING' from state 'PENDING' {{(pid=120894) _flow_receiver /usr/local/lib/python3.8/dist-packages/taskflow/listeners/logging.py:141}}
Oct 17 13:10:08.545915 n-d-853316-12 cinder-volume[120894]: DEBUG cinder.volume.manager [None req-ab95349b-31b9-43f9-ab2c-868e51e7f1ef tempest-VolumesGetTest-1835284134 None] Task 'cinder.volume.flows.manager.create_volume.ExtractVolumeRefTask;volume:create' (0341997e-5f4f-4632-b15c-a973b02b0a9f) transitioned into state 'RUNNING' from state 'PENDING' {{(pid=120894) _task_receiver /usr/local/lib/python3.8/dist-packages/taskflow/listeners/logging.py:190}}
Oct 17 13:10:08.583247 n-d-853316-12 sudo[154551]: pam_unix(sudo:session): session closed for user root
Oct 17 13:10:08.591905 n-d-853316-12 cinder-volume[120894]: DEBUG cinder.volume.manager [None req-ab95349b-31b9-43f9-ab2c-868e51e7f1ef tempest-VolumesGetTest-1835284134 None] Task 'cinder.volume.flows.manager.create_volume.ExtractVolumeRefTask;volume:create' (0341997e-5f4f-4632-b15c-a973b02b0a9f) transitioned into state 'SUCCESS' from state 'RUNNING' with result 'Volume(_name_id=None,admin_metadata=,attach_status='detached',availability_zone='nova',bootable=False,cluster=,cluster_name=None,consistencygroup=,consistencygroup_id=None,created_at=2022-10-17T13:10:08Z,deleted=False,deleted_at=None,display_description=None,display_name='tempest-VolumesGetTest-Volume-2077988763',ec2_id=None,encryption_key_id=None,glance_metadata=,group=,group_id=None,host='n-d-853316-12@lvmdriver-1#lvmdriver-1',id=16be96cc-ee24-4efb-9f42-2de9394c4182,launched_at=None,metadata={Type='Test'},migration_status=None,multiattach=False,previous_status=None,project_id='9fd1e80db8664939938a09f2d00200c9',provider_auth=None,provider_geometry=None,provider_id=None,provider_location=None,replication_driver_data=None,replication_extended_status=None,replication_status=None,scheduled_at=2022-10-17T13:10:08Z,service_uuid=None,shared_targets=True,size=1,snapshot_id=None,snapshots=,source_volid=None,status='creating',terminated_at=None,updated_at=2022-10-17T13:10:08Z,use_quota=True,user_id='ccde52cb09694092b1421bd265c45946',volume_attachment=VolumeAttachmentList,volume_type=VolumeType(74efd90c-27fe-4869-9d1e-5ef154198c2c),volume_type_id=74efd90c-27fe-4869-9d1e-5ef154198c2c)' {{(pid=120894) _task_receiver /usr/local/lib/python3.8/dist-packages/taskflow/listeners/logging.py:178}}
Oct 17 13:10:08.598387 n-d-853316-12 cinder-volume[120894]: DEBUG cinder.volume.manager [None req-ab95349b-31b9-43f9-ab2c-868e51e7f1ef tempest-VolumesGetTest-1835284134 None] Task 'cinder.volume.flows.manager.create_volume.OnFailureRescheduleTask;volume:create' (8cc234ea-ccac-4859-8910-3e41fd12001e) transitioned into state 'RUNNING' from state 'PENDING' {{(pid=120894) _task_receiver /usr/local/lib/python3.8/dist-packages/taskflow/listeners/logging.py:190}}
Oct 17 13:10:08.604426 n-d-853316-12 cinder-volume[120894]: DEBUG cinder.volume.manager [None req-ab95349b-31b9-43f9-ab2c-868e51e7f1ef tempest-VolumesGetTest-1835284134 None] Task 'cinder.volume.flows.manager.create_volume.OnFailureRescheduleTask;volume:create' (8cc234ea-ccac-4859-8910-3e41fd12001e) transitioned into state 'SUCCESS' from state 'RUNNING' with result 'None' {{(pid=120894) _task_receiver /usr/local/lib/python3.8/dist-packages/taskflow/listeners/logging.py:178}}
Oct 17 13:10:08.613359 n-d-853316-12 cinder-volume[120894]: DEBUG cinder.volume.manager [None req-ab95349b-31b9-43f9-ab2c-868e51e7f1ef tempest-VolumesGetTest-1835284134 None] Task 'cinder.volume.flows.manager.create_volume.ExtractVolumeSpecTask;volume:create' (00b5a5c9-2a0d-4b60-b4ab-ee00fba67401) transitioned into state 'RUNNING' from state 'PENDING' {{(pid=120894) _task_receiver /usr/local/lib/python3.8/dist-packages/taskflow/listeners/logging.py:190}}
Oct 17 13:10:08.620889 n-d-853316-12 cinder-volume[120894]: DEBUG oslo_concurrency.processutils [None req-bdbaab0d-cf1c-4330-9285-56f33e5cb83b tempest-VolumesGetTest-1835284134 None] CMD "sudo cinder-rootwrap /etc/cinder/rootwrap.conf env LC_ALL=C vgs --noheadings --unit=g -o name,size,free,lv_count,uuid --separator : --nosuffix stack-volumes-lvmdriver-1" returned: 0 in 1.343s {{(pid=120894) execute /usr/local/lib/python3.8/dist-packages/oslo_concurrency/processutils.py:422}}
Oct 17 13:10:08.624042 n-d-853316-12 cinder-volume[120894]: DEBUG oslo_concurrency.processutils [None req-bdbaab0d-cf1c-4330-9285-56f33e5cb83b tempest-VolumesGetTest-1835284134 None] Running cmd (subprocess): sudo cinder-rootwrap /etc/cinder/rootwrap.conf env LC_ALL=C lvs --noheadings --unit=g -o vg_name,name,size --nosuffix --readonly stack-volumes-lvmdriver-1 {{(pid=120894) execute /usr/local/lib/python3.8/dist-packages/oslo_concurrency/processutils.py:384}}
