Oct 27 09:40:30.253583 n-d-853274-1 devstack@placement-api.service[90284]: INFO placement.requestlog [req-3717e076-89a1-4411-b87c-93bad75fc663 req-bf5960f0-dd80-4e27-8a63-ec122814d740 service placement] 10.222.0.59 "PUT /placement/allocations/6c3f2523-c79d-4392-a124-94c39d2e447a" status: 204 len: 0 microversion: 1.35
Oct 27 09:40:30.253583 n-d-853274-1 devstack@placement-api.service[90284]: [pid: 90284|app: 0|req: 301/601] 10.222.0.59 () {64 vars in 1433 bytes} [Thu Oct 27 09:40:29 2022] PUT /placement/allocations/6c3f2523-c79d-4392-a124-94c39d2e447a => generated 0 bytes in 376 msecs (HTTP/1.1 204) 5 headers in 199 bytes (1 switches on core 0)
Oct 27 09:40:30.900424 n-d-853274-1 devstack@placement-api.service[90285]: DEBUG placement.requestlog [None req-374cddc5-5ad2-4118-8e94-7041328e8193 None None] Starting request: 10.222.0.59 "GET /placement/resource_providers/62566a60-02c9-4173-a72d-1c9f71b3937d/aggregates" {{(pid=90285) __call__ /opt/stack/placement/placement/requestlog.py:55}}
Oct 27 09:40:30.915986 n-d-853274-1 devstack@placement-api.service[90285]: INFO placement.requestlog [None req-374cddc5-5ad2-4118-8e94-7041328e8193 service placement] 10.222.0.59 "GET /placement/resource_providers/62566a60-02c9-4173-a72d-1c9f71b3937d/aggregates" status: 404 len: 235 microversion: 1.1
Oct 27 09:40:30.916538 n-d-853274-1 devstack@placement-api.service[90285]: [pid: 90285|app: 0|req: 301/602] 10.222.0.59 () {58 vars in 1362 bytes} [Thu Oct 27 09:40:30 2022] GET /placement/resource_providers/62566a60-02c9-4173-a72d-1c9f71b3937d/aggregates => generated 235 bytes in 16 msecs (HTTP/1.1 404) 5 headers in 202 bytes (1 switches on core 0)
Oct 27 09:40:30.930710 n-d-853274-1 devstack@placement-api.service[90284]: DEBUG placement.requestlog [None req-a542a214-d294-4f75-9253-de98784fd314 None None] Starting request: 10.222.0.59 "DELETE /placement/resource_providers/62566a60-02c9-4173-a72d-1c9f71b3937d" {{(pid=90284) __call__ /opt/stack/placement/placement/requestlog.py:55}}
Oct 27 09:40:30.943284 n-d-853274-1 devstack@placement-api.service[90284]: DEBUG placement.wsgi_wrapper [None req-a542a214-d294-4f75-9253-de98784fd314 service placement] Placement API returning an error response: No resource provider with uuid 62566a60-02c9-4173-a72d-1c9f71b3937d found for delete {{(pid=90284) call_func /opt/stack/placement/placement/wsgi_wrapper.py:31}}
Oct 27 09:40:30.946522 n-d-853274-1 devstack@placement-api.service[90284]: INFO placement.requestlog [None req-a542a214-d294-4f75-9253-de98784fd314 service placement] 10.222.0.59 "DELETE /placement/resource_providers/62566a60-02c9-4173-a72d-1c9f71b3937d" status: 404 len: 246 microversion: 1.1
Oct 27 09:40:30.946986 n-d-853274-1 devstack@placement-api.service[90284]: [pid: 90284|app: 0|req: 302/603] 10.222.0.59 () {60 vars in 1351 bytes} [Thu Oct 27 09:40:30 2022] DELETE /placement/resource_providers/62566a60-02c9-4173-a72d-1c9f71b3937d => generated 246 bytes in 16 msecs (HTTP/1.1 404) 6 headers in 231 bytes (1 switches on core 0)
Oct 27 09:40:31.652684 n-d-853274-1 devstack@placement-api.service[90285]: DEBUG placement.requestlog [req-3717e076-89a1-4411-b87c-93bad75fc663 req-526d4d72-96cd-42df-ae19-931f6f9e1d00 None None] Starting request: 10.222.0.62 "GET /placement/allocations/6c3f2523-c79d-4392-a124-94c39d2e447a" {{(pid=90285) __call__ /opt/stack/placement/placement/requestlog.py:55}}
Oct 27 09:40:31.670965 n-d-853274-1 devstack@placement-api.service[90285]: INFO placement.requestlog [req-3717e076-89a1-4411-b87c-93bad75fc663 req-526d4d72-96cd-42df-ae19-931f6f9e1d00 service placement] 10.222.0.62 "GET /placement/allocations/6c3f2523-c79d-4392-a124-94c39d2e447a" status: 200 len: 259 microversion: 1.28
Oct 27 09:40:31.673481 n-d-853274-1 devstack@placement-api.service[90285]: [pid: 90285|app: 0|req: 302/604] 10.222.0.62 () {60 vars in 1377 bytes} [Thu Oct 27 09:40:31 2022] GET /placement/allocations/6c3f2523-c79d-4392-a124-94c39d2e447a => generated 259 bytes in 21 msecs (HTTP/1.1 200) 8 headers in 296 bytes (1 switches on core 0)
Oct 27 09:40:35.123475 n-d-853274-1 devstack@placement-api.service[90284]: DEBUG placement.requestlog [None req-3df340ed-b23e-405e-9ccf-23b8bf762d90 None None] Starting request: 10.222.0.59 "GET /placement/resource_providers/fa1bb89d-a5b2-4f58-a5e4-00756033790b/aggregates" {{(pid=90284) __call__ /opt/stack/placement/placement/requestlog.py:55}}
Oct 27 09:40:35.135561 n-d-853274-1 devstack@placement-api.service[90284]: INFO placement.requestlog [None req-3df340ed-b23e-405e-9ccf-23b8bf762d90 service placement] 10.222.0.59 "GET /placement/resource_providers/fa1bb89d-a5b2-4f58-a5e4-00756033790b/aggregates" status: 404 len: 235 microversion: 1.1
Oct 27 09:40:35.138595 n-d-853274-1 devstack@placement-api.service[90284]: [pid: 90284|app: 0|req: 303/605] 10.222.0.59 () {58 vars in 1362 bytes} [Thu Oct 27 09:40:35 2022] GET /placement/resource_providers/fa1bb89d-a5b2-4f58-a5e4-00756033790b/aggregates => generated 235 bytes in 15 msecs (HTTP/1.1 404) 5 headers in 202 bytes (1 switches on core 0)
Oct 27 09:40:35.292801 n-d-853274-1 devstack@placement-api.service[90285]: DEBUG placement.requestlog [None req-98bc46b5-b8a7-45f7-b6d7-699f3fc6037c None None] Starting request: 10.222.0.59 "DELETE /placement/resource_providers/fa1bb89d-a5b2-4f58-a5e4-00756033790b" {{(pid=90285) __call__ /opt/stack/placement/placement/requestlog.py:55}}
Oct 27 09:40:35.311555 n-d-853274-1 devstack@placement-api.service[90285]: DEBUG placement.wsgi_wrapper [None req-98bc46b5-b8a7-45f7-b6d7-699f3fc6037c service placement] Placement API returning an error response: No resource provider with uuid fa1bb89d-a5b2-4f58-a5e4-00756033790b found for delete {{(pid=90285) call_func /opt/stack/placement/placement/wsgi_wrapper.py:31}}
Oct 27 09:40:35.329707 n-d-853274-1 devstack@placement-api.service[90285]: INFO placement.requestlog [None req-98bc46b5-b8a7-45f7-b6d7-699f3fc6037c service placement] 10.222.0.59 "DELETE /placement/resource_providers/fa1bb89d-a5b2-4f58-a5e4-00756033790b" status: 404 len: 246 microversion: 1.1
Oct 27 09:40:35.331022 n-d-853274-1 devstack@placement-api.service[90285]: [pid: 90285|app: 0|req: 303/606] 10.222.0.59 () {60 vars in 1351 bytes} [Thu Oct 27 09:40:35 2022] DELETE /placement/resource_providers/fa1bb89d-a5b2-4f58-a5e4-00756033790b => generated 246 bytes in 38 msecs (HTTP/1.1 404) 6 headers in 231 bytes (1 switches on core 0)
Oct 27 09:40:46.343332 n-d-853274-1 devstack@placement-api.service[90284]: DEBUG placement.requestlog [None req-44b67e29-0f73-4d47-8af2-e94bdeb4a6ef None None] Starting request: 10.222.0.59 "GET /placement/resource_providers/94068d2f-50a0-423a-b16f-7473c83a6ef6/aggregates" {{(pid=90284) __call__ /opt/stack/placement/placement/requestlog.py:55}}
Oct 27 09:40:46.388281 n-d-853274-1 devstack@placement-api.service[90284]: INFO placement.requestlog [None req-44b67e29-0f73-4d47-8af2-e94bdeb4a6ef service placement] 10.222.0.59 "GET /placement/resource_providers/94068d2f-50a0-423a-b16f-7473c83a6ef6/aggregates" status: 404 len: 235 microversion: 1.1
Oct 27 09:40:46.388821 n-d-853274-1 devstack@placement-api.service[90284]: [pid: 90284|app: 0|req: 304/607] 10.222.0.59 () {58 vars in 1362 bytes} [Thu Oct 27 09:40:46 2022] GET /placement/resource_providers/94068d2f-50a0-423a-b16f-7473c83a6ef6/aggregates => generated 235 bytes in 46 msecs (HTTP/1.1 404) 5 headers in 202 bytes (1 switches on core 0)
Oct 27 09:40:46.432788 n-d-853274-1 devstack@placement-api.service[90285]: DEBUG placement.requestlog [None req-d5920019-f9ad-4c83-a080-1790954dea7b None None] Starting request: 10.222.0.59 "DELETE /placement/resource_providers/94068d2f-50a0-423a-b16f-7473c83a6ef6" {{(pid=90285) __call__ /opt/stack/placement/placement/requestlog.py:55}}
Oct 27 09:40:46.462743 n-d-853274-1 devstack@placement-api.service[90285]: DEBUG placement.wsgi_wrapper [None req-d5920019-f9ad-4c83-a080-1790954dea7b service placement] Placement API returning an error response: No resource provider with uuid 94068d2f-50a0-423a-b16f-7473c83a6ef6 found for delete {{(pid=90285) call_func /opt/stack/placement/placement/wsgi_wrapper.py:31}}
Oct 27 09:40:46.463527 n-d-853274-1 devstack@placement-api.service[90285]: INFO placement.requestlog [None req-d5920019-f9ad-4c83-a080-1790954dea7b service placement] 10.222.0.59 "DELETE /placement/resource_providers/94068d2f-50a0-423a-b16f-7473c83a6ef6" status: 404 len: 246 microversion: 1.1
Oct 27 09:40:46.473989 n-d-853274-1 devstack@placement-api.service[90285]: [pid: 90285|app: 0|req: 304/608] 10.222.0.59 () {60 vars in 1351 bytes} [Thu Oct 27 09:40:46 2022] DELETE /placement/resource_providers/94068d2f-50a0-423a-b16f-7473c83a6ef6 => generated 246 bytes in 41 msecs (HTTP/1.1 404) 6 headers in 231 bytes (1 switches on core 0)
Oct 27 09:40:50.364855 n-d-853274-1 devstack@placement-api.service[90284]: DEBUG placement.requestlog [req-42a8d41f-8d9a-4586-9571-795fe75ab4f9 req-89974bc7-46c0-457a-89c1-997245e50b6a None None] Starting request: 10.222.0.62 "GET /placement/allocations/211545b5-fab0-4478-baa7-52775cf42468" {{(pid=90284) __call__ /opt/stack/placement/placement/requestlog.py:55}}
Oct 27 09:40:50.403892 n-d-853274-1 devstack@placement-api.service[90284]: INFO placement.requestlog [req-42a8d41f-8d9a-4586-9571-795fe75ab4f9 req-89974bc7-46c0-457a-89c1-997245e50b6a service placement] 10.222.0.62 "GET /placement/allocations/211545b5-fab0-4478-baa7-52775cf42468" status: 200 len: 259 microversion: 1.28
Oct 27 09:40:50.404793 n-d-853274-1 devstack@placement-api.service[90284]: [pid: 90284|app: 0|req: 305/609] 10.222.0.62 () {60 vars in 1377 bytes} [Thu Oct 27 09:40:50 2022] GET /placement/allocations/211545b5-fab0-4478-baa7-52775cf42468 => generated 259 bytes in 40 msecs (HTTP/1.1 200) 8 headers in 296 bytes (1 switches on core 0)
Oct 27 09:40:50.423122 n-d-853274-1 devstack@placement-api.service[90285]: DEBUG placement.requestlog [req-42a8d41f-8d9a-4586-9571-795fe75ab4f9 req-27e0b933-e7bb-41ef-ace4-5e9862f6c523 None None] Starting request: 10.222.0.62 "PUT /placement/allocations/211545b5-fab0-4478-baa7-52775cf42468" {{(pid=90285) __call__ /opt/stack/placement/placement/requestlog.py:55}}
Oct 27 09:40:50.784626 n-d-853274-1 devstack@placement-api.service[90285]: DEBUG placement.handlers.allocation [req-42a8d41f-8d9a-4586-9571-795fe75ab4f9 req-27e0b933-e7bb-41ef-ace4-5e9862f6c523 service placement] Successfully wrote allocations [, , ] {{(pid=90285) _create_allocations /opt/stack/placement/placement/handlers/allocation.py:435}}
Oct 27 09:40:50.784626 n-d-853274-1 devstack@placement-api.service[90285]: INFO placement.requestlog [req-42a8d41f-8d9a-4586-9571-795fe75ab4f9 req-27e0b933-e7bb-41ef-ace4-5e9862f6c523 service placement] 10.222.0.62 "PUT /placement/allocations/211545b5-fab0-4478-baa7-52775cf42468" status: 204 len: 0 microversion: 1.28
Oct 27 09:40:50.784626 n-d-853274-1 devstack@placement-api.service[90285]: [pid: 90285|app: 0|req: 305/610] 10.222.0.62 () {64 vars in 1430 bytes} [Thu Oct 27 09:40:50 2022] PUT /placement/allocations/211545b5-fab0-4478-baa7-52775cf42468 => generated 0 bytes in 338 msecs (HTTP/1.1 204) 5 headers in 199 bytes (1 switches on core 0)
Oct 27 09:40:58.957815 n-d-853274-1 devstack@placement-api.service[90284]: DEBUG placement.requestlog [None req-16bd6f32-72c3-4232-9645-644ab803f078 None None] Starting request: 10.222.0.59 "GET /placement/resource_providers/e1c3b7b9-2e9c-4c32-8d36-90c631089b47/aggregates" {{(pid=90284) __call__ /opt/stack/placement/placement/requestlog.py:55}}
Oct 27 09:40:58.973116 n-d-853274-1 devstack@placement-api.service[90284]: INFO placement.requestlog [None req-16bd6f32-72c3-4232-9645-644ab803f078 service placement] 10.222.0.59 "GET /placement/resource_providers/e1c3b7b9-2e9c-4c32-8d36-90c631089b47/aggregates" status: 404 len: 235 microversion: 1.1
Oct 27 09:40:58.973662 n-d-853274-1 devstack@placement-api.service[90284]: [pid: 90284|app: 0|req: 306/611] 10.222.0.59 () {58 vars in 1362 bytes} [Thu Oct 27 09:40:58 2022] GET /placement/resource_providers/e1c3b7b9-2e9c-4c32-8d36-90c631089b47/aggregates => generated 235 bytes in 16 msecs (HTTP/1.1 404) 5 headers in 202 bytes (1 switches on core 0)
Oct 27 09:40:59.046882 n-d-853274-1 devstack@placement-api.service[90285]: DEBUG placement.requestlog [None req-cf0767f7-a48b-4289-abf2-11562dd066e3 None None] Starting request: 10.222.0.59 "DELETE /placement/resource_providers/e1c3b7b9-2e9c-4c32-8d36-90c631089b47" {{(pid=90285) __call__ /opt/stack/placement/placement/requestlog.py:55}}
Oct 27 09:40:59.057787 n-d-853274-1 devstack@placement-api.service[90285]: DEBUG placement.wsgi_wrapper [None req-cf0767f7-a48b-4289-abf2-11562dd066e3 service placement] Placement API returning an error response: No resource provider with uuid e1c3b7b9-2e9c-4c32-8d36-90c631089b47 found for delete {{(pid=90285) call_func /opt/stack/placement/placement/wsgi_wrapper.py:31}}
Oct 27 09:40:59.059446 n-d-853274-1 devstack@placement-api.service[90285]: INFO placement.requestlog [None req-cf0767f7-a48b-4289-abf2-11562dd066e3 service placement] 10.222.0.59 "DELETE /placement/resource_providers/e1c3b7b9-2e9c-4c32-8d36-90c631089b47" status: 404 len: 246 microversion: 1.1
Oct 27 09:40:59.061099 n-d-853274-1 devstack@placement-api.service[90285]: [pid: 90285|app: 0|req: 306/612] 10.222.0.59 () {60 vars in 1351 bytes} [Thu Oct 27 09:40:59 2022] DELETE /placement/resource_providers/e1c3b7b9-2e9c-4c32-8d36-90c631089b47 => generated 246 bytes in 14 msecs (HTTP/1.1 404) 6 headers in 231 bytes (1 switches on core 0)
Oct 27 09:41:01.105509 n-d-853274-1 devstack@placement-api.service[90284]: DEBUG placement.requestlog [req-5dcd20c4-9aa0-4468-bad9-ac3e4941b87f req-b3f67a6b-9da4-4c77-9584-2715570866b5 None None] Starting request: 10.222.0.59 "GET /placement/allocation_candidates?limit=1000&resources=DISK_GB%3A1%2CMEMORY_MB%3A1024%2CVCPU%3A1&root_required=%21COMPUTE_STATUS_DISABLED" {{(pid=90284) __call__ /opt/stack/placement/placement/requestlog.py:55}}
Oct 27 09:41:01.141100 n-d-853274-1 devstack@placement-api.service[90284]: DEBUG placement.objects.research_context [req-5dcd20c4-9aa0-4468-bad9-ac3e4941b87f req-b3f67a6b-9da4-4c77-9584-2715570866b5 service placement] getting providers with 1 DISK_GB {{(pid=90284) __init__ /opt/stack/placement/placement/objects/research_context.py:126}}
Oct 27 09:41:01.148626 n-d-853274-1 devstack@placement-api.service[90284]: DEBUG placement.objects.research_context [req-5dcd20c4-9aa0-4468-bad9-ac3e4941b87f req-b3f67a6b-9da4-4c77-9584-2715570866b5 service placement] getting providers with 1024 MEMORY_MB {{(pid=90284) __init__ /opt/stack/placement/placement/objects/research_context.py:126}}
Oct 27 09:41:01.162410 n-d-853274-1 devstack@placement-api.service[90284]: DEBUG placement.objects.research_context [req-5dcd20c4-9aa0-4468-bad9-ac3e4941b87f req-b3f67a6b-9da4-4c77-9584-2715570866b5 service placement] getting providers with 1 VCPU {{(pid=90284) __init__ /opt/stack/placement/placement/objects/research_context.py:126}}
Oct 27 09:41:01.171636 n-d-853274-1 devstack@placement-api.service[90284]: DEBUG placement.objects.research_context [req-5dcd20c4-9aa0-4468-bad9-ac3e4941b87f req-b3f67a6b-9da4-4c77-9584-2715570866b5 service placement] found 2 providers with available 1 DISK_GB {{(pid=90284) get_provider_ids_matching /opt/stack/placement/placement/objects/research_context.py:549}}
Oct 27 09:41:01.172137 n-d-853274-1 devstack@placement-api.service[90284]: DEBUG placement.objects.research_context [req-5dcd20c4-9aa0-4468-bad9-ac3e4941b87f req-b3f67a6b-9da4-4c77-9584-2715570866b5 service placement] found 2 providers with available 1024 MEMORY_MB {{(pid=90284) get_provider_ids_matching /opt/stack/placement/placement/objects/research_context.py:549}}
Oct 27 09:41:01.172572 n-d-853274-1 devstack@placement-api.service[90284]: DEBUG placement.objects.research_context [req-5dcd20c4-9aa0-4468-bad9-ac3e4941b87f req-b3f67a6b-9da4-4c77-9584-2715570866b5 service placement] found 2 providers after filtering by previous result {{(pid=90284) get_provider_ids_matching /opt/stack/placement/placement/objects/research_context.py:580}}
Oct 27 09:41:01.173026 n-d-853274-1 devstack@placement-api.service[90284]: DEBUG placement.objects.research_context [req-5dcd20c4-9aa0-4468-bad9-ac3e4941b87f req-b3f67a6b-9da4-4c77-9584-2715570866b5 service placement] found 2 providers with available 1 VCPU {{(pid=90284) get_provider_ids_matching /opt/stack/placement/placement/objects/research_context.py:549}}
Oct 27 09:41:01.173433 n-d-853274-1 devstack@placement-api.service[90284]: DEBUG placement.objects.research_context [req-5dcd20c4-9aa0-4468-bad9-ac3e4941b87f req-b3f67a6b-9da4-4c77-9584-2715570866b5 service placement] found 2 providers after filtering by previous result {{(pid=90284) get_provider_ids_matching /opt/stack/placement/placement/objects/research_context.py:580}}
Oct 27 09:41:01.198281 n-d-853274-1 devstack@placement-api.service[90284]: DEBUG placement.objects.allocation_candidate [req-5dcd20c4-9aa0-4468-bad9-ac3e4941b87f req-b3f67a6b-9da4-4c77-9584-2715570866b5 service placement] RequestGroup(use_same_provider=False, resources={DISK_GB:1, MEMORY_MB:1024, VCPU:1}, traits=[], aggregates=[]) (suffix '') returned 2 matches {{(pid=90284) _get_by_requests /opt/stack/placement/placement/objects/allocation_candidate.py:145}}
Oct 27 09:41:01.198906 n-d-853274-1 devstack@placement-api.service[90284]: DEBUG placement.objects.allocation_candidate [req-5dcd20c4-9aa0-4468-bad9-ac3e4941b87f req-b3f67a6b-9da4-4c77-9584-2715570866b5 service placement] Merging candidates yields 2 allocation requests and 2 provider summaries {{(pid=90284) _merge_candidates /opt/stack/placement/placement/objects/allocation_candidate.py:783}}
Oct 27 09:41:01.204311 n-d-853274-1 devstack@placement-api.service[90284]: INFO placement.requestlog [req-5dcd20c4-9aa0-4468-bad9-ac3e4941b87f req-b3f67a6b-9da4-4c77-9584-2715570866b5 service placement] 10.222.0.59 "GET /placement/allocation_candidates?limit=1000&resources=DISK_GB%3A1%2CMEMORY_MB%3A1024%2CVCPU%3A1&root_required=%21COMPUTE_STATUS_DISABLED" status: 200 len: 1309 microversion: 1.35
Oct 27 09:41:01.208743 n-d-853274-1 devstack@placement-api.service[90284]: [pid: 90284|app: 0|req: 307/613] 10.222.0.59 () {60 vars in 1506 bytes} [Thu Oct 27 09:41:01 2022] GET /placement/allocation_candidates?limit=1000&resources=DISK_GB%3A1%2CMEMORY_MB%3A1024%2CVCPU%3A1&root_required=%21COMPUTE_STATUS_DISABLED => generated 1309 bytes in 103 msecs (HTTP/1.1 200) 8 headers in 297 bytes (1 switches on core 0)
Oct 27 09:41:01.274300 n-d-853274-1 devstack@placement-api.service[90285]: DEBUG placement.requestlog [req-5dcd20c4-9aa0-4468-bad9-ac3e4941b87f req-dd5a69ee-5f90-45f6-a070-1d2edeffe2ec None None] Starting request: 10.222.0.59 "GET /placement/allocations/3c168ec4-b826-4fe7-822c-8cd9b7f2dc4e" {{(pid=90285) __call__ /opt/stack/placement/placement/requestlog.py:55}}
Oct 27 09:41:01.295547 n-d-853274-1 devstack@placement-api.service[90285]: INFO placement.requestlog [req-5dcd20c4-9aa0-4468-bad9-ac3e4941b87f req-dd5a69ee-5f90-45f6-a070-1d2edeffe2ec service placement] 10.222.0.59 "GET /placement/allocations/3c168ec4-b826-4fe7-822c-8cd9b7f2dc4e" status: 200 len: 19 microversion: 1.28
Oct 27 09:41:01.296173 n-d-853274-1 devstack@placement-api.service[90285]: [pid: 90285|app: 0|req: 307/614] 10.222.0.59 () {60 vars in 1380 bytes} [Thu Oct 27 09:41:01 2022] GET /placement/allocations/3c168ec4-b826-4fe7-822c-8cd9b7f2dc4e => generated 19 bytes in 23 msecs (HTTP/1.1 200) 8 headers in 295 bytes (1 switches on core 0)
Oct 27 09:41:01.308118 n-d-853274-1 devstack@placement-api.service[90284]: DEBUG placement.requestlog [req-5dcd20c4-9aa0-4468-bad9-ac3e4941b87f req-e0a306d9-7f61-4340-b44d-b47ca9d54cd6 None None] Starting request: 10.222.0.59 "PUT /placement/allocations/3c168ec4-b826-4fe7-822c-8cd9b7f2dc4e" {{(pid=90284) __call__ /opt/stack/placement/placement/requestlog.py:55}}
Oct 27 09:41:01.581861 n-d-853274-1 devstack@placement-api.service[90284]: DEBUG placement.handlers.allocation [req-5dcd20c4-9aa0-4468-bad9-ac3e4941b87f req-e0a306d9-7f61-4340-b44d-b47ca9d54cd6 service placement] Successfully wrote allocations [, , ] {{(pid=90284) _create_allocations /opt/stack/placement/placement/handlers/allocation.py:435}}
Oct 27 09:41:01.586247 n-d-853274-1 devstack@placement-api.service[90284]: INFO placement.requestlog [req-5dcd20c4-9aa0-4468-bad9-ac3e4941b87f req-e0a306d9-7f61-4340-b44d-b47ca9d54cd6 service placement] 10.222.0.59 "PUT /placement/allocations/3c168ec4-b826-4fe7-822c-8cd9b7f2dc4e" status: 204 len: 0 microversion: 1.35
Oct 27 09:41:01.586247 n-d-853274-1 devstack@placement-api.service[90284]: [pid: 90284|app: 0|req: 308/615] 10.222.0.59 () {64 vars in 1433 bytes} [Thu Oct 27 09:41:01 2022] PUT /placement/allocations/3c168ec4-b826-4fe7-822c-8cd9b7f2dc4e => generated 0 bytes in 281 msecs (HTTP/1.1 204) 5 headers in 199 bytes (1 switches on core 0)
Oct 27 09:41:03.114246 n-d-853274-1 devstack@placement-api.service[90285]: DEBUG placement.requestlog [req-5dcd20c4-9aa0-4468-bad9-ac3e4941b87f req-52356a31-d9f7-4fcc-b3c5-d463ad680b75 None None] Starting request: 10.222.0.52 "GET /placement/allocations/3c168ec4-b826-4fe7-822c-8cd9b7f2dc4e" {{(pid=90285) __call__ /opt/stack/placement/placement/requestlog.py:55}}
Oct 27 09:41:03.148892 n-d-853274-1 devstack@placement-api.service[90285]: INFO placement.requestlog [req-5dcd20c4-9aa0-4468-bad9-ac3e4941b87f req-52356a31-d9f7-4fcc-b3c5-d463ad680b75 service placement] 10.222.0.52 "GET /placement/allocations/3c168ec4-b826-4fe7-822c-8cd9b7f2dc4e" status: 200 len: 259 microversion: 1.28
Oct 27 09:41:03.150889 n-d-853274-1 devstack@placement-api.service[90285]: [pid: 90285|app: 0|req: 308/616] 10.222.0.52 () {60 vars in 1377 bytes} [Thu Oct 27 09:41:03 2022] GET /placement/allocations/3c168ec4-b826-4fe7-822c-8cd9b7f2dc4e => generated 259 bytes in 37 msecs (HTTP/1.1 200) 8 headers in 296 bytes (1 switches on core 0)
Oct 27 09:41:04.858717 n-d-853274-1 devstack@placement-api.service[90285]: DEBUG placement.requestlog [req-c8760c3c-8be1-4bab-b74f-d496d60958aa req-b053c898-ad9a-4d08-8ccc-11bea76f18d2 None None] Starting request: 10.222.0.62 "GET /placement/allocations/4defe9c5-f362-41da-901b-6d4fb49447b7" {{(pid=90285) __call__ /opt/stack/placement/placement/requestlog.py:55}}
Oct 27 09:41:04.859494 n-d-853274-1 devstack@placement-api.service[90284]: DEBUG placement.requestlog [req-2f310c4b-8db9-4888-82c2-9b19b3a02c48 req-5be3fc99-0854-4220-bfee-1d18ff2aa3be None None] Starting request: 10.222.0.52 "GET /placement/allocations/6293e0c9-f4fb-4dae-a7ac-1999d315aa15" {{(pid=90284) __call__ /opt/stack/placement/placement/requestlog.py:55}}
Oct 27 09:41:04.904884 n-d-853274-1 devstack@placement-api.service[90284]: INFO placement.requestlog [req-2f310c4b-8db9-4888-82c2-9b19b3a02c48 req-5be3fc99-0854-4220-bfee-1d18ff2aa3be service placement] 10.222.0.52 "GET /placement/allocations/6293e0c9-f4fb-4dae-a7ac-1999d315aa15" status: 200 len: 259 microversion: 1.28
Oct 27 09:41:04.906959 n-d-853274-1 devstack@placement-api.service[90285]: INFO placement.requestlog [req-c8760c3c-8be1-4bab-b74f-d496d60958aa req-b053c898-ad9a-4d08-8ccc-11bea76f18d2 service placement] 10.222.0.62 "GET /placement/allocations/4defe9c5-f362-41da-901b-6d4fb49447b7" status: 200 len: 259 microversion: 1.28
Oct 27 09:41:04.912031 n-d-853274-1 devstack@placement-api.service[90284]: [pid: 90284|app: 0|req: 309/617] 10.222.0.52 () {60 vars in 1377 bytes} [Thu Oct 27 09:41:04 2022] GET /placement/allocations/6293e0c9-f4fb-4dae-a7ac-1999d315aa15 => generated 259 bytes in 54 msecs (HTTP/1.1 200) 8 headers in 296 bytes (1 switches on core 0)
Oct 27 09:41:04.912722 n-d-853274-1 devstack@placement-api.service[90285]: [pid: 90285|app: 0|req: 309/618] 10.222.0.62 () {60 vars in 1377 bytes} [Thu Oct 27 09:41:04 2022] GET /placement/allocations/4defe9c5-f362-41da-901b-6d4fb49447b7 => generated 259 bytes in 55 msecs (HTTP/1.1 200) 8 headers in 296 bytes (1 switches on core 0)
Oct 27 09:41:04.924711 n-d-853274-1 devstack@placement-api.service[90284]: DEBUG placement.requestlog [req-c8760c3c-8be1-4bab-b74f-d496d60958aa req-8edc1ed7-e3ff-4485-b8bd-97e00a9fbe4b None None] Starting request: 10.222.0.62 "PUT /placement/allocations/4defe9c5-f362-41da-901b-6d4fb49447b7" {{(pid=90284) __call__ /opt/stack/placement/placement/requestlog.py:55}}
Oct 27 09:41:04.925586 n-d-853274-1 devstack@placement-api.service[90285]: DEBUG placement.requestlog [req-2f310c4b-8db9-4888-82c2-9b19b3a02c48 req-e4fe0c25-7e30-400b-9b99-82b72fc95bf4 None None] Starting request: 10.222.0.52 "PUT /placement/allocations/6293e0c9-f4fb-4dae-a7ac-1999d315aa15" {{(pid=90285) __call__ /opt/stack/placement/placement/requestlog.py:55}}
Oct 27 09:41:05.170385 n-d-853274-1 devstack@placement-api.service[90285]: DEBUG placement.handlers.allocation [req-2f310c4b-8db9-4888-82c2-9b19b3a02c48 req-e4fe0c25-7e30-400b-9b99-82b72fc95bf4 service placement] Successfully wrote allocations [, , ] {{(pid=90285) _create_allocations /opt/stack/placement/placement/handlers/allocation.py:435}}
Oct 27 09:41:05.170899 n-d-853274-1 devstack@placement-api.service[90285]: INFO placement.requestlog [req-2f310c4b-8db9-4888-82c2-9b19b3a02c48 req-e4fe0c25-7e30-400b-9b99-82b72fc95bf4 service placement] 10.222.0.52 "PUT /placement/allocations/6293e0c9-f4fb-4dae-a7ac-1999d315aa15" status: 204 len: 0 microversion: 1.28
Oct 27 09:41:05.175706 n-d-853274-1 devstack@placement-api.service[90285]: [pid: 90285|app: 0|req: 310/619] 10.222.0.52 () {64 vars in 1430 bytes} [Thu Oct 27 09:41:04 2022] PUT /placement/allocations/6293e0c9-f4fb-4dae-a7ac-1999d315aa15 => generated 0 bytes in 246 msecs (HTTP/1.1 204) 5 headers in 199 bytes (1 switches on core 0)
Oct 27 09:41:05.220628 n-d-853274-1 devstack@placement-api.service[90284]: DEBUG placement.handlers.allocation [req-c8760c3c-8be1-4bab-b74f-d496d60958aa req-8edc1ed7-e3ff-4485-b8bd-97e00a9fbe4b service placement] Successfully wrote allocations [, , ] {{(pid=90284) _create_allocations /opt/stack/placement/placement/handlers/allocation.py:435}}
Oct 27 09:41:05.225244 n-d-853274-1 devstack@placement-api.service[90284]: INFO placement.requestlog [req-c8760c3c-8be1-4bab-b74f-d496d60958aa req-8edc1ed7-e3ff-4485-b8bd-97e00a9fbe4b service placement] 10.222.0.62 "PUT /placement/allocations/4defe9c5-f362-41da-901b-6d4fb49447b7" status: 204 len: 0 microversion: 1.28
Oct 27 09:41:05.225244 n-d-853274-1 devstack@placement-api.service[90284]: [pid: 90284|app: 0|req: 310/620] 10.222.0.62 () {64 vars in 1430 bytes} [Thu Oct 27 09:41:04 2022] PUT /placement/allocations/4defe9c5-f362-41da-901b-6d4fb49447b7 => generated 0 bytes in 297 msecs (HTTP/1.1 204) 5 headers in 199 bytes (1 switches on core 0)
Oct 27 09:41:09.207047 n-d-853274-1 devstack@placement-api.service[90285]: DEBUG placement.requestlog [None req-277258e7-a0db-444d-a86a-841dc5bfc148 None None] Starting request: 10.222.0.59 "GET /placement/resource_providers/2250aff1-6eb4-4512-9aa0-795aa5593713/aggregates" {{(pid=90285) __call__ /opt/stack/placement/placement/requestlog.py:55}}
Oct 27 09:41:09.224677 n-d-853274-1 devstack@placement-api.service[90285]: INFO placement.requestlog [None req-277258e7-a0db-444d-a86a-841dc5bfc148 service placement] 10.222.0.59 "GET /placement/resource_providers/2250aff1-6eb4-4512-9aa0-795aa5593713/aggregates" status: 404 len: 235 microversion: 1.1
Oct 27 09:41:09.225997 n-d-853274-1 devstack@placement-api.service[90285]: [pid: 90285|app: 0|req: 311/621] 10.222.0.59 () {58 vars in 1362 bytes} [Thu Oct 27 09:41:09 2022] GET /placement/resource_providers/2250aff1-6eb4-4512-9aa0-795aa5593713/aggregates => generated 235 bytes in 19 msecs (HTTP/1.1 404) 5 headers in 202 bytes (1 switches on core 0)
Oct 27 09:41:09.415183 n-d-853274-1 devstack@placement-api.service[90284]: DEBUG placement.requestlog [req-ee3f24cd-cb77-46c5-ba92-ff459ddd0a81 req-7fd956ed-a530-4d93-bdac-998ba77ec671 None None] Starting request: 10.222.0.59 "GET /placement/allocation_candidates?limit=1000&resources=DISK_GB%3A1%2CMEMORY_MB%3A1024%2CVCPU%3A1&root_required=%21COMPUTE_STATUS_DISABLED" {{(pid=90284) __call__ /opt/stack/placement/placement/requestlog.py:55}}
Oct 27 09:41:09.467695 n-d-853274-1 devstack@placement-api.service[90284]: DEBUG placement.objects.research_context [req-ee3f24cd-cb77-46c5-ba92-ff459ddd0a81 req-7fd956ed-a530-4d93-bdac-998ba77ec671 service placement] getting providers with 1 DISK_GB {{(pid=90284) __init__ /opt/stack/placement/placement/objects/research_context.py:126}}
Oct 27 09:41:09.483672 n-d-853274-1 devstack@placement-api.service[90284]: DEBUG placement.objects.research_context [req-ee3f24cd-cb77-46c5-ba92-ff459ddd0a81 req-7fd956ed-a530-4d93-bdac-998ba77ec671 service placement] getting providers with 1024 MEMORY_MB {{(pid=90284) __init__ /opt/stack/placement/placement/objects/research_context.py:126}}
Oct 27 09:41:09.490244 n-d-853274-1 devstack@placement-api.service[90284]: DEBUG placement.objects.research_context [req-ee3f24cd-cb77-46c5-ba92-ff459ddd0a81 req-7fd956ed-a530-4d93-bdac-998ba77ec671 service placement] getting providers with 1 VCPU {{(pid=90284) __init__ /opt/stack/placement/placement/objects/research_context.py:126}}
Oct 27 09:41:09.510085 n-d-853274-1 devstack@placement-api.service[90284]: DEBUG placement.objects.research_context [req-ee3f24cd-cb77-46c5-ba92-ff459ddd0a81 req-7fd956ed-a530-4d93-bdac-998ba77ec671 service placement] found 2 providers with available 1 DISK_GB {{(pid=90284) get_provider_ids_matching /opt/stack/placement/placement/objects/research_context.py:549}}
Oct 27 09:41:09.510371 n-d-853274-1 devstack@placement-api.service[90284]: DEBUG placement.objects.research_context [req-ee3f24cd-cb77-46c5-ba92-ff459ddd0a81 req-7fd956ed-a530-4d93-bdac-998ba77ec671 service placement] found 2 providers with available 1024 MEMORY_MB {{(pid=90284) get_provider_ids_matching /opt/stack/placement/placement/objects/research_context.py:549}}
Oct 27 09:41:09.510655 n-d-853274-1 devstack@placement-api.service[90284]: DEBUG placement.objects.research_context [req-ee3f24cd-cb77-46c5-ba92-ff459ddd0a81 req-7fd956ed-a530-4d93-bdac-998ba77ec671 service placement] found 2 providers after filtering by previous result {{(pid=90284) get_provider_ids_matching /opt/stack/placement/placement/objects/research_context.py:580}}
Oct 27 09:41:09.510915 n-d-853274-1 devstack@placement-api.service[90284]: DEBUG placement.objects.research_context [req-ee3f24cd-cb77-46c5-ba92-ff459ddd0a81 req-7fd956ed-a530-4d93-bdac-998ba77ec671 service placement] found 2 providers with available 1 VCPU {{(pid=90284) get_provider_ids_matching /opt/stack/placement/placement/objects/research_context.py:549}}
Oct 27 09:41:09.511180 n-d-853274-1 devstack@placement-api.service[90284]: DEBUG placement.objects.research_context [req-ee3f24cd-cb77-46c5-ba92-ff459ddd0a81 req-7fd956ed-a530-4d93-bdac-998ba77ec671 service placement] found 2 providers after filtering by previous result {{(pid=90284) get_provider_ids_matching /opt/stack/placement/placement/objects/research_context.py:580}}
Oct 27 09:41:09.535945 n-d-853274-1 devstack@placement-api.service[90284]: DEBUG placement.objects.allocation_candidate [req-ee3f24cd-cb77-46c5-ba92-ff459ddd0a81 req-7fd956ed-a530-4d93-bdac-998ba77ec671 service placement] RequestGroup(use_same_provider=False, resources={DISK_GB:1, MEMORY_MB:1024, VCPU:1}, traits=[], aggregates=[]) (suffix '') returned 2 matches {{(pid=90284) _get_by_requests /opt/stack/placement/placement/objects/allocation_candidate.py:145}}
Oct 27 09:41:09.536349 n-d-853274-1 devstack@placement-api.service[90284]: DEBUG placement.objects.allocation_candidate [req-ee3f24cd-cb77-46c5-ba92-ff459ddd0a81 req-7fd956ed-a530-4d93-bdac-998ba77ec671 service placement] Merging candidates yields 2 allocation requests and 2 provider summaries {{(pid=90284) _merge_candidates /opt/stack/placement/placement/objects/allocation_candidate.py:783}}
Oct 27 09:41:09.538328 n-d-853274-1 devstack@placement-api.service[90284]: INFO placement.requestlog [req-ee3f24cd-cb77-46c5-ba92-ff459ddd0a81 req-7fd956ed-a530-4d93-bdac-998ba77ec671 service placement] 10.222.0.59 "GET /placement/allocation_candidates?limit=1000&resources=DISK_GB%3A1%2CMEMORY_MB%3A1024%2CVCPU%3A1&root_required=%21COMPUTE_STATUS_DISABLED" status: 200 len: 1309 microversion: 1.35
Oct 27 09:41:09.542459 n-d-853274-1 devstack@placement-api.service[90284]: [pid: 90284|app: 0|req: 311/622] 10.222.0.59 () {60 vars in 1506 bytes} [Thu Oct 27 09:41:09 2022] GET /placement/allocation_candidates?limit=1000&resources=DISK_GB%3A1%2CMEMORY_MB%3A1024%2CVCPU%3A1&root_required=%21COMPUTE_STATUS_DISABLED => generated 1309 bytes in 127 msecs (HTTP/1.1 200) 8 headers in 297 bytes (1 switches on core 0)
Oct 27 09:41:09.632236 n-d-853274-1 devstack@placement-api.service[90285]: DEBUG placement.requestlog [None req-485ec056-6052-4bcc-9fd0-4c568377797f None None] Starting request: 10.222.0.59 "DELETE /placement/resource_providers/2250aff1-6eb4-4512-9aa0-795aa5593713" {{(pid=90285) __call__ /opt/stack/placement/placement/requestlog.py:55}}
Oct 27 09:41:09.640424 n-d-853274-1 devstack@placement-api.service[90284]: DEBUG placement.requestlog [req-ee3f24cd-cb77-46c5-ba92-ff459ddd0a81 req-e27ac9ec-15c7-4b97-a15a-e0638c86163b None None] Starting request: 10.222.0.59 "GET /placement/allocations/6f11798c-cbb0-4b37-b9c8-48a84e611b94" {{(pid=90284) __call__ /opt/stack/placement/placement/requestlog.py:55}}
Oct 27 09:41:09.657772 n-d-853274-1 devstack@placement-api.service[90284]: INFO placement.requestlog [req-ee3f24cd-cb77-46c5-ba92-ff459ddd0a81 req-e27ac9ec-15c7-4b97-a15a-e0638c86163b service placement] 10.222.0.59 "GET /placement/allocations/6f11798c-cbb0-4b37-b9c8-48a84e611b94" status: 200 len: 19 microversion: 1.28
Oct 27 09:41:09.657995 n-d-853274-1 devstack@placement-api.service[90284]: [pid: 90284|app: 0|req: 312/623] 10.222.0.59 () {60 vars in 1380 bytes} [Thu Oct 27 09:41:09 2022] GET /placement/allocations/6f11798c-cbb0-4b37-b9c8-48a84e611b94 => generated 19 bytes in 18 msecs (HTTP/1.1 200) 8 headers in 295 bytes (2 switches on core 0)
Oct 27 09:41:09.658665 n-d-853274-1 devstack@placement-api.service[90285]: DEBUG placement.wsgi_wrapper [None req-485ec056-6052-4bcc-9fd0-4c568377797f service placement] Placement API returning an error response: No resource provider with uuid 2250aff1-6eb4-4512-9aa0-795aa5593713 found for delete {{(pid=90285) call_func /opt/stack/placement/placement/wsgi_wrapper.py:31}}
Oct 27 09:41:09.659590 n-d-853274-1 devstack@placement-api.service[90285]: INFO placement.requestlog [None req-485ec056-6052-4bcc-9fd0-4c568377797f service placement] 10.222.0.59 "DELETE /placement/resource_providers/2250aff1-6eb4-4512-9aa0-795aa5593713" status: 404 len: 246 microversion: 1.1
Oct 27 09:41:09.663700 n-d-853274-1 devstack@placement-api.service[90285]: [pid: 90285|app: 0|req: 312/624] 10.222.0.59 () {60 vars in 1351 bytes} [Thu Oct 27 09:41:09 2022] DELETE /placement/resource_providers/2250aff1-6eb4-4512-9aa0-795aa5593713 => generated 246 bytes in 32 msecs (HTTP/1.1 404) 6 headers in 231 bytes (1 switches on core 0)
Oct 27 09:41:09.665436 n-d-853274-1 devstack@placement-api.service[90284]: DEBUG placement.requestlog [req-ee3f24cd-cb77-46c5-ba92-ff459ddd0a81 req-ee7226f0-4585-45a7-aa52-77004ce26bcd None None] Starting request: 10.222.0.59 "PUT /placement/allocations/6f11798c-cbb0-4b37-b9c8-48a84e611b94" {{(pid=90284) __call__ /opt/stack/placement/placement/requestlog.py:55}}
Oct 27 09:41:10.198409 n-d-853274-1 devstack@placement-api.service[90284]: DEBUG placement.handlers.allocation [req-ee3f24cd-cb77-46c5-ba92-ff459ddd0a81 req-ee7226f0-4585-45a7-aa52-77004ce26bcd service placement] Successfully wrote allocations [, , ] {{(pid=90284) _create_allocations /opt/stack/placement/placement/handlers/allocation.py:435}}
Oct 27 09:41:10.199386 n-d-853274-1 devstack@placement-api.service[90284]: INFO placement.requestlog [req-ee3f24cd-cb77-46c5-ba92-ff459ddd0a81 req-ee7226f0-4585-45a7-aa52-77004ce26bcd service placement] 10.222.0.59 "PUT /placement/allocations/6f11798c-cbb0-4b37-b9c8-48a84e611b94" status: 204 len: 0 microversion: 1.35
Oct 27 09:41:10.202606 n-d-853274-1 devstack@placement-api.service[90284]: [pid: 90284|app: 0|req: 313/625] 10.222.0.59 () {64 vars in 1433 bytes} [Thu Oct 27 09:41:09 2022] PUT /placement/allocations/6f11798c-cbb0-4b37-b9c8-48a84e611b94 => generated 0 bytes in 535 msecs (HTTP/1.1 204) 5 headers in 199 bytes (1 switches on core 0)
Oct 27 09:41:12.284152 n-d-853274-1 devstack@placement-api.service[90285]: DEBUG placement.requestlog [req-ee3f24cd-cb77-46c5-ba92-ff459ddd0a81 req-e2c6de87-a890-4e26-aecf-95e863262859 None None] Starting request: 10.222.0.52 "GET /placement/allocations/6f11798c-cbb0-4b37-b9c8-48a84e611b94" {{(pid=90285) __call__ /opt/stack/placement/placement/requestlog.py:55}}
Oct 27 09:41:12.326156 n-d-853274-1 devstack@placement-api.service[90285]: INFO placement.requestlog [req-ee3f24cd-cb77-46c5-ba92-ff459ddd0a81 req-e2c6de87-a890-4e26-aecf-95e863262859 service placement] 10.222.0.52 "GET /placement/allocations/6f11798c-cbb0-4b37-b9c8-48a84e611b94" status: 200 len: 259 microversion: 1.28
Oct 27 09:41:12.328004 n-d-853274-1 devstack@placement-api.service[90285]: [pid: 90285|app: 0|req: 313/626] 10.222.0.52 () {60 vars in 1377 bytes} [Thu Oct 27 09:41:12 2022] GET /placement/allocations/6f11798c-cbb0-4b37-b9c8-48a84e611b94 => generated 259 bytes in 45 msecs (HTTP/1.1 200) 8 headers in 296 bytes (1 switches on core 0)
Oct 27 09:41:14.041257 n-d-853274-1 devstack@placement-api.service[90284]: DEBUG placement.requestlog [req-b3fe965c-5259-4c19-82bd-ad90921395b4 req-88be8ebd-93a6-4df6-995c-2203b583bdef None None] Starting request: 10.222.0.59 "GET /placement/allocation_candidates?limit=1000&resources=DISK_GB%3A1%2CMEMORY_MB%3A1024%2CVCPU%3A1&root_required=%21COMPUTE_STATUS_DISABLED" {{(pid=90284) __call__ /opt/stack/placement/placement/requestlog.py:55}}
Oct 27 09:41:14.084705 n-d-853274-1 devstack@placement-api.service[90284]: DEBUG placement.objects.research_context [req-b3fe965c-5259-4c19-82bd-ad90921395b4 req-88be8ebd-93a6-4df6-995c-2203b583bdef service placement] getting providers with 1 DISK_GB {{(pid=90284) __init__ /opt/stack/placement/placement/objects/research_context.py:126}}
Oct 27 09:41:14.091960 n-d-853274-1 devstack@placement-api.service[90284]: DEBUG placement.objects.research_context [req-b3fe965c-5259-4c19-82bd-ad90921395b4 req-88be8ebd-93a6-4df6-995c-2203b583bdef service placement] getting providers with 1024 MEMORY_MB {{(pid=90284) __init__ /opt/stack/placement/placement/objects/research_context.py:126}}
Oct 27 09:41:14.116391 n-d-853274-1 devstack@placement-api.service[90284]: DEBUG placement.objects.research_context [req-b3fe965c-5259-4c19-82bd-ad90921395b4 req-88be8ebd-93a6-4df6-995c-2203b583bdef service placement] getting providers with 1 VCPU {{(pid=90284) __init__ /opt/stack/placement/placement/objects/research_context.py:126}}
Oct 27 09:41:14.123690 n-d-853274-1 devstack@placement-api.service[90284]: DEBUG placement.objects.research_context [req-b3fe965c-5259-4c19-82bd-ad90921395b4 req-88be8ebd-93a6-4df6-995c-2203b583bdef service placement] found 2 providers with available 1 DISK_GB {{(pid=90284) get_provider_ids_matching /opt/stack/placement/placement/objects/research_context.py:549}}
Oct 27 09:41:14.124296 n-d-853274-1 devstack@placement-api.service[90284]: DEBUG placement.objects.research_context [req-b3fe965c-5259-4c19-82bd-ad90921395b4 req-88be8ebd-93a6-4df6-995c-2203b583bdef service placement] found 2 providers with available 1024 MEMORY_MB {{(pid=90284) get_provider_ids_matching /opt/stack/placement/placement/objects/research_context.py:549}}
Oct 27 09:41:14.124821 n-d-853274-1 devstack@placement-api.service[90284]: DEBUG placement.objects.research_context [req-b3fe965c-5259-4c19-82bd-ad90921395b4 req-88be8ebd-93a6-4df6-995c-2203b583bdef service placement] found 2 providers after filtering by previous result {{(pid=90284) get_provider_ids_matching /opt/stack/placement/placement/objects/research_context.py:580}}
Oct 27 09:41:14.125341 n-d-853274-1 devstack@placement-api.service[90284]: DEBUG placement.objects.research_context [req-b3fe965c-5259-4c19-82bd-ad90921395b4 req-88be8ebd-93a6-4df6-995c-2203b583bdef service placement] found 2 providers with available 1 VCPU {{(pid=90284) get_provider_ids_matching /opt/stack/placement/placement/objects/research_context.py:549}}
Oct 27 09:41:14.127986 n-d-853274-1 devstack@placement-api.service[90284]: DEBUG placement.objects.research_context [req-b3fe965c-5259-4c19-82bd-ad90921395b4 req-88be8ebd-93a6-4df6-995c-2203b583bdef service placement] found 2 providers after filtering by previous result {{(pid=90284) get_provider_ids_matching /opt/stack/placement/placement/objects/research_context.py:580}}
Oct 27 09:41:14.142400 n-d-853274-1 devstack@placement-api.service[90284]: DEBUG placement.objects.allocation_candidate [req-b3fe965c-5259-4c19-82bd-ad90921395b4 req-88be8ebd-93a6-4df6-995c-2203b583bdef service placement] RequestGroup(use_same_provider=False, resources={DISK_GB:1, MEMORY_MB:1024, VCPU:1}, traits=[], aggregates=[]) (suffix '') returned 2 matches {{(pid=90284) _get_by_requests /opt/stack/placement/placement/objects/allocation_candidate.py:145}}
Oct 27 09:41:14.144995 n-d-853274-1 devstack@placement-api.service[90284]: DEBUG placement.objects.allocation_candidate [req-b3fe965c-5259-4c19-82bd-ad90921395b4 req-88be8ebd-93a6-4df6-995c-2203b583bdef service placement] Merging candidates yields 2 allocation requests and 2 provider summaries {{(pid=90284) _merge_candidates /opt/stack/placement/placement/objects/allocation_candidate.py:783}}
Oct 27 09:41:14.148374 n-d-853274-1 devstack@placement-api.service[90284]: INFO placement.requestlog [req-b3fe965c-5259-4c19-82bd-ad90921395b4 req-88be8ebd-93a6-4df6-995c-2203b583bdef service placement] 10.222.0.59 "GET /placement/allocation_candidates?limit=1000&resources=DISK_GB%3A1%2CMEMORY_MB%3A1024%2CVCPU%3A1&root_required=%21COMPUTE_STATUS_DISABLED" status: 200 len: 1309 microversion: 1.35
Oct 27 09:41:14.149235 n-d-853274-1 devstack@placement-api.service[90284]: [pid: 90284|app: 0|req: 314/627] 10.222.0.59 () {60 vars in 1506 bytes} [Thu Oct 27 09:41:14 2022] GET /placement/allocation_candidates?limit=1000&resources=DISK_GB%3A1%2CMEMORY_MB%3A1024%2CVCPU%3A1&root_required=%21COMPUTE_STATUS_DISABLED => generated 1309 bytes in 108 msecs (HTTP/1.1 200) 8 headers in 297 bytes (1 switches on core 0)
Oct 27 09:41:14.276611 n-d-853274-1 devstack@placement-api.service[90285]: DEBUG placement.requestlog [req-b3fe965c-5259-4c19-82bd-ad90921395b4 req-e7a20d94-e7b6-4e1a-bec4-6b0ba62ecdb4 None None] Starting request: 10.222.0.59 "GET /placement/allocations/4defe9c5-f362-41da-901b-6d4fb49447b7" {{(pid=90285) __call__ /opt/stack/placement/placement/requestlog.py:55}}
Oct 27 09:41:14.290302 n-d-853274-1 devstack@placement-api.service[90285]: INFO placement.requestlog [req-b3fe965c-5259-4c19-82bd-ad90921395b4 req-e7a20d94-e7b6-4e1a-bec4-6b0ba62ecdb4 service placement] 10.222.0.59 "GET /placement/allocations/4defe9c5-f362-41da-901b-6d4fb49447b7" status: 200 len: 19 microversion: 1.28
Oct 27 09:41:14.290462 n-d-853274-1 devstack@placement-api.service[90285]: [pid: 90285|app: 0|req: 314/628] 10.222.0.59 () {60 vars in 1380 bytes} [Thu Oct 27 09:41:14 2022] GET /placement/allocations/4defe9c5-f362-41da-901b-6d4fb49447b7 => generated 19 bytes in 14 msecs (HTTP/1.1 200) 8 headers in 295 bytes (1 switches on core 0)
Oct 27 09:41:14.296586 n-d-853274-1 devstack@placement-api.service[90284]: DEBUG placement.requestlog [req-b3fe965c-5259-4c19-82bd-ad90921395b4 req-634ea975-1906-4627-8b57-e294e24d9312 None None] Starting request: 10.222.0.59 "PUT /placement/allocations/4defe9c5-f362-41da-901b-6d4fb49447b7" {{(pid=90284) __call__ /opt/stack/placement/placement/requestlog.py:55}}
Oct 27 09:41:14.678459 n-d-853274-1 devstack@placement-api.service[90284]: DEBUG placement.handlers.allocation [req-b3fe965c-5259-4c19-82bd-ad90921395b4 req-634ea975-1906-4627-8b57-e294e24d9312 service placement] Successfully wrote allocations [, , ] {{(pid=90284) _create_allocations /opt/stack/placement/placement/handlers/allocation.py:435}}
Oct 27 09:41:14.678459 n-d-853274-1 devstack@placement-api.service[90284]: INFO placement.requestlog [req-b3fe965c-5259-4c19-82bd-ad90921395b4 req-634ea975-1906-4627-8b57-e294e24d9312 service placement] 10.222.0.59 "PUT /placement/allocations/4defe9c5-f362-41da-901b-6d4fb49447b7" status: 204 len: 0 microversion: 1.35
Oct 27 09:41:14.678459 n-d-853274-1 devstack@placement-api.service[90284]: [pid: 90284|app: 0|req: 315/629] 10.222.0.59 () {64 vars in 1433 bytes} [Thu Oct 27 09:41:14 2022] PUT /placement/allocations/4defe9c5-f362-41da-901b-6d4fb49447b7 => generated 0 bytes in 378 msecs (HTTP/1.1 204) 5 headers in 199 bytes (2 switches on core 0)
Oct 27 09:41:17.728158 n-d-853274-1 devstack@placement-api.service[90285]: DEBUG placement.requestlog [req-c23383d4-0a12-4dcb-a2b6-499c93428b98 req-cf21ee5c-2445-4e73-a0bf-946d661faa48 None None] Starting request: 10.222.0.52 "GET /placement/resource_providers/b5fed44b-b60d-448c-b750-18e7bc8d59b1/allocations" {{(pid=90285) __call__ /opt/stack/placement/placement/requestlog.py:55}}
Oct 27 09:41:17.875520 n-d-853274-1 devstack@placement-api.service[90285]: INFO placement.requestlog [req-c23383d4-0a12-4dcb-a2b6-499c93428b98 req-cf21ee5c-2445-4e73-a0bf-946d661faa48 service placement] 10.222.0.52 "GET /placement/resource_providers/b5fed44b-b60d-448c-b750-18e7bc8d59b1/allocations" status: 200 len: 443 microversion: 1.0
Oct 27 09:41:17.875943 n-d-853274-1 devstack@placement-api.service[90285]: [pid: 90285|app: 0|req: 315/630] 10.222.0.52 () {58 vars in 1390 bytes} [Thu Oct 27 09:41:17 2022] GET /placement/resource_providers/b5fed44b-b60d-448c-b750-18e7bc8d59b1/allocations => generated 443 bytes in 148 msecs (HTTP/1.1 200) 6 headers in 224 bytes (2 switches on core 0)
Oct 27 09:41:18.102220 n-d-853274-1 devstack@placement-api.service[90284]: DEBUG placement.requestlog [req-c23383d4-0a12-4dcb-a2b6-499c93428b98 req-6d703acb-8ef7-47f0-8115-7efc5605a56f None None] Starting request: 10.222.0.52 "GET /placement/resource_providers?in_tree=b5fed44b-b60d-448c-b750-18e7bc8d59b1" {{(pid=90284) __call__ /opt/stack/placement/placement/requestlog.py:55}}
Oct 27 09:41:18.130084 n-d-853274-1 devstack@placement-api.service[90284]: INFO placement.requestlog [req-c23383d4-0a12-4dcb-a2b6-499c93428b98 req-6d703acb-8ef7-47f0-8115-7efc5605a56f service placement] 10.222.0.52 "GET /placement/resource_providers?in_tree=b5fed44b-b60d-448c-b750-18e7bc8d59b1" status: 200 len: 863 microversion: 1.14
Oct 27 09:41:18.130467 n-d-853274-1 devstack@placement-api.service[90284]: [pid: 90284|app: 0|req: 316/631] 10.222.0.52 () {60 vars in 1376 bytes} [Thu Oct 27 09:41:18 2022] GET /placement/resource_providers?in_tree=b5fed44b-b60d-448c-b750-18e7bc8d59b1 => generated 863 bytes in 28 msecs (HTTP/1.1 200) 6 headers in 225 bytes (1 switches on core 0)
Oct 27 09:41:18.137919 n-d-853274-1 devstack@placement-api.service[90285]: DEBUG placement.requestlog [req-c23383d4-0a12-4dcb-a2b6-499c93428b98 req-49182b71-90a8-4174-9c82-55796bf3a230 None None] Starting request: 10.222.0.52 "GET /placement/resource_providers/b5fed44b-b60d-448c-b750-18e7bc8d59b1/inventories" {{(pid=90285) __call__ /opt/stack/placement/placement/requestlog.py:55}}
Oct 27 09:41:18.171609 n-d-853274-1 devstack@placement-api.service[90285]: INFO placement.requestlog [req-c23383d4-0a12-4dcb-a2b6-499c93428b98 req-49182b71-90a8-4174-9c82-55796bf3a230 service placement] 10.222.0.52 "GET /placement/resource_providers/b5fed44b-b60d-448c-b750-18e7bc8d59b1/inventories" status: 200 len: 398 microversion: 1.0
Oct 27 09:41:18.172184 n-d-853274-1 devstack@placement-api.service[90285]: [pid: 90285|app: 0|req: 316/632] 10.222.0.52 () {58 vars in 1390 bytes} [Thu Oct 27 09:41:18 2022] GET /placement/resource_providers/b5fed44b-b60d-448c-b750-18e7bc8d59b1/inventories => generated 398 bytes in 34 msecs (HTTP/1.1 200) 6 headers in 224 bytes (1 switches on core 0)
Oct 27 09:41:18.179345 n-d-853274-1 devstack@placement-api.service[90284]: DEBUG placement.requestlog [req-c23383d4-0a12-4dcb-a2b6-499c93428b98 req-078c5bdf-a9b9-4a98-8758-ead76a140e30 None None] Starting request: 10.222.0.52 "GET /placement/resource_providers/b5fed44b-b60d-448c-b750-18e7bc8d59b1/aggregates" {{(pid=90284) __call__ /opt/stack/placement/placement/requestlog.py:55}}
Oct 27 09:41:18.214707 n-d-853274-1 devstack@placement-api.service[90284]: INFO placement.requestlog [req-c23383d4-0a12-4dcb-a2b6-499c93428b98 req-078c5bdf-a9b9-4a98-8758-ead76a140e30 service placement] 10.222.0.52 "GET /placement/resource_providers/b5fed44b-b60d-448c-b750-18e7bc8d59b1/aggregates" status: 200 len: 54 microversion: 1.19
Oct 27 09:41:18.215259 n-d-853274-1 devstack@placement-api.service[90284]: [pid: 90284|app: 0|req: 317/633] 10.222.0.52 () {60 vars in 1431 bytes} [Thu Oct 27 09:41:18 2022] GET /placement/resource_providers/b5fed44b-b60d-448c-b750-18e7bc8d59b1/aggregates => generated 54 bytes in 36 msecs (HTTP/1.1 200) 8 headers in 295 bytes (1 switches on core 0)
Oct 27 09:41:18.222869 n-d-853274-1 devstack@placement-api.service[90285]: DEBUG placement.requestlog [req-c23383d4-0a12-4dcb-a2b6-499c93428b98 req-be5caea8-7ef0-466c-9b1b-9c4619cca076 None None] Starting request: 10.222.0.52 "GET /placement/resource_providers/b5fed44b-b60d-448c-b750-18e7bc8d59b1/traits" {{(pid=90285) __call__ /opt/stack/placement/placement/requestlog.py:55}}
Oct 27 09:41:18.273727 n-d-853274-1 devstack@placement-api.service[90285]: INFO placement.requestlog [req-c23383d4-0a12-4dcb-a2b6-499c93428b98 req-be5caea8-7ef0-466c-9b1b-9c4619cca076 service placement] 10.222.0.52 "GET /placement/resource_providers/b5fed44b-b60d-448c-b750-18e7bc8d59b1/traits" status: 200 len: 212 microversion: 1.6
