Aug 31 23:41:48.348902 n-d-852795-1 devstack@placement-api.service[108157]: [pid: 108157|app: 0|req: 629/1258] 10.222.0.17 () {58 vars in 1390 bytes} [Wed Aug 31 23:41:48 2022] GET /placement/resource_providers/8ba4d597-778e-40f9-8c9b-9430bb4c484c/allocations => generated 356 bytes in 44 msecs (HTTP/1.1 200) 6 headers in 224 bytes (1 switches on core 0)
Aug 31 23:41:48.356412 n-d-852795-1 devstack@placement-api.service[108157]: DEBUG placement.requestlog [req-6598db9f-d594-4377-bcb2-417b9ad816a8 req-0c4a997c-a009-4e0b-99de-85e8210dfdbd None None] Starting request: 10.222.0.17 "GET /placement/allocations/33caeb58-3583-41c1-8506-5b506319485e" {{(pid=108157) __call__ /opt/stack/placement/placement/requestlog.py:55}}
Aug 31 23:41:48.369153 n-d-852795-1 devstack@placement-api.service[108158]: INFO placement.requestlog [req-9f23e76f-13f9-443e-98e4-63f816e88205 req-054462b7-55bb-42d8-a300-7028ab98b58a service placement] 10.222.0.47 "GET /placement/resource_providers/78361d9e-9ce3-4b54-bfdf-33ea332ff08e/traits" status: 200 len: 212 microversion: 1.6
Aug 31 23:41:48.375015 n-d-852795-1 devstack@placement-api.service[108158]: [pid: 108158|app: 0|req: 630/1259] 10.222.0.47 () {60 vars in 1418 bytes} [Wed Aug 31 23:41:48 2022] GET /placement/resource_providers/78361d9e-9ce3-4b54-bfdf-33ea332ff08e/traits => generated 212 bytes in 62 msecs (HTTP/1.1 200) 6 headers in 224 bytes (2 switches on core 0)
Aug 31 23:41:48.384003 n-d-852795-1 devstack@placement-api.service[108158]: DEBUG placement.requestlog [req-9f23e76f-13f9-443e-98e4-63f816e88205 req-7e67784a-2b7c-49ec-a61f-65c78d1129f1 None None] Starting request: 10.222.0.47 "GET /placement/resource_providers/78361d9e-9ce3-4b54-bfdf-33ea332ff08e/allocations" {{(pid=108158) __call__ /opt/stack/placement/placement/requestlog.py:55}}
Aug 31 23:41:48.394708 n-d-852795-1 devstack@placement-api.service[108157]: INFO placement.requestlog [req-6598db9f-d594-4377-bcb2-417b9ad816a8 req-0c4a997c-a009-4e0b-99de-85e8210dfdbd service placement] 10.222.0.17 "GET /placement/allocations/33caeb58-3583-41c1-8506-5b506319485e" status: 200 len: 259 microversion: 1.28
Aug 31 23:41:48.395273 n-d-852795-1 devstack@placement-api.service[108157]: [pid: 108157|app: 0|req: 630/1260] 10.222.0.17 () {60 vars in 1377 bytes} [Wed Aug 31 23:41:48 2022] GET /placement/allocations/33caeb58-3583-41c1-8506-5b506319485e => generated 259 bytes in 40 msecs (HTTP/1.1 200) 8 headers in 296 bytes (1 switches on core 0)
Aug 31 23:41:48.402972 n-d-852795-1 devstack@placement-api.service[108157]: DEBUG placement.requestlog [req-6598db9f-d594-4377-bcb2-417b9ad816a8 req-5e4c259d-8496-4043-8bf5-fe96c8926e11 None None] Starting request: 10.222.0.17 "GET /placement/allocations/63c316b6-8b68-4a85-8560-c19690d4f004" {{(pid=108157) __call__ /opt/stack/placement/placement/requestlog.py:55}}
Aug 31 23:41:48.433437 n-d-852795-1 devstack@placement-api.service[108158]: INFO placement.requestlog [req-9f23e76f-13f9-443e-98e4-63f816e88205 req-7e67784a-2b7c-49ec-a61f-65c78d1129f1 service placement] 10.222.0.47 "GET /placement/resource_providers/78361d9e-9ce3-4b54-bfdf-33ea332ff08e/allocations" status: 200 len: 746 microversion: 1.0
Aug 31 23:41:48.435257 n-d-852795-1 devstack@placement-api.service[108157]: INFO placement.requestlog [req-6598db9f-d594-4377-bcb2-417b9ad816a8 req-5e4c259d-8496-4043-8bf5-fe96c8926e11 service placement] 10.222.0.17 "GET /placement/allocations/63c316b6-8b68-4a85-8560-c19690d4f004" status: 200 len: 259 microversion: 1.28
Aug 31 23:41:48.436125 n-d-852795-1 devstack@placement-api.service[108157]: [pid: 108157|app: 0|req: 631/1262] 10.222.0.17 () {60 vars in 1377 bytes} [Wed Aug 31 23:41:48 2022] GET /placement/allocations/63c316b6-8b68-4a85-8560-c19690d4f004 => generated 259 bytes in 34 msecs (HTTP/1.1 200) 8 headers in 296 bytes (2 switches on core 0)
Aug 31 23:41:48.437254 n-d-852795-1 devstack@placement-api.service[108158]: [pid: 108158|app: 0|req: 631/1262] 10.222.0.47 () {58 vars in 1390 bytes} [Wed Aug 31 23:41:48 2022] GET /placement/resource_providers/78361d9e-9ce3-4b54-bfdf-33ea332ff08e/allocations => generated 746 bytes in 52 msecs (HTTP/1.1 200) 6 headers in 224 bytes (2 switches on core 0)
Aug 31 23:41:48.443361 n-d-852795-1 devstack@placement-api.service[108158]: DEBUG placement.requestlog [req-6598db9f-d594-4377-bcb2-417b9ad816a8 req-a50035d3-d41e-4a6b-837b-71a8257a34b8 None None] Starting request: 10.222.0.17 "GET /placement/allocations/b66efd31-a937-4ed7-80e9-ab21f32bf7b7" {{(pid=108158) __call__ /opt/stack/placement/placement/requestlog.py:55}}
Aug 31 23:41:48.443568 n-d-852795-1 devstack@placement-api.service[108157]: DEBUG placement.requestlog [req-9f23e76f-13f9-443e-98e4-63f816e88205 req-29ad6e96-0cc0-485b-8dfe-49451c13fe5a None None] Starting request: 10.222.0.47 "GET /placement/allocations/d4e334fb-2760-49cb-9af0-55097f084918" {{(pid=108157) __call__ /opt/stack/placement/placement/requestlog.py:55}}
Aug 31 23:41:48.462683 n-d-852795-1 devstack@placement-api.service[108157]: INFO placement.requestlog [req-9f23e76f-13f9-443e-98e4-63f816e88205 req-29ad6e96-0cc0-485b-8dfe-49451c13fe5a service placement] 10.222.0.47 "GET /placement/allocations/d4e334fb-2760-49cb-9af0-55097f084918" status: 200 len: 259 microversion: 1.28
Aug 31 23:41:48.463764 n-d-852795-1 devstack@placement-api.service[108157]: [pid: 108157|app: 0|req: 632/1263] 10.222.0.47 () {60 vars in 1377 bytes} [Wed Aug 31 23:41:48 2022] GET /placement/allocations/d4e334fb-2760-49cb-9af0-55097f084918 => generated 259 bytes in 20 msecs (HTTP/1.1 200) 8 headers in 296 bytes (1 switches on core 0)
Aug 31 23:41:48.471381 n-d-852795-1 devstack@placement-api.service[108157]: DEBUG placement.requestlog [req-9f23e76f-13f9-443e-98e4-63f816e88205 req-af0e206d-a459-41f9-acd4-ef987dfa16c0 None None] Starting request: 10.222.0.47 "GET /placement/allocations/94e18365-d8ee-4f15-8995-ca1204c7a729" {{(pid=108157) __call__ /opt/stack/placement/placement/requestlog.py:55}}
Aug 31 23:41:48.475935 n-d-852795-1 devstack@placement-api.service[108158]: INFO placement.requestlog [req-6598db9f-d594-4377-bcb2-417b9ad816a8 req-a50035d3-d41e-4a6b-837b-71a8257a34b8 service placement] 10.222.0.17 "GET /placement/allocations/b66efd31-a937-4ed7-80e9-ab21f32bf7b7" status: 200 len: 259 microversion: 1.28
Aug 31 23:41:48.476875 n-d-852795-1 devstack@placement-api.service[108158]: [pid: 108158|app: 0|req: 632/1264] 10.222.0.17 () {60 vars in 1377 bytes} [Wed Aug 31 23:41:48 2022] GET /placement/allocations/b66efd31-a937-4ed7-80e9-ab21f32bf7b7 => generated 259 bytes in 34 msecs (HTTP/1.1 200) 8 headers in 296 bytes (1 switches on core 0)
Aug 31 23:41:48.531015 n-d-852795-1 devstack@placement-api.service[108157]: INFO placement.requestlog [req-9f23e76f-13f9-443e-98e4-63f816e88205 req-af0e206d-a459-41f9-acd4-ef987dfa16c0 service placement] 10.222.0.47 "GET /placement/allocations/94e18365-d8ee-4f15-8995-ca1204c7a729" status: 200 len: 259 microversion: 1.28
Aug 31 23:41:48.531455 n-d-852795-1 devstack@placement-api.service[108157]: [pid: 108157|app: 0|req: 633/1265] 10.222.0.47 () {60 vars in 1377 bytes} [Wed Aug 31 23:41:48 2022] GET /placement/allocations/94e18365-d8ee-4f15-8995-ca1204c7a729 => generated 259 bytes in 60 msecs (HTTP/1.1 200) 8 headers in 296 bytes (1 switches on core 0)
Aug 31 23:41:48.547732 n-d-852795-1 devstack@placement-api.service[108158]: DEBUG placement.requestlog [req-9f23e76f-13f9-443e-98e4-63f816e88205 req-2591be13-4503-4744-8562-5a070be80978 None None] Starting request: 10.222.0.47 "GET /placement/allocations/bce76847-6c46-4166-b022-b174d5fe7dec" {{(pid=108158) __call__ /opt/stack/placement/placement/requestlog.py:55}}
Aug 31 23:41:48.577477 n-d-852795-1 devstack@placement-api.service[108158]: DEBUG dbcounter [-] [108158] Writing DB stats placement:SELECT=98,placement:DELETE=2 {{(pid=108158) stat_writer /usr/local/lib/python3.8/dist-packages/dbcounter.py:114}}
Aug 31 23:41:48.580834 n-d-852795-1 devstack@placement-api.service[108158]: INFO placement.requestlog [req-9f23e76f-13f9-443e-98e4-63f816e88205 req-2591be13-4503-4744-8562-5a070be80978 service placement] 10.222.0.47 "GET /placement/allocations/bce76847-6c46-4166-b022-b174d5fe7dec" status: 200 len: 259 microversion: 1.28
Aug 31 23:41:48.581507 n-d-852795-1 devstack@placement-api.service[108158]: [pid: 108158|app: 0|req: 633/1266] 10.222.0.47 () {60 vars in 1377 bytes} [Wed Aug 31 23:41:48 2022] GET /placement/allocations/bce76847-6c46-4166-b022-b174d5fe7dec => generated 259 bytes in 34 msecs (HTTP/1.1 200) 8 headers in 296 bytes (1 switches on core 0)
Aug 31 23:41:48.594265 n-d-852795-1 devstack@placement-api.service[108157]: DEBUG placement.requestlog [req-9f23e76f-13f9-443e-98e4-63f816e88205 req-131f833b-d7c0-44cc-9e51-1edea2ae2c59 None None] Starting request: 10.222.0.47 "GET /placement/allocations/287852b3-8140-4a1f-b64c-aef0e1fcfdaa" {{(pid=108157) __call__ /opt/stack/placement/placement/requestlog.py:55}}
Aug 31 23:41:48.630060 n-d-852795-1 devstack@placement-api.service[108157]: INFO placement.requestlog [req-9f23e76f-13f9-443e-98e4-63f816e88205 req-131f833b-d7c0-44cc-9e51-1edea2ae2c59 service placement] 10.222.0.47 "GET /placement/allocations/287852b3-8140-4a1f-b64c-aef0e1fcfdaa" status: 200 len: 259 microversion: 1.28
Aug 31 23:41:48.630817 n-d-852795-1 devstack@placement-api.service[108157]: [pid: 108157|app: 0|req: 634/1267] 10.222.0.47 () {60 vars in 1377 bytes} [Wed Aug 31 23:41:48 2022] GET /placement/allocations/287852b3-8140-4a1f-b64c-aef0e1fcfdaa => generated 259 bytes in 37 msecs (HTTP/1.1 200) 8 headers in 296 bytes (1 switches on core 0)
Aug 31 23:41:48.640965 n-d-852795-1 devstack@placement-api.service[108158]: DEBUG placement.requestlog [req-9f23e76f-13f9-443e-98e4-63f816e88205 req-538dbad6-61f3-4331-b921-6e2af2b80068 None None] Starting request: 10.222.0.47 "GET /placement/allocations/099e316d-a69f-4e1e-8bad-9f1685f0d979" {{(pid=108158) __call__ /opt/stack/placement/placement/requestlog.py:55}}
Aug 31 23:41:48.667249 n-d-852795-1 devstack@placement-api.service[108158]: INFO placement.requestlog [req-9f23e76f-13f9-443e-98e4-63f816e88205 req-538dbad6-61f3-4331-b921-6e2af2b80068 service placement] 10.222.0.47 "GET /placement/allocations/099e316d-a69f-4e1e-8bad-9f1685f0d979" status: 200 len: 259 microversion: 1.28
Aug 31 23:41:48.667645 n-d-852795-1 devstack@placement-api.service[108158]: [pid: 108158|app: 0|req: 634/1268] 10.222.0.47 () {60 vars in 1377 bytes} [Wed Aug 31 23:41:48 2022] GET /placement/allocations/099e316d-a69f-4e1e-8bad-9f1685f0d979 => generated 259 bytes in 27 msecs (HTTP/1.1 200) 8 headers in 296 bytes (1 switches on core 0)
Aug 31 23:41:48.693476 n-d-852795-1 devstack@placement-api.service[108157]: DEBUG placement.requestlog [req-9f23e76f-13f9-443e-98e4-63f816e88205 req-79e344bb-f9f5-4f96-bbcb-9f0627964a2c None None] Starting request: 10.222.0.47 "GET /placement/allocations/301055e2-0dd1-464e-81b8-2138d4513cef" {{(pid=108157) __call__ /opt/stack/placement/placement/requestlog.py:55}}
Aug 31 23:41:48.715841 n-d-852795-1 devstack@placement-api.service[108157]: INFO placement.requestlog [req-9f23e76f-13f9-443e-98e4-63f816e88205 req-79e344bb-f9f5-4f96-bbcb-9f0627964a2c service placement] 10.222.0.47 "GET /placement/allocations/301055e2-0dd1-464e-81b8-2138d4513cef" status: 200 len: 245 microversion: 1.28
Aug 31 23:41:48.718374 n-d-852795-1 devstack@placement-api.service[108157]: [pid: 108157|app: 0|req: 635/1269] 10.222.0.47 () {60 vars in 1377 bytes} [Wed Aug 31 23:41:48 2022] GET /placement/allocations/301055e2-0dd1-464e-81b8-2138d4513cef => generated 245 bytes in 24 msecs (HTTP/1.1 200) 8 headers in 296 bytes (1 switches on core 0)
Aug 31 23:41:48.725931 n-d-852795-1 devstack@placement-api.service[108158]: DEBUG placement.requestlog [req-9f23e76f-13f9-443e-98e4-63f816e88205 req-bd1d2d09-6700-48a5-81c1-f96e6ed2c9af None None] Starting request: 10.222.0.47 "GET /placement/allocations/bdd2bd71-f49a-4dad-b2eb-5687a78ef5c3" {{(pid=108158) __call__ /opt/stack/placement/placement/requestlog.py:55}}
Aug 31 23:41:48.756369 n-d-852795-1 devstack@placement-api.service[108158]: INFO placement.requestlog [req-9f23e76f-13f9-443e-98e4-63f816e88205 req-bd1d2d09-6700-48a5-81c1-f96e6ed2c9af service placement] 10.222.0.47 "GET /placement/allocations/bdd2bd71-f49a-4dad-b2eb-5687a78ef5c3" status: 200 len: 259 microversion: 1.28
Aug 31 23:41:48.757842 n-d-852795-1 devstack@placement-api.service[108158]: [pid: 108158|app: 0|req: 635/1270] 10.222.0.47 () {60 vars in 1377 bytes} [Wed Aug 31 23:41:48 2022] GET /placement/allocations/bdd2bd71-f49a-4dad-b2eb-5687a78ef5c3 => generated 259 bytes in 32 msecs (HTTP/1.1 200) 8 headers in 296 bytes (1 switches on core 0)
Aug 31 23:41:53.326249 n-d-852795-1 devstack@placement-api.service[108157]: DEBUG placement.requestlog [req-4c2848d1-7806-4cee-af81-7c8ae1a444a1 req-0ca420c6-182d-4093-bfb4-b6670b6214cc None None] Starting request: 10.222.0.47 "GET /placement/resource_providers/78361d9e-9ce3-4b54-bfdf-33ea332ff08e/allocations" {{(pid=108157) __call__ /opt/stack/placement/placement/requestlog.py:55}}
Aug 31 23:41:53.399875 n-d-852795-1 devstack@placement-api.service[108157]: INFO placement.requestlog [req-4c2848d1-7806-4cee-af81-7c8ae1a444a1 req-0ca420c6-182d-4093-bfb4-b6670b6214cc service placement] 10.222.0.47 "GET /placement/resource_providers/78361d9e-9ce3-4b54-bfdf-33ea332ff08e/allocations" status: 200 len: 746 microversion: 1.0
Aug 31 23:41:53.400603 n-d-852795-1 devstack@placement-api.service[108157]: [pid: 108157|app: 0|req: 636/1271] 10.222.0.47 () {58 vars in 1390 bytes} [Wed Aug 31 23:41:53 2022] GET /placement/resource_providers/78361d9e-9ce3-4b54-bfdf-33ea332ff08e/allocations => generated 746 bytes in 75 msecs (HTTP/1.1 200) 6 headers in 224 bytes (1 switches on core 0)
Aug 31 23:41:53.410364 n-d-852795-1 devstack@placement-api.service[108158]: DEBUG placement.requestlog [req-4c2848d1-7806-4cee-af81-7c8ae1a444a1 req-a3a9581d-4e4d-4ff3-8a5b-10f83d8a5a83 None None] Starting request: 10.222.0.47 "GET /placement/allocations/d4e334fb-2760-49cb-9af0-55097f084918" {{(pid=108158) __call__ /opt/stack/placement/placement/requestlog.py:55}}
Aug 31 23:41:53.427874 n-d-852795-1 devstack@placement-api.service[108158]: INFO placement.requestlog [req-4c2848d1-7806-4cee-af81-7c8ae1a444a1 req-a3a9581d-4e4d-4ff3-8a5b-10f83d8a5a83 service placement] 10.222.0.47 "GET /placement/allocations/d4e334fb-2760-49cb-9af0-55097f084918" status: 200 len: 259 microversion: 1.28
Aug 31 23:41:53.437766 n-d-852795-1 devstack@placement-api.service[108158]: [pid: 108158|app: 0|req: 636/1272] 10.222.0.47 () {60 vars in 1377 bytes} [Wed Aug 31 23:41:53 2022] GET /placement/allocations/d4e334fb-2760-49cb-9af0-55097f084918 => generated 259 bytes in 28 msecs (HTTP/1.1 200) 8 headers in 296 bytes (1 switches on core 0)
Aug 31 23:41:53.440391 n-d-852795-1 devstack@placement-api.service[108157]: DEBUG placement.requestlog [req-4c2848d1-7806-4cee-af81-7c8ae1a444a1 req-9b7aeba7-dbf2-4b58-a4a3-88e6b32efb0e None None] Starting request: 10.222.0.47 "GET /placement/allocations/94e18365-d8ee-4f15-8995-ca1204c7a729" {{(pid=108157) __call__ /opt/stack/placement/placement/requestlog.py:55}}
Aug 31 23:41:53.474526 n-d-852795-1 devstack@placement-api.service[108157]: INFO placement.requestlog [req-4c2848d1-7806-4cee-af81-7c8ae1a444a1 req-9b7aeba7-dbf2-4b58-a4a3-88e6b32efb0e service placement] 10.222.0.47 "GET /placement/allocations/94e18365-d8ee-4f15-8995-ca1204c7a729" status: 200 len: 259 microversion: 1.28
Aug 31 23:41:53.480712 n-d-852795-1 devstack@placement-api.service[108157]: [pid: 108157|app: 0|req: 637/1273] 10.222.0.47 () {60 vars in 1377 bytes} [Wed Aug 31 23:41:53 2022] GET /placement/allocations/94e18365-d8ee-4f15-8995-ca1204c7a729 => generated 259 bytes in 41 msecs (HTTP/1.1 200) 8 headers in 296 bytes (1 switches on core 0)
Aug 31 23:41:53.485114 n-d-852795-1 devstack@placement-api.service[108158]: DEBUG placement.requestlog [req-4c2848d1-7806-4cee-af81-7c8ae1a444a1 req-ab722f4d-e80a-4b03-8c0d-fb07ead3bf08 None None] Starting request: 10.222.0.47 "GET /placement/allocations/bce76847-6c46-4166-b022-b174d5fe7dec" {{(pid=108158) __call__ /opt/stack/placement/placement/requestlog.py:55}}
Aug 31 23:41:53.512529 n-d-852795-1 devstack@placement-api.service[108158]: INFO placement.requestlog [req-4c2848d1-7806-4cee-af81-7c8ae1a444a1 req-ab722f4d-e80a-4b03-8c0d-fb07ead3bf08 service placement] 10.222.0.47 "GET /placement/allocations/bce76847-6c46-4166-b022-b174d5fe7dec" status: 200 len: 259 microversion: 1.28
Aug 31 23:41:53.512921 n-d-852795-1 devstack@placement-api.service[108158]: [pid: 108158|app: 0|req: 637/1274] 10.222.0.47 () {60 vars in 1377 bytes} [Wed Aug 31 23:41:53 2022] GET /placement/allocations/bce76847-6c46-4166-b022-b174d5fe7dec => generated 259 bytes in 28 msecs (HTTP/1.1 200) 8 headers in 296 bytes (2 switches on core 0)
Aug 31 23:41:53.520196 n-d-852795-1 devstack@placement-api.service[108157]: DEBUG placement.requestlog [req-4c2848d1-7806-4cee-af81-7c8ae1a444a1 req-29feb092-ebb7-44c5-8b47-cff188f53cc0 None None] Starting request: 10.222.0.47 "GET /placement/allocations/287852b3-8140-4a1f-b64c-aef0e1fcfdaa" {{(pid=108157) __call__ /opt/stack/placement/placement/requestlog.py:55}}
Aug 31 23:41:53.548784 n-d-852795-1 devstack@placement-api.service[108157]: INFO placement.requestlog [req-4c2848d1-7806-4cee-af81-7c8ae1a444a1 req-29feb092-ebb7-44c5-8b47-cff188f53cc0 service placement] 10.222.0.47 "GET /placement/allocations/287852b3-8140-4a1f-b64c-aef0e1fcfdaa" status: 200 len: 259 microversion: 1.28
Aug 31 23:41:53.549368 n-d-852795-1 devstack@placement-api.service[108157]: [pid: 108157|app: 0|req: 638/1275] 10.222.0.47 () {60 vars in 1377 bytes} [Wed Aug 31 23:41:53 2022] GET /placement/allocations/287852b3-8140-4a1f-b64c-aef0e1fcfdaa => generated 259 bytes in 30 msecs (HTTP/1.1 200) 8 headers in 296 bytes (1 switches on core 0)
Aug 31 23:41:53.559816 n-d-852795-1 devstack@placement-api.service[108158]: DEBUG placement.requestlog [req-4c2848d1-7806-4cee-af81-7c8ae1a444a1 req-4781a99b-18d3-48ef-a179-9797457d13f2 None None] Starting request: 10.222.0.47 "GET /placement/allocations/099e316d-a69f-4e1e-8bad-9f1685f0d979" {{(pid=108158) __call__ /opt/stack/placement/placement/requestlog.py:55}}
Aug 31 23:41:53.593968 n-d-852795-1 devstack@placement-api.service[108158]: INFO placement.requestlog [req-4c2848d1-7806-4cee-af81-7c8ae1a444a1 req-4781a99b-18d3-48ef-a179-9797457d13f2 service placement] 10.222.0.47 "GET /placement/allocations/099e316d-a69f-4e1e-8bad-9f1685f0d979" status: 200 len: 259 microversion: 1.28
Aug 31 23:41:53.595520 n-d-852795-1 devstack@placement-api.service[108158]: [pid: 108158|app: 0|req: 638/1276] 10.222.0.47 () {60 vars in 1377 bytes} [Wed Aug 31 23:41:53 2022] GET /placement/allocations/099e316d-a69f-4e1e-8bad-9f1685f0d979 => generated 259 bytes in 35 msecs (HTTP/1.1 200) 8 headers in 296 bytes (1 switches on core 0)
Aug 31 23:41:53.603784 n-d-852795-1 devstack@placement-api.service[108157]: DEBUG placement.requestlog [req-4c2848d1-7806-4cee-af81-7c8ae1a444a1 req-3edac46b-9823-4369-b2bc-9ffefa79ba64 None None] Starting request: 10.222.0.47 "GET /placement/allocations/301055e2-0dd1-464e-81b8-2138d4513cef" {{(pid=108157) __call__ /opt/stack/placement/placement/requestlog.py:55}}
Aug 31 23:41:53.629773 n-d-852795-1 devstack@placement-api.service[108157]: INFO placement.requestlog [req-4c2848d1-7806-4cee-af81-7c8ae1a444a1 req-3edac46b-9823-4369-b2bc-9ffefa79ba64 service placement] 10.222.0.47 "GET /placement/allocations/301055e2-0dd1-464e-81b8-2138d4513cef" status: 200 len: 245 microversion: 1.28
Aug 31 23:41:53.635886 n-d-852795-1 devstack@placement-api.service[108157]: [pid: 108157|app: 0|req: 639/1277] 10.222.0.47 () {60 vars in 1377 bytes} [Wed Aug 31 23:41:53 2022] GET /placement/allocations/301055e2-0dd1-464e-81b8-2138d4513cef => generated 245 bytes in 27 msecs (HTTP/1.1 200) 8 headers in 296 bytes (1 switches on core 0)
Aug 31 23:41:53.640902 n-d-852795-1 devstack@placement-api.service[108158]: DEBUG placement.requestlog [req-4c2848d1-7806-4cee-af81-7c8ae1a444a1 req-bb228e3c-5d2f-45db-a91e-ccdbc60e7397 None None] Starting request: 10.222.0.47 "GET /placement/allocations/bdd2bd71-f49a-4dad-b2eb-5687a78ef5c3" {{(pid=108158) __call__ /opt/stack/placement/placement/requestlog.py:55}}
Aug 31 23:41:53.666302 n-d-852795-1 devstack@placement-api.service[108158]: INFO placement.requestlog [req-4c2848d1-7806-4cee-af81-7c8ae1a444a1 req-bb228e3c-5d2f-45db-a91e-ccdbc60e7397 service placement] 10.222.0.47 "GET /placement/allocations/bdd2bd71-f49a-4dad-b2eb-5687a78ef5c3" status: 200 len: 259 microversion: 1.28
Aug 31 23:41:53.670167 n-d-852795-1 devstack@placement-api.service[108158]: [pid: 108158|app: 0|req: 639/1278] 10.222.0.47 () {60 vars in 1377 bytes} [Wed Aug 31 23:41:53 2022] GET /placement/allocations/bdd2bd71-f49a-4dad-b2eb-5687a78ef5c3 => generated 259 bytes in 30 msecs (HTTP/1.1 200) 8 headers in 296 bytes (1 switches on core 0)
Aug 31 23:41:54.023638 n-d-852795-1 devstack@placement-api.service[108157]: DEBUG placement.requestlog [req-4c2848d1-7806-4cee-af81-7c8ae1a444a1 req-4b2be1c6-3bdc-4f42-9b8b-fcc718b051b5 None None] Starting request: 10.222.0.47 "DELETE /placement/allocations/301055e2-0dd1-464e-81b8-2138d4513cef" {{(pid=108157) __call__ /opt/stack/placement/placement/requestlog.py:55}}
Aug 31 23:41:54.052712 n-d-852795-1 devstack@placement-api.service[108157]: DEBUG dbcounter [-] [108157] Writing DB stats placement:SELECT=97,placement:DELETE=3 {{(pid=108157) stat_writer /usr/local/lib/python3.8/dist-packages/dbcounter.py:114}}
Aug 31 23:41:54.268237 n-d-852795-1 devstack@placement-api.service[108157]: DEBUG placement.handlers.allocation [req-4c2848d1-7806-4cee-af81-7c8ae1a444a1 req-4b2be1c6-3bdc-4f42-9b8b-fcc718b051b5 service placement] Successfully deleted allocations [, ] {{(pid=108157) delete_allocations /opt/stack/placement/placement/handlers/allocation.py:627}}
Aug 31 23:41:54.269641 n-d-852795-1 devstack@placement-api.service[108157]: INFO placement.requestlog [req-4c2848d1-7806-4cee-af81-7c8ae1a444a1 req-4b2be1c6-3bdc-4f42-9b8b-fcc718b051b5 service placement] 10.222.0.47 "DELETE /placement/allocations/301055e2-0dd1-464e-81b8-2138d4513cef" status: 204 len: 0 microversion: 1.0
Aug 31 23:41:54.270039 n-d-852795-1 devstack@placement-api.service[108157]: [pid: 108157|app: 0|req: 640/1279] 10.222.0.47 () {60 vars in 1355 bytes} [Wed Aug 31 23:41:54 2022] DELETE /placement/allocations/301055e2-0dd1-464e-81b8-2138d4513cef => generated 0 bytes in 247 msecs (HTTP/1.1 204) 5 headers in 198 bytes (1 switches on core 0)
Aug 31 23:41:58.314380 n-d-852795-1 devstack@placement-api.service[108158]: DEBUG placement.requestlog [None req-01e92e28-8a36-430c-ab9e-4b208d8eef87 None None] Starting request: 10.222.0.36 "GET /placement/resource_providers/76773de2-73ef-4d3f-b641-8c214b078206/aggregates" {{(pid=108158) __call__ /opt/stack/placement/placement/requestlog.py:55}}
Aug 31 23:41:58.331368 n-d-852795-1 devstack@placement-api.service[108158]: INFO placement.requestlog [None req-01e92e28-8a36-430c-ab9e-4b208d8eef87 service placement] 10.222.0.36 "GET /placement/resource_providers/76773de2-73ef-4d3f-b641-8c214b078206/aggregates" status: 404 len: 235 microversion: 1.1
Aug 31 23:41:58.332647 n-d-852795-1 devstack@placement-api.service[108158]: [pid: 108158|app: 0|req: 640/1280] 10.222.0.36 () {58 vars in 1362 bytes} [Wed Aug 31 23:41:58 2022] GET /placement/resource_providers/76773de2-73ef-4d3f-b641-8c214b078206/aggregates => generated 235 bytes in 18 msecs (HTTP/1.1 404) 5 headers in 202 bytes (1 switches on core 0)
Aug 31 23:41:58.383693 n-d-852795-1 devstack@placement-api.service[108157]: DEBUG placement.requestlog [None req-a54bd155-e315-4260-819d-ff3506663cac None None] Starting request: 10.222.0.36 "DELETE /placement/resource_providers/76773de2-73ef-4d3f-b641-8c214b078206" {{(pid=108157) __call__ /opt/stack/placement/placement/requestlog.py:55}}
Aug 31 23:41:58.398459 n-d-852795-1 devstack@placement-api.service[108157]: DEBUG placement.wsgi_wrapper [None req-a54bd155-e315-4260-819d-ff3506663cac service placement] Placement API returning an error response: No resource provider with uuid 76773de2-73ef-4d3f-b641-8c214b078206 found for delete {{(pid=108157) call_func /opt/stack/placement/placement/wsgi_wrapper.py:31}}
Aug 31 23:41:58.399622 n-d-852795-1 devstack@placement-api.service[108157]: INFO placement.requestlog [None req-a54bd155-e315-4260-819d-ff3506663cac service placement] 10.222.0.36 "DELETE /placement/resource_providers/76773de2-73ef-4d3f-b641-8c214b078206" status: 404 len: 246 microversion: 1.1
Aug 31 23:41:58.400432 n-d-852795-1 devstack@placement-api.service[108157]: [pid: 108157|app: 0|req: 641/1281] 10.222.0.36 () {60 vars in 1351 bytes} [Wed Aug 31 23:41:58 2022] DELETE /placement/resource_providers/76773de2-73ef-4d3f-b641-8c214b078206 => generated 246 bytes in 17 msecs (HTTP/1.1 404) 6 headers in 231 bytes (1 switches on core 0)
Aug 31 23:42:01.135401 n-d-852795-1 devstack@placement-api.service[108158]: DEBUG placement.requestlog [req-74930b5a-0bc1-476d-b5da-df8844db5d64 req-47dac4e3-43f0-4061-aa0b-56e7d2d8da31 None None] Starting request: 10.222.0.36 "GET /placement/allocation_candidates?limit=1000&resources=DISK_GB%3A1%2CMEMORY_MB%3A1024%2CVCPU%3A1&root_required=%21COMPUTE_STATUS_DISABLED" {{(pid=108158) __call__ /opt/stack/placement/placement/requestlog.py:55}}
Aug 31 23:42:01.213371 n-d-852795-1 devstack@placement-api.service[108158]: DEBUG placement.objects.research_context [req-74930b5a-0bc1-476d-b5da-df8844db5d64 req-47dac4e3-43f0-4061-aa0b-56e7d2d8da31 service placement] getting providers with 1 DISK_GB {{(pid=108158) __init__ /opt/stack/placement/placement/objects/research_context.py:136}}
Aug 31 23:42:01.231338 n-d-852795-1 devstack@placement-api.service[108158]: DEBUG placement.objects.research_context [req-74930b5a-0bc1-476d-b5da-df8844db5d64 req-47dac4e3-43f0-4061-aa0b-56e7d2d8da31 service placement] getting providers with 1024 MEMORY_MB {{(pid=108158) __init__ /opt/stack/placement/placement/objects/research_context.py:136}}
Aug 31 23:42:01.238880 n-d-852795-1 devstack@placement-api.service[108158]: DEBUG placement.objects.research_context [req-74930b5a-0bc1-476d-b5da-df8844db5d64 req-47dac4e3-43f0-4061-aa0b-56e7d2d8da31 service placement] getting providers with 1 VCPU {{(pid=108158) __init__ /opt/stack/placement/placement/objects/research_context.py:136}}
Aug 31 23:42:01.245993 n-d-852795-1 devstack@placement-api.service[108158]: DEBUG placement.objects.research_context [req-74930b5a-0bc1-476d-b5da-df8844db5d64 req-47dac4e3-43f0-4061-aa0b-56e7d2d8da31 service placement] found 2 providers with available 1 DISK_GB {{(pid=108158) get_provider_ids_matching /opt/stack/placement/placement/objects/research_context.py:563}}
Aug 31 23:42:01.246527 n-d-852795-1 devstack@placement-api.service[108158]: DEBUG placement.objects.research_context [req-74930b5a-0bc1-476d-b5da-df8844db5d64 req-47dac4e3-43f0-4061-aa0b-56e7d2d8da31 service placement] found 2 providers with available 1024 MEMORY_MB {{(pid=108158) get_provider_ids_matching /opt/stack/placement/placement/objects/research_context.py:563}}
Aug 31 23:42:01.246960 n-d-852795-1 devstack@placement-api.service[108158]: DEBUG placement.objects.research_context [req-74930b5a-0bc1-476d-b5da-df8844db5d64 req-47dac4e3-43f0-4061-aa0b-56e7d2d8da31 service placement] found 2 providers after filtering by previous result {{(pid=108158) get_provider_ids_matching /opt/stack/placement/placement/objects/research_context.py:594}}
Aug 31 23:42:01.247408 n-d-852795-1 devstack@placement-api.service[108158]: DEBUG placement.objects.research_context [req-74930b5a-0bc1-476d-b5da-df8844db5d64 req-47dac4e3-43f0-4061-aa0b-56e7d2d8da31 service placement] found 2 providers with available 1 VCPU {{(pid=108158) get_provider_ids_matching /opt/stack/placement/placement/objects/research_context.py:563}}
Aug 31 23:42:01.247982 n-d-852795-1 devstack@placement-api.service[108158]: DEBUG placement.objects.research_context [req-74930b5a-0bc1-476d-b5da-df8844db5d64 req-47dac4e3-43f0-4061-aa0b-56e7d2d8da31 service placement] found 2 providers after filtering by previous result {{(pid=108158) get_provider_ids_matching /opt/stack/placement/placement/objects/research_context.py:594}}
Aug 31 23:42:01.270628 n-d-852795-1 devstack@placement-api.service[108158]: DEBUG placement.objects.allocation_candidate [req-74930b5a-0bc1-476d-b5da-df8844db5d64 req-47dac4e3-43f0-4061-aa0b-56e7d2d8da31 service placement] RequestGroup(use_same_provider=False, resources={DISK_GB:1, MEMORY_MB:1024, VCPU:1}, traits=(), aggregates=[]) (suffix '') returned 2 matches {{(pid=108158) _get_by_requests /opt/stack/placement/placement/objects/allocation_candidate.py:156}}
Aug 31 23:42:01.271112 n-d-852795-1 devstack@placement-api.service[108158]: DEBUG placement.objects.allocation_candidate [req-74930b5a-0bc1-476d-b5da-df8844db5d64 req-47dac4e3-43f0-4061-aa0b-56e7d2d8da31 service placement] Merging candidates yields 2 allocation requests and 2 provider summaries {{(pid=108158) _merge_candidates /opt/stack/placement/placement/objects/allocation_candidate.py:809}}
Aug 31 23:42:01.273221 n-d-852795-1 devstack@placement-api.service[108158]: INFO placement.requestlog [req-74930b5a-0bc1-476d-b5da-df8844db5d64 req-47dac4e3-43f0-4061-aa0b-56e7d2d8da31 service placement] 10.222.0.36 "GET /placement/allocation_candidates?limit=1000&resources=DISK_GB%3A1%2CMEMORY_MB%3A1024%2CVCPU%3A1&root_required=%21COMPUTE_STATUS_DISABLED" status: 200 len: 1309 microversion: 1.36
Aug 31 23:42:01.274186 n-d-852795-1 devstack@placement-api.service[108158]: [pid: 108158|app: 0|req: 641/1282] 10.222.0.36 () {60 vars in 1506 bytes} [Wed Aug 31 23:42:01 2022] GET /placement/allocation_candidates?limit=1000&resources=DISK_GB%3A1%2CMEMORY_MB%3A1024%2CVCPU%3A1&root_required=%21COMPUTE_STATUS_DISABLED => generated 1309 bytes in 139 msecs (HTTP/1.1 200) 8 headers in 297 bytes (1 switches on core 0)
Aug 31 23:42:01.420038 n-d-852795-1 devstack@placement-api.service[108157]: DEBUG placement.requestlog [req-74930b5a-0bc1-476d-b5da-df8844db5d64 req-db312eac-c676-4786-baad-95b393a1fa96 None None] Starting request: 10.222.0.36 "GET /placement/allocations/fc83f002-ffa4-4e60-a572-abf57482ebb2" {{(pid=108157) __call__ /opt/stack/placement/placement/requestlog.py:55}}
Aug 31 23:42:01.435045 n-d-852795-1 devstack@placement-api.service[108157]: INFO placement.requestlog [req-74930b5a-0bc1-476d-b5da-df8844db5d64 req-db312eac-c676-4786-baad-95b393a1fa96 service placement] 10.222.0.36 "GET /placement/allocations/fc83f002-ffa4-4e60-a572-abf57482ebb2" status: 200 len: 19 microversion: 1.28
Aug 31 23:42:01.435741 n-d-852795-1 devstack@placement-api.service[108157]: [pid: 108157|app: 0|req: 642/1283] 10.222.0.36 () {60 vars in 1380 bytes} [Wed Aug 31 23:42:01 2022] GET /placement/allocations/fc83f002-ffa4-4e60-a572-abf57482ebb2 => generated 19 bytes in 16 msecs (HTTP/1.1 200) 8 headers in 295 bytes (1 switches on core 0)
Aug 31 23:42:01.443612 n-d-852795-1 devstack@placement-api.service[108158]: DEBUG placement.requestlog [req-74930b5a-0bc1-476d-b5da-df8844db5d64 req-c2e8264f-796c-4e0a-bc6f-12232a88ebcb None None] Starting request: 10.222.0.36 "PUT /placement/allocations/fc83f002-ffa4-4e60-a572-abf57482ebb2" {{(pid=108158) __call__ /opt/stack/placement/placement/requestlog.py:55}}
Aug 31 23:42:01.872660 n-d-852795-1 devstack@placement-api.service[108158]: DEBUG placement.handlers.allocation [req-74930b5a-0bc1-476d-b5da-df8844db5d64 req-c2e8264f-796c-4e0a-bc6f-12232a88ebcb service placement] Successfully wrote allocations [, , ] {{(pid=108158) _update_consumers_and_create_allocations /opt/stack/placement/placement/handlers/allocation.py:462}}
Aug 31 23:42:01.967160 n-d-852795-1 devstack@placement-api.service[108158]: INFO placement.requestlog [req-74930b5a-0bc1-476d-b5da-df8844db5d64 req-c2e8264f-796c-4e0a-bc6f-12232a88ebcb service placement] 10.222.0.36 "PUT /placement/allocations/fc83f002-ffa4-4e60-a572-abf57482ebb2" status: 204 len: 0 microversion: 1.36
Aug 31 23:42:01.968074 n-d-852795-1 devstack@placement-api.service[108158]: [pid: 108158|app: 0|req: 642/1284] 10.222.0.36 () {64 vars in 1433 bytes} [Wed Aug 31 23:42:01 2022] PUT /placement/allocations/fc83f002-ffa4-4e60-a572-abf57482ebb2 => generated 0 bytes in 525 msecs (HTTP/1.1 204) 5 headers in 199 bytes (2 switches on core 0)
Aug 31 23:42:02.048157 n-d-852795-1 devstack@placement-api.service[108157]: DEBUG placement.requestlog [req-74930b5a-0bc1-476d-b5da-df8844db5d64 req-b0728b40-3004-4be1-89db-298b81a11f05 None None] Starting request: 10.222.0.36 "GET /placement/allocations/d742acf4-a77c-4ff5-9935-241f0b4a2c62" {{(pid=108157) __call__ /opt/stack/placement/placement/requestlog.py:55}}
Aug 31 23:42:02.064536 n-d-852795-1 devstack@placement-api.service[108157]: INFO placement.requestlog [req-74930b5a-0bc1-476d-b5da-df8844db5d64 req-b0728b40-3004-4be1-89db-298b81a11f05 service placement] 10.222.0.36 "GET /placement/allocations/d742acf4-a77c-4ff5-9935-241f0b4a2c62" status: 200 len: 19 microversion: 1.28
Aug 31 23:42:02.070889 n-d-852795-1 devstack@placement-api.service[108157]: [pid: 108157|app: 0|req: 643/1285] 10.222.0.36 () {60 vars in 1380 bytes} [Wed Aug 31 23:42:02 2022] GET /placement/allocations/d742acf4-a77c-4ff5-9935-241f0b4a2c62 => generated 19 bytes in 23 msecs (HTTP/1.1 200) 8 headers in 295 bytes (1 switches on core 0)
Aug 31 23:42:02.082169 n-d-852795-1 devstack@placement-api.service[108158]: DEBUG placement.requestlog [req-74930b5a-0bc1-476d-b5da-df8844db5d64 req-0712800c-e3d8-4878-a425-c8f270ebf9fc None None] Starting request: 10.222.0.36 "PUT /placement/allocations/d742acf4-a77c-4ff5-9935-241f0b4a2c62" {{(pid=108158) __call__ /opt/stack/placement/placement/requestlog.py:55}}
Aug 31 23:42:02.267610 n-d-852795-1 devstack@placement-api.service[108158]: DEBUG placement.handlers.allocation [req-74930b5a-0bc1-476d-b5da-df8844db5d64 req-0712800c-e3d8-4878-a425-c8f270ebf9fc service placement] Successfully wrote allocations [, , ] {{(pid=108158) _update_consumers_and_create_allocations /opt/stack/placement/placement/handlers/allocation.py:462}}
Aug 31 23:42:02.330560 n-d-852795-1 devstack@placement-api.service[108158]: INFO placement.requestlog [req-74930b5a-0bc1-476d-b5da-df8844db5d64 req-0712800c-e3d8-4878-a425-c8f270ebf9fc service placement] 10.222.0.36 "PUT /placement/allocations/d742acf4-a77c-4ff5-9935-241f0b4a2c62" status: 204 len: 0 microversion: 1.36
Aug 31 23:42:02.330976 n-d-852795-1 devstack@placement-api.service[108158]: [pid: 108158|app: 0|req: 643/1286] 10.222.0.36 () {64 vars in 1433 bytes} [Wed Aug 31 23:42:02 2022] PUT /placement/allocations/d742acf4-a77c-4ff5-9935-241f0b4a2c62 => generated 0 bytes in 249 msecs (HTTP/1.1 204) 5 headers in 199 bytes (1 switches on core 0)
Aug 31 23:42:03.849884 n-d-852795-1 devstack@placement-api.service[108157]: DEBUG placement.requestlog [req-74930b5a-0bc1-476d-b5da-df8844db5d64 req-8b56b443-34e3-4a14-8947-03f8e3bf6c9c None None] Starting request: 10.222.0.17 "GET /placement/allocations/fc83f002-ffa4-4e60-a572-abf57482ebb2" {{(pid=108157) __call__ /opt/stack/placement/placement/requestlog.py:55}}
Aug 31 23:42:03.893724 n-d-852795-1 devstack@placement-api.service[108157]: INFO placement.requestlog [req-74930b5a-0bc1-476d-b5da-df8844db5d64 req-8b56b443-34e3-4a14-8947-03f8e3bf6c9c service placement] 10.222.0.17 "GET /placement/allocations/fc83f002-ffa4-4e60-a572-abf57482ebb2" status: 200 len: 259 microversion: 1.28
Aug 31 23:42:03.894268 n-d-852795-1 devstack@placement-api.service[108157]: [pid: 108157|app: 0|req: 644/1287] 10.222.0.17 () {60 vars in 1377 bytes} [Wed Aug 31 23:42:03 2022] GET /placement/allocations/fc83f002-ffa4-4e60-a572-abf57482ebb2 => generated 259 bytes in 45 msecs (HTTP/1.1 200) 8 headers in 296 bytes (1 switches on core 0)
Aug 31 23:42:04.210875 n-d-852795-1 devstack@placement-api.service[108158]: DEBUG placement.requestlog [req-74930b5a-0bc1-476d-b5da-df8844db5d64 req-84ae2a50-f58d-453f-85de-6dc66ae404ca None None] Starting request: 10.222.0.17 "GET /placement/allocations/d742acf4-a77c-4ff5-9935-241f0b4a2c62" {{(pid=108158) __call__ /opt/stack/placement/placement/requestlog.py:55}}
Aug 31 23:42:04.251711 n-d-852795-1 devstack@placement-api.service[108158]: INFO placement.requestlog [req-74930b5a-0bc1-476d-b5da-df8844db5d64 req-84ae2a50-f58d-453f-85de-6dc66ae404ca service placement] 10.222.0.17 "GET /placement/allocations/d742acf4-a77c-4ff5-9935-241f0b4a2c62" status: 200 len: 259 microversion: 1.28
Aug 31 23:42:04.252854 n-d-852795-1 devstack@placement-api.service[108158]: [pid: 108158|app: 0|req: 644/1288] 10.222.0.17 () {60 vars in 1377 bytes} [Wed Aug 31 23:42:04 2022] GET /placement/allocations/d742acf4-a77c-4ff5-9935-241f0b4a2c62 => generated 259 bytes in 42 msecs (HTTP/1.1 200) 8 headers in 296 bytes (1 switches on core 0)
Aug 31 23:42:04.326150 n-d-852795-1 devstack@placement-api.service[108157]: DEBUG placement.requestlog [req-74930b5a-0bc1-476d-b5da-df8844db5d64 req-f4ee1dd6-5c11-4e2b-886c-ad717133fab1 None None] Starting request: 10.222.0.17 "GET /placement/resource_providers/8ba4d597-778e-40f9-8c9b-9430bb4c484c/allocations" {{(pid=108157) __call__ /opt/stack/placement/placement/requestlog.py:55}}
Aug 31 23:42:04.363760 n-d-852795-1 devstack@placement-api.service[108157]: INFO placement.requestlog [req-74930b5a-0bc1-476d-b5da-df8844db5d64 req-f4ee1dd6-5c11-4e2b-886c-ad717133fab1 service placement] 10.222.0.17 "GET /placement/resource_providers/8ba4d597-778e-40f9-8c9b-9430bb4c484c/allocations" status: 200 len: 558 microversion: 1.0
Aug 31 23:42:04.364731 n-d-852795-1 devstack@placement-api.service[108157]: [pid: 108157|app: 0|req: 645/1289] 10.222.0.17 () {58 vars in 1390 bytes} [Wed Aug 31 23:42:04 2022] GET /placement/resource_providers/8ba4d597-778e-40f9-8c9b-9430bb4c484c/allocations => generated 558 bytes in 39 msecs (HTTP/1.1 200) 6 headers in 224 bytes (1 switches on core 0)
Aug 31 23:42:04.378791 n-d-852795-1 devstack@placement-api.service[108158]: DEBUG placement.requestlog [req-74930b5a-0bc1-476d-b5da-df8844db5d64 req-9b985862-74dd-40fd-8116-f2013afee251 None None] Starting request: 10.222.0.17 "GET /placement/allocations/d742acf4-a77c-4ff5-9935-241f0b4a2c62" {{(pid=108158) __call__ /opt/stack/placement/placement/requestlog.py:55}}
Aug 31 23:42:04.414146 n-d-852795-1 devstack@placement-api.service[108158]: INFO placement.requestlog [req-74930b5a-0bc1-476d-b5da-df8844db5d64 req-9b985862-74dd-40fd-8116-f2013afee251 service placement] 10.222.0.17 "GET /placement/allocations/d742acf4-a77c-4ff5-9935-241f0b4a2c62" status: 200 len: 259 microversion: 1.28
Aug 31 23:42:04.414848 n-d-852795-1 devstack@placement-api.service[108158]: [pid: 108158|app: 0|req: 645/1290] 10.222.0.17 () {60 vars in 1377 bytes} [Wed Aug 31 23:42:04 2022] GET /placement/allocations/d742acf4-a77c-4ff5-9935-241f0b4a2c62 => generated 259 bytes in 36 msecs (HTTP/1.1 200) 8 headers in 296 bytes (1 switches on core 0)
Aug 31 23:42:04.422641 n-d-852795-1 devstack@placement-api.service[108157]: DEBUG placement.requestlog [req-74930b5a-0bc1-476d-b5da-df8844db5d64 req-88dca959-2123-4975-a4b8-e3825dd48c63 None None] Starting request: 10.222.0.17 "GET /placement/allocations/63c316b6-8b68-4a85-8560-c19690d4f004" {{(pid=108157) __call__ /opt/stack/placement/placement/requestlog.py:55}}
Aug 31 23:42:04.445101 n-d-852795-1 devstack@placement-api.service[108157]: INFO placement.requestlog [req-74930b5a-0bc1-476d-b5da-df8844db5d64 req-88dca959-2123-4975-a4b8-e3825dd48c63 service placement] 10.222.0.17 "GET /placement/allocations/63c316b6-8b68-4a85-8560-c19690d4f004" status: 200 len: 259 microversion: 1.28
Aug 31 23:42:04.446102 n-d-852795-1 devstack@placement-api.service[108157]: [pid: 108157|app: 0|req: 646/1291] 10.222.0.17 () {60 vars in 1377 bytes} [Wed Aug 31 23:42:04 2022] GET /placement/allocations/63c316b6-8b68-4a85-8560-c19690d4f004 => generated 259 bytes in 24 msecs (HTTP/1.1 200) 8 headers in 296 bytes (1 switches on core 0)
Aug 31 23:42:04.483472 n-d-852795-1 devstack@placement-api.service[108158]: DEBUG placement.requestlog [req-74930b5a-0bc1-476d-b5da-df8844db5d64 req-28901680-690a-4d59-9257-52aa53dbcba4 None None] Starting request: 10.222.0.17 "GET /placement/allocations/33caeb58-3583-41c1-8506-5b506319485e" {{(pid=108158) __call__ /opt/stack/placement/placement/requestlog.py:55}}
Aug 31 23:42:04.545509 n-d-852795-1 devstack@placement-api.service[108158]: INFO placement.requestlog [req-74930b5a-0bc1-476d-b5da-df8844db5d64 req-28901680-690a-4d59-9257-52aa53dbcba4 service placement] 10.222.0.17 "GET /placement/allocations/33caeb58-3583-41c1-8506-5b506319485e" status: 200 len: 259 microversion: 1.28
Aug 31 23:42:04.545904 n-d-852795-1 devstack@placement-api.service[108158]: [pid: 108158|app: 0|req: 646/1292] 10.222.0.17 () {60 vars in 1377 bytes} [Wed Aug 31 23:42:04 2022] GET /placement/allocations/33caeb58-3583-41c1-8506-5b506319485e => generated 259 bytes in 63 msecs (HTTP/1.1 200) 8 headers in 296 bytes (1 switches on core 0)
Aug 31 23:42:04.561526 n-d-852795-1 devstack@placement-api.service[108157]: DEBUG placement.requestlog [req-74930b5a-0bc1-476d-b5da-df8844db5d64 req-a63fe11d-96b6-4a86-8361-a2e348604c57 None None] Starting request: 10.222.0.17 "GET /placement/allocations/fc83f002-ffa4-4e60-a572-abf57482ebb2" {{(pid=108157) __call__ /opt/stack/placement/placement/requestlog.py:55}}
Aug 31 23:42:04.598505 n-d-852795-1 devstack@placement-api.service[108157]: INFO placement.requestlog [req-74930b5a-0bc1-476d-b5da-df8844db5d64 req-a63fe11d-96b6-4a86-8361-a2e348604c57 service placement] 10.222.0.17 "GET /placement/allocations/fc83f002-ffa4-4e60-a572-abf57482ebb2" status: 200 len: 259 microversion: 1.28
Aug 31 23:42:04.600773 n-d-852795-1 devstack@placement-api.service[108157]: [pid: 108157|app: 0|req: 647/1293] 10.222.0.17 () {60 vars in 1377 bytes} [Wed Aug 31 23:42:04 2022] GET /placement/allocations/fc83f002-ffa4-4e60-a572-abf57482ebb2 => generated 259 bytes in 38 msecs (HTTP/1.1 200) 8 headers in 296 bytes (1 switches on core 0)
Aug 31 23:42:04.795324 n-d-852795-1 devstack@placement-api.service[108158]: DEBUG placement.requestlog [req-74930b5a-0bc1-476d-b5da-df8844db5d64 req-904617c4-0942-42ae-b22a-ca2cba1279e0 None None] Starting request: 10.222.0.17 "GET /placement/resource_providers/8ba4d597-778e-40f9-8c9b-9430bb4c484c/allocations" {{(pid=108158) __call__ /opt/stack/placement/placement/requestlog.py:55}}
Aug 31 23:42:04.803492 n-d-852795-1 devstack@placement-api.service[108157]: DEBUG placement.requestlog [req-74930b5a-0bc1-476d-b5da-df8844db5d64 req-6db3110d-9991-4277-b514-a6d26f28e952 None None] Starting request: 10.222.0.17 "GET /placement/allocations/b66efd31-a937-4ed7-80e9-ab21f32bf7b7" {{(pid=108157) __call__ /opt/stack/placement/placement/requestlog.py:55}}
Aug 31 23:42:04.816689 n-d-852795-1 devstack@placement-api.service[108158]: DEBUG dbcounter [-] [108158] Writing DB stats placement:SELECT=82,placement:INSERT=10,placement:DELETE=4,placement:UPDATE=4 {{(pid=108158) stat_writer /usr/local/lib/python3.8/dist-packages/dbcounter.py:114}}
Aug 31 23:42:04.825440 n-d-852795-1 devstack@placement-api.service[108158]: INFO placement.requestlog [req-74930b5a-0bc1-476d-b5da-df8844db5d64 req-904617c4-0942-42ae-b22a-ca2cba1279e0 service placement] 10.222.0.17 "GET /placement/resource_providers/8ba4d597-778e-40f9-8c9b-9430bb4c484c/allocations" status: 200 len: 558 microversion: 1.0
Aug 31 23:42:04.826417 n-d-852795-1 devstack@placement-api.service[108158]: [pid: 108158|app: 0|req: 647/1294] 10.222.0.17 () {58 vars in 1390 bytes} [Wed Aug 31 23:42:04 2022] GET /placement/resource_providers/8ba4d597-778e-40f9-8c9b-9430bb4c484c/allocations => generated 558 bytes in 32 msecs (HTTP/1.1 200) 6 headers in 224 bytes (1 switches on core 0)
Aug 31 23:42:04.830475 n-d-852795-1 devstack@placement-api.service[108157]: INFO placement.requestlog [req-74930b5a-0bc1-476d-b5da-df8844db5d64 req-6db3110d-9991-4277-b514-a6d26f28e952 service placement] 10.222.0.17 "GET /placement/allocations/b66efd31-a937-4ed7-80e9-ab21f32bf7b7" status: 200 len: 259 microversion: 1.28
Aug 31 23:42:04.830993 n-d-852795-1 devstack@placement-api.service[108157]: [pid: 108157|app: 0|req: 648/1295] 10.222.0.17 () {60 vars in 1377 bytes} [Wed Aug 31 23:42:04 2022] GET /placement/allocations/b66efd31-a937-4ed7-80e9-ab21f32bf7b7 => generated 259 bytes in 28 msecs (HTTP/1.1 200) 8 headers in 296 bytes (2 switches on core 0)
Aug 31 23:42:04.846883 n-d-852795-1 devstack@placement-api.service[108158]: DEBUG placement.requestlog [req-74930b5a-0bc1-476d-b5da-df8844db5d64 req-fe7c32c8-2c59-42fb-b55c-0750db6314e5 None None] Starting request: 10.222.0.17 "GET /placement/allocations/d742acf4-a77c-4ff5-9935-241f0b4a2c62" {{(pid=108158) __call__ /opt/stack/placement/placement/requestlog.py:55}}
Aug 31 23:42:04.863415 n-d-852795-1 devstack@placement-api.service[108158]: INFO placement.requestlog [req-74930b5a-0bc1-476d-b5da-df8844db5d64 req-fe7c32c8-2c59-42fb-b55c-0750db6314e5 service placement] 10.222.0.17 "GET /placement/allocations/d742acf4-a77c-4ff5-9935-241f0b4a2c62" status: 200 len: 259 microversion: 1.28
Aug 31 23:42:04.865609 n-d-852795-1 devstack@placement-api.service[108158]: [pid: 108158|app: 0|req: 648/1296] 10.222.0.17 () {60 vars in 1377 bytes} [Wed Aug 31 23:42:04 2022] GET /placement/allocations/d742acf4-a77c-4ff5-9935-241f0b4a2c62 => generated 259 bytes in 19 msecs (HTTP/1.1 200) 8 headers in 296 bytes (2 switches on core 0)
Aug 31 23:42:05.351882 n-d-852795-1 devstack@placement-api.service[108157]: DEBUG placement.requestlog [req-74930b5a-0bc1-476d-b5da-df8844db5d64 req-ace117d1-ce2c-47b5-ba44-42967e8c6acb None None] Starting request: 10.222.0.17 "GET /placement/allocations/63c316b6-8b68-4a85-8560-c19690d4f004" {{(pid=108157) __call__ /opt/stack/placement/placement/requestlog.py:55}}
Aug 31 23:42:05.387237 n-d-852795-1 devstack@placement-api.service[108157]: INFO placement.requestlog [req-74930b5a-0bc1-476d-b5da-df8844db5d64 req-ace117d1-ce2c-47b5-ba44-42967e8c6acb service placement] 10.222.0.17 "GET /placement/allocations/63c316b6-8b68-4a85-8560-c19690d4f004" status: 200 len: 259 microversion: 1.28
Aug 31 23:42:05.387798 n-d-852795-1 devstack@placement-api.service[108157]: [pid: 108157|app: 0|req: 649/1297] 10.222.0.17 () {60 vars in 1377 bytes} [Wed Aug 31 23:42:05 2022] GET /placement/allocations/63c316b6-8b68-4a85-8560-c19690d4f004 => generated 259 bytes in 36 msecs (HTTP/1.1 200) 8 headers in 296 bytes (1 switches on core 0)
Aug 31 23:42:05.399521 n-d-852795-1 devstack@placement-api.service[108158]: DEBUG placement.requestlog [req-74930b5a-0bc1-476d-b5da-df8844db5d64 req-9023ca79-1691-4b72-987f-f9f1fdfd0c70 None None] Starting request: 10.222.0.17 "GET /placement/allocations/33caeb58-3583-41c1-8506-5b506319485e" {{(pid=108158) __call__ /opt/stack/placement/placement/requestlog.py:55}}
Aug 31 23:42:05.427466 n-d-852795-1 devstack@placement-api.service[108158]: INFO placement.requestlog [req-74930b5a-0bc1-476d-b5da-df8844db5d64 req-9023ca79-1691-4b72-987f-f9f1fdfd0c70 service placement] 10.222.0.17 "GET /placement/allocations/33caeb58-3583-41c1-8506-5b506319485e" status: 200 len: 259 microversion: 1.28
Aug 31 23:42:05.428104 n-d-852795-1 devstack@placement-api.service[108158]: [pid: 108158|app: 0|req: 649/1298] 10.222.0.17 () {60 vars in 1377 bytes} [Wed Aug 31 23:42:05 2022] GET /placement/allocations/33caeb58-3583-41c1-8506-5b506319485e => generated 259 bytes in 29 msecs (HTTP/1.1 200) 8 headers in 296 bytes (2 switches on core 0)
Aug 31 23:42:05.442940 n-d-852795-1 devstack@placement-api.service[108157]: DEBUG placement.requestlog [req-74930b5a-0bc1-476d-b5da-df8844db5d64 req-05a57a8d-d5fc-49cc-9def-51e45c677153 None None] Starting request: 10.222.0.17 "GET /placement/allocations/fc83f002-ffa4-4e60-a572-abf57482ebb2" {{(pid=108157) __call__ /opt/stack/placement/placement/requestlog.py:55}}
Aug 31 23:42:05.467244 n-d-852795-1 devstack@placement-api.service[108157]: INFO placement.requestlog [req-74930b5a-0bc1-476d-b5da-df8844db5d64 req-05a57a8d-d5fc-49cc-9def-51e45c677153 service placement] 10.222.0.17 "GET /placement/allocations/fc83f002-ffa4-4e60-a572-abf57482ebb2" status: 200 len: 259 microversion: 1.28
Aug 31 23:42:05.467976 n-d-852795-1 devstack@placement-api.service[108157]: [pid: 108157|app: 0|req: 650/1299] 10.222.0.17 () {60 vars in 1377 bytes} [Wed Aug 31 23:42:05 2022] GET /placement/allocations/fc83f002-ffa4-4e60-a572-abf57482ebb2 => generated 259 bytes in 30 msecs (HTTP/1.1 200) 8 headers in 296 bytes (1 switches on core 0)
Aug 31 23:42:05.489428 n-d-852795-1 devstack@placement-api.service[108158]: DEBUG placement.requestlog [req-74930b5a-0bc1-476d-b5da-df8844db5d64 req-e9fc883f-d591-4db0-8512-2416bca9b860 None None] Starting request: 10.222.0.17 "GET /placement/allocations/b66efd31-a937-4ed7-80e9-ab21f32bf7b7" {{(pid=108158) __call__ /opt/stack/placement/placement/requestlog.py:55}}
Aug 31 23:42:05.508647 n-d-852795-1 devstack@placement-api.service[108158]: INFO placement.requestlog [req-74930b5a-0bc1-476d-b5da-df8844db5d64 req-e9fc883f-d591-4db0-8512-2416bca9b860 service placement] 10.222.0.17 "GET /placement/allocations/b66efd31-a937-4ed7-80e9-ab21f32bf7b7" status: 200 len: 259 microversion: 1.28
Aug 31 23:42:05.509178 n-d-852795-1 devstack@placement-api.service[108158]: [pid: 108158|app: 0|req: 650/1300] 10.222.0.17 () {60 vars in 1377 bytes} [Wed Aug 31 23:42:05 2022] GET /placement/allocations/b66efd31-a937-4ed7-80e9-ab21f32bf7b7 => generated 259 bytes in 20 msecs (HTTP/1.1 200) 8 headers in 296 bytes (1 switches on core 0)
Aug 31 23:42:11.046860 n-d-852795-1 devstack@placement-api.service[108157]: DEBUG placement.requestlog [req-87a0e742-1b83-4e4e-a7ce-862b6ecd8bdd req-c0e7d7b2-b44e-4525-bed3-9594f178cb60 None None] Starting request: 10.222.0.47 "GET /placement/resource_providers/78361d9e-9ce3-4b54-bfdf-33ea332ff08e/allocations" {{(pid=108157) __call__ /opt/stack/placement/placement/requestlog.py:55}}
