Aug 26 19:04:53.305003 n-d-852771-9 devstack@placement-api.service[107678]: DEBUG placement.objects.research_context [req-7d43d7ca-1ae2-44bf-a74d-f438ef278199 req-dee94623-d2c8-4212-9c21-1a20daad389a service placement] found 2 providers with available 1 DISK_GB {{(pid=107678) get_provider_ids_matching /opt/stack/placement/placement/objects/research_context.py:563}}
Aug 26 19:04:53.305330 n-d-852771-9 devstack@placement-api.service[107678]: DEBUG placement.objects.research_context [req-7d43d7ca-1ae2-44bf-a74d-f438ef278199 req-dee94623-d2c8-4212-9c21-1a20daad389a service placement] found 2 providers with available 1024 MEMORY_MB {{(pid=107678) get_provider_ids_matching /opt/stack/placement/placement/objects/research_context.py:563}}
Aug 26 19:04:53.305673 n-d-852771-9 devstack@placement-api.service[107678]: DEBUG placement.objects.research_context [req-7d43d7ca-1ae2-44bf-a74d-f438ef278199 req-dee94623-d2c8-4212-9c21-1a20daad389a service placement] found 2 providers after filtering by previous result {{(pid=107678) get_provider_ids_matching /opt/stack/placement/placement/objects/research_context.py:594}}
Aug 26 19:04:53.305845 n-d-852771-9 devstack@placement-api.service[107678]: DEBUG placement.objects.research_context [req-7d43d7ca-1ae2-44bf-a74d-f438ef278199 req-dee94623-d2c8-4212-9c21-1a20daad389a service placement] found 2 providers with available 1 VCPU {{(pid=107678) get_provider_ids_matching /opt/stack/placement/placement/objects/research_context.py:563}}
Aug 26 19:04:53.306228 n-d-852771-9 devstack@placement-api.service[107678]: DEBUG placement.objects.research_context [req-7d43d7ca-1ae2-44bf-a74d-f438ef278199 req-dee94623-d2c8-4212-9c21-1a20daad389a service placement] found 2 providers after filtering by previous result {{(pid=107678) get_provider_ids_matching /opt/stack/placement/placement/objects/research_context.py:594}}
Aug 26 19:04:53.323184 n-d-852771-9 devstack@placement-api.service[107678]: DEBUG placement.objects.allocation_candidate [req-7d43d7ca-1ae2-44bf-a74d-f438ef278199 req-dee94623-d2c8-4212-9c21-1a20daad389a service placement] RequestGroup(use_same_provider=False, resources={DISK_GB:1, MEMORY_MB:1024, VCPU:1}, traits=(), aggregates=[]) (suffix '') returned 2 matches {{(pid=107678) _get_by_requests /opt/stack/placement/placement/objects/allocation_candidate.py:156}}
Aug 26 19:04:53.324092 n-d-852771-9 devstack@placement-api.service[107678]: DEBUG placement.objects.allocation_candidate [req-7d43d7ca-1ae2-44bf-a74d-f438ef278199 req-dee94623-d2c8-4212-9c21-1a20daad389a service placement] Merging candidates yields 2 allocation requests and 2 provider summaries {{(pid=107678) _merge_candidates /opt/stack/placement/placement/objects/allocation_candidate.py:809}}
Aug 26 19:04:53.327192 n-d-852771-9 devstack@placement-api.service[107678]: INFO placement.requestlog [req-7d43d7ca-1ae2-44bf-a74d-f438ef278199 req-dee94623-d2c8-4212-9c21-1a20daad389a service placement] 10.222.0.59 "GET /placement/allocation_candidates?limit=1000&resources=DISK_GB%3A1%2CMEMORY_MB%3A1024%2CVCPU%3A1&root_required=%21COMPUTE_STATUS_DISABLED" status: 200 len: 1309 microversion: 1.36
Aug 26 19:04:53.328036 n-d-852771-9 devstack@placement-api.service[107678]: [pid: 107678|app: 0|req: 237/479] 10.222.0.59 () {60 vars in 1506 bytes} [Fri Aug 26 19:04:53 2022] GET /placement/allocation_candidates?limit=1000&resources=DISK_GB%3A1%2CMEMORY_MB%3A1024%2CVCPU%3A1&root_required=%21COMPUTE_STATUS_DISABLED => generated 1309 bytes in 139 msecs (HTTP/1.1 200) 8 headers in 297 bytes (1 switches on core 0)
Aug 26 19:04:53.491555 n-d-852771-9 devstack@placement-api.service[107679]: DEBUG placement.requestlog [req-7d43d7ca-1ae2-44bf-a74d-f438ef278199 req-d32e1c14-3016-4cd4-b390-f15070ada9c1 None None] Starting request: 10.222.0.59 "GET /placement/allocations/dbd88ba4-4e85-492e-a35d-5ac741912928" {{(pid=107679) __call__ /opt/stack/placement/placement/requestlog.py:55}}
Aug 26 19:04:53.509868 n-d-852771-9 devstack@placement-api.service[107679]: INFO placement.requestlog [req-7d43d7ca-1ae2-44bf-a74d-f438ef278199 req-d32e1c14-3016-4cd4-b390-f15070ada9c1 service placement] 10.222.0.59 "GET /placement/allocations/dbd88ba4-4e85-492e-a35d-5ac741912928" status: 200 len: 19 microversion: 1.28
Aug 26 19:04:53.512148 n-d-852771-9 devstack@placement-api.service[107679]: [pid: 107679|app: 0|req: 243/480] 10.222.0.59 () {60 vars in 1380 bytes} [Fri Aug 26 19:04:53 2022] GET /placement/allocations/dbd88ba4-4e85-492e-a35d-5ac741912928 => generated 19 bytes in 21 msecs (HTTP/1.1 200) 8 headers in 295 bytes (1 switches on core 0)
Aug 26 19:04:53.522241 n-d-852771-9 devstack@placement-api.service[107678]: DEBUG placement.requestlog [req-7d43d7ca-1ae2-44bf-a74d-f438ef278199 req-748e26f0-730e-4c37-ac45-fa4d3d03310d None None] Starting request: 10.222.0.59 "PUT /placement/allocations/dbd88ba4-4e85-492e-a35d-5ac741912928" {{(pid=107678) __call__ /opt/stack/placement/placement/requestlog.py:55}}
Aug 26 19:04:53.686698 n-d-852771-9 devstack@placement-api.service[107678]: DEBUG dbcounter [-] [107678] Writing DB stats placement:SELECT=85,placement:INSERT=10,placement:DELETE=3,placement:UPDATE=2 {{(pid=107678) stat_writer /usr/local/lib/python3.8/dist-packages/dbcounter.py:114}}
Aug 26 19:04:53.707765 n-d-852771-9 devstack@placement-api.service[107678]: DEBUG placement.handlers.allocation [req-7d43d7ca-1ae2-44bf-a74d-f438ef278199 req-748e26f0-730e-4c37-ac45-fa4d3d03310d service placement] Successfully wrote allocations [, , ] {{(pid=107678) _update_consumers_and_create_allocations /opt/stack/placement/placement/handlers/allocation.py:462}}
Aug 26 19:04:53.715442 n-d-852771-9 devstack@placement-api.service[107678]: INFO placement.requestlog [req-7d43d7ca-1ae2-44bf-a74d-f438ef278199 req-748e26f0-730e-4c37-ac45-fa4d3d03310d service placement] 10.222.0.59 "PUT /placement/allocations/dbd88ba4-4e85-492e-a35d-5ac741912928" status: 204 len: 0 microversion: 1.36
Aug 26 19:04:53.716221 n-d-852771-9 devstack@placement-api.service[107678]: [pid: 107678|app: 0|req: 238/481] 10.222.0.59 () {64 vars in 1433 bytes} [Fri Aug 26 19:04:53 2022] PUT /placement/allocations/dbd88ba4-4e85-492e-a35d-5ac741912928 => generated 0 bytes in 197 msecs (HTTP/1.1 204) 5 headers in 199 bytes (1 switches on core 0)
Aug 26 19:04:54.375608 n-d-852771-9 devstack@placement-api.service[107679]: DEBUG placement.requestlog [req-7d43d7ca-1ae2-44bf-a74d-f438ef278199 req-7a64ccfd-822f-4016-8152-eb000b3b407e None None] Starting request: 10.222.0.47 "GET /placement/allocations/dbd88ba4-4e85-492e-a35d-5ac741912928" {{(pid=107679) __call__ /opt/stack/placement/placement/requestlog.py:55}}
Aug 26 19:04:54.396818 n-d-852771-9 devstack@placement-api.service[107679]: INFO placement.requestlog [req-7d43d7ca-1ae2-44bf-a74d-f438ef278199 req-7a64ccfd-822f-4016-8152-eb000b3b407e service placement] 10.222.0.47 "GET /placement/allocations/dbd88ba4-4e85-492e-a35d-5ac741912928" status: 200 len: 259 microversion: 1.28
Aug 26 19:04:54.397657 n-d-852771-9 devstack@placement-api.service[107679]: [pid: 107679|app: 0|req: 244/482] 10.222.0.47 () {60 vars in 1377 bytes} [Fri Aug 26 19:04:54 2022] GET /placement/allocations/dbd88ba4-4e85-492e-a35d-5ac741912928 => generated 259 bytes in 22 msecs (HTTP/1.1 200) 8 headers in 296 bytes (1 switches on core 0)
Aug 26 19:04:54.853516 n-d-852771-9 devstack@placement-api.service[107678]: DEBUG placement.requestlog [req-7d43d7ca-1ae2-44bf-a74d-f438ef278199 req-0cf86ba2-8deb-49ae-80b3-4fa3384c281f None None] Starting request: 10.222.0.47 "GET /placement/resource_providers/bf526495-0d98-42a5-8278-354bb5053f49/allocations" {{(pid=107678) __call__ /opt/stack/placement/placement/requestlog.py:55}}
Aug 26 19:04:54.891123 n-d-852771-9 devstack@placement-api.service[107678]: INFO placement.requestlog [req-7d43d7ca-1ae2-44bf-a74d-f438ef278199 req-0cf86ba2-8deb-49ae-80b3-4fa3384c281f service placement] 10.222.0.47 "GET /placement/resource_providers/bf526495-0d98-42a5-8278-354bb5053f49/allocations" status: 200 len: 760 microversion: 1.0
Aug 26 19:04:54.892138 n-d-852771-9 devstack@placement-api.service[107678]: [pid: 107678|app: 0|req: 239/483] 10.222.0.47 () {58 vars in 1390 bytes} [Fri Aug 26 19:04:54 2022] GET /placement/resource_providers/bf526495-0d98-42a5-8278-354bb5053f49/allocations => generated 760 bytes in 39 msecs (HTTP/1.1 200) 6 headers in 224 bytes (1 switches on core 0)
Aug 26 19:04:54.902112 n-d-852771-9 devstack@placement-api.service[107679]: DEBUG placement.requestlog [req-7d43d7ca-1ae2-44bf-a74d-f438ef278199 req-000a4912-ed24-4e57-8224-8612fdfa5e94 None None] Starting request: 10.222.0.47 "GET /placement/allocations/ace89c0b-0e55-48a5-9d86-3c6d58c99e10" {{(pid=107679) __call__ /opt/stack/placement/placement/requestlog.py:55}}
Aug 26 19:04:54.936256 n-d-852771-9 devstack@placement-api.service[107679]: INFO placement.requestlog [req-7d43d7ca-1ae2-44bf-a74d-f438ef278199 req-000a4912-ed24-4e57-8224-8612fdfa5e94 service placement] 10.222.0.47 "GET /placement/allocations/ace89c0b-0e55-48a5-9d86-3c6d58c99e10" status: 200 len: 259 microversion: 1.28
Aug 26 19:04:54.936898 n-d-852771-9 devstack@placement-api.service[107679]: [pid: 107679|app: 0|req: 245/484] 10.222.0.47 () {60 vars in 1377 bytes} [Fri Aug 26 19:04:54 2022] GET /placement/allocations/ace89c0b-0e55-48a5-9d86-3c6d58c99e10 => generated 259 bytes in 35 msecs (HTTP/1.1 200) 8 headers in 296 bytes (1 switches on core 0)
Aug 26 19:04:54.945143 n-d-852771-9 devstack@placement-api.service[107678]: DEBUG placement.requestlog [req-7d43d7ca-1ae2-44bf-a74d-f438ef278199 req-1627df01-d744-4486-9a66-82567f119969 None None] Starting request: 10.222.0.47 "GET /placement/allocations/dbd88ba4-4e85-492e-a35d-5ac741912928" {{(pid=107678) __call__ /opt/stack/placement/placement/requestlog.py:55}}
Aug 26 19:04:54.979808 n-d-852771-9 devstack@placement-api.service[107678]: INFO placement.requestlog [req-7d43d7ca-1ae2-44bf-a74d-f438ef278199 req-1627df01-d744-4486-9a66-82567f119969 service placement] 10.222.0.47 "GET /placement/allocations/dbd88ba4-4e85-492e-a35d-5ac741912928" status: 200 len: 259 microversion: 1.28
Aug 26 19:04:54.982707 n-d-852771-9 devstack@placement-api.service[107678]: [pid: 107678|app: 0|req: 240/485] 10.222.0.47 () {60 vars in 1377 bytes} [Fri Aug 26 19:04:54 2022] GET /placement/allocations/dbd88ba4-4e85-492e-a35d-5ac741912928 => generated 259 bytes in 38 msecs (HTTP/1.1 200) 8 headers in 296 bytes (1 switches on core 0)
Aug 26 19:04:55.007191 n-d-852771-9 devstack@placement-api.service[107679]: DEBUG placement.requestlog [req-7d43d7ca-1ae2-44bf-a74d-f438ef278199 req-9ab53f30-5d58-4b2c-a8f8-ed35a30d48fa None None] Starting request: 10.222.0.47 "GET /placement/allocations/1777f0ad-2c1a-4f0d-9e00-dedcb5ac28b0" {{(pid=107679) __call__ /opt/stack/placement/placement/requestlog.py:55}}
Aug 26 19:04:55.033148 n-d-852771-9 devstack@placement-api.service[107679]: INFO placement.requestlog [req-7d43d7ca-1ae2-44bf-a74d-f438ef278199 req-9ab53f30-5d58-4b2c-a8f8-ed35a30d48fa service placement] 10.222.0.47 "GET /placement/allocations/1777f0ad-2c1a-4f0d-9e00-dedcb5ac28b0" status: 200 len: 259 microversion: 1.28
Aug 26 19:04:55.034190 n-d-852771-9 devstack@placement-api.service[107679]: [pid: 107679|app: 0|req: 246/486] 10.222.0.47 () {60 vars in 1377 bytes} [Fri Aug 26 19:04:55 2022] GET /placement/allocations/1777f0ad-2c1a-4f0d-9e00-dedcb5ac28b0 => generated 259 bytes in 27 msecs (HTTP/1.1 200) 8 headers in 296 bytes (1 switches on core 0)
Aug 26 19:04:55.064178 n-d-852771-9 devstack@placement-api.service[107678]: DEBUG placement.requestlog [req-7d43d7ca-1ae2-44bf-a74d-f438ef278199 req-834d595d-8b67-4498-84b1-b07fb924b404 None None] Starting request: 10.222.0.47 "GET /placement/allocations/220062aa-bbc1-42b3-bb30-85dc32fbdbf2" {{(pid=107678) __call__ /opt/stack/placement/placement/requestlog.py:55}}
Aug 26 19:04:55.114359 n-d-852771-9 devstack@placement-api.service[107678]: INFO placement.requestlog [req-7d43d7ca-1ae2-44bf-a74d-f438ef278199 req-834d595d-8b67-4498-84b1-b07fb924b404 service placement] 10.222.0.47 "GET /placement/allocations/220062aa-bbc1-42b3-bb30-85dc32fbdbf2" status: 200 len: 259 microversion: 1.28
Aug 26 19:04:55.115489 n-d-852771-9 devstack@placement-api.service[107678]: [pid: 107678|app: 0|req: 241/487] 10.222.0.47 () {60 vars in 1377 bytes} [Fri Aug 26 19:04:55 2022] GET /placement/allocations/220062aa-bbc1-42b3-bb30-85dc32fbdbf2 => generated 259 bytes in 52 msecs (HTTP/1.1 200) 8 headers in 296 bytes (2 switches on core 0)
Aug 26 19:04:55.121908 n-d-852771-9 devstack@placement-api.service[107679]: DEBUG placement.requestlog [req-733f2e0e-f803-4c17-aecc-5f571148c0a7 req-6b37dee4-6892-48a7-af58-d1ec7f2d5eb8 None None] Starting request: 10.222.0.47 "GET /placement/resource_providers/bf526495-0d98-42a5-8278-354bb5053f49/allocations" {{(pid=107679) __call__ /opt/stack/placement/placement/requestlog.py:55}}
Aug 26 19:04:55.131187 n-d-852771-9 devstack@placement-api.service[107678]: DEBUG placement.requestlog [req-7d43d7ca-1ae2-44bf-a74d-f438ef278199 req-46d93c03-71d2-4c76-997d-3ab3b3cbf15d None None] Starting request: 10.222.0.47 "GET /placement/allocations/c727e5aa-e3dd-45f5-8528-4ab75b97485b" {{(pid=107678) __call__ /opt/stack/placement/placement/requestlog.py:55}}
Aug 26 19:04:55.182231 n-d-852771-9 devstack@placement-api.service[107678]: INFO placement.requestlog [req-7d43d7ca-1ae2-44bf-a74d-f438ef278199 req-46d93c03-71d2-4c76-997d-3ab3b3cbf15d service placement] 10.222.0.47 "GET /placement/allocations/c727e5aa-e3dd-45f5-8528-4ab75b97485b" status: 200 len: 259 microversion: 1.28
Aug 26 19:04:55.184182 n-d-852771-9 devstack@placement-api.service[107679]: INFO placement.requestlog [req-733f2e0e-f803-4c17-aecc-5f571148c0a7 req-6b37dee4-6892-48a7-af58-d1ec7f2d5eb8 service placement] 10.222.0.47 "GET /placement/resource_providers/bf526495-0d98-42a5-8278-354bb5053f49/allocations" status: 200 len: 760 microversion: 1.0
Aug 26 19:04:55.184944 n-d-852771-9 devstack@placement-api.service[107678]: [pid: 107678|app: 0|req: 242/488] 10.222.0.47 () {60 vars in 1377 bytes} [Fri Aug 26 19:04:55 2022] GET /placement/allocations/c727e5aa-e3dd-45f5-8528-4ab75b97485b => generated 259 bytes in 54 msecs (HTTP/1.1 200) 8 headers in 296 bytes (1 switches on core 0)
Aug 26 19:04:55.185903 n-d-852771-9 devstack@placement-api.service[107679]: [pid: 107679|app: 0|req: 247/489] 10.222.0.47 () {58 vars in 1390 bytes} [Fri Aug 26 19:04:55 2022] GET /placement/resource_providers/bf526495-0d98-42a5-8278-354bb5053f49/allocations => generated 760 bytes in 64 msecs (HTTP/1.1 200) 6 headers in 224 bytes (1 switches on core 0)
Aug 26 19:04:55.194127 n-d-852771-9 devstack@placement-api.service[107678]: DEBUG placement.requestlog [req-7d43d7ca-1ae2-44bf-a74d-f438ef278199 req-5141dcc8-cb1a-4ad0-8775-c7e2fa2819cb None None] Starting request: 10.222.0.47 "GET /placement/allocations/d203e7b6-2f42-4c4e-adbd-7a97792ef521" {{(pid=107678) __call__ /opt/stack/placement/placement/requestlog.py:55}}
Aug 26 19:04:55.195928 n-d-852771-9 devstack@placement-api.service[107679]: DEBUG placement.requestlog [req-733f2e0e-f803-4c17-aecc-5f571148c0a7 req-e7657456-9463-463d-8608-3c78260f54d2 None None] Starting request: 10.222.0.47 "GET /placement/allocations/ace89c0b-0e55-48a5-9d86-3c6d58c99e10" {{(pid=107679) __call__ /opt/stack/placement/placement/requestlog.py:55}}
Aug 26 19:04:55.228348 n-d-852771-9 devstack@placement-api.service[107679]: INFO placement.requestlog [req-733f2e0e-f803-4c17-aecc-5f571148c0a7 req-e7657456-9463-463d-8608-3c78260f54d2 service placement] 10.222.0.47 "GET /placement/allocations/ace89c0b-0e55-48a5-9d86-3c6d58c99e10" status: 200 len: 259 microversion: 1.28
Aug 26 19:04:55.229061 n-d-852771-9 devstack@placement-api.service[107679]: [pid: 107679|app: 0|req: 248/490] 10.222.0.47 () {60 vars in 1377 bytes} [Fri Aug 26 19:04:55 2022] GET /placement/allocations/ace89c0b-0e55-48a5-9d86-3c6d58c99e10 => generated 259 bytes in 33 msecs (HTTP/1.1 200) 8 headers in 296 bytes (2 switches on core 0)
Aug 26 19:04:55.235798 n-d-852771-9 devstack@placement-api.service[107678]: INFO placement.requestlog [req-7d43d7ca-1ae2-44bf-a74d-f438ef278199 req-5141dcc8-cb1a-4ad0-8775-c7e2fa2819cb service placement] 10.222.0.47 "GET /placement/allocations/d203e7b6-2f42-4c4e-adbd-7a97792ef521" status: 200 len: 259 microversion: 1.28
Aug 26 19:04:55.238028 n-d-852771-9 devstack@placement-api.service[107678]: [pid: 107678|app: 0|req: 243/491] 10.222.0.47 () {60 vars in 1377 bytes} [Fri Aug 26 19:04:55 2022] GET /placement/allocations/d203e7b6-2f42-4c4e-adbd-7a97792ef521 => generated 259 bytes in 44 msecs (HTTP/1.1 200) 8 headers in 296 bytes (2 switches on core 0)
Aug 26 19:04:55.244758 n-d-852771-9 devstack@placement-api.service[107679]: DEBUG placement.requestlog [req-733f2e0e-f803-4c17-aecc-5f571148c0a7 req-1fb95529-edca-4a54-a607-75048fc6470a None None] Starting request: 10.222.0.47 "GET /placement/allocations/dbd88ba4-4e85-492e-a35d-5ac741912928" {{(pid=107679) __call__ /opt/stack/placement/placement/requestlog.py:55}}
Aug 26 19:04:55.249902 n-d-852771-9 devstack@placement-api.service[107678]: DEBUG placement.requestlog [req-7d43d7ca-1ae2-44bf-a74d-f438ef278199 req-69bd0bd1-11d0-4c42-8c36-11a31653f763 None None] Starting request: 10.222.0.47 "GET /placement/allocations/6e27e106-ca90-4058-b1b3-0f69d3abbd5b" {{(pid=107678) __call__ /opt/stack/placement/placement/requestlog.py:55}}
Aug 26 19:04:55.278024 n-d-852771-9 devstack@placement-api.service[107679]: INFO placement.requestlog [req-733f2e0e-f803-4c17-aecc-5f571148c0a7 req-1fb95529-edca-4a54-a607-75048fc6470a service placement] 10.222.0.47 "GET /placement/allocations/dbd88ba4-4e85-492e-a35d-5ac741912928" status: 200 len: 259 microversion: 1.28
Aug 26 19:04:55.278525 n-d-852771-9 devstack@placement-api.service[107679]: [pid: 107679|app: 0|req: 249/492] 10.222.0.47 () {60 vars in 1377 bytes} [Fri Aug 26 19:04:55 2022] GET /placement/allocations/dbd88ba4-4e85-492e-a35d-5ac741912928 => generated 259 bytes in 34 msecs (HTTP/1.1 200) 8 headers in 296 bytes (1 switches on core 0)
Aug 26 19:04:55.291404 n-d-852771-9 devstack@placement-api.service[107679]: DEBUG placement.requestlog [req-733f2e0e-f803-4c17-aecc-5f571148c0a7 req-eee4b8d4-3631-43bc-8471-eef2ade16ab8 None None] Starting request: 10.222.0.47 "GET /placement/allocations/1777f0ad-2c1a-4f0d-9e00-dedcb5ac28b0" {{(pid=107679) __call__ /opt/stack/placement/placement/requestlog.py:55}}
Aug 26 19:04:55.294722 n-d-852771-9 devstack@placement-api.service[107678]: INFO placement.requestlog [req-7d43d7ca-1ae2-44bf-a74d-f438ef278199 req-69bd0bd1-11d0-4c42-8c36-11a31653f763 service placement] 10.222.0.47 "GET /placement/allocations/6e27e106-ca90-4058-b1b3-0f69d3abbd5b" status: 200 len: 259 microversion: 1.28
Aug 26 19:04:55.295110 n-d-852771-9 devstack@placement-api.service[107678]: [pid: 107678|app: 0|req: 244/493] 10.222.0.47 () {60 vars in 1377 bytes} [Fri Aug 26 19:04:55 2022] GET /placement/allocations/6e27e106-ca90-4058-b1b3-0f69d3abbd5b => generated 259 bytes in 46 msecs (HTTP/1.1 200) 8 headers in 296 bytes (2 switches on core 0)
Aug 26 19:04:55.316589 n-d-852771-9 devstack@placement-api.service[107679]: INFO placement.requestlog [req-733f2e0e-f803-4c17-aecc-5f571148c0a7 req-eee4b8d4-3631-43bc-8471-eef2ade16ab8 service placement] 10.222.0.47 "GET /placement/allocations/1777f0ad-2c1a-4f0d-9e00-dedcb5ac28b0" status: 200 len: 259 microversion: 1.28
Aug 26 19:04:55.317823 n-d-852771-9 devstack@placement-api.service[107679]: [pid: 107679|app: 0|req: 250/494] 10.222.0.47 () {60 vars in 1377 bytes} [Fri Aug 26 19:04:55 2022] GET /placement/allocations/1777f0ad-2c1a-4f0d-9e00-dedcb5ac28b0 => generated 259 bytes in 31 msecs (HTTP/1.1 200) 8 headers in 296 bytes (2 switches on core 0)
Aug 26 19:04:55.327288 n-d-852771-9 devstack@placement-api.service[107678]: DEBUG placement.requestlog [req-733f2e0e-f803-4c17-aecc-5f571148c0a7 req-6762b171-832b-4998-ad1b-a7134869a2e9 None None] Starting request: 10.222.0.47 "GET /placement/allocations/220062aa-bbc1-42b3-bb30-85dc32fbdbf2" {{(pid=107678) __call__ /opt/stack/placement/placement/requestlog.py:55}}
Aug 26 19:04:55.353210 n-d-852771-9 devstack@placement-api.service[107678]: INFO placement.requestlog [req-733f2e0e-f803-4c17-aecc-5f571148c0a7 req-6762b171-832b-4998-ad1b-a7134869a2e9 service placement] 10.222.0.47 "GET /placement/allocations/220062aa-bbc1-42b3-bb30-85dc32fbdbf2" status: 200 len: 259 microversion: 1.28
Aug 26 19:04:55.354272 n-d-852771-9 devstack@placement-api.service[107678]: [pid: 107678|app: 0|req: 245/495] 10.222.0.47 () {60 vars in 1377 bytes} [Fri Aug 26 19:04:55 2022] GET /placement/allocations/220062aa-bbc1-42b3-bb30-85dc32fbdbf2 => generated 259 bytes in 28 msecs (HTTP/1.1 200) 8 headers in 296 bytes (2 switches on core 0)
Aug 26 19:04:55.555598 n-d-852771-9 devstack@placement-api.service[107679]: DEBUG placement.requestlog [req-733f2e0e-f803-4c17-aecc-5f571148c0a7 req-16e0fc76-ead2-46fc-89b0-f3617ff038bb None None] Starting request: 10.222.0.47 "GET /placement/allocations/c727e5aa-e3dd-45f5-8528-4ab75b97485b" {{(pid=107679) __call__ /opt/stack/placement/placement/requestlog.py:55}}
Aug 26 19:04:55.598946 n-d-852771-9 devstack@placement-api.service[107679]: INFO placement.requestlog [req-733f2e0e-f803-4c17-aecc-5f571148c0a7 req-16e0fc76-ead2-46fc-89b0-f3617ff038bb service placement] 10.222.0.47 "GET /placement/allocations/c727e5aa-e3dd-45f5-8528-4ab75b97485b" status: 200 len: 259 microversion: 1.28
Aug 26 19:04:55.601575 n-d-852771-9 devstack@placement-api.service[107679]: [pid: 107679|app: 0|req: 251/496] 10.222.0.47 () {60 vars in 1377 bytes} [Fri Aug 26 19:04:55 2022] GET /placement/allocations/c727e5aa-e3dd-45f5-8528-4ab75b97485b => generated 259 bytes in 46 msecs (HTTP/1.1 200) 8 headers in 296 bytes (1 switches on core 0)
Aug 26 19:04:55.610860 n-d-852771-9 devstack@placement-api.service[107678]: DEBUG placement.requestlog [req-733f2e0e-f803-4c17-aecc-5f571148c0a7 req-372d0503-d289-4a35-9b2b-fffa2dc67aba None None] Starting request: 10.222.0.47 "GET /placement/allocations/d203e7b6-2f42-4c4e-adbd-7a97792ef521" {{(pid=107678) __call__ /opt/stack/placement/placement/requestlog.py:55}}
Aug 26 19:04:55.626994 n-d-852771-9 devstack@placement-api.service[107678]: INFO placement.requestlog [req-733f2e0e-f803-4c17-aecc-5f571148c0a7 req-372d0503-d289-4a35-9b2b-fffa2dc67aba service placement] 10.222.0.47 "GET /placement/allocations/d203e7b6-2f42-4c4e-adbd-7a97792ef521" status: 200 len: 259 microversion: 1.28
Aug 26 19:04:55.628439 n-d-852771-9 devstack@placement-api.service[107678]: [pid: 107678|app: 0|req: 246/497] 10.222.0.47 () {60 vars in 1377 bytes} [Fri Aug 26 19:04:55 2022] GET /placement/allocations/d203e7b6-2f42-4c4e-adbd-7a97792ef521 => generated 259 bytes in 18 msecs (HTTP/1.1 200) 8 headers in 296 bytes (1 switches on core 0)
Aug 26 19:04:55.635980 n-d-852771-9 devstack@placement-api.service[107679]: DEBUG placement.requestlog [req-733f2e0e-f803-4c17-aecc-5f571148c0a7 req-6ef20b24-615b-4aa3-9547-e41fe33f8680 None None] Starting request: 10.222.0.47 "GET /placement/allocations/6e27e106-ca90-4058-b1b3-0f69d3abbd5b" {{(pid=107679) __call__ /opt/stack/placement/placement/requestlog.py:55}}
Aug 26 19:04:55.669351 n-d-852771-9 devstack@placement-api.service[107679]: INFO placement.requestlog [req-733f2e0e-f803-4c17-aecc-5f571148c0a7 req-6ef20b24-615b-4aa3-9547-e41fe33f8680 service placement] 10.222.0.47 "GET /placement/allocations/6e27e106-ca90-4058-b1b3-0f69d3abbd5b" status: 200 len: 259 microversion: 1.28
Aug 26 19:04:55.670489 n-d-852771-9 devstack@placement-api.service[107679]: [pid: 107679|app: 0|req: 252/498] 10.222.0.47 () {60 vars in 1377 bytes} [Fri Aug 26 19:04:55 2022] GET /placement/allocations/6e27e106-ca90-4058-b1b3-0f69d3abbd5b => generated 259 bytes in 35 msecs (HTTP/1.1 200) 8 headers in 296 bytes (1 switches on core 0)
Aug 26 19:04:55.986049 n-d-852771-9 devstack@placement-api.service[107678]: DEBUG placement.requestlog [req-733f2e0e-f803-4c17-aecc-5f571148c0a7 req-dd8653ce-65db-45cd-8f71-be6b476f5af9 None None] Starting request: 10.222.0.47 "DELETE /placement/allocations/ace89c0b-0e55-48a5-9d86-3c6d58c99e10" {{(pid=107678) __call__ /opt/stack/placement/placement/requestlog.py:55}}
Aug 26 19:04:56.057125 n-d-852771-9 devstack@placement-api.service[107678]: DEBUG placement.handlers.allocation [req-733f2e0e-f803-4c17-aecc-5f571148c0a7 req-dd8653ce-65db-45cd-8f71-be6b476f5af9 service placement] Successfully deleted allocations [, , ] {{(pid=107678) delete_allocations /opt/stack/placement/placement/handlers/allocation.py:627}}
Aug 26 19:04:56.057911 n-d-852771-9 devstack@placement-api.service[107678]: INFO placement.requestlog [req-733f2e0e-f803-4c17-aecc-5f571148c0a7 req-dd8653ce-65db-45cd-8f71-be6b476f5af9 service placement] 10.222.0.47 "DELETE /placement/allocations/ace89c0b-0e55-48a5-9d86-3c6d58c99e10" status: 204 len: 0 microversion: 1.0
Aug 26 19:04:56.058812 n-d-852771-9 devstack@placement-api.service[107678]: [pid: 107678|app: 0|req: 247/499] 10.222.0.47 () {60 vars in 1355 bytes} [Fri Aug 26 19:04:55 2022] DELETE /placement/allocations/ace89c0b-0e55-48a5-9d86-3c6d58c99e10 => generated 0 bytes in 73 msecs (HTTP/1.1 204) 5 headers in 198 bytes (1 switches on core 0)
Aug 26 19:05:05.661456 n-d-852771-9 devstack@placement-api.service[107679]: DEBUG dbcounter [-] [107679] Writing DB stats placement:SELECT=52 {{(pid=107679) stat_writer /usr/local/lib/python3.8/dist-packages/dbcounter.py:114}}
Aug 26 19:05:06.049821 n-d-852771-9 devstack@placement-api.service[107678]: DEBUG dbcounter [-] [107678] Writing DB stats placement:UPDATE=2,placement:SELECT=42,placement:DELETE=3 {{(pid=107678) stat_writer /usr/local/lib/python3.8/dist-packages/dbcounter.py:114}}
Aug 26 19:05:11.343098 n-d-852771-9 devstack@placement-api.service[107679]: DEBUG placement.requestlog [req-8f1dbf68-8d98-44a7-bb74-7b82cd9040dc req-f76d7313-3116-4efe-bd49-b9033cadd4b5 None None] Starting request: 10.222.0.52 "GET /placement/allocations/6b07f376-d536-4773-bfb5-e7c3d60c7a1e" {{(pid=107679) __call__ /opt/stack/placement/placement/requestlog.py:55}}
Aug 26 19:05:11.360178 n-d-852771-9 devstack@placement-api.service[107679]: INFO placement.requestlog [req-8f1dbf68-8d98-44a7-bb74-7b82cd9040dc req-f76d7313-3116-4efe-bd49-b9033cadd4b5 service placement] 10.222.0.52 "GET /placement/allocations/6b07f376-d536-4773-bfb5-e7c3d60c7a1e" status: 200 len: 259 microversion: 1.28
Aug 26 19:05:11.360882 n-d-852771-9 devstack@placement-api.service[107679]: [pid: 107679|app: 0|req: 253/500] 10.222.0.52 () {60 vars in 1377 bytes} [Fri Aug 26 19:05:11 2022] GET /placement/allocations/6b07f376-d536-4773-bfb5-e7c3d60c7a1e => generated 259 bytes in 18 msecs (HTTP/1.1 200) 8 headers in 296 bytes (2 switches on core 0)
Aug 26 19:05:13.006440 n-d-852771-9 devstack@placement-api.service[107678]: DEBUG placement.requestlog [req-27aa3ad3-634d-424b-9e01-5f2297511413 req-9ef2b3ef-13d7-44f6-9b14-da99fba0ca01 None None] Starting request: 10.222.0.47 "GET /placement/resource_providers/bf526495-0d98-42a5-8278-354bb5053f49/allocations" {{(pid=107678) __call__ /opt/stack/placement/placement/requestlog.py:55}}
Aug 26 19:05:13.064852 n-d-852771-9 devstack@placement-api.service[107678]: INFO placement.requestlog [req-27aa3ad3-634d-424b-9e01-5f2297511413 req-9ef2b3ef-13d7-44f6-9b14-da99fba0ca01 service placement] 10.222.0.47 "GET /placement/resource_providers/bf526495-0d98-42a5-8278-354bb5053f49/allocations" status: 200 len: 659 microversion: 1.0
Aug 26 19:05:13.066012 n-d-852771-9 devstack@placement-api.service[107678]: [pid: 107678|app: 0|req: 248/501] 10.222.0.47 () {58 vars in 1390 bytes} [Fri Aug 26 19:05:13 2022] GET /placement/resource_providers/bf526495-0d98-42a5-8278-354bb5053f49/allocations => generated 659 bytes in 60 msecs (HTTP/1.1 200) 6 headers in 224 bytes (1 switches on core 0)
Aug 26 19:05:13.084697 n-d-852771-9 devstack@placement-api.service[107679]: DEBUG placement.requestlog [req-27aa3ad3-634d-424b-9e01-5f2297511413 req-05245f47-4860-4260-a9c5-560ea40b19aa None None] Starting request: 10.222.0.47 "GET /placement/allocations/dbd88ba4-4e85-492e-a35d-5ac741912928" {{(pid=107679) __call__ /opt/stack/placement/placement/requestlog.py:55}}
Aug 26 19:05:13.123460 n-d-852771-9 devstack@placement-api.service[107679]: INFO placement.requestlog [req-27aa3ad3-634d-424b-9e01-5f2297511413 req-05245f47-4860-4260-a9c5-560ea40b19aa service placement] 10.222.0.47 "GET /placement/allocations/dbd88ba4-4e85-492e-a35d-5ac741912928" status: 200 len: 259 microversion: 1.28
Aug 26 19:05:13.123859 n-d-852771-9 devstack@placement-api.service[107679]: [pid: 107679|app: 0|req: 254/502] 10.222.0.47 () {60 vars in 1377 bytes} [Fri Aug 26 19:05:13 2022] GET /placement/allocations/dbd88ba4-4e85-492e-a35d-5ac741912928 => generated 259 bytes in 41 msecs (HTTP/1.1 200) 8 headers in 296 bytes (1 switches on core 0)
Aug 26 19:05:13.133873 n-d-852771-9 devstack@placement-api.service[107678]: DEBUG placement.requestlog [req-27aa3ad3-634d-424b-9e01-5f2297511413 req-6e00cf2b-ac0d-446b-aaa3-942bf42c107f None None] Starting request: 10.222.0.47 "GET /placement/allocations/1777f0ad-2c1a-4f0d-9e00-dedcb5ac28b0" {{(pid=107678) __call__ /opt/stack/placement/placement/requestlog.py:55}}
Aug 26 19:05:13.162854 n-d-852771-9 devstack@placement-api.service[107678]: INFO placement.requestlog [req-27aa3ad3-634d-424b-9e01-5f2297511413 req-6e00cf2b-ac0d-446b-aaa3-942bf42c107f service placement] 10.222.0.47 "GET /placement/allocations/1777f0ad-2c1a-4f0d-9e00-dedcb5ac28b0" status: 200 len: 259 microversion: 1.28
Aug 26 19:05:13.163541 n-d-852771-9 devstack@placement-api.service[107678]: [pid: 107678|app: 0|req: 249/503] 10.222.0.47 () {60 vars in 1377 bytes} [Fri Aug 26 19:05:13 2022] GET /placement/allocations/1777f0ad-2c1a-4f0d-9e00-dedcb5ac28b0 => generated 259 bytes in 30 msecs (HTTP/1.1 200) 8 headers in 296 bytes (1 switches on core 0)
Aug 26 19:05:13.172999 n-d-852771-9 devstack@placement-api.service[107679]: DEBUG placement.requestlog [req-27aa3ad3-634d-424b-9e01-5f2297511413 req-da632723-e965-47a1-af8a-2c38aa08996b None None] Starting request: 10.222.0.47 "GET /placement/allocations/220062aa-bbc1-42b3-bb30-85dc32fbdbf2" {{(pid=107679) __call__ /opt/stack/placement/placement/requestlog.py:55}}
Aug 26 19:05:13.210809 n-d-852771-9 devstack@placement-api.service[107679]: INFO placement.requestlog [req-27aa3ad3-634d-424b-9e01-5f2297511413 req-da632723-e965-47a1-af8a-2c38aa08996b service placement] 10.222.0.47 "GET /placement/allocations/220062aa-bbc1-42b3-bb30-85dc32fbdbf2" status: 200 len: 259 microversion: 1.28
Aug 26 19:05:13.211599 n-d-852771-9 devstack@placement-api.service[107679]: [pid: 107679|app: 0|req: 255/504] 10.222.0.47 () {60 vars in 1377 bytes} [Fri Aug 26 19:05:13 2022] GET /placement/allocations/220062aa-bbc1-42b3-bb30-85dc32fbdbf2 => generated 259 bytes in 39 msecs (HTTP/1.1 200) 8 headers in 296 bytes (1 switches on core 0)
Aug 26 19:05:13.223139 n-d-852771-9 devstack@placement-api.service[107678]: DEBUG placement.requestlog [req-27aa3ad3-634d-424b-9e01-5f2297511413 req-96325bdf-548f-4973-ba8c-b6eec2934ae5 None None] Starting request: 10.222.0.47 "GET /placement/allocations/c727e5aa-e3dd-45f5-8528-4ab75b97485b" {{(pid=107678) __call__ /opt/stack/placement/placement/requestlog.py:55}}
Aug 26 19:05:13.258303 n-d-852771-9 devstack@placement-api.service[107678]: INFO placement.requestlog [req-27aa3ad3-634d-424b-9e01-5f2297511413 req-96325bdf-548f-4973-ba8c-b6eec2934ae5 service placement] 10.222.0.47 "GET /placement/allocations/c727e5aa-e3dd-45f5-8528-4ab75b97485b" status: 200 len: 259 microversion: 1.28
Aug 26 19:05:13.262600 n-d-852771-9 devstack@placement-api.service[107678]: [pid: 107678|app: 0|req: 250/505] 10.222.0.47 () {60 vars in 1377 bytes} [Fri Aug 26 19:05:13 2022] GET /placement/allocations/c727e5aa-e3dd-45f5-8528-4ab75b97485b => generated 259 bytes in 40 msecs (HTTP/1.1 200) 8 headers in 296 bytes (1 switches on core 0)
Aug 26 19:05:13.271691 n-d-852771-9 devstack@placement-api.service[107679]: DEBUG placement.requestlog [req-27aa3ad3-634d-424b-9e01-5f2297511413 req-e5da9b93-1ee8-4a3b-88e5-298c98c40f50 None None] Starting request: 10.222.0.47 "GET /placement/allocations/d203e7b6-2f42-4c4e-adbd-7a97792ef521" {{(pid=107679) __call__ /opt/stack/placement/placement/requestlog.py:55}}
Aug 26 19:05:13.316302 n-d-852771-9 devstack@placement-api.service[107679]: INFO placement.requestlog [req-27aa3ad3-634d-424b-9e01-5f2297511413 req-e5da9b93-1ee8-4a3b-88e5-298c98c40f50 service placement] 10.222.0.47 "GET /placement/allocations/d203e7b6-2f42-4c4e-adbd-7a97792ef521" status: 200 len: 259 microversion: 1.28
Aug 26 19:05:13.319503 n-d-852771-9 devstack@placement-api.service[107679]: [pid: 107679|app: 0|req: 256/506] 10.222.0.47 () {60 vars in 1377 bytes} [Fri Aug 26 19:05:13 2022] GET /placement/allocations/d203e7b6-2f42-4c4e-adbd-7a97792ef521 => generated 259 bytes in 49 msecs (HTTP/1.1 200) 8 headers in 296 bytes (1 switches on core 0)
Aug 26 19:05:13.326569 n-d-852771-9 devstack@placement-api.service[107678]: DEBUG placement.requestlog [req-27aa3ad3-634d-424b-9e01-5f2297511413 req-1677b5a5-960c-4a7f-a837-9d4e665100ef None None] Starting request: 10.222.0.47 "GET /placement/allocations/6e27e106-ca90-4058-b1b3-0f69d3abbd5b" {{(pid=107678) __call__ /opt/stack/placement/placement/requestlog.py:55}}
Aug 26 19:05:13.355449 n-d-852771-9 devstack@placement-api.service[107678]: INFO placement.requestlog [req-27aa3ad3-634d-424b-9e01-5f2297511413 req-1677b5a5-960c-4a7f-a837-9d4e665100ef service placement] 10.222.0.47 "GET /placement/allocations/6e27e106-ca90-4058-b1b3-0f69d3abbd5b" status: 200 len: 259 microversion: 1.28
Aug 26 19:05:13.358881 n-d-852771-9 devstack@placement-api.service[107678]: [pid: 107678|app: 0|req: 251/507] 10.222.0.47 () {60 vars in 1377 bytes} [Fri Aug 26 19:05:13 2022] GET /placement/allocations/6e27e106-ca90-4058-b1b3-0f69d3abbd5b => generated 259 bytes in 32 msecs (HTTP/1.1 200) 8 headers in 296 bytes (2 switches on core 0)
Aug 26 19:05:13.626773 n-d-852771-9 devstack@placement-api.service[107679]: DEBUG placement.requestlog [req-27aa3ad3-634d-424b-9e01-5f2297511413 req-e31a1b46-bcd3-4d34-a508-2805ec072c2d None None] Starting request: 10.222.0.47 "DELETE /placement/allocations/220062aa-bbc1-42b3-bb30-85dc32fbdbf2" {{(pid=107679) __call__ /opt/stack/placement/placement/requestlog.py:55}}
Aug 26 19:05:13.728747 n-d-852771-9 devstack@placement-api.service[107679]: DEBUG placement.handlers.allocation [req-27aa3ad3-634d-424b-9e01-5f2297511413 req-e31a1b46-bcd3-4d34-a508-2805ec072c2d service placement] Successfully deleted allocations [, , ] {{(pid=107679) delete_allocations /opt/stack/placement/placement/handlers/allocation.py:627}}
Aug 26 19:05:13.729443 n-d-852771-9 devstack@placement-api.service[107679]: INFO placement.requestlog [req-27aa3ad3-634d-424b-9e01-5f2297511413 req-e31a1b46-bcd3-4d34-a508-2805ec072c2d service placement] 10.222.0.47 "DELETE /placement/allocations/220062aa-bbc1-42b3-bb30-85dc32fbdbf2" status: 204 len: 0 microversion: 1.0
Aug 26 19:05:13.730296 n-d-852771-9 devstack@placement-api.service[107679]: [pid: 107679|app: 0|req: 257/508] 10.222.0.47 () {60 vars in 1355 bytes} [Fri Aug 26 19:05:13 2022] DELETE /placement/allocations/220062aa-bbc1-42b3-bb30-85dc32fbdbf2 => generated 0 bytes in 104 msecs (HTTP/1.1 204) 5 headers in 198 bytes (1 switches on core 0)
Aug 26 19:05:14.348854 n-d-852771-9 devstack@placement-api.service[107678]: DEBUG placement.requestlog [req-a8fd3f09-bf1a-4e2e-b30a-961b5d8d2319 req-bc9478ca-c0c3-4665-a556-01c6027ff6fc None None] Starting request: 10.222.0.59 "GET /placement/allocations/24f4456f-cbb9-420f-9d76-82272ae27e0f" {{(pid=107678) __call__ /opt/stack/placement/placement/requestlog.py:55}}
Aug 26 19:05:14.388661 n-d-852771-9 devstack@placement-api.service[107678]: INFO placement.requestlog [req-a8fd3f09-bf1a-4e2e-b30a-961b5d8d2319 req-bc9478ca-c0c3-4665-a556-01c6027ff6fc service placement] 10.222.0.59 "GET /placement/allocations/24f4456f-cbb9-420f-9d76-82272ae27e0f" status: 200 len: 259 microversion: 1.28
Aug 26 19:05:14.389479 n-d-852771-9 devstack@placement-api.service[107678]: [pid: 107678|app: 0|req: 252/509] 10.222.0.59 () {60 vars in 1380 bytes} [Fri Aug 26 19:05:14 2022] GET /placement/allocations/24f4456f-cbb9-420f-9d76-82272ae27e0f => generated 259 bytes in 41 msecs (HTTP/1.1 200) 8 headers in 296 bytes (1 switches on core 0)
Aug 26 19:05:14.398139 n-d-852771-9 devstack@placement-api.service[107679]: DEBUG placement.requestlog [req-a8fd3f09-bf1a-4e2e-b30a-961b5d8d2319 req-d6fe6db1-5767-4ae2-bc8a-c09be366d511 None None] Starting request: 10.222.0.59 "GET /placement/allocations/24f4456f-cbb9-420f-9d76-82272ae27e0f" {{(pid=107679) __call__ /opt/stack/placement/placement/requestlog.py:55}}
Aug 26 19:05:14.424615 n-d-852771-9 devstack@placement-api.service[107679]: INFO placement.requestlog [req-a8fd3f09-bf1a-4e2e-b30a-961b5d8d2319 req-d6fe6db1-5767-4ae2-bc8a-c09be366d511 service placement] 10.222.0.59 "GET /placement/allocations/24f4456f-cbb9-420f-9d76-82272ae27e0f" status: 200 len: 259 microversion: 1.28
Aug 26 19:05:14.431314 n-d-852771-9 devstack@placement-api.service[107679]: [pid: 107679|app: 0|req: 258/510] 10.222.0.59 () {60 vars in 1380 bytes} [Fri Aug 26 19:05:14 2022] GET /placement/allocations/24f4456f-cbb9-420f-9d76-82272ae27e0f => generated 259 bytes in 33 msecs (HTTP/1.1 200) 8 headers in 296 bytes (1 switches on core 0)
Aug 26 19:05:14.432999 n-d-852771-9 devstack@placement-api.service[107678]: DEBUG placement.requestlog [req-a8fd3f09-bf1a-4e2e-b30a-961b5d8d2319 req-65f2a586-c213-4a06-9570-d3d660daa546 None None] Starting request: 10.222.0.59 "GET /placement/allocations/f44d47c3-8595-486e-adc8-b8e37115bab3" {{(pid=107678) __call__ /opt/stack/placement/placement/requestlog.py:55}}
Aug 26 19:05:14.449582 n-d-852771-9 devstack@placement-api.service[107678]: INFO placement.requestlog [req-a8fd3f09-bf1a-4e2e-b30a-961b5d8d2319 req-65f2a586-c213-4a06-9570-d3d660daa546 service placement] 10.222.0.59 "GET /placement/allocations/f44d47c3-8595-486e-adc8-b8e37115bab3" status: 200 len: 19 microversion: 1.28
Aug 26 19:05:14.449989 n-d-852771-9 devstack@placement-api.service[107678]: [pid: 107678|app: 0|req: 253/511] 10.222.0.59 () {60 vars in 1380 bytes} [Fri Aug 26 19:05:14 2022] GET /placement/allocations/f44d47c3-8595-486e-adc8-b8e37115bab3 => generated 19 bytes in 18 msecs (HTTP/1.1 200) 8 headers in 295 bytes (2 switches on core 0)
Aug 26 19:05:14.456677 n-d-852771-9 devstack@placement-api.service[107679]: DEBUG placement.requestlog [req-a8fd3f09-bf1a-4e2e-b30a-961b5d8d2319 req-4173df9d-6e80-4313-b2f8-01dd8106ed4d None None] Starting request: 10.222.0.59 "POST /placement/allocations" {{(pid=107679) __call__ /opt/stack/placement/placement/requestlog.py:55}}
Aug 26 19:05:14.557324 n-d-852771-9 devstack@placement-api.service[107679]: DEBUG placement.handlers.allocation [req-a8fd3f09-bf1a-4e2e-b30a-961b5d8d2319 req-4173df9d-6e80-4313-b2f8-01dd8106ed4d service placement] Successfully wrote allocations [, , , , , ] {{(pid=107679) _update_consumers_and_create_allocations /opt/stack/placement/placement/handlers/allocation.py:572}}
Aug 26 19:05:14.568507 n-d-852771-9 devstack@placement-api.service[107679]: INFO placement.requestlog [req-a8fd3f09-bf1a-4e2e-b30a-961b5d8d2319 req-4173df9d-6e80-4313-b2f8-01dd8106ed4d service placement] 10.222.0.59 "POST /placement/allocations" status: 204 len: 0 microversion: 1.28
Aug 26 19:05:14.589065 n-d-852771-9 devstack@placement-api.service[107679]: [pid: 107679|app: 0|req: 259/512] 10.222.0.59 () {64 vars in 1323 bytes} [Fri Aug 26 19:05:14 2022] POST /placement/allocations => generated 0 bytes in 113 msecs (HTTP/1.1 204) 5 headers in 199 bytes (1 switches on core 0)
Aug 26 19:05:14.670165 n-d-852771-9 devstack@placement-api.service[107678]: DEBUG placement.requestlog [req-a8fd3f09-bf1a-4e2e-b30a-961b5d8d2319 req-9b0137be-9171-4678-94e9-b5507391400c None None] Starting request: 10.222.0.59 "GET /placement/allocation_candidates?limit=1000&resources=DISK_GB%3A1%2CMEMORY_MB%3A512%2CVCPU%3A1&root_required=%21COMPUTE_STATUS_DISABLED" {{(pid=107678) __call__ /opt/stack/placement/placement/requestlog.py:55}}
Aug 26 19:05:14.774188 n-d-852771-9 devstack@placement-api.service[107678]: DEBUG placement.objects.research_context [req-a8fd3f09-bf1a-4e2e-b30a-961b5d8d2319 req-9b0137be-9171-4678-94e9-b5507391400c service placement] getting providers with 1 DISK_GB {{(pid=107678) __init__ /opt/stack/placement/placement/objects/research_context.py:136}}
Aug 26 19:05:14.798997 n-d-852771-9 devstack@placement-api.service[107678]: DEBUG placement.objects.research_context [req-a8fd3f09-bf1a-4e2e-b30a-961b5d8d2319 req-9b0137be-9171-4678-94e9-b5507391400c service placement] getting providers with 512 MEMORY_MB {{(pid=107678) __init__ /opt/stack/placement/placement/objects/research_context.py:136}}
Aug 26 19:05:14.814139 n-d-852771-9 devstack@placement-api.service[107678]: DEBUG placement.objects.research_context [req-a8fd3f09-bf1a-4e2e-b30a-961b5d8d2319 req-9b0137be-9171-4678-94e9-b5507391400c service placement] getting providers with 1 VCPU {{(pid=107678) __init__ /opt/stack/placement/placement/objects/research_context.py:136}}
Aug 26 19:05:14.837266 n-d-852771-9 devstack@placement-api.service[107678]: DEBUG placement.objects.research_context [req-a8fd3f09-bf1a-4e2e-b30a-961b5d8d2319 req-9b0137be-9171-4678-94e9-b5507391400c service placement] found 2 providers with available 1 DISK_GB {{(pid=107678) get_provider_ids_matching /opt/stack/placement/placement/objects/research_context.py:563}}
Aug 26 19:05:14.838165 n-d-852771-9 devstack@placement-api.service[107678]: DEBUG placement.objects.research_context [req-a8fd3f09-bf1a-4e2e-b30a-961b5d8d2319 req-9b0137be-9171-4678-94e9-b5507391400c service placement] found 2 providers with available 512 MEMORY_MB {{(pid=107678) get_provider_ids_matching /opt/stack/placement/placement/objects/research_context.py:563}}
Aug 26 19:05:14.839556 n-d-852771-9 devstack@placement-api.service[107678]: DEBUG placement.objects.research_context [req-a8fd3f09-bf1a-4e2e-b30a-961b5d8d2319 req-9b0137be-9171-4678-94e9-b5507391400c service placement] found 2 providers after filtering by previous result {{(pid=107678) get_provider_ids_matching /opt/stack/placement/placement/objects/research_context.py:594}}
Aug 26 19:05:14.843960 n-d-852771-9 devstack@placement-api.service[107678]: DEBUG placement.objects.research_context [req-a8fd3f09-bf1a-4e2e-b30a-961b5d8d2319 req-9b0137be-9171-4678-94e9-b5507391400c service placement] found 2 providers with available 1 VCPU {{(pid=107678) get_provider_ids_matching /opt/stack/placement/placement/objects/research_context.py:563}}
Aug 26 19:05:14.845162 n-d-852771-9 devstack@placement-api.service[107678]: DEBUG placement.objects.research_context [req-a8fd3f09-bf1a-4e2e-b30a-961b5d8d2319 req-9b0137be-9171-4678-94e9-b5507391400c service placement] found 2 providers after filtering by previous result {{(pid=107678) get_provider_ids_matching /opt/stack/placement/placement/objects/research_context.py:594}}
Aug 26 19:05:14.874626 n-d-852771-9 devstack@placement-api.service[107678]: DEBUG placement.objects.allocation_candidate [req-a8fd3f09-bf1a-4e2e-b30a-961b5d8d2319 req-9b0137be-9171-4678-94e9-b5507391400c service placement] RequestGroup(use_same_provider=False, resources={DISK_GB:1, MEMORY_MB:512, VCPU:1}, traits=(), aggregates=[]) (suffix '') returned 2 matches {{(pid=107678) _get_by_requests /opt/stack/placement/placement/objects/allocation_candidate.py:156}}
Aug 26 19:05:14.876973 n-d-852771-9 devstack@placement-api.service[107678]: DEBUG placement.objects.allocation_candidate [req-a8fd3f09-bf1a-4e2e-b30a-961b5d8d2319 req-9b0137be-9171-4678-94e9-b5507391400c service placement] Merging candidates yields 2 allocation requests and 2 provider summaries {{(pid=107678) _merge_candidates /opt/stack/placement/placement/objects/allocation_candidate.py:809}}
Aug 26 19:05:14.881651 n-d-852771-9 devstack@placement-api.service[107678]: INFO placement.requestlog [req-a8fd3f09-bf1a-4e2e-b30a-961b5d8d2319 req-9b0137be-9171-4678-94e9-b5507391400c service placement] 10.222.0.59 "GET /placement/allocation_candidates?limit=1000&resources=DISK_GB%3A1%2CMEMORY_MB%3A512%2CVCPU%3A1&root_required=%21COMPUTE_STATUS_DISABLED" status: 200 len: 1307 microversion: 1.36
Aug 26 19:05:14.882520 n-d-852771-9 devstack@placement-api.service[107678]: [pid: 107678|app: 0|req: 254/513] 10.222.0.59 () {60 vars in 1504 bytes} [Fri Aug 26 19:05:14 2022] GET /placement/allocation_candidates?limit=1000&resources=DISK_GB%3A1%2CMEMORY_MB%3A512%2CVCPU%3A1&root_required=%21COMPUTE_STATUS_DISABLED => generated 1307 bytes in 212 msecs (HTTP/1.1 200) 8 headers in 297 bytes (1 switches on core 0)
Aug 26 19:05:15.018980 n-d-852771-9 devstack@placement-api.service[107679]: DEBUG placement.requestlog [req-a8fd3f09-bf1a-4e2e-b30a-961b5d8d2319 req-2f09bb68-e4c2-4482-9fa8-c99214a065c5 None None] Starting request: 10.222.0.59 "GET /placement/allocations/24f4456f-cbb9-420f-9d76-82272ae27e0f" {{(pid=107679) __call__ /opt/stack/placement/placement/requestlog.py:55}}
Aug 26 19:05:15.045306 n-d-852771-9 devstack@placement-api.service[107679]: INFO placement.requestlog [req-a8fd3f09-bf1a-4e2e-b30a-961b5d8d2319 req-2f09bb68-e4c2-4482-9fa8-c99214a065c5 service placement] 10.222.0.59 "GET /placement/allocations/24f4456f-cbb9-420f-9d76-82272ae27e0f" status: 200 len: 19 microversion: 1.28
Aug 26 19:05:15.046156 n-d-852771-9 devstack@placement-api.service[107679]: [pid: 107679|app: 0|req: 260/514] 10.222.0.59 () {60 vars in 1380 bytes} [Fri Aug 26 19:05:15 2022] GET /placement/allocations/24f4456f-cbb9-420f-9d76-82272ae27e0f => generated 19 bytes in 28 msecs (HTTP/1.1 200) 8 headers in 295 bytes (1 switches on core 0)
Aug 26 19:05:15.053749 n-d-852771-9 devstack@placement-api.service[107678]: DEBUG placement.requestlog [req-a8fd3f09-bf1a-4e2e-b30a-961b5d8d2319 req-fb038abe-e970-43d4-8ccd-9517d6a5ed0f None None] Starting request: 10.222.0.59 "PUT /placement/allocations/24f4456f-cbb9-420f-9d76-82272ae27e0f" {{(pid=107678) __call__ /opt/stack/placement/placement/requestlog.py:55}}
Aug 26 19:05:15.168226 n-d-852771-9 devstack@placement-api.service[107678]: DEBUG placement.handlers.allocation [req-a8fd3f09-bf1a-4e2e-b30a-961b5d8d2319 req-fb038abe-e970-43d4-8ccd-9517d6a5ed0f service placement] Successfully wrote allocations [, , ] {{(pid=107678) _update_consumers_and_create_allocations /opt/stack/placement/placement/handlers/allocation.py:462}}
Aug 26 19:05:15.174181 n-d-852771-9 devstack@placement-api.service[107678]: INFO placement.requestlog [req-a8fd3f09-bf1a-4e2e-b30a-961b5d8d2319 req-fb038abe-e970-43d4-8ccd-9517d6a5ed0f service placement] 10.222.0.59 "PUT /placement/allocations/24f4456f-cbb9-420f-9d76-82272ae27e0f" status: 204 len: 0 microversion: 1.36
Aug 26 19:05:15.174599 n-d-852771-9 devstack@placement-api.service[107678]: [pid: 107678|app: 0|req: 255/515] 10.222.0.59 () {64 vars in 1433 bytes} [Fri Aug 26 19:05:15 2022] PUT /placement/allocations/24f4456f-cbb9-420f-9d76-82272ae27e0f => generated 0 bytes in 121 msecs (HTTP/1.1 204) 5 headers in 199 bytes (2 switches on core 0)
Aug 26 19:05:15.919968 n-d-852771-9 devstack@placement-api.service[107679]: DEBUG placement.requestlog [req-a8fd3f09-bf1a-4e2e-b30a-961b5d8d2319 req-389e8041-961e-423d-89fd-fe34f0eebe44 None None] Starting request: 10.222.0.47 "GET /placement/allocations/24f4456f-cbb9-420f-9d76-82272ae27e0f" {{(pid=107679) __call__ /opt/stack/placement/placement/requestlog.py:55}}
Aug 26 19:05:15.944105 n-d-852771-9 devstack@placement-api.service[107679]: INFO placement.requestlog [req-a8fd3f09-bf1a-4e2e-b30a-961b5d8d2319 req-389e8041-961e-423d-89fd-fe34f0eebe44 service placement] 10.222.0.47 "GET /placement/allocations/24f4456f-cbb9-420f-9d76-82272ae27e0f" status: 200 len: 258 microversion: 1.28
Aug 26 19:05:15.945165 n-d-852771-9 devstack@placement-api.service[107679]: [pid: 107679|app: 0|req: 261/516] 10.222.0.47 () {60 vars in 1377 bytes} [Fri Aug 26 19:05:15 2022] GET /placement/allocations/24f4456f-cbb9-420f-9d76-82272ae27e0f => generated 258 bytes in 26 msecs (HTTP/1.1 200) 8 headers in 296 bytes (1 switches on core 0)
Aug 26 19:05:16.499490 n-d-852771-9 devstack@placement-api.service[107678]: DEBUG placement.requestlog [req-a8fd3f09-bf1a-4e2e-b30a-961b5d8d2319 req-743999fe-cc4d-45e2-9c23-e4829711f6f8 None None] Starting request: 10.222.0.47 "GET /placement/resource_providers/bf526495-0d98-42a5-8278-354bb5053f49/allocations" {{(pid=107678) __call__ /opt/stack/placement/placement/requestlog.py:55}}
Aug 26 19:05:16.546444 n-d-852771-9 devstack@placement-api.service[107678]: INFO placement.requestlog [req-a8fd3f09-bf1a-4e2e-b30a-961b5d8d2319 req-743999fe-cc4d-45e2-9c23-e4829711f6f8 service placement] 10.222.0.47 "GET /placement/resource_providers/bf526495-0d98-42a5-8278-354bb5053f49/allocations" status: 200 len: 658 microversion: 1.0
Aug 26 19:05:16.547554 n-d-852771-9 devstack@placement-api.service[107678]: [pid: 107678|app: 0|req: 256/517] 10.222.0.47 () {58 vars in 1390 bytes} [Fri Aug 26 19:05:16 2022] GET /placement/resource_providers/bf526495-0d98-42a5-8278-354bb5053f49/allocations => generated 658 bytes in 49 msecs (HTTP/1.1 200) 6 headers in 224 bytes (1 switches on core 0)
Aug 26 19:05:16.599052 n-d-852771-9 devstack@placement-api.service[107679]: DEBUG placement.requestlog [req-a8fd3f09-bf1a-4e2e-b30a-961b5d8d2319 req-2726334e-74ce-47cf-bdf5-e96369bd8ff1 None None] Starting request: 10.222.0.47 "GET /placement/allocations/24f4456f-cbb9-420f-9d76-82272ae27e0f" {{(pid=107679) __call__ /opt/stack/placement/placement/requestlog.py:55}}
Aug 26 19:05:16.618059 n-d-852771-9 devstack@placement-api.service[107679]: INFO placement.requestlog [req-a8fd3f09-bf1a-4e2e-b30a-961b5d8d2319 req-2726334e-74ce-47cf-bdf5-e96369bd8ff1 service placement] 10.222.0.47 "GET /placement/allocations/24f4456f-cbb9-420f-9d76-82272ae27e0f" status: 200 len: 258 microversion: 1.28
