Aug 23 22:52:08.342260 n-d-852771-6 devstack@g-api.service[128269]: DEBUG glance_store.location [None req-6fd58ee8-48ca-4958-9f99-d83109503bea admin admin] Registering scheme swift+https with {'store': , 'location_class': , 'store_entry': 'swift'} {{(pid=128269) register_scheme_map /usr/local/lib/python3.8/dist-packages/glance_store/location.py:146}}
Aug 23 22:52:08.342502 n-d-852771-6 devstack@g-api.service[128269]: DEBUG glance_store.location [None req-6fd58ee8-48ca-4958-9f99-d83109503bea admin admin] Registering scheme swift with {'store': , 'location_class': , 'store_entry': 'swift'} {{(pid=128269) register_scheme_map /usr/local/lib/python3.8/dist-packages/glance_store/location.py:146}}
Aug 23 22:52:08.342744 n-d-852771-6 devstack@g-api.service[128269]: DEBUG glance_store.location [None req-6fd58ee8-48ca-4958-9f99-d83109503bea admin admin] Registering scheme swift+https with {'store': , 'location_class': , 'store_entry': 'swift'} {{(pid=128269) register_scheme_map /usr/local/lib/python3.8/dist-packages/glance_store/location.py:146}}
Aug 23 22:52:08.342982 n-d-852771-6 devstack@g-api.service[128269]: DEBUG glance_store.location [None req-6fd58ee8-48ca-4958-9f99-d83109503bea admin admin] Registering scheme swift with {'store': , 'location_class': , 'store_entry': 'swift'} {{(pid=128269) register_scheme_map /usr/local/lib/python3.8/dist-packages/glance_store/location.py:146}}
Aug 23 22:52:08.343217 n-d-852771-6 devstack@g-api.service[128269]: DEBUG glance_store.location [None req-6fd58ee8-48ca-4958-9f99-d83109503bea admin admin] Registering scheme swift+http with {'store': , 'location_class': , 'store_entry': 'swift'} {{(pid=128269) register_scheme_map /usr/local/lib/python3.8/dist-packages/glance_store/location.py:146}}
Aug 23 22:52:08.343454 n-d-852771-6 devstack@g-api.service[128269]: DEBUG glance_store.location [None req-6fd58ee8-48ca-4958-9f99-d83109503bea admin admin] Registering scheme swift+https with {'store': , 'location_class': , 'store_entry': 'swift'} {{(pid=128269) register_scheme_map /usr/local/lib/python3.8/dist-packages/glance_store/location.py:146}}
Aug 23 22:52:08.343685 n-d-852771-6 devstack@g-api.service[128269]: DEBUG glance_store.location [None req-6fd58ee8-48ca-4958-9f99-d83109503bea admin admin] Registering scheme swift with {'store': , 'location_class': , 'store_entry': 'swift'} {{(pid=128269) register_scheme_map /usr/local/lib/python3.8/dist-packages/glance_store/location.py:146}}
Aug 23 22:52:08.343914 n-d-852771-6 devstack@g-api.service[128269]: DEBUG glance_store.location [None req-6fd58ee8-48ca-4958-9f99-d83109503bea admin admin] Registering scheme swift+http with {'store': , 'location_class': , 'store_entry': 'swift'} {{(pid=128269) register_scheme_map /usr/local/lib/python3.8/dist-packages/glance_store/location.py:146}}
Aug 23 22:52:08.344143 n-d-852771-6 devstack@g-api.service[128269]: DEBUG glance_store.location [None req-6fd58ee8-48ca-4958-9f99-d83109503bea admin admin] Registering scheme swift+config with {'store': , 'location_class': , 'store_entry': 'swift'} {{(pid=128269) register_scheme_map /usr/local/lib/python3.8/dist-packages/glance_store/location.py:146}}
Aug 23 22:52:08.344384 n-d-852771-6 devstack@g-api.service[128269]: DEBUG glance_store.backend [None req-6fd58ee8-48ca-4958-9f99-d83109503bea admin admin] Skipping store.set_acls... not implemented. {{(pid=128269) set_acls /usr/local/lib/python3.8/dist-packages/glance_store/backend.py:508}}
Aug 23 22:52:08.347166 n-d-852771-6 devstack@g-api.service[128269]: [pid: 128269|app: 0|req: 3/4] 127.0.0.1 () {40 vars in 866 bytes} [Tue Aug 23 22:51:51 2022] PUT /v2/images/c67fed70-218d-4c05-83c5-4649128e4e20/file => generated 0 bytes in 16975 msecs (HTTP/1.1 204) 4 headers in 171 bytes (12 switches on core 0)
Aug 23 22:52:18.336421 n-d-852771-6 devstack@g-api.service[128269]: DEBUG dbcounter [-] [128269] Writing DB stats glance:SELECT=9,glance:UPDATE=1,glance:INSERT=1 {{(pid=128269) stat_writer /usr/local/lib/python3.8/dist-packages/dbcounter.py:114}}
Aug 23 22:53:22.234294 n-d-852771-6 devstack@g-api.service[128270]: DEBUG glance.api.middleware.version_negotiation [None req-6d03dfd2-f31f-4b3f-a535-0b4cd81209d7 admin admin] Determining version of request: GET / Accept: application/json {{(pid=128270) process_request /opt/stack/glance/glance/api/middleware/version_negotiation.py:44}}
Aug 23 22:53:22.234892 n-d-852771-6 devstack@g-api.service[128270]: DEBUG glance.api.middleware.version_negotiation [None req-6d03dfd2-f31f-4b3f-a535-0b4cd81209d7 admin admin] Using url versioning {{(pid=128270) process_request /opt/stack/glance/glance/api/middleware/version_negotiation.py:57}}
Aug 23 22:53:22.234996 n-d-852771-6 devstack@g-api.service[128270]: DEBUG glance.api.middleware.version_negotiation [None req-6d03dfd2-f31f-4b3f-a535-0b4cd81209d7 admin admin] Unknown version. Returning version choices. {{(pid=128270) process_request /opt/stack/glance/glance/api/middleware/version_negotiation.py:64}}
Aug 23 22:53:22.236513 n-d-852771-6 devstack@g-api.service[128270]: [pid: 128270|app: 0|req: 2/5] 127.0.0.1 () {34 vars in 509 bytes} [Tue Aug 23 22:53:22 2022] GET / => generated 1299 bytes in 3 msecs (HTTP/1.1 300) 3 headers in 106 bytes (1 switches on core 0)
Aug 23 22:53:22.247992 n-d-852771-6 devstack@g-api.service[128269]: DEBUG glance.api.middleware.version_negotiation [None req-6fd58ee8-48ca-4958-9f99-d83109503bea admin admin] Determining version of request: GET /v2/images Accept: application/json {{(pid=128269) process_request /opt/stack/glance/glance/api/middleware/version_negotiation.py:44}}
Aug 23 22:53:22.248409 n-d-852771-6 devstack@g-api.service[128269]: DEBUG glance.api.middleware.version_negotiation [None req-6fd58ee8-48ca-4958-9f99-d83109503bea admin admin] Using url versioning {{(pid=128269) process_request /opt/stack/glance/glance/api/middleware/version_negotiation.py:57}}
Aug 23 22:53:22.248643 n-d-852771-6 devstack@g-api.service[128269]: DEBUG glance.api.middleware.version_negotiation [None req-6fd58ee8-48ca-4958-9f99-d83109503bea admin admin] Matched version: v2 {{(pid=128269) process_request /opt/stack/glance/glance/api/middleware/version_negotiation.py:69}}
Aug 23 22:53:22.248923 n-d-852771-6 devstack@g-api.service[128269]: DEBUG glance.api.middleware.version_negotiation [None req-6fd58ee8-48ca-4958-9f99-d83109503bea admin admin] new path /v2/images {{(pid=128269) process_request /opt/stack/glance/glance/api/middleware/version_negotiation.py:70}}
Aug 23 22:53:22.772801 n-d-852771-6 devstack@g-api.service[128269]: [pid: 128269|app: 0|req: 4/6] 127.0.0.1 () {36 vars in 731 bytes} [Tue Aug 23 22:53:22 2022] GET /v2/images => generated 1015 bytes in 525 msecs (HTTP/1.1 200) 4 headers in 158 bytes (1 switches on core 0)
Aug 23 22:53:32.762271 n-d-852771-6 devstack@g-api.service[128269]: DEBUG dbcounter [-] [128269] Writing DB stats glance:SELECT=2 {{(pid=128269) stat_writer /usr/local/lib/python3.8/dist-packages/dbcounter.py:114}}
Aug 23 22:55:04.353309 n-d-852771-6 devstack@g-api.service[128270]: DEBUG glance.api.middleware.version_negotiation [None req-6d03dfd2-f31f-4b3f-a535-0b4cd81209d7 admin admin] Determining version of request: GET /v1 Accept: application/json {{(pid=128270) process_request /opt/stack/glance/glance/api/middleware/version_negotiation.py:44}}
Aug 23 22:55:04.353745 n-d-852771-6 devstack@g-api.service[128270]: DEBUG glance.api.middleware.version_negotiation [None req-6d03dfd2-f31f-4b3f-a535-0b4cd81209d7 admin admin] Using url versioning {{(pid=128270) process_request /opt/stack/glance/glance/api/middleware/version_negotiation.py:57}}
Aug 23 22:55:04.353942 n-d-852771-6 devstack@g-api.service[128270]: DEBUG glance.api.middleware.version_negotiation [None req-6d03dfd2-f31f-4b3f-a535-0b4cd81209d7 admin admin] Unknown version. Returning version choices. {{(pid=128270) process_request /opt/stack/glance/glance/api/middleware/version_negotiation.py:64}}
Aug 23 22:55:04.355361 n-d-852771-6 devstack@g-api.service[128270]: [pid: 128270|app: 0|req: 3/7] 127.0.0.1 () {38 vars in 688 bytes} [Tue Aug 23 22:55:04 2022] GET /v1 => generated 1299 bytes in 2 msecs (HTTP/1.1 300) 3 headers in 106 bytes (1 switches on core 0)
Aug 23 23:00:43.379396 n-d-852771-6 devstack@g-api.service[128269]: DEBUG glance.api.middleware.version_negotiation [None req-62b43a51-1273-42d0-813d-4c6413802fd4 admin admin] Determining version of request: GET / Accept: application/json {{(pid=128269) process_request /opt/stack/glance/glance/api/middleware/version_negotiation.py:44}}
Aug 23 23:00:43.379912 n-d-852771-6 devstack@g-api.service[128269]: DEBUG glance.api.middleware.version_negotiation [None req-62b43a51-1273-42d0-813d-4c6413802fd4 admin admin] Using url versioning {{(pid=128269) process_request /opt/stack/glance/glance/api/middleware/version_negotiation.py:57}}
Aug 23 23:00:43.380056 n-d-852771-6 devstack@g-api.service[128269]: DEBUG glance.api.middleware.version_negotiation [None req-62b43a51-1273-42d0-813d-4c6413802fd4 admin admin] Unknown version. Returning version choices. {{(pid=128269) process_request /opt/stack/glance/glance/api/middleware/version_negotiation.py:64}}
Aug 23 23:00:43.381695 n-d-852771-6 devstack@g-api.service[128269]: [pid: 128269|app: 0|req: 5/8] 127.0.0.1 () {34 vars in 494 bytes} [Tue Aug 23 23:00:43 2022] GET / => generated 1299 bytes in 3 msecs (HTTP/1.1 300) 3 headers in 106 bytes (1 switches on core 0)
Aug 23 23:00:43.460771 n-d-852771-6 devstack@g-api.service[128270]: DEBUG glance.api.middleware.version_negotiation [None req-6d03dfd2-f31f-4b3f-a535-0b4cd81209d7 admin admin] Determining version of request: GET /v2/images/c67fed70-218d-4c05-83c5-4649128e4e20 Accept: */* {{(pid=128270) process_request /opt/stack/glance/glance/api/middleware/version_negotiation.py:44}}
Aug 23 23:00:43.461338 n-d-852771-6 devstack@g-api.service[128270]: DEBUG glance.api.middleware.version_negotiation [None req-6d03dfd2-f31f-4b3f-a535-0b4cd81209d7 admin admin] Using url versioning {{(pid=128270) process_request /opt/stack/glance/glance/api/middleware/version_negotiation.py:57}}
Aug 23 23:00:43.461338 n-d-852771-6 devstack@g-api.service[128270]: DEBUG glance.api.middleware.version_negotiation [None req-6d03dfd2-f31f-4b3f-a535-0b4cd81209d7 admin admin] Matched version: v2 {{(pid=128270) process_request /opt/stack/glance/glance/api/middleware/version_negotiation.py:69}}
Aug 23 23:00:43.461698 n-d-852771-6 devstack@g-api.service[128270]: DEBUG glance.api.middleware.version_negotiation [None req-6d03dfd2-f31f-4b3f-a535-0b4cd81209d7 admin admin] new path /v2/images/c67fed70-218d-4c05-83c5-4649128e4e20 {{(pid=128270) process_request /opt/stack/glance/glance/api/middleware/version_negotiation.py:70}}
Aug 23 23:00:43.554745 n-d-852771-6 devstack@g-api.service[128269]: DEBUG glance.api.middleware.version_negotiation [None req-62b43a51-1273-42d0-813d-4c6413802fd4 admin admin] Determining version of request: GET / Accept: application/json {{(pid=128269) process_request /opt/stack/glance/glance/api/middleware/version_negotiation.py:44}}
Aug 23 23:00:43.555259 n-d-852771-6 devstack@g-api.service[128269]: DEBUG glance.api.middleware.version_negotiation [None req-62b43a51-1273-42d0-813d-4c6413802fd4 admin admin] Using url versioning {{(pid=128269) process_request /opt/stack/glance/glance/api/middleware/version_negotiation.py:57}}
Aug 23 23:00:43.555567 n-d-852771-6 devstack@g-api.service[128269]: DEBUG glance.api.middleware.version_negotiation [None req-62b43a51-1273-42d0-813d-4c6413802fd4 admin admin] Unknown version. Returning version choices. {{(pid=128269) process_request /opt/stack/glance/glance/api/middleware/version_negotiation.py:64}}
Aug 23 23:00:43.557010 n-d-852771-6 devstack@g-api.service[128269]: [pid: 128269|app: 0|req: 6/9] 127.0.0.1 () {34 vars in 494 bytes} [Tue Aug 23 23:00:43 2022] GET / => generated 1299 bytes in 3 msecs (HTTP/1.1 300) 3 headers in 106 bytes (1 switches on core 0)
Aug 23 23:00:43.738975 n-d-852771-6 devstack@g-api.service[128270]: WARNING keystonemiddleware.auth_token [None req-6d03dfd2-f31f-4b3f-a535-0b4cd81209d7 admin admin] A valid token was submitted as a service token, but it was not a valid service token. This is incorrect but backwards compatible behaviour. This will be removed in future releases.
Aug 23 23:00:43.765945 n-d-852771-6 devstack@g-api.service[128270]: [pid: 128270|app: 0|req: 4/10] 127.0.0.1 () {42 vars in 1051 bytes} [Tue Aug 23 23:00:43 2022] GET /v2/images/c67fed70-218d-4c05-83c5-4649128e4e20 => generated 946 bytes in 305 msecs (HTTP/1.1 200) 4 headers in 157 bytes (1 switches on core 0)
Aug 23 23:00:43.771995 n-d-852771-6 devstack@g-api.service[128269]: DEBUG glance.api.middleware.version_negotiation [None req-62b43a51-1273-42d0-813d-4c6413802fd4 admin admin] Determining version of request: GET /v2/schemas/image Accept: */* {{(pid=128269) process_request /opt/stack/glance/glance/api/middleware/version_negotiation.py:44}}
Aug 23 23:00:43.772363 n-d-852771-6 devstack@g-api.service[128269]: DEBUG glance.api.middleware.version_negotiation [None req-62b43a51-1273-42d0-813d-4c6413802fd4 admin admin] Using url versioning {{(pid=128269) process_request /opt/stack/glance/glance/api/middleware/version_negotiation.py:57}}
Aug 23 23:00:43.772694 n-d-852771-6 devstack@g-api.service[128269]: DEBUG glance.api.middleware.version_negotiation [None req-62b43a51-1273-42d0-813d-4c6413802fd4 admin admin] Matched version: v2 {{(pid=128269) process_request /opt/stack/glance/glance/api/middleware/version_negotiation.py:69}}
Aug 23 23:00:43.772985 n-d-852771-6 devstack@g-api.service[128269]: DEBUG glance.api.middleware.version_negotiation [None req-62b43a51-1273-42d0-813d-4c6413802fd4 admin admin] new path /v2/schemas/image {{(pid=128269) process_request /opt/stack/glance/glance/api/middleware/version_negotiation.py:70}}
Aug 23 23:00:43.774978 n-d-852771-6 devstack@g-api.service[128269]: WARNING keystonemiddleware.auth_token [None req-62b43a51-1273-42d0-813d-4c6413802fd4 admin admin] A valid token was submitted as a service token, but it was not a valid service token. This is incorrect but backwards compatible behaviour. This will be removed in future releases.
Aug 23 23:00:43.778837 n-d-852771-6 devstack@g-api.service[128269]: [pid: 128269|app: 0|req: 7/11] 127.0.0.1 () {42 vars in 991 bytes} [Tue Aug 23 23:00:43 2022] GET /v2/schemas/image => generated 6083 bytes in 7 msecs (HTTP/1.1 200) 4 headers in 158 bytes (1 switches on core 0)
Aug 23 23:00:44.066236 n-d-852771-6 devstack@g-api.service[128270]: DEBUG glance.api.middleware.version_negotiation [None req-dc31b924-4211-43f9-87d2-ae7f418d885c tempest-DeleteServersAdminTestJSON-654659233 tempest-DeleteServersAdminTestJSON-654659233-project] Determining version of request: GET /v2/images/c67fed70-218d-4c05-83c5-4649128e4e20 Accept: */* {{(pid=128270) process_request /opt/stack/glance/glance/api/middleware/version_negotiation.py:44}}
Aug 23 23:00:44.066579 n-d-852771-6 devstack@g-api.service[128270]: DEBUG glance.api.middleware.version_negotiation [None req-dc31b924-4211-43f9-87d2-ae7f418d885c tempest-DeleteServersAdminTestJSON-654659233 tempest-DeleteServersAdminTestJSON-654659233-project] Using url versioning {{(pid=128270) process_request /opt/stack/glance/glance/api/middleware/version_negotiation.py:57}}
Aug 23 23:00:44.070351 n-d-852771-6 devstack@g-api.service[128270]: DEBUG glance.api.middleware.version_negotiation [None req-dc31b924-4211-43f9-87d2-ae7f418d885c tempest-DeleteServersAdminTestJSON-654659233 tempest-DeleteServersAdminTestJSON-654659233-project] Matched version: v2 {{(pid=128270) process_request /opt/stack/glance/glance/api/middleware/version_negotiation.py:69}}
Aug 23 23:00:44.070351 n-d-852771-6 devstack@g-api.service[128270]: DEBUG glance.api.middleware.version_negotiation [None req-dc31b924-4211-43f9-87d2-ae7f418d885c tempest-DeleteServersAdminTestJSON-654659233 tempest-DeleteServersAdminTestJSON-654659233-project] new path /v2/images/c67fed70-218d-4c05-83c5-4649128e4e20 {{(pid=128270) process_request /opt/stack/glance/glance/api/middleware/version_negotiation.py:70}}
Aug 23 23:00:44.356028 n-d-852771-6 devstack@g-api.service[128270]: [pid: 128270|app: 0|req: 5/12] 127.0.0.1 () {42 vars in 1051 bytes} [Tue Aug 23 23:00:44 2022] GET /v2/images/c67fed70-218d-4c05-83c5-4649128e4e20 => generated 946 bytes in 290 msecs (HTTP/1.1 200) 4 headers in 157 bytes (1 switches on core 0)
Aug 23 23:00:44.361924 n-d-852771-6 devstack@g-api.service[128269]: DEBUG glance.api.middleware.version_negotiation [None req-dc31b924-4211-43f9-87d2-ae7f418d885c tempest-DeleteServersAdminTestJSON-654659233 tempest-DeleteServersAdminTestJSON-654659233-project] Determining version of request: GET /v2/schemas/image Accept: */* {{(pid=128269) process_request /opt/stack/glance/glance/api/middleware/version_negotiation.py:44}}
Aug 23 23:00:44.362535 n-d-852771-6 devstack@g-api.service[128269]: DEBUG glance.api.middleware.version_negotiation [None req-dc31b924-4211-43f9-87d2-ae7f418d885c tempest-DeleteServersAdminTestJSON-654659233 tempest-DeleteServersAdminTestJSON-654659233-project] Using url versioning {{(pid=128269) process_request /opt/stack/glance/glance/api/middleware/version_negotiation.py:57}}
Aug 23 23:00:44.363034 n-d-852771-6 devstack@g-api.service[128269]: DEBUG glance.api.middleware.version_negotiation [None req-dc31b924-4211-43f9-87d2-ae7f418d885c tempest-DeleteServersAdminTestJSON-654659233 tempest-DeleteServersAdminTestJSON-654659233-project] Matched version: v2 {{(pid=128269) process_request /opt/stack/glance/glance/api/middleware/version_negotiation.py:69}}
Aug 23 23:00:44.363464 n-d-852771-6 devstack@g-api.service[128269]: DEBUG glance.api.middleware.version_negotiation [None req-dc31b924-4211-43f9-87d2-ae7f418d885c tempest-DeleteServersAdminTestJSON-654659233 tempest-DeleteServersAdminTestJSON-654659233-project] new path /v2/schemas/image {{(pid=128269) process_request /opt/stack/glance/glance/api/middleware/version_negotiation.py:70}}
Aug 23 23:00:44.368583 n-d-852771-6 devstack@g-api.service[128269]: [pid: 128269|app: 0|req: 8/13] 127.0.0.1 () {42 vars in 991 bytes} [Tue Aug 23 23:00:44 2022] GET /v2/schemas/image => generated 6083 bytes in 7 msecs (HTTP/1.1 200) 4 headers in 158 bytes (1 switches on core 0)
Aug 23 23:00:48.856412 n-d-852771-6 devstack@g-api.service[128270]: DEBUG glance.api.middleware.version_negotiation [None req-52ed1737-6763-4a71-b0c1-af7ea44b5ed0 tempest-AggregatesAdminTestJSON-604452594 tempest-AggregatesAdminTestJSON-604452594-project] Determining version of request: GET /v2/images/c67fed70-218d-4c05-83c5-4649128e4e20 Accept: */* {{(pid=128270) process_request /opt/stack/glance/glance/api/middleware/version_negotiation.py:44}}
Aug 23 23:00:48.857020 n-d-852771-6 devstack@g-api.service[128270]: DEBUG glance.api.middleware.version_negotiation [None req-52ed1737-6763-4a71-b0c1-af7ea44b5ed0 tempest-AggregatesAdminTestJSON-604452594 tempest-AggregatesAdminTestJSON-604452594-project] Using url versioning {{(pid=128270) process_request /opt/stack/glance/glance/api/middleware/version_negotiation.py:57}}
Aug 23 23:00:48.857125 n-d-852771-6 devstack@g-api.service[128270]: DEBUG glance.api.middleware.version_negotiation [None req-52ed1737-6763-4a71-b0c1-af7ea44b5ed0 tempest-AggregatesAdminTestJSON-604452594 tempest-AggregatesAdminTestJSON-604452594-project] Matched version: v2 {{(pid=128270) process_request /opt/stack/glance/glance/api/middleware/version_negotiation.py:69}}
Aug 23 23:00:48.857326 n-d-852771-6 devstack@g-api.service[128270]: DEBUG glance.api.middleware.version_negotiation [None req-52ed1737-6763-4a71-b0c1-af7ea44b5ed0 tempest-AggregatesAdminTestJSON-604452594 tempest-AggregatesAdminTestJSON-604452594-project] new path /v2/images/c67fed70-218d-4c05-83c5-4649128e4e20 {{(pid=128270) process_request /opt/stack/glance/glance/api/middleware/version_negotiation.py:70}}
Aug 23 23:00:48.896369 n-d-852771-6 devstack@g-api.service[128270]: [pid: 128270|app: 0|req: 6/14] 127.0.0.1 () {40 vars in 844 bytes} [Tue Aug 23 23:00:48 2022] GET /v2/images/c67fed70-218d-4c05-83c5-4649128e4e20 => generated 946 bytes in 40 msecs (HTTP/1.1 200) 4 headers in 157 bytes (1 switches on core 0)
Aug 23 23:00:48.929641 n-d-852771-6 devstack@g-api.service[128269]: DEBUG glance.api.middleware.version_negotiation [None req-52ed1737-6763-4a71-b0c1-af7ea44b5ed0 tempest-AggregatesAdminTestJSON-604452594 tempest-AggregatesAdminTestJSON-604452594-project] Determining version of request: GET /v2/images/c67fed70-218d-4c05-83c5-4649128e4e20/file Accept: */* {{(pid=128269) process_request /opt/stack/glance/glance/api/middleware/version_negotiation.py:44}}
Aug 23 23:00:48.930237 n-d-852771-6 devstack@g-api.service[128269]: DEBUG glance.api.middleware.version_negotiation [None req-52ed1737-6763-4a71-b0c1-af7ea44b5ed0 tempest-AggregatesAdminTestJSON-604452594 tempest-AggregatesAdminTestJSON-604452594-project] Using url versioning {{(pid=128269) process_request /opt/stack/glance/glance/api/middleware/version_negotiation.py:57}}
Aug 23 23:00:48.930383 n-d-852771-6 devstack@g-api.service[128269]: DEBUG glance.api.middleware.version_negotiation [None req-52ed1737-6763-4a71-b0c1-af7ea44b5ed0 tempest-AggregatesAdminTestJSON-604452594 tempest-AggregatesAdminTestJSON-604452594-project] Matched version: v2 {{(pid=128269) process_request /opt/stack/glance/glance/api/middleware/version_negotiation.py:69}}
Aug 23 23:00:48.930844 n-d-852771-6 devstack@g-api.service[128269]: DEBUG glance.api.middleware.version_negotiation [None req-52ed1737-6763-4a71-b0c1-af7ea44b5ed0 tempest-AggregatesAdminTestJSON-604452594 tempest-AggregatesAdminTestJSON-604452594-project] new path /v2/images/c67fed70-218d-4c05-83c5-4649128e4e20/file {{(pid=128269) process_request /opt/stack/glance/glance/api/middleware/version_negotiation.py:70}}
Aug 23 23:00:48.954672 n-d-852771-6 devstack@g-api.service[128269]: DEBUG glance_store.backend [None req-dc31b924-4211-43f9-87d2-ae7f418d885c tempest-DeleteServersAdminTestJSON-654659233 tempest-DeleteServersAdminTestJSON-654659233-project] Attempting to import store swift {{(pid=128269) _load_store /usr/local/lib/python3.8/dist-packages/glance_store/backend.py:216}}
Aug 23 23:00:48.959048 n-d-852771-6 devstack@g-api.service[128269]: DEBUG glance_store.capabilities [None req-dc31b924-4211-43f9-87d2-ae7f418d885c tempest-DeleteServersAdminTestJSON-654659233 tempest-DeleteServersAdminTestJSON-654659233-project] Store glance_store._drivers.swift.store.SingleTenantStore doesn't support updating dynamic storage capabilities. Please overwrite 'update_capabilities' method of the store to implement updating logics if needed. {{(pid=128269) update_capabilities /usr/local/lib/python3.8/dist-packages/glance_store/capabilities.py:91}}
Aug 23 23:00:48.959310 n-d-852771-6 devstack@g-api.service[128269]: DEBUG glance_store.driver [None req-dc31b924-4211-43f9-87d2-ae7f418d885c tempest-DeleteServersAdminTestJSON-654659233 tempest-DeleteServersAdminTestJSON-654659233-project] Late loading location class glance_store._drivers.swift.store.StoreLocation {{(pid=128269) get_store_location_class /usr/local/lib/python3.8/dist-packages/glance_store/driver.py:116}}
Aug 23 23:00:48.959752 n-d-852771-6 devstack@g-api.service[128269]: DEBUG glance_store.location [None req-dc31b924-4211-43f9-87d2-ae7f418d885c tempest-DeleteServersAdminTestJSON-654659233 tempest-DeleteServersAdminTestJSON-654659233-project] Registering scheme swift+https with {'store': , 'location_class': , 'store_entry': 'swift'} {{(pid=128269) register_scheme_map /usr/local/lib/python3.8/dist-packages/glance_store/location.py:146}}
Aug 23 23:00:48.960192 n-d-852771-6 devstack@g-api.service[128269]: DEBUG glance_store.location [None req-dc31b924-4211-43f9-87d2-ae7f418d885c tempest-DeleteServersAdminTestJSON-654659233 tempest-DeleteServersAdminTestJSON-654659233-project] Registering scheme swift+https with {'store': , 'location_class': , 'store_entry': 'swift'} {{(pid=128269) register_scheme_map /usr/local/lib/python3.8/dist-packages/glance_store/location.py:146}}
Aug 23 23:00:48.960611 n-d-852771-6 devstack@g-api.service[128269]: DEBUG glance_store.location [None req-dc31b924-4211-43f9-87d2-ae7f418d885c tempest-DeleteServersAdminTestJSON-654659233 tempest-DeleteServersAdminTestJSON-654659233-project] Registering scheme swift with {'store': , 'location_class': , 'store_entry': 'swift'} {{(pid=128269) register_scheme_map /usr/local/lib/python3.8/dist-packages/glance_store/location.py:146}}
Aug 23 23:00:48.961040 n-d-852771-6 devstack@g-api.service[128269]: DEBUG glance_store.location [None req-dc31b924-4211-43f9-87d2-ae7f418d885c tempest-DeleteServersAdminTestJSON-654659233 tempest-DeleteServersAdminTestJSON-654659233-project] Registering scheme swift+https with {'store': , 'location_class': , 'store_entry': 'swift'} {{(pid=128269) register_scheme_map /usr/local/lib/python3.8/dist-packages/glance_store/location.py:146}}
Aug 23 23:00:48.961925 n-d-852771-6 devstack@g-api.service[128269]: DEBUG glance_store.location [None req-dc31b924-4211-43f9-87d2-ae7f418d885c tempest-DeleteServersAdminTestJSON-654659233 tempest-DeleteServersAdminTestJSON-654659233-project] Registering scheme swift with {'store': , 'location_class': , 'store_entry': 'swift'} {{(pid=128269) register_scheme_map /usr/local/lib/python3.8/dist-packages/glance_store/location.py:146}}
Aug 23 23:00:48.962290 n-d-852771-6 devstack@g-api.service[128269]: DEBUG glance_store.location [None req-dc31b924-4211-43f9-87d2-ae7f418d885c tempest-DeleteServersAdminTestJSON-654659233 tempest-DeleteServersAdminTestJSON-654659233-project] Registering scheme swift+http with {'store': , 'location_class': , 'store_entry': 'swift'} {{(pid=128269) register_scheme_map /usr/local/lib/python3.8/dist-packages/glance_store/location.py:146}}
Aug 23 23:00:48.962762 n-d-852771-6 devstack@g-api.service[128269]: DEBUG glance_store.location [None req-dc31b924-4211-43f9-87d2-ae7f418d885c tempest-DeleteServersAdminTestJSON-654659233 tempest-DeleteServersAdminTestJSON-654659233-project] Registering scheme swift+https with {'store': , 'location_class': , 'store_entry': 'swift'} {{(pid=128269) register_scheme_map /usr/local/lib/python3.8/dist-packages/glance_store/location.py:146}}
Aug 23 23:00:48.963336 n-d-852771-6 devstack@g-api.service[128269]: DEBUG glance_store.location [None req-dc31b924-4211-43f9-87d2-ae7f418d885c tempest-DeleteServersAdminTestJSON-654659233 tempest-DeleteServersAdminTestJSON-654659233-project] Registering scheme swift with {'store': , 'location_class': , 'store_entry': 'swift'} {{(pid=128269) register_scheme_map /usr/local/lib/python3.8/dist-packages/glance_store/location.py:146}}
Aug 23 23:00:48.963778 n-d-852771-6 devstack@g-api.service[128269]: DEBUG glance_store.location [None req-dc31b924-4211-43f9-87d2-ae7f418d885c tempest-DeleteServersAdminTestJSON-654659233 tempest-DeleteServersAdminTestJSON-654659233-project] Registering scheme swift+http with {'store': , 'location_class': , 'store_entry': 'swift'} {{(pid=128269) register_scheme_map /usr/local/lib/python3.8/dist-packages/glance_store/location.py:146}}
Aug 23 23:00:48.964210 n-d-852771-6 devstack@g-api.service[128269]: DEBUG glance_store.location [None req-dc31b924-4211-43f9-87d2-ae7f418d885c tempest-DeleteServersAdminTestJSON-654659233 tempest-DeleteServersAdminTestJSON-654659233-project] Registering scheme swift+config with {'store': , 'location_class': , 'store_entry': 'swift'} {{(pid=128269) register_scheme_map /usr/local/lib/python3.8/dist-packages/glance_store/location.py:146}}
Aug 23 23:00:50.246971 n-d-852771-6 devstack@g-api.service[128269]: DEBUG swiftclient [None req-dc31b924-4211-43f9-87d2-ae7f418d885c tempest-DeleteServersAdminTestJSON-654659233 tempest-DeleteServersAdminTestJSON-654659233-project] REQ: curl -i http://10.222.0.96:8080/v1/AUTH_7deade4e9d014a42b9e1213727c41ea8/glance/c67fed70-218d-4c05-83c5-4649128e4e20 -X GET -H "X-Auth-Token: gAAAAABjBVwheYHM..." {{(pid=128269) http_log /usr/local/lib/python3.8/dist-packages/swiftclient/client.py:157}}
Aug 23 23:00:50.247600 n-d-852771-6 devstack@g-api.service[128269]: DEBUG swiftclient [None req-dc31b924-4211-43f9-87d2-ae7f418d885c tempest-DeleteServersAdminTestJSON-654659233 tempest-DeleteServersAdminTestJSON-654659233-project] RESP STATUS: 200 OK {{(pid=128269) http_log /usr/local/lib/python3.8/dist-packages/swiftclient/client.py:158}}
Aug 23 23:00:50.247691 n-d-852771-6 devstack@g-api.service[128269]: DEBUG swiftclient [None req-dc31b924-4211-43f9-87d2-ae7f418d885c tempest-DeleteServersAdminTestJSON-654659233 tempest-DeleteServersAdminTestJSON-654659233-project] RESP HEADERS: {'Content-Type': 'application/octet-stream', 'Etag': '318f990048c8a194829e52141534610d', 'Last-Modified': 'Tue, 23 Aug 2022 22:51:53 GMT', 'X-Timestamp': '1661295112.91127', 'Accept-Ranges': 'bytes', 'Content-Length': '645922816', 'X-Trans-Id': 'tx04b01cd6a34f4b52b38ae-0063055c21', 'X-Openstack-Request-Id': 'tx04b01cd6a34f4b52b38ae-0063055c21', 'Date': 'Tue, 23 Aug 2022 23:00:50 GMT'} {{(pid=128269) http_log /usr/local/lib/python3.8/dist-packages/swiftclient/client.py:159}}
Aug 23 23:00:50.281232 n-d-852771-6 devstack@g-api.service[128269]: DEBUG glance.image_cache [None req-dc31b924-4211-43f9-87d2-ae7f418d885c tempest-DeleteServersAdminTestJSON-654659233 tempest-DeleteServersAdminTestJSON-654659233-project] Tee'ing image 'c67fed70-218d-4c05-83c5-4649128e4e20' into cache {{(pid=128269) get_caching_iter /opt/stack/glance/glance/image_cache/__init__.py:343}}
Aug 23 23:00:58.887719 n-d-852771-6 devstack@g-api.service[128270]: DEBUG dbcounter [-] [128270] Writing DB stats glance:SELECT=12 {{(pid=128270) stat_writer /usr/local/lib/python3.8/dist-packages/dbcounter.py:114}}
Aug 23 23:00:59.973705 n-d-852771-6 devstack@g-api.service[128269]: DEBUG glance.image_cache.drivers.sqlite [None req-dc31b924-4211-43f9-87d2-ae7f418d885c tempest-DeleteServersAdminTestJSON-654659233 tempest-DeleteServersAdminTestJSON-654659233-project] Fetch finished, moving '/opt/stack/data/glance/cache/incomplete/c67fed70-218d-4c05-83c5-4649128e4e20' to '/opt/stack/data/glance/cache/c67fed70-218d-4c05-83c5-4649128e4e20' {{(pid=128269) commit /opt/stack/glance/glance/image_cache/drivers/sqlite.py:324}}
Aug 23 23:01:00.024542 n-d-852771-6 devstack@g-api.service[128269]: [pid: 128269|app: 0|req: 9/15] 127.0.0.1 () {40 vars in 854 bytes} [Tue Aug 23 23:00:48 2022] GET /v2/images/c67fed70-218d-4c05-83c5-4649128e4e20/file => generated 645922816 bytes in 11095 msecs (HTTP/1.1 200) 4 headers in 191 bytes (9857 switches on core 0)
Aug 23 23:01:00.268843 n-d-852771-6 devstack@g-api.service[128269]: DEBUG dbcounter [-] [128269] Writing DB stats glance:SELECT=8 {{(pid=128269) stat_writer /usr/local/lib/python3.8/dist-packages/dbcounter.py:114}}
Aug 23 23:01:02.906631 n-d-852771-6 devstack@g-api.service[128270]: DEBUG glance.api.middleware.version_negotiation [None req-dc31b924-4211-43f9-87d2-ae7f418d885c tempest-DeleteServersAdminTestJSON-654659233 tempest-DeleteServersAdminTestJSON-654659233-project] Determining version of request: GET /v2/images/c67fed70-218d-4c05-83c5-4649128e4e20 Accept: */* {{(pid=128270) process_request /opt/stack/glance/glance/api/middleware/version_negotiation.py:44}}
Aug 23 23:01:02.907184 n-d-852771-6 devstack@g-api.service[128270]: DEBUG glance.api.middleware.version_negotiation [None req-dc31b924-4211-43f9-87d2-ae7f418d885c tempest-DeleteServersAdminTestJSON-654659233 tempest-DeleteServersAdminTestJSON-654659233-project] Using url versioning {{(pid=128270) process_request /opt/stack/glance/glance/api/middleware/version_negotiation.py:57}}
Aug 23 23:01:02.907554 n-d-852771-6 devstack@g-api.service[128270]: DEBUG glance.api.middleware.version_negotiation [None req-dc31b924-4211-43f9-87d2-ae7f418d885c tempest-DeleteServersAdminTestJSON-654659233 tempest-DeleteServersAdminTestJSON-654659233-project] Matched version: v2 {{(pid=128270) process_request /opt/stack/glance/glance/api/middleware/version_negotiation.py:69}}
Aug 23 23:01:02.907947 n-d-852771-6 devstack@g-api.service[128270]: DEBUG glance.api.middleware.version_negotiation [None req-dc31b924-4211-43f9-87d2-ae7f418d885c tempest-DeleteServersAdminTestJSON-654659233 tempest-DeleteServersAdminTestJSON-654659233-project] new path /v2/images/c67fed70-218d-4c05-83c5-4649128e4e20 {{(pid=128270) process_request /opt/stack/glance/glance/api/middleware/version_negotiation.py:70}}
Aug 23 23:01:02.934220 n-d-852771-6 devstack@g-api.service[128270]: [pid: 128270|app: 0|req: 7/16] 127.0.0.1 () {42 vars in 1051 bytes} [Tue Aug 23 23:01:02 2022] GET /v2/images/c67fed70-218d-4c05-83c5-4649128e4e20 => generated 946 bytes in 26 msecs (HTTP/1.1 200) 4 headers in 157 bytes (1 switches on core 0)
Aug 23 23:01:02.934325 n-d-852771-6 devstack@g-api.service[128269]: DEBUG glance.api.middleware.version_negotiation [None req-dc31b924-4211-43f9-87d2-ae7f418d885c tempest-DeleteServersAdminTestJSON-654659233 tempest-DeleteServersAdminTestJSON-654659233-project] Determining version of request: GET /v2/schemas/image Accept: */* {{(pid=128269) process_request /opt/stack/glance/glance/api/middleware/version_negotiation.py:44}}
Aug 23 23:01:02.934325 n-d-852771-6 devstack@g-api.service[128269]: DEBUG glance.api.middleware.version_negotiation [None req-dc31b924-4211-43f9-87d2-ae7f418d885c tempest-DeleteServersAdminTestJSON-654659233 tempest-DeleteServersAdminTestJSON-654659233-project] Using url versioning {{(pid=128269) process_request /opt/stack/glance/glance/api/middleware/version_negotiation.py:57}}
Aug 23 23:01:02.934325 n-d-852771-6 devstack@g-api.service[128269]: DEBUG glance.api.middleware.version_negotiation [None req-dc31b924-4211-43f9-87d2-ae7f418d885c tempest-DeleteServersAdminTestJSON-654659233 tempest-DeleteServersAdminTestJSON-654659233-project] Matched version: v2 {{(pid=128269) process_request /opt/stack/glance/glance/api/middleware/version_negotiation.py:69}}
Aug 23 23:01:02.934950 n-d-852771-6 devstack@g-api.service[128269]: DEBUG glance.api.middleware.version_negotiation [None req-dc31b924-4211-43f9-87d2-ae7f418d885c tempest-DeleteServersAdminTestJSON-654659233 tempest-DeleteServersAdminTestJSON-654659233-project] new path /v2/schemas/image {{(pid=128269) process_request /opt/stack/glance/glance/api/middleware/version_negotiation.py:70}}
Aug 23 23:01:02.941391 n-d-852771-6 devstack@g-api.service[128269]: [pid: 128269|app: 0|req: 10/17] 127.0.0.1 () {42 vars in 991 bytes} [Tue Aug 23 23:01:02 2022] GET /v2/schemas/image => generated 6083 bytes in 7 msecs (HTTP/1.1 200) 4 headers in 158 bytes (1 switches on core 0)
Aug 23 23:01:08.248351 n-d-852771-6 devstack@g-api.service[128270]: DEBUG glance.api.middleware.version_negotiation [None req-971d7dba-80d5-49d1-9359-3041bb5fdb12 tempest-LiveMigrationNegativeTest-1631825603 tempest-LiveMigrationNegativeTest-1631825603-project] Determining version of request: GET /v2/images/c67fed70-218d-4c05-83c5-4649128e4e20 Accept: */* {{(pid=128270) process_request /opt/stack/glance/glance/api/middleware/version_negotiation.py:44}}
Aug 23 23:01:08.248891 n-d-852771-6 devstack@g-api.service[128270]: DEBUG glance.api.middleware.version_negotiation [None req-971d7dba-80d5-49d1-9359-3041bb5fdb12 tempest-LiveMigrationNegativeTest-1631825603 tempest-LiveMigrationNegativeTest-1631825603-project] Using url versioning {{(pid=128270) process_request /opt/stack/glance/glance/api/middleware/version_negotiation.py:57}}
Aug 23 23:01:08.249672 n-d-852771-6 devstack@g-api.service[128270]: DEBUG glance.api.middleware.version_negotiation [None req-971d7dba-80d5-49d1-9359-3041bb5fdb12 tempest-LiveMigrationNegativeTest-1631825603 tempest-LiveMigrationNegativeTest-1631825603-project] Matched version: v2 {{(pid=128270) process_request /opt/stack/glance/glance/api/middleware/version_negotiation.py:69}}
Aug 23 23:01:08.254977 n-d-852771-6 devstack@g-api.service[128270]: DEBUG glance.api.middleware.version_negotiation [None req-971d7dba-80d5-49d1-9359-3041bb5fdb12 tempest-LiveMigrationNegativeTest-1631825603 tempest-LiveMigrationNegativeTest-1631825603-project] new path /v2/images/c67fed70-218d-4c05-83c5-4649128e4e20 {{(pid=128270) process_request /opt/stack/glance/glance/api/middleware/version_negotiation.py:70}}
Aug 23 23:01:08.288978 n-d-852771-6 devstack@g-api.service[128270]: [pid: 128270|app: 0|req: 8/18] 127.0.0.1 () {40 vars in 844 bytes} [Tue Aug 23 23:01:08 2022] GET /v2/images/c67fed70-218d-4c05-83c5-4649128e4e20 => generated 946 bytes in 41 msecs (HTTP/1.1 200) 4 headers in 157 bytes (1 switches on core 0)
Aug 23 23:01:08.295046 n-d-852771-6 devstack@g-api.service[128269]: DEBUG glance.api.middleware.version_negotiation [None req-971d7dba-80d5-49d1-9359-3041bb5fdb12 tempest-LiveMigrationNegativeTest-1631825603 tempest-LiveMigrationNegativeTest-1631825603-project] Determining version of request: GET /v2/images/c67fed70-218d-4c05-83c5-4649128e4e20/file Accept: */* {{(pid=128269) process_request /opt/stack/glance/glance/api/middleware/version_negotiation.py:44}}
Aug 23 23:01:08.295635 n-d-852771-6 devstack@g-api.service[128269]: DEBUG glance.api.middleware.version_negotiation [None req-971d7dba-80d5-49d1-9359-3041bb5fdb12 tempest-LiveMigrationNegativeTest-1631825603 tempest-LiveMigrationNegativeTest-1631825603-project] Using url versioning {{(pid=128269) process_request /opt/stack/glance/glance/api/middleware/version_negotiation.py:57}}
Aug 23 23:01:08.295748 n-d-852771-6 devstack@g-api.service[128269]: DEBUG glance.api.middleware.version_negotiation [None req-971d7dba-80d5-49d1-9359-3041bb5fdb12 tempest-LiveMigrationNegativeTest-1631825603 tempest-LiveMigrationNegativeTest-1631825603-project] Matched version: v2 {{(pid=128269) process_request /opt/stack/glance/glance/api/middleware/version_negotiation.py:69}}
Aug 23 23:01:08.295973 n-d-852771-6 devstack@g-api.service[128269]: DEBUG glance.api.middleware.version_negotiation [None req-971d7dba-80d5-49d1-9359-3041bb5fdb12 tempest-LiveMigrationNegativeTest-1631825603 tempest-LiveMigrationNegativeTest-1631825603-project] new path /v2/images/c67fed70-218d-4c05-83c5-4649128e4e20/file {{(pid=128269) process_request /opt/stack/glance/glance/api/middleware/version_negotiation.py:70}}
Aug 23 23:01:08.314285 n-d-852771-6 devstack@g-api.service[128269]: DEBUG glance.api.middleware.cache [None req-971d7dba-80d5-49d1-9359-3041bb5fdb12 tempest-LiveMigrationNegativeTest-1631825603 tempest-LiveMigrationNegativeTest-1631825603-project] Cache hit for image 'c67fed70-218d-4c05-83c5-4649128e4e20' {{(pid=128269) process_request /opt/stack/glance/glance/api/middleware/cache.py:160}}
Aug 23 23:01:11.580327 n-d-852771-6 devstack@g-api.service[128270]: DEBUG glance.api.middleware.version_negotiation [None req-971d7dba-80d5-49d1-9359-3041bb5fdb12 tempest-LiveMigrationNegativeTest-1631825603 tempest-LiveMigrationNegativeTest-1631825603-project] Determining version of request: GET /v2/images/c67fed70-218d-4c05-83c5-4649128e4e20 Accept: */* {{(pid=128270) process_request /opt/stack/glance/glance/api/middleware/version_negotiation.py:44}}
Aug 23 23:01:11.580842 n-d-852771-6 devstack@g-api.service[128270]: DEBUG glance.api.middleware.version_negotiation [None req-971d7dba-80d5-49d1-9359-3041bb5fdb12 tempest-LiveMigrationNegativeTest-1631825603 tempest-LiveMigrationNegativeTest-1631825603-project] Using url versioning {{(pid=128270) process_request /opt/stack/glance/glance/api/middleware/version_negotiation.py:57}}
Aug 23 23:01:11.581029 n-d-852771-6 devstack@g-api.service[128270]: DEBUG glance.api.middleware.version_negotiation [None req-971d7dba-80d5-49d1-9359-3041bb5fdb12 tempest-LiveMigrationNegativeTest-1631825603 tempest-LiveMigrationNegativeTest-1631825603-project] Matched version: v2 {{(pid=128270) process_request /opt/stack/glance/glance/api/middleware/version_negotiation.py:69}}
Aug 23 23:01:11.581377 n-d-852771-6 devstack@g-api.service[128270]: DEBUG glance.api.middleware.version_negotiation [None req-971d7dba-80d5-49d1-9359-3041bb5fdb12 tempest-LiveMigrationNegativeTest-1631825603 tempest-LiveMigrationNegativeTest-1631825603-project] new path /v2/images/c67fed70-218d-4c05-83c5-4649128e4e20 {{(pid=128270) process_request /opt/stack/glance/glance/api/middleware/version_negotiation.py:70}}
Aug 23 23:01:11.600482 n-d-852771-6 devstack@g-api.service[128270]: [pid: 128270|app: 0|req: 9/19] 127.0.0.1 () {42 vars in 1051 bytes} [Tue Aug 23 23:01:11 2022] GET /v2/images/c67fed70-218d-4c05-83c5-4649128e4e20 => generated 946 bytes in 21 msecs (HTTP/1.1 200) 4 headers in 157 bytes (1 switches on core 0)
Aug 23 23:01:11.605574 n-d-852771-6 devstack@g-api.service[128270]: DEBUG glance.api.middleware.version_negotiation [None req-81cfa2db-efec-4c94-be9f-19e025a1be3e tempest-ServersAdmin275Test-217472093 tempest-ServersAdmin275Test-217472093-project] Determining version of request: GET /v2/schemas/image Accept: */* {{(pid=128270) process_request /opt/stack/glance/glance/api/middleware/version_negotiation.py:44}}
Aug 23 23:01:11.606195 n-d-852771-6 devstack@g-api.service[128270]: DEBUG glance.api.middleware.version_negotiation [None req-81cfa2db-efec-4c94-be9f-19e025a1be3e tempest-ServersAdmin275Test-217472093 tempest-ServersAdmin275Test-217472093-project] Using url versioning {{(pid=128270) process_request /opt/stack/glance/glance/api/middleware/version_negotiation.py:57}}
Aug 23 23:01:11.606670 n-d-852771-6 devstack@g-api.service[128270]: DEBUG glance.api.middleware.version_negotiation [None req-81cfa2db-efec-4c94-be9f-19e025a1be3e tempest-ServersAdmin275Test-217472093 tempest-ServersAdmin275Test-217472093-project] Matched version: v2 {{(pid=128270) process_request /opt/stack/glance/glance/api/middleware/version_negotiation.py:69}}
Aug 23 23:01:11.607101 n-d-852771-6 devstack@g-api.service[128270]: DEBUG glance.api.middleware.version_negotiation [None req-81cfa2db-efec-4c94-be9f-19e025a1be3e tempest-ServersAdmin275Test-217472093 tempest-ServersAdmin275Test-217472093-project] new path /v2/schemas/image {{(pid=128270) process_request /opt/stack/glance/glance/api/middleware/version_negotiation.py:70}}
Aug 23 23:01:11.624222 n-d-852771-6 devstack@g-api.service[128270]: [pid: 128270|app: 0|req: 10/20] 127.0.0.1 () {42 vars in 991 bytes} [Tue Aug 23 23:01:11 2022] GET /v2/schemas/image => generated 6083 bytes in 19 msecs (HTTP/1.1 200) 4 headers in 158 bytes (1 switches on core 0)
Aug 23 23:01:13.673278 n-d-852771-6 devstack@g-api.service[128269]: [pid: 128269|app: 0|req: 11/21] 127.0.0.1 () {40 vars in 854 bytes} [Tue Aug 23 23:01:08 2022] GET /v2/images/c67fed70-218d-4c05-83c5-4649128e4e20/file => generated 645922816 bytes in 5369 msecs (HTTP/1.1 200) 5 headers in 218 bytes (10031 switches on core 0)
Aug 23 23:01:18.030150 n-d-852771-6 devstack@g-api.service[128270]: DEBUG glance.api.middleware.version_negotiation [None req-81cfa2db-efec-4c94-be9f-19e025a1be3e tempest-ServersAdmin275Test-217472093 tempest-ServersAdmin275Test-217472093-project] Determining version of request: GET /v2/images/c67fed70-218d-4c05-83c5-4649128e4e20 Accept: */* {{(pid=128270) process_request /opt/stack/glance/glance/api/middleware/version_negotiation.py:44}}
Aug 23 23:01:18.030860 n-d-852771-6 devstack@g-api.service[128270]: DEBUG glance.api.middleware.version_negotiation [None req-81cfa2db-efec-4c94-be9f-19e025a1be3e tempest-ServersAdmin275Test-217472093 tempest-ServersAdmin275Test-217472093-project] Using url versioning {{(pid=128270) process_request /opt/stack/glance/glance/api/middleware/version_negotiation.py:57}}
Aug 23 23:01:18.031189 n-d-852771-6 devstack@g-api.service[128270]: DEBUG glance.api.middleware.version_negotiation [None req-81cfa2db-efec-4c94-be9f-19e025a1be3e tempest-ServersAdmin275Test-217472093 tempest-ServersAdmin275Test-217472093-project] Matched version: v2 {{(pid=128270) process_request /opt/stack/glance/glance/api/middleware/version_negotiation.py:69}}
Aug 23 23:01:18.031469 n-d-852771-6 devstack@g-api.service[128270]: DEBUG glance.api.middleware.version_negotiation [None req-81cfa2db-efec-4c94-be9f-19e025a1be3e tempest-ServersAdmin275Test-217472093 tempest-ServersAdmin275Test-217472093-project] new path /v2/images/c67fed70-218d-4c05-83c5-4649128e4e20 {{(pid=128270) process_request /opt/stack/glance/glance/api/middleware/version_negotiation.py:70}}
Aug 23 23:01:18.080260 n-d-852771-6 devstack@g-api.service[128270]: [pid: 128270|app: 0|req: 11/22] 127.0.0.1 () {42 vars in 1051 bytes} [Tue Aug 23 23:01:18 2022] GET /v2/images/c67fed70-218d-4c05-83c5-4649128e4e20 => generated 946 bytes in 51 msecs (HTTP/1.1 200) 4 headers in 157 bytes (1 switches on core 0)
Aug 23 23:01:18.081071 n-d-852771-6 devstack@g-api.service[128269]: DEBUG glance.api.middleware.version_negotiation [None req-971d7dba-80d5-49d1-9359-3041bb5fdb12 tempest-LiveMigrationNegativeTest-1631825603 tempest-LiveMigrationNegativeTest-1631825603-project] Determining version of request: GET /v2/schemas/image Accept: */* {{(pid=128269) process_request /opt/stack/glance/glance/api/middleware/version_negotiation.py:44}}
Aug 23 23:01:18.081559 n-d-852771-6 devstack@g-api.service[128269]: DEBUG glance.api.middleware.version_negotiation [None req-971d7dba-80d5-49d1-9359-3041bb5fdb12 tempest-LiveMigrationNegativeTest-1631825603 tempest-LiveMigrationNegativeTest-1631825603-project] Using url versioning {{(pid=128269) process_request /opt/stack/glance/glance/api/middleware/version_negotiation.py:57}}
Aug 23 23:01:18.081734 n-d-852771-6 devstack@g-api.service[128269]: DEBUG glance.api.middleware.version_negotiation [None req-971d7dba-80d5-49d1-9359-3041bb5fdb12 tempest-LiveMigrationNegativeTest-1631825603 tempest-LiveMigrationNegativeTest-1631825603-project] Matched version: v2 {{(pid=128269) process_request /opt/stack/glance/glance/api/middleware/version_negotiation.py:69}}
Aug 23 23:01:18.082297 n-d-852771-6 devstack@g-api.service[128269]: DEBUG glance.api.middleware.version_negotiation [None req-971d7dba-80d5-49d1-9359-3041bb5fdb12 tempest-LiveMigrationNegativeTest-1631825603 tempest-LiveMigrationNegativeTest-1631825603-project] new path /v2/schemas/image {{(pid=128269) process_request /opt/stack/glance/glance/api/middleware/version_negotiation.py:70}}
Aug 23 23:01:18.089308 n-d-852771-6 devstack@g-api.service[128269]: [pid: 128269|app: 0|req: 12/23] 127.0.0.1 () {42 vars in 991 bytes} [Tue Aug 23 23:01:18 2022] GET /v2/schemas/image => generated 6083 bytes in 9 msecs (HTTP/1.1 200) 4 headers in 158 bytes (1 switches on core 0)
Aug 23 23:01:18.311008 n-d-852771-6 devstack@g-api.service[128269]: DEBUG dbcounter [-] [128269] Writing DB stats glance:SELECT=4 {{(pid=128269) stat_writer /usr/local/lib/python3.8/dist-packages/dbcounter.py:114}}
Aug 23 23:01:19.593234 n-d-852771-6 devstack@g-api.service[128270]: DEBUG glance.api.middleware.version_negotiation [None req-f6ed9112-c1ee-4c76-83fe-233892d945e7 tempest-DeleteServersAdminTestJSON-654659233 tempest-DeleteServersAdminTestJSON-654659233-project] Determining version of request: GET /v2/images/c67fed70-218d-4c05-83c5-4649128e4e20 Accept: */* {{(pid=128270) process_request /opt/stack/glance/glance/api/middleware/version_negotiation.py:44}}
Aug 23 23:01:19.593234 n-d-852771-6 devstack@g-api.service[128270]: DEBUG glance.api.middleware.version_negotiation [None req-f6ed9112-c1ee-4c76-83fe-233892d945e7 tempest-DeleteServersAdminTestJSON-654659233 tempest-DeleteServersAdminTestJSON-654659233-project] Using url versioning {{(pid=128270) process_request /opt/stack/glance/glance/api/middleware/version_negotiation.py:57}}
Aug 23 23:01:19.593886 n-d-852771-6 devstack@g-api.service[128270]: DEBUG glance.api.middleware.version_negotiation [None req-f6ed9112-c1ee-4c76-83fe-233892d945e7 tempest-DeleteServersAdminTestJSON-654659233 tempest-DeleteServersAdminTestJSON-654659233-project] Matched version: v2 {{(pid=128270) process_request /opt/stack/glance/glance/api/middleware/version_negotiation.py:69}}
Aug 23 23:01:19.593886 n-d-852771-6 devstack@g-api.service[128270]: DEBUG glance.api.middleware.version_negotiation [None req-f6ed9112-c1ee-4c76-83fe-233892d945e7 tempest-DeleteServersAdminTestJSON-654659233 tempest-DeleteServersAdminTestJSON-654659233-project] new path /v2/images/c67fed70-218d-4c05-83c5-4649128e4e20 {{(pid=128270) process_request /opt/stack/glance/glance/api/middleware/version_negotiation.py:70}}
Aug 23 23:01:19.613209 n-d-852771-6 devstack@g-api.service[128270]: [pid: 128270|app: 0|req: 12/24] 127.0.0.1 () {42 vars in 1051 bytes} [Tue Aug 23 23:01:19 2022] GET /v2/images/c67fed70-218d-4c05-83c5-4649128e4e20 => generated 946 bytes in 21 msecs (HTTP/1.1 200) 4 headers in 157 bytes (1 switches on core 0)
Aug 23 23:01:19.619032 n-d-852771-6 devstack@g-api.service[128269]: DEBUG glance.api.middleware.version_negotiation [None req-f6ed9112-c1ee-4c76-83fe-233892d945e7 tempest-DeleteServersAdminTestJSON-654659233 tempest-DeleteServersAdminTestJSON-654659233-project] Determining version of request: GET /v2/schemas/image Accept: */* {{(pid=128269) process_request /opt/stack/glance/glance/api/middleware/version_negotiation.py:44}}
Aug 23 23:01:19.619496 n-d-852771-6 devstack@g-api.service[128269]: DEBUG glance.api.middleware.version_negotiation [None req-f6ed9112-c1ee-4c76-83fe-233892d945e7 tempest-DeleteServersAdminTestJSON-654659233 tempest-DeleteServersAdminTestJSON-654659233-project] Using url versioning {{(pid=128269) process_request /opt/stack/glance/glance/api/middleware/version_negotiation.py:57}}
Aug 23 23:01:19.621733 n-d-852771-6 devstack@g-api.service[128269]: DEBUG glance.api.middleware.version_negotiation [None req-f6ed9112-c1ee-4c76-83fe-233892d945e7 tempest-DeleteServersAdminTestJSON-654659233 tempest-DeleteServersAdminTestJSON-654659233-project] Matched version: v2 {{(pid=128269) process_request /opt/stack/glance/glance/api/middleware/version_negotiation.py:69}}
