Aug 22 18:06:26.796751 n-d-852737-6 devstack@placement-api.service[107679]: DEBUG placement.objects.allocation_candidate [req-92ad190a-beb1-4c00-b545-81803d62f21a req-426fe984-723a-42b7-9b9d-e438d842f20b service placement] Merging candidates yields 2 allocation requests and 2 provider summaries {{(pid=107679) _merge_candidates /opt/stack/placement/placement/objects/allocation_candidate.py:809}}
Aug 22 18:06:26.798604 n-d-852737-6 devstack@placement-api.service[107679]: INFO placement.requestlog [req-92ad190a-beb1-4c00-b545-81803d62f21a req-426fe984-723a-42b7-9b9d-e438d842f20b service placement] 10.222.0.27 "GET /placement/allocation_candidates?limit=1000&resources=DISK_GB%3A1%2CMEMORY_MB%3A1024%2CVCPU%3A1&root_required=%21COMPUTE_STATUS_DISABLED" status: 200 len: 1309 microversion: 1.36
Aug 22 18:06:26.799489 n-d-852737-6 devstack@placement-api.service[107679]: [pid: 107679|app: 0|req: 262/521] 10.222.0.27 () {60 vars in 1506 bytes} [Mon Aug 22 18:06:26 2022] GET /placement/allocation_candidates?limit=1000&resources=DISK_GB%3A1%2CMEMORY_MB%3A1024%2CVCPU%3A1&root_required=%21COMPUTE_STATUS_DISABLED => generated 1309 bytes in 96 msecs (HTTP/1.1 200) 8 headers in 297 bytes (1 switches on core 0)
Aug 22 18:06:26.891634 n-d-852737-6 devstack@placement-api.service[107680]: DEBUG placement.requestlog [req-92ad190a-beb1-4c00-b545-81803d62f21a req-84d6216d-c26f-48cc-b899-b344d163444c None None] Starting request: 10.222.0.27 "GET /placement/allocations/f322e0ec-836f-4429-918a-4af6a1171b6b" {{(pid=107680) __call__ /opt/stack/placement/placement/requestlog.py:55}}
Aug 22 18:06:26.904606 n-d-852737-6 devstack@placement-api.service[107680]: INFO placement.requestlog [req-92ad190a-beb1-4c00-b545-81803d62f21a req-84d6216d-c26f-48cc-b899-b344d163444c service placement] 10.222.0.27 "GET /placement/allocations/f322e0ec-836f-4429-918a-4af6a1171b6b" status: 200 len: 19 microversion: 1.28
Aug 22 18:06:26.905300 n-d-852737-6 devstack@placement-api.service[107680]: [pid: 107680|app: 0|req: 260/522] 10.222.0.27 () {60 vars in 1380 bytes} [Mon Aug 22 18:06:26 2022] GET /placement/allocations/f322e0ec-836f-4429-918a-4af6a1171b6b => generated 19 bytes in 14 msecs (HTTP/1.1 200) 8 headers in 295 bytes (1 switches on core 0)
Aug 22 18:06:26.915171 n-d-852737-6 devstack@placement-api.service[107679]: DEBUG placement.requestlog [req-92ad190a-beb1-4c00-b545-81803d62f21a req-0a43de39-882f-4d51-898b-d11485c47feb None None] Starting request: 10.222.0.27 "PUT /placement/allocations/f322e0ec-836f-4429-918a-4af6a1171b6b" {{(pid=107679) __call__ /opt/stack/placement/placement/requestlog.py:55}}
Aug 22 18:06:27.043674 n-d-852737-6 devstack@placement-api.service[107679]: DEBUG placement.handlers.allocation [req-92ad190a-beb1-4c00-b545-81803d62f21a req-0a43de39-882f-4d51-898b-d11485c47feb service placement] Successfully wrote allocations [, , ] {{(pid=107679) _update_consumers_and_create_allocations /opt/stack/placement/placement/handlers/allocation.py:462}}
Aug 22 18:06:27.053365 n-d-852737-6 devstack@placement-api.service[107679]: INFO placement.requestlog [req-92ad190a-beb1-4c00-b545-81803d62f21a req-0a43de39-882f-4d51-898b-d11485c47feb service placement] 10.222.0.27 "PUT /placement/allocations/f322e0ec-836f-4429-918a-4af6a1171b6b" status: 204 len: 0 microversion: 1.36
Aug 22 18:06:27.054731 n-d-852737-6 devstack@placement-api.service[107679]: [pid: 107679|app: 0|req: 263/523] 10.222.0.27 () {64 vars in 1433 bytes} [Mon Aug 22 18:06:26 2022] PUT /placement/allocations/f322e0ec-836f-4429-918a-4af6a1171b6b => generated 0 bytes in 140 msecs (HTTP/1.1 204) 5 headers in 199 bytes (1 switches on core 0)
Aug 22 18:06:27.517159 n-d-852737-6 devstack@placement-api.service[107680]: DEBUG placement.requestlog [req-92ad190a-beb1-4c00-b545-81803d62f21a req-3ce80ced-49f3-4cb4-8907-6623f42fa622 None None] Starting request: 10.222.0.57 "GET /placement/allocations/f322e0ec-836f-4429-918a-4af6a1171b6b" {{(pid=107680) __call__ /opt/stack/placement/placement/requestlog.py:55}}
Aug 22 18:06:27.543374 n-d-852737-6 devstack@placement-api.service[107680]: INFO placement.requestlog [req-92ad190a-beb1-4c00-b545-81803d62f21a req-3ce80ced-49f3-4cb4-8907-6623f42fa622 service placement] 10.222.0.57 "GET /placement/allocations/f322e0ec-836f-4429-918a-4af6a1171b6b" status: 200 len: 259 microversion: 1.28
Aug 22 18:06:27.544179 n-d-852737-6 devstack@placement-api.service[107680]: [pid: 107680|app: 0|req: 261/524] 10.222.0.57 () {60 vars in 1377 bytes} [Mon Aug 22 18:06:27 2022] GET /placement/allocations/f322e0ec-836f-4429-918a-4af6a1171b6b => generated 259 bytes in 27 msecs (HTTP/1.1 200) 8 headers in 296 bytes (1 switches on core 0)
Aug 22 18:06:29.737772 n-d-852737-6 devstack@placement-api.service[107679]: DEBUG placement.requestlog [req-14c99367-1c50-4beb-b20e-b38a038a351d req-3e2b02db-7e38-4e18-8cbc-33126329cb91 None None] Starting request: 10.222.0.27 "GET /placement/allocation_candidates?resources=DISK_GB%3A1%2CMEMORY_MB%3A1024%2CVCPU%3A1&root_required=%21COMPUTE_STATUS_DISABLED" {{(pid=107679) __call__ /opt/stack/placement/placement/requestlog.py:55}}
Aug 22 18:06:29.806713 n-d-852737-6 devstack@placement-api.service[107679]: DEBUG placement.objects.research_context [req-14c99367-1c50-4beb-b20e-b38a038a351d req-3e2b02db-7e38-4e18-8cbc-33126329cb91 service placement] getting providers with 1 DISK_GB {{(pid=107679) __init__ /opt/stack/placement/placement/objects/research_context.py:136}}
Aug 22 18:06:29.817325 n-d-852737-6 devstack@placement-api.service[107679]: DEBUG placement.objects.research_context [req-14c99367-1c50-4beb-b20e-b38a038a351d req-3e2b02db-7e38-4e18-8cbc-33126329cb91 service placement] getting providers with 1024 MEMORY_MB {{(pid=107679) __init__ /opt/stack/placement/placement/objects/research_context.py:136}}
Aug 22 18:06:29.827111 n-d-852737-6 devstack@placement-api.service[107679]: DEBUG placement.objects.research_context [req-14c99367-1c50-4beb-b20e-b38a038a351d req-3e2b02db-7e38-4e18-8cbc-33126329cb91 service placement] getting providers with 1 VCPU {{(pid=107679) __init__ /opt/stack/placement/placement/objects/research_context.py:136}}
Aug 22 18:06:29.839777 n-d-852737-6 devstack@placement-api.service[107679]: DEBUG placement.objects.research_context [req-14c99367-1c50-4beb-b20e-b38a038a351d req-3e2b02db-7e38-4e18-8cbc-33126329cb91 service placement] found 2 providers with available 1 DISK_GB {{(pid=107679) get_provider_ids_matching /opt/stack/placement/placement/objects/research_context.py:563}}
Aug 22 18:06:29.839909 n-d-852737-6 devstack@placement-api.service[107679]: DEBUG placement.objects.research_context [req-14c99367-1c50-4beb-b20e-b38a038a351d req-3e2b02db-7e38-4e18-8cbc-33126329cb91 service placement] found 2 providers with available 1024 MEMORY_MB {{(pid=107679) get_provider_ids_matching /opt/stack/placement/placement/objects/research_context.py:563}}
Aug 22 18:06:29.850285 n-d-852737-6 devstack@placement-api.service[107679]: DEBUG placement.objects.research_context [req-14c99367-1c50-4beb-b20e-b38a038a351d req-3e2b02db-7e38-4e18-8cbc-33126329cb91 service placement] found 2 providers after filtering by previous result {{(pid=107679) get_provider_ids_matching /opt/stack/placement/placement/objects/research_context.py:594}}
Aug 22 18:06:29.850926 n-d-852737-6 devstack@placement-api.service[107679]: DEBUG placement.objects.research_context [req-14c99367-1c50-4beb-b20e-b38a038a351d req-3e2b02db-7e38-4e18-8cbc-33126329cb91 service placement] found 2 providers with available 1 VCPU {{(pid=107679) get_provider_ids_matching /opt/stack/placement/placement/objects/research_context.py:563}}
Aug 22 18:06:29.851332 n-d-852737-6 devstack@placement-api.service[107679]: DEBUG placement.objects.research_context [req-14c99367-1c50-4beb-b20e-b38a038a351d req-3e2b02db-7e38-4e18-8cbc-33126329cb91 service placement] found 2 providers after filtering by previous result {{(pid=107679) get_provider_ids_matching /opt/stack/placement/placement/objects/research_context.py:594}}
Aug 22 18:06:29.867139 n-d-852737-6 devstack@placement-api.service[107679]: DEBUG placement.objects.allocation_candidate [req-14c99367-1c50-4beb-b20e-b38a038a351d req-3e2b02db-7e38-4e18-8cbc-33126329cb91 service placement] RequestGroup(use_same_provider=False, resources={DISK_GB:1, MEMORY_MB:1024, VCPU:1}, traits=(), aggregates=[]) (suffix '') returned 2 matches {{(pid=107679) _get_by_requests /opt/stack/placement/placement/objects/allocation_candidate.py:156}}
Aug 22 18:06:29.867749 n-d-852737-6 devstack@placement-api.service[107679]: DEBUG placement.objects.allocation_candidate [req-14c99367-1c50-4beb-b20e-b38a038a351d req-3e2b02db-7e38-4e18-8cbc-33126329cb91 service placement] Merging candidates yields 2 allocation requests and 2 provider summaries {{(pid=107679) _merge_candidates /opt/stack/placement/placement/objects/allocation_candidate.py:809}}
Aug 22 18:06:29.879319 n-d-852737-6 devstack@placement-api.service[107679]: INFO placement.requestlog [req-14c99367-1c50-4beb-b20e-b38a038a351d req-3e2b02db-7e38-4e18-8cbc-33126329cb91 service placement] 10.222.0.27 "GET /placement/allocation_candidates?resources=DISK_GB%3A1%2CMEMORY_MB%3A1024%2CVCPU%3A1&root_required=%21COMPUTE_STATUS_DISABLED" status: 200 len: 1309 microversion: 1.36
Aug 22 18:06:29.886642 n-d-852737-6 devstack@placement-api.service[107679]: [pid: 107679|app: 0|req: 264/525] 10.222.0.27 () {60 vars in 1484 bytes} [Mon Aug 22 18:06:29 2022] GET /placement/allocation_candidates?resources=DISK_GB%3A1%2CMEMORY_MB%3A1024%2CVCPU%3A1&root_required=%21COMPUTE_STATUS_DISABLED => generated 1309 bytes in 149 msecs (HTTP/1.1 200) 8 headers in 297 bytes (1 switches on core 0)
Aug 22 18:06:30.001602 n-d-852737-6 devstack@placement-api.service[107680]: DEBUG placement.requestlog [req-14c99367-1c50-4beb-b20e-b38a038a351d req-8a612ae5-c338-4d05-b12d-cf9c08bd70ba None None] Starting request: 10.222.0.27 "GET /placement/allocations/4e9853e4-e2f1-488b-917a-2fd3327608ea" {{(pid=107680) __call__ /opt/stack/placement/placement/requestlog.py:55}}
Aug 22 18:06:30.025878 n-d-852737-6 devstack@placement-api.service[107680]: INFO placement.requestlog [req-14c99367-1c50-4beb-b20e-b38a038a351d req-8a612ae5-c338-4d05-b12d-cf9c08bd70ba service placement] 10.222.0.27 "GET /placement/allocations/4e9853e4-e2f1-488b-917a-2fd3327608ea" status: 200 len: 19 microversion: 1.28
Aug 22 18:06:30.026238 n-d-852737-6 devstack@placement-api.service[107680]: [pid: 107680|app: 0|req: 262/526] 10.222.0.27 () {60 vars in 1380 bytes} [Mon Aug 22 18:06:29 2022] GET /placement/allocations/4e9853e4-e2f1-488b-917a-2fd3327608ea => generated 19 bytes in 27 msecs (HTTP/1.1 200) 8 headers in 295 bytes (1 switches on core 0)
Aug 22 18:06:30.032854 n-d-852737-6 devstack@placement-api.service[107679]: DEBUG placement.requestlog [req-14c99367-1c50-4beb-b20e-b38a038a351d req-9bc42d04-0771-45e6-9dcc-d7a028df5d99 None None] Starting request: 10.222.0.27 "PUT /placement/allocations/4e9853e4-e2f1-488b-917a-2fd3327608ea" {{(pid=107679) __call__ /opt/stack/placement/placement/requestlog.py:55}}
Aug 22 18:06:30.088961 n-d-852737-6 devstack@placement-api.service[107679]: DEBUG dbcounter [-] [107679] Writing DB stats placement:SELECT=72,placement:DELETE=6,placement:INSERT=16,placement:UPDATE=6 {{(pid=107679) stat_writer /usr/local/lib/python3.8/dist-packages/dbcounter.py:114}}
Aug 22 18:06:30.152650 n-d-852737-6 devstack@placement-api.service[107679]: DEBUG placement.handlers.allocation [req-14c99367-1c50-4beb-b20e-b38a038a351d req-9bc42d04-0771-45e6-9dcc-d7a028df5d99 service placement] Successfully wrote allocations [, , ] {{(pid=107679) _update_consumers_and_create_allocations /opt/stack/placement/placement/handlers/allocation.py:462}}
Aug 22 18:06:30.160223 n-d-852737-6 devstack@placement-api.service[107679]: INFO placement.requestlog [req-14c99367-1c50-4beb-b20e-b38a038a351d req-9bc42d04-0771-45e6-9dcc-d7a028df5d99 service placement] 10.222.0.27 "PUT /placement/allocations/4e9853e4-e2f1-488b-917a-2fd3327608ea" status: 204 len: 0 microversion: 1.36
Aug 22 18:06:30.162694 n-d-852737-6 devstack@placement-api.service[107679]: [pid: 107679|app: 0|req: 265/527] 10.222.0.27 () {64 vars in 1433 bytes} [Mon Aug 22 18:06:30 2022] PUT /placement/allocations/4e9853e4-e2f1-488b-917a-2fd3327608ea => generated 0 bytes in 128 msecs (HTTP/1.1 204) 5 headers in 199 bytes (2 switches on core 0)
Aug 22 18:06:30.649773 n-d-852737-6 devstack@placement-api.service[107680]: DEBUG placement.requestlog [req-14c99367-1c50-4beb-b20e-b38a038a351d req-3c0954d4-66f1-4895-84b0-77cdf12fa5db None None] Starting request: 10.222.0.83 "GET /placement/allocations/4e9853e4-e2f1-488b-917a-2fd3327608ea" {{(pid=107680) __call__ /opt/stack/placement/placement/requestlog.py:55}}
Aug 22 18:06:30.666107 n-d-852737-6 devstack@placement-api.service[107680]: INFO placement.requestlog [req-14c99367-1c50-4beb-b20e-b38a038a351d req-3c0954d4-66f1-4895-84b0-77cdf12fa5db service placement] 10.222.0.83 "GET /placement/allocations/4e9853e4-e2f1-488b-917a-2fd3327608ea" status: 200 len: 259 microversion: 1.28
Aug 22 18:06:30.667310 n-d-852737-6 devstack@placement-api.service[107680]: [pid: 107680|app: 0|req: 263/528] 10.222.0.83 () {60 vars in 1377 bytes} [Mon Aug 22 18:06:30 2022] GET /placement/allocations/4e9853e4-e2f1-488b-917a-2fd3327608ea => generated 259 bytes in 18 msecs (HTTP/1.1 200) 8 headers in 296 bytes (1 switches on core 0)
Aug 22 18:06:35.017154 n-d-852737-6 devstack@placement-api.service[107679]: DEBUG placement.requestlog [req-b62b34f5-01e1-499f-874c-1b723ae42f8d req-47521e2c-1f97-4a9e-abed-d8b3e2896d11 None None] Starting request: 10.222.0.57 "GET /placement/resource_providers/82e1b204-6dc1-4bf4-bdce-bb74db1102fc/allocations" {{(pid=107679) __call__ /opt/stack/placement/placement/requestlog.py:55}}
Aug 22 18:06:35.067099 n-d-852737-6 devstack@placement-api.service[107679]: INFO placement.requestlog [req-b62b34f5-01e1-499f-874c-1b723ae42f8d req-47521e2c-1f97-4a9e-abed-d8b3e2896d11 service placement] 10.222.0.57 "GET /placement/resource_providers/82e1b204-6dc1-4bf4-bdce-bb74db1102fc/allocations" status: 200 len: 645 microversion: 1.0
Aug 22 18:06:35.067828 n-d-852737-6 devstack@placement-api.service[107679]: [pid: 107679|app: 0|req: 266/529] 10.222.0.57 () {58 vars in 1390 bytes} [Mon Aug 22 18:06:35 2022] GET /placement/resource_providers/82e1b204-6dc1-4bf4-bdce-bb74db1102fc/allocations => generated 645 bytes in 51 msecs (HTTP/1.1 200) 6 headers in 224 bytes (1 switches on core 0)
Aug 22 18:06:39.094022 n-d-852737-6 devstack@placement-api.service[107680]: DEBUG placement.requestlog [req-f789a3b8-6408-4463-bb80-e9aa85facd82 req-c3db84e9-3b80-4c27-b63e-da8f25e194ee None None] Starting request: 10.222.0.27 "GET /placement/allocation_candidates?limit=1000&resources=DISK_GB%3A1%2CMEMORY_MB%3A1024%2CVCPU%3A1&root_required=%21COMPUTE_STATUS_DISABLED" {{(pid=107680) __call__ /opt/stack/placement/placement/requestlog.py:55}}
Aug 22 18:06:39.167629 n-d-852737-6 devstack@placement-api.service[107680]: DEBUG placement.objects.research_context [req-f789a3b8-6408-4463-bb80-e9aa85facd82 req-c3db84e9-3b80-4c27-b63e-da8f25e194ee service placement] getting providers with 1 DISK_GB {{(pid=107680) __init__ /opt/stack/placement/placement/objects/research_context.py:136}}
Aug 22 18:06:39.174653 n-d-852737-6 devstack@placement-api.service[107680]: DEBUG placement.objects.research_context [req-f789a3b8-6408-4463-bb80-e9aa85facd82 req-c3db84e9-3b80-4c27-b63e-da8f25e194ee service placement] getting providers with 1024 MEMORY_MB {{(pid=107680) __init__ /opt/stack/placement/placement/objects/research_context.py:136}}
Aug 22 18:06:39.182101 n-d-852737-6 devstack@placement-api.service[107680]: DEBUG placement.objects.research_context [req-f789a3b8-6408-4463-bb80-e9aa85facd82 req-c3db84e9-3b80-4c27-b63e-da8f25e194ee service placement] getting providers with 1 VCPU {{(pid=107680) __init__ /opt/stack/placement/placement/objects/research_context.py:136}}
Aug 22 18:06:39.188830 n-d-852737-6 devstack@placement-api.service[107680]: DEBUG placement.objects.research_context [req-f789a3b8-6408-4463-bb80-e9aa85facd82 req-c3db84e9-3b80-4c27-b63e-da8f25e194ee service placement] found 2 providers with available 1 DISK_GB {{(pid=107680) get_provider_ids_matching /opt/stack/placement/placement/objects/research_context.py:563}}
Aug 22 18:06:39.189297 n-d-852737-6 devstack@placement-api.service[107680]: DEBUG placement.objects.research_context [req-f789a3b8-6408-4463-bb80-e9aa85facd82 req-c3db84e9-3b80-4c27-b63e-da8f25e194ee service placement] found 2 providers with available 1024 MEMORY_MB {{(pid=107680) get_provider_ids_matching /opt/stack/placement/placement/objects/research_context.py:563}}
Aug 22 18:06:39.189721 n-d-852737-6 devstack@placement-api.service[107680]: DEBUG placement.objects.research_context [req-f789a3b8-6408-4463-bb80-e9aa85facd82 req-c3db84e9-3b80-4c27-b63e-da8f25e194ee service placement] found 2 providers after filtering by previous result {{(pid=107680) get_provider_ids_matching /opt/stack/placement/placement/objects/research_context.py:594}}
Aug 22 18:06:39.190128 n-d-852737-6 devstack@placement-api.service[107680]: DEBUG placement.objects.research_context [req-f789a3b8-6408-4463-bb80-e9aa85facd82 req-c3db84e9-3b80-4c27-b63e-da8f25e194ee service placement] found 2 providers with available 1 VCPU {{(pid=107680) get_provider_ids_matching /opt/stack/placement/placement/objects/research_context.py:563}}
Aug 22 18:06:39.190572 n-d-852737-6 devstack@placement-api.service[107680]: DEBUG placement.objects.research_context [req-f789a3b8-6408-4463-bb80-e9aa85facd82 req-c3db84e9-3b80-4c27-b63e-da8f25e194ee service placement] found 2 providers after filtering by previous result {{(pid=107680) get_provider_ids_matching /opt/stack/placement/placement/objects/research_context.py:594}}
Aug 22 18:06:39.205478 n-d-852737-6 devstack@placement-api.service[107680]: DEBUG placement.objects.allocation_candidate [req-f789a3b8-6408-4463-bb80-e9aa85facd82 req-c3db84e9-3b80-4c27-b63e-da8f25e194ee service placement] RequestGroup(use_same_provider=False, resources={DISK_GB:1, MEMORY_MB:1024, VCPU:1}, traits=(), aggregates=[]) (suffix '') returned 2 matches {{(pid=107680) _get_by_requests /opt/stack/placement/placement/objects/allocation_candidate.py:156}}
Aug 22 18:06:39.206145 n-d-852737-6 devstack@placement-api.service[107680]: DEBUG placement.objects.allocation_candidate [req-f789a3b8-6408-4463-bb80-e9aa85facd82 req-c3db84e9-3b80-4c27-b63e-da8f25e194ee service placement] Merging candidates yields 2 allocation requests and 2 provider summaries {{(pid=107680) _merge_candidates /opt/stack/placement/placement/objects/allocation_candidate.py:809}}
Aug 22 18:06:39.208192 n-d-852737-6 devstack@placement-api.service[107680]: INFO placement.requestlog [req-f789a3b8-6408-4463-bb80-e9aa85facd82 req-c3db84e9-3b80-4c27-b63e-da8f25e194ee service placement] 10.222.0.27 "GET /placement/allocation_candidates?limit=1000&resources=DISK_GB%3A1%2CMEMORY_MB%3A1024%2CVCPU%3A1&root_required=%21COMPUTE_STATUS_DISABLED" status: 200 len: 1309 microversion: 1.36
Aug 22 18:06:39.209621 n-d-852737-6 devstack@placement-api.service[107680]: [pid: 107680|app: 0|req: 264/530] 10.222.0.27 () {60 vars in 1506 bytes} [Mon Aug 22 18:06:39 2022] GET /placement/allocation_candidates?limit=1000&resources=DISK_GB%3A1%2CMEMORY_MB%3A1024%2CVCPU%3A1&root_required=%21COMPUTE_STATUS_DISABLED => generated 1309 bytes in 115 msecs (HTTP/1.1 200) 8 headers in 297 bytes (1 switches on core 0)
Aug 22 18:06:39.355185 n-d-852737-6 devstack@placement-api.service[107679]: DEBUG placement.requestlog [req-f789a3b8-6408-4463-bb80-e9aa85facd82 req-5ffe2ec5-1b68-4705-8f8a-7eea4a4626da None None] Starting request: 10.222.0.27 "GET /placement/allocations/c3ceb344-3816-49f7-969a-5367acfa7ba7" {{(pid=107679) __call__ /opt/stack/placement/placement/requestlog.py:55}}
Aug 22 18:06:39.373929 n-d-852737-6 devstack@placement-api.service[107679]: INFO placement.requestlog [req-f789a3b8-6408-4463-bb80-e9aa85facd82 req-5ffe2ec5-1b68-4705-8f8a-7eea4a4626da service placement] 10.222.0.27 "GET /placement/allocations/c3ceb344-3816-49f7-969a-5367acfa7ba7" status: 200 len: 19 microversion: 1.28
Aug 22 18:06:39.383091 n-d-852737-6 devstack@placement-api.service[107679]: [pid: 107679|app: 0|req: 267/531] 10.222.0.27 () {60 vars in 1380 bytes} [Mon Aug 22 18:06:39 2022] GET /placement/allocations/c3ceb344-3816-49f7-969a-5367acfa7ba7 => generated 19 bytes in 28 msecs (HTTP/1.1 200) 8 headers in 295 bytes (1 switches on core 0)
Aug 22 18:06:39.400718 n-d-852737-6 devstack@placement-api.service[107680]: DEBUG placement.requestlog [req-f789a3b8-6408-4463-bb80-e9aa85facd82 req-ac8faf26-2514-45bc-b2b3-ac4295ad05cd None None] Starting request: 10.222.0.27 "PUT /placement/allocations/c3ceb344-3816-49f7-969a-5367acfa7ba7" {{(pid=107680) __call__ /opt/stack/placement/placement/requestlog.py:55}}
Aug 22 18:06:39.545474 n-d-852737-6 devstack@placement-api.service[107680]: DEBUG placement.handlers.allocation [req-f789a3b8-6408-4463-bb80-e9aa85facd82 req-ac8faf26-2514-45bc-b2b3-ac4295ad05cd service placement] Successfully wrote allocations [, , ] {{(pid=107680) _update_consumers_and_create_allocations /opt/stack/placement/placement/handlers/allocation.py:462}}
Aug 22 18:06:39.551695 n-d-852737-6 devstack@placement-api.service[107680]: INFO placement.requestlog [req-f789a3b8-6408-4463-bb80-e9aa85facd82 req-ac8faf26-2514-45bc-b2b3-ac4295ad05cd service placement] 10.222.0.27 "PUT /placement/allocations/c3ceb344-3816-49f7-969a-5367acfa7ba7" status: 204 len: 0 microversion: 1.36
Aug 22 18:06:39.552426 n-d-852737-6 devstack@placement-api.service[107680]: [pid: 107680|app: 0|req: 265/532] 10.222.0.27 () {64 vars in 1433 bytes} [Mon Aug 22 18:06:39 2022] PUT /placement/allocations/c3ceb344-3816-49f7-969a-5367acfa7ba7 => generated 0 bytes in 152 msecs (HTTP/1.1 204) 5 headers in 199 bytes (1 switches on core 0)
Aug 22 18:06:40.118840 n-d-852737-6 devstack@placement-api.service[107679]: DEBUG placement.requestlog [req-f789a3b8-6408-4463-bb80-e9aa85facd82 req-7ef950d4-effe-4281-9a3c-9779e99bff2b None None] Starting request: 10.222.0.57 "GET /placement/allocations/c3ceb344-3816-49f7-969a-5367acfa7ba7" {{(pid=107679) __call__ /opt/stack/placement/placement/requestlog.py:55}}
Aug 22 18:06:40.175370 n-d-852737-6 devstack@placement-api.service[107679]: INFO placement.requestlog [req-f789a3b8-6408-4463-bb80-e9aa85facd82 req-7ef950d4-effe-4281-9a3c-9779e99bff2b service placement] 10.222.0.57 "GET /placement/allocations/c3ceb344-3816-49f7-969a-5367acfa7ba7" status: 200 len: 259 microversion: 1.28
Aug 22 18:06:40.176283 n-d-852737-6 devstack@placement-api.service[107679]: [pid: 107679|app: 0|req: 268/533] 10.222.0.57 () {60 vars in 1377 bytes} [Mon Aug 22 18:06:40 2022] GET /placement/allocations/c3ceb344-3816-49f7-969a-5367acfa7ba7 => generated 259 bytes in 58 msecs (HTTP/1.1 200) 8 headers in 296 bytes (2 switches on core 0)
Aug 22 18:06:42.368694 n-d-852737-6 devstack@placement-api.service[107680]: DEBUG placement.requestlog [req-765dd111-b00e-496f-9ff6-fba68101a488 req-d3b50428-4976-425a-8609-fcaa27990bcc None None] Starting request: 10.222.0.83 "DELETE /placement/allocations/aa26580e-ceb4-42df-9c56-5280444c5883" {{(pid=107680) __call__ /opt/stack/placement/placement/requestlog.py:55}}
Aug 22 18:06:42.418851 n-d-852737-6 devstack@placement-api.service[107680]: DEBUG placement.handlers.allocation [req-765dd111-b00e-496f-9ff6-fba68101a488 req-d3b50428-4976-425a-8609-fcaa27990bcc service placement] Successfully deleted allocations [, , ] {{(pid=107680) delete_allocations /opt/stack/placement/placement/handlers/allocation.py:627}}
Aug 22 18:06:42.419852 n-d-852737-6 devstack@placement-api.service[107680]: INFO placement.requestlog [req-765dd111-b00e-496f-9ff6-fba68101a488 req-d3b50428-4976-425a-8609-fcaa27990bcc service placement] 10.222.0.83 "DELETE /placement/allocations/aa26580e-ceb4-42df-9c56-5280444c5883" status: 204 len: 0 microversion: 1.0
Aug 22 18:06:42.420988 n-d-852737-6 devstack@placement-api.service[107680]: [pid: 107680|app: 0|req: 266/534] 10.222.0.83 () {60 vars in 1355 bytes} [Mon Aug 22 18:06:42 2022] DELETE /placement/allocations/aa26580e-ceb4-42df-9c56-5280444c5883 => generated 0 bytes in 53 msecs (HTTP/1.1 204) 5 headers in 198 bytes (1 switches on core 0)
Aug 22 18:06:45.036398 n-d-852737-6 devstack@placement-api.service[107679]: DEBUG placement.requestlog [req-01f35829-7397-4a64-b1ef-a941f2bb4c3c req-6d161db2-6c8c-4c10-99fc-4073cf88a9ba None None] Starting request: 10.222.0.57 "DELETE /placement/allocations/ce5e534c-2e39-4cdc-a379-2e7d1b82b774" {{(pid=107679) __call__ /opt/stack/placement/placement/requestlog.py:55}}
Aug 22 18:06:45.074711 n-d-852737-6 devstack@placement-api.service[107679]: DEBUG placement.handlers.allocation [req-01f35829-7397-4a64-b1ef-a941f2bb4c3c req-6d161db2-6c8c-4c10-99fc-4073cf88a9ba service placement] Successfully deleted allocations [, , ] {{(pid=107679) delete_allocations /opt/stack/placement/placement/handlers/allocation.py:627}}
Aug 22 18:06:45.076126 n-d-852737-6 devstack@placement-api.service[107679]: INFO placement.requestlog [req-01f35829-7397-4a64-b1ef-a941f2bb4c3c req-6d161db2-6c8c-4c10-99fc-4073cf88a9ba service placement] 10.222.0.57 "DELETE /placement/allocations/ce5e534c-2e39-4cdc-a379-2e7d1b82b774" status: 204 len: 0 microversion: 1.0
Aug 22 18:06:45.077230 n-d-852737-6 devstack@placement-api.service[107679]: [pid: 107679|app: 0|req: 269/535] 10.222.0.57 () {60 vars in 1355 bytes} [Mon Aug 22 18:06:45 2022] DELETE /placement/allocations/ce5e534c-2e39-4cdc-a379-2e7d1b82b774 => generated 0 bytes in 41 msecs (HTTP/1.1 204) 5 headers in 198 bytes (1 switches on core 0)
Aug 22 18:06:45.926860 n-d-852737-6 devstack@placement-api.service[107680]: DEBUG placement.requestlog [req-1f3b6c8d-ff7a-4751-a889-dd78c03fe604 req-ca49787d-2d3d-40ea-aec1-074778385efb None None] Starting request: 10.222.0.83 "GET /placement/resource_providers/aa4fa782-3ba9-424b-90db-ca28af1eb4ea/allocations" {{(pid=107680) __call__ /opt/stack/placement/placement/requestlog.py:55}}
Aug 22 18:06:45.952071 n-d-852737-6 devstack@placement-api.service[107680]: INFO placement.requestlog [req-1f3b6c8d-ff7a-4751-a889-dd78c03fe604 req-ca49787d-2d3d-40ea-aec1-074778385efb service placement] 10.222.0.83 "GET /placement/resource_providers/aa4fa782-3ba9-424b-90db-ca28af1eb4ea/allocations" status: 200 len: 861 microversion: 1.0
Aug 22 18:06:45.952565 n-d-852737-6 devstack@placement-api.service[107680]: [pid: 107680|app: 0|req: 267/536] 10.222.0.83 () {58 vars in 1390 bytes} [Mon Aug 22 18:06:45 2022] GET /placement/resource_providers/aa4fa782-3ba9-424b-90db-ca28af1eb4ea/allocations => generated 861 bytes in 26 msecs (HTTP/1.1 200) 6 headers in 224 bytes (2 switches on core 0)
Aug 22 18:06:47.821035 n-d-852737-6 devstack@placement-api.service[107679]: DEBUG placement.requestlog [req-9ff5cff9-1121-49dc-9444-290cad324f88 req-d830458a-48c6-4f5e-b917-760ff94aaffa None None] Starting request: 10.222.0.83 "DELETE /placement/allocations/ba89e246-f053-4365-b9ff-0244951e9425" {{(pid=107679) __call__ /opt/stack/placement/placement/requestlog.py:55}}
Aug 22 18:06:47.902345 n-d-852737-6 devstack@placement-api.service[107679]: DEBUG placement.handlers.allocation [req-9ff5cff9-1121-49dc-9444-290cad324f88 req-d830458a-48c6-4f5e-b917-760ff94aaffa service placement] Successfully deleted allocations [, , ] {{(pid=107679) delete_allocations /opt/stack/placement/placement/handlers/allocation.py:627}}
Aug 22 18:06:47.902868 n-d-852737-6 devstack@placement-api.service[107679]: INFO placement.requestlog [req-9ff5cff9-1121-49dc-9444-290cad324f88 req-d830458a-48c6-4f5e-b917-760ff94aaffa service placement] 10.222.0.83 "DELETE /placement/allocations/ba89e246-f053-4365-b9ff-0244951e9425" status: 204 len: 0 microversion: 1.0
Aug 22 18:06:47.903399 n-d-852737-6 devstack@placement-api.service[107679]: [pid: 107679|app: 0|req: 270/537] 10.222.0.83 () {60 vars in 1355 bytes} [Mon Aug 22 18:06:47 2022] DELETE /placement/allocations/ba89e246-f053-4365-b9ff-0244951e9425 => generated 0 bytes in 83 msecs (HTTP/1.1 204) 5 headers in 198 bytes (1 switches on core 0)
Aug 22 18:06:49.574809 n-d-852737-6 devstack@placement-api.service[107680]: DEBUG placement.requestlog [req-3785a22d-abbb-491a-a4ef-d56ea0379830 req-8f81426a-c66f-4f7c-96ed-5712bdc8be66 None None] Starting request: 10.222.0.27 "GET /placement/allocation_candidates?resources=DISK_GB%3A1%2CMEMORY_MB%3A1024%2CVCPU%3A1&root_required=%21COMPUTE_STATUS_DISABLED" {{(pid=107680) __call__ /opt/stack/placement/placement/requestlog.py:55}}
Aug 22 18:06:49.593996 n-d-852737-6 devstack@placement-api.service[107680]: DEBUG dbcounter [-] [107680] Writing DB stats placement:SELECT=61,placement:INSERT=6,placement:DELETE=4,placement:UPDATE=2 {{(pid=107680) stat_writer /usr/local/lib/python3.8/dist-packages/dbcounter.py:114}}
Aug 22 18:06:49.628821 n-d-852737-6 devstack@placement-api.service[107680]: DEBUG placement.objects.research_context [req-3785a22d-abbb-491a-a4ef-d56ea0379830 req-8f81426a-c66f-4f7c-96ed-5712bdc8be66 service placement] getting providers with 1 DISK_GB {{(pid=107680) __init__ /opt/stack/placement/placement/objects/research_context.py:136}}
Aug 22 18:06:49.637404 n-d-852737-6 devstack@placement-api.service[107680]: DEBUG placement.objects.research_context [req-3785a22d-abbb-491a-a4ef-d56ea0379830 req-8f81426a-c66f-4f7c-96ed-5712bdc8be66 service placement] getting providers with 1024 MEMORY_MB {{(pid=107680) __init__ /opt/stack/placement/placement/objects/research_context.py:136}}
Aug 22 18:06:49.662716 n-d-852737-6 devstack@placement-api.service[107680]: DEBUG placement.objects.research_context [req-3785a22d-abbb-491a-a4ef-d56ea0379830 req-8f81426a-c66f-4f7c-96ed-5712bdc8be66 service placement] getting providers with 1 VCPU {{(pid=107680) __init__ /opt/stack/placement/placement/objects/research_context.py:136}}
Aug 22 18:06:49.669769 n-d-852737-6 devstack@placement-api.service[107680]: DEBUG placement.objects.research_context [req-3785a22d-abbb-491a-a4ef-d56ea0379830 req-8f81426a-c66f-4f7c-96ed-5712bdc8be66 service placement] found 2 providers with available 1 DISK_GB {{(pid=107680) get_provider_ids_matching /opt/stack/placement/placement/objects/research_context.py:563}}
Aug 22 18:06:49.670505 n-d-852737-6 devstack@placement-api.service[107680]: DEBUG placement.objects.research_context [req-3785a22d-abbb-491a-a4ef-d56ea0379830 req-8f81426a-c66f-4f7c-96ed-5712bdc8be66 service placement] found 2 providers with available 1024 MEMORY_MB {{(pid=107680) get_provider_ids_matching /opt/stack/placement/placement/objects/research_context.py:563}}
Aug 22 18:06:49.670997 n-d-852737-6 devstack@placement-api.service[107680]: DEBUG placement.objects.research_context [req-3785a22d-abbb-491a-a4ef-d56ea0379830 req-8f81426a-c66f-4f7c-96ed-5712bdc8be66 service placement] found 2 providers after filtering by previous result {{(pid=107680) get_provider_ids_matching /opt/stack/placement/placement/objects/research_context.py:594}}
Aug 22 18:06:49.672154 n-d-852737-6 devstack@placement-api.service[107680]: DEBUG placement.objects.research_context [req-3785a22d-abbb-491a-a4ef-d56ea0379830 req-8f81426a-c66f-4f7c-96ed-5712bdc8be66 service placement] found 2 providers with available 1 VCPU {{(pid=107680) get_provider_ids_matching /opt/stack/placement/placement/objects/research_context.py:563}}
Aug 22 18:06:49.672708 n-d-852737-6 devstack@placement-api.service[107680]: DEBUG placement.objects.research_context [req-3785a22d-abbb-491a-a4ef-d56ea0379830 req-8f81426a-c66f-4f7c-96ed-5712bdc8be66 service placement] found 2 providers after filtering by previous result {{(pid=107680) get_provider_ids_matching /opt/stack/placement/placement/objects/research_context.py:594}}
Aug 22 18:06:49.688162 n-d-852737-6 devstack@placement-api.service[107680]: DEBUG placement.objects.allocation_candidate [req-3785a22d-abbb-491a-a4ef-d56ea0379830 req-8f81426a-c66f-4f7c-96ed-5712bdc8be66 service placement] RequestGroup(use_same_provider=False, resources={DISK_GB:1, MEMORY_MB:1024, VCPU:1}, traits=(), aggregates=[]) (suffix '') returned 2 matches {{(pid=107680) _get_by_requests /opt/stack/placement/placement/objects/allocation_candidate.py:156}}
Aug 22 18:06:49.688890 n-d-852737-6 devstack@placement-api.service[107680]: DEBUG placement.objects.allocation_candidate [req-3785a22d-abbb-491a-a4ef-d56ea0379830 req-8f81426a-c66f-4f7c-96ed-5712bdc8be66 service placement] Merging candidates yields 2 allocation requests and 2 provider summaries {{(pid=107680) _merge_candidates /opt/stack/placement/placement/objects/allocation_candidate.py:809}}
Aug 22 18:06:49.691262 n-d-852737-6 devstack@placement-api.service[107680]: INFO placement.requestlog [req-3785a22d-abbb-491a-a4ef-d56ea0379830 req-8f81426a-c66f-4f7c-96ed-5712bdc8be66 service placement] 10.222.0.27 "GET /placement/allocation_candidates?resources=DISK_GB%3A1%2CMEMORY_MB%3A1024%2CVCPU%3A1&root_required=%21COMPUTE_STATUS_DISABLED" status: 200 len: 1309 microversion: 1.36
Aug 22 18:06:49.691764 n-d-852737-6 devstack@placement-api.service[107680]: [pid: 107680|app: 0|req: 268/538] 10.222.0.27 () {60 vars in 1484 bytes} [Mon Aug 22 18:06:49 2022] GET /placement/allocation_candidates?resources=DISK_GB%3A1%2CMEMORY_MB%3A1024%2CVCPU%3A1&root_required=%21COMPUTE_STATUS_DISABLED => generated 1309 bytes in 117 msecs (HTTP/1.1 200) 8 headers in 297 bytes (1 switches on core 0)
Aug 22 18:06:49.789964 n-d-852737-6 devstack@placement-api.service[107679]: DEBUG placement.requestlog [req-3785a22d-abbb-491a-a4ef-d56ea0379830 req-9dc39f70-dfd2-4463-9180-4ec4e8cf712f None None] Starting request: 10.222.0.27 "GET /placement/allocations/90b59fbd-03c6-4974-b634-7bfd8a5a882d" {{(pid=107679) __call__ /opt/stack/placement/placement/requestlog.py:55}}
Aug 22 18:06:49.805559 n-d-852737-6 devstack@placement-api.service[107679]: INFO placement.requestlog [req-3785a22d-abbb-491a-a4ef-d56ea0379830 req-9dc39f70-dfd2-4463-9180-4ec4e8cf712f service placement] 10.222.0.27 "GET /placement/allocations/90b59fbd-03c6-4974-b634-7bfd8a5a882d" status: 200 len: 19 microversion: 1.28
Aug 22 18:06:49.812253 n-d-852737-6 devstack@placement-api.service[107679]: [pid: 107679|app: 0|req: 271/539] 10.222.0.27 () {60 vars in 1380 bytes} [Mon Aug 22 18:06:49 2022] GET /placement/allocations/90b59fbd-03c6-4974-b634-7bfd8a5a882d => generated 19 bytes in 22 msecs (HTTP/1.1 200) 8 headers in 295 bytes (1 switches on core 0)
Aug 22 18:06:49.816673 n-d-852737-6 devstack@placement-api.service[107680]: DEBUG placement.requestlog [req-3785a22d-abbb-491a-a4ef-d56ea0379830 req-d51ed939-0209-4ae3-a37c-1e95aaad5af6 None None] Starting request: 10.222.0.27 "PUT /placement/allocations/90b59fbd-03c6-4974-b634-7bfd8a5a882d" {{(pid=107680) __call__ /opt/stack/placement/placement/requestlog.py:55}}
Aug 22 18:06:49.940726 n-d-852737-6 devstack@placement-api.service[107680]: DEBUG placement.handlers.allocation [req-3785a22d-abbb-491a-a4ef-d56ea0379830 req-d51ed939-0209-4ae3-a37c-1e95aaad5af6 service placement] Successfully wrote allocations [, , ] {{(pid=107680) _update_consumers_and_create_allocations /opt/stack/placement/placement/handlers/allocation.py:462}}
Aug 22 18:06:49.947097 n-d-852737-6 devstack@placement-api.service[107680]: INFO placement.requestlog [req-3785a22d-abbb-491a-a4ef-d56ea0379830 req-d51ed939-0209-4ae3-a37c-1e95aaad5af6 service placement] 10.222.0.27 "PUT /placement/allocations/90b59fbd-03c6-4974-b634-7bfd8a5a882d" status: 204 len: 0 microversion: 1.36
Aug 22 18:06:49.958885 n-d-852737-6 devstack@placement-api.service[107680]: [pid: 107680|app: 0|req: 269/540] 10.222.0.27 () {64 vars in 1433 bytes} [Mon Aug 22 18:06:49 2022] PUT /placement/allocations/90b59fbd-03c6-4974-b634-7bfd8a5a882d => generated 0 bytes in 132 msecs (HTTP/1.1 204) 5 headers in 199 bytes (1 switches on core 0)
Aug 22 18:06:50.377302 n-d-852737-6 devstack@placement-api.service[107679]: DEBUG placement.requestlog [req-3785a22d-abbb-491a-a4ef-d56ea0379830 req-cd59d994-47c8-4719-a602-dbce208e2a5a None None] Starting request: 10.222.0.57 "GET /placement/allocations/90b59fbd-03c6-4974-b634-7bfd8a5a882d" {{(pid=107679) __call__ /opt/stack/placement/placement/requestlog.py:55}}
Aug 22 18:06:50.404703 n-d-852737-6 devstack@placement-api.service[107679]: INFO placement.requestlog [req-3785a22d-abbb-491a-a4ef-d56ea0379830 req-cd59d994-47c8-4719-a602-dbce208e2a5a service placement] 10.222.0.57 "GET /placement/allocations/90b59fbd-03c6-4974-b634-7bfd8a5a882d" status: 200 len: 259 microversion: 1.28
Aug 22 18:06:50.407087 n-d-852737-6 devstack@placement-api.service[107679]: [pid: 107679|app: 0|req: 272/541] 10.222.0.57 () {60 vars in 1377 bytes} [Mon Aug 22 18:06:50 2022] GET /placement/allocations/90b59fbd-03c6-4974-b634-7bfd8a5a882d => generated 259 bytes in 33 msecs (HTTP/1.1 200) 8 headers in 296 bytes (1 switches on core 0)
Aug 22 18:06:52.632296 n-d-852737-6 devstack@placement-api.service[107680]: DEBUG placement.requestlog [req-c45ed755-265e-4fea-bf80-3954773418cf req-3a02c7f0-90d8-4037-b905-43b5b2cf18b7 None None] Starting request: 10.222.0.27 "GET /placement/allocation_candidates?limit=1000&resources=DISK_GB%3A1%2CMEMORY_MB%3A1024%2CVCPU%3A1&root_required=%21COMPUTE_STATUS_DISABLED" {{(pid=107680) __call__ /opt/stack/placement/placement/requestlog.py:55}}
Aug 22 18:06:52.979562 n-d-852737-6 devstack@placement-api.service[107680]: DEBUG placement.objects.research_context [req-c45ed755-265e-4fea-bf80-3954773418cf req-3a02c7f0-90d8-4037-b905-43b5b2cf18b7 service placement] getting providers with 1 DISK_GB {{(pid=107680) __init__ /opt/stack/placement/placement/objects/research_context.py:136}}
Aug 22 18:06:52.985956 n-d-852737-6 devstack@placement-api.service[107680]: DEBUG placement.objects.research_context [req-c45ed755-265e-4fea-bf80-3954773418cf req-3a02c7f0-90d8-4037-b905-43b5b2cf18b7 service placement] getting providers with 1024 MEMORY_MB {{(pid=107680) __init__ /opt/stack/placement/placement/objects/research_context.py:136}}
Aug 22 18:06:52.992315 n-d-852737-6 devstack@placement-api.service[107680]: DEBUG placement.objects.research_context [req-c45ed755-265e-4fea-bf80-3954773418cf req-3a02c7f0-90d8-4037-b905-43b5b2cf18b7 service placement] getting providers with 1 VCPU {{(pid=107680) __init__ /opt/stack/placement/placement/objects/research_context.py:136}}
Aug 22 18:06:53.001119 n-d-852737-6 devstack@placement-api.service[107680]: DEBUG placement.objects.research_context [req-c45ed755-265e-4fea-bf80-3954773418cf req-3a02c7f0-90d8-4037-b905-43b5b2cf18b7 service placement] found 2 providers with available 1 DISK_GB {{(pid=107680) get_provider_ids_matching /opt/stack/placement/placement/objects/research_context.py:563}}
Aug 22 18:06:53.002437 n-d-852737-6 devstack@placement-api.service[107680]: DEBUG placement.objects.research_context [req-c45ed755-265e-4fea-bf80-3954773418cf req-3a02c7f0-90d8-4037-b905-43b5b2cf18b7 service placement] found 2 providers with available 1024 MEMORY_MB {{(pid=107680) get_provider_ids_matching /opt/stack/placement/placement/objects/research_context.py:563}}
Aug 22 18:06:53.002794 n-d-852737-6 devstack@placement-api.service[107680]: DEBUG placement.objects.research_context [req-c45ed755-265e-4fea-bf80-3954773418cf req-3a02c7f0-90d8-4037-b905-43b5b2cf18b7 service placement] found 2 providers after filtering by previous result {{(pid=107680) get_provider_ids_matching /opt/stack/placement/placement/objects/research_context.py:594}}
Aug 22 18:06:53.003151 n-d-852737-6 devstack@placement-api.service[107680]: DEBUG placement.objects.research_context [req-c45ed755-265e-4fea-bf80-3954773418cf req-3a02c7f0-90d8-4037-b905-43b5b2cf18b7 service placement] found 2 providers with available 1 VCPU {{(pid=107680) get_provider_ids_matching /opt/stack/placement/placement/objects/research_context.py:563}}
Aug 22 18:06:53.004251 n-d-852737-6 devstack@placement-api.service[107680]: DEBUG placement.objects.research_context [req-c45ed755-265e-4fea-bf80-3954773418cf req-3a02c7f0-90d8-4037-b905-43b5b2cf18b7 service placement] found 2 providers after filtering by previous result {{(pid=107680) get_provider_ids_matching /opt/stack/placement/placement/objects/research_context.py:594}}
Aug 22 18:06:53.024080 n-d-852737-6 devstack@placement-api.service[107680]: DEBUG placement.objects.allocation_candidate [req-c45ed755-265e-4fea-bf80-3954773418cf req-3a02c7f0-90d8-4037-b905-43b5b2cf18b7 service placement] RequestGroup(use_same_provider=False, resources={DISK_GB:1, MEMORY_MB:1024, VCPU:1}, traits=(), aggregates=[]) (suffix '') returned 2 matches {{(pid=107680) _get_by_requests /opt/stack/placement/placement/objects/allocation_candidate.py:156}}
Aug 22 18:06:53.025301 n-d-852737-6 devstack@placement-api.service[107680]: DEBUG placement.objects.allocation_candidate [req-c45ed755-265e-4fea-bf80-3954773418cf req-3a02c7f0-90d8-4037-b905-43b5b2cf18b7 service placement] Merging candidates yields 2 allocation requests and 2 provider summaries {{(pid=107680) _merge_candidates /opt/stack/placement/placement/objects/allocation_candidate.py:809}}
Aug 22 18:06:53.042164 n-d-852737-6 devstack@placement-api.service[107680]: INFO placement.requestlog [req-c45ed755-265e-4fea-bf80-3954773418cf req-3a02c7f0-90d8-4037-b905-43b5b2cf18b7 service placement] 10.222.0.27 "GET /placement/allocation_candidates?limit=1000&resources=DISK_GB%3A1%2CMEMORY_MB%3A1024%2CVCPU%3A1&root_required=%21COMPUTE_STATUS_DISABLED" status: 200 len: 1309 microversion: 1.36
Aug 22 18:06:53.048594 n-d-852737-6 devstack@placement-api.service[107680]: [pid: 107680|app: 0|req: 270/542] 10.222.0.27 () {60 vars in 1506 bytes} [Mon Aug 22 18:06:52 2022] GET /placement/allocation_candidates?limit=1000&resources=DISK_GB%3A1%2CMEMORY_MB%3A1024%2CVCPU%3A1&root_required=%21COMPUTE_STATUS_DISABLED => generated 1309 bytes in 417 msecs (HTTP/1.1 200) 8 headers in 297 bytes (1 switches on core 0)
Aug 22 18:06:53.197768 n-d-852737-6 devstack@placement-api.service[107679]: DEBUG placement.requestlog [req-c45ed755-265e-4fea-bf80-3954773418cf req-598f4b2b-fc0c-4907-96e9-f8042e69c6a4 None None] Starting request: 10.222.0.27 "GET /placement/allocations/521d19f3-efa2-4295-93ac-582fc0c4b89e" {{(pid=107679) __call__ /opt/stack/placement/placement/requestlog.py:55}}
Aug 22 18:06:53.225436 n-d-852737-6 devstack@placement-api.service[107679]: INFO placement.requestlog [req-c45ed755-265e-4fea-bf80-3954773418cf req-598f4b2b-fc0c-4907-96e9-f8042e69c6a4 service placement] 10.222.0.27 "GET /placement/allocations/521d19f3-efa2-4295-93ac-582fc0c4b89e" status: 200 len: 19 microversion: 1.28
Aug 22 18:06:53.233545 n-d-852737-6 devstack@placement-api.service[107679]: [pid: 107679|app: 0|req: 273/543] 10.222.0.27 () {60 vars in 1380 bytes} [Mon Aug 22 18:06:53 2022] GET /placement/allocations/521d19f3-efa2-4295-93ac-582fc0c4b89e => generated 19 bytes in 36 msecs (HTTP/1.1 200) 8 headers in 295 bytes (1 switches on core 0)
Aug 22 18:06:53.239823 n-d-852737-6 devstack@placement-api.service[107680]: DEBUG placement.requestlog [req-c45ed755-265e-4fea-bf80-3954773418cf req-358a6c38-984c-45d1-9f47-a9f8732b4f98 None None] Starting request: 10.222.0.27 "PUT /placement/allocations/521d19f3-efa2-4295-93ac-582fc0c4b89e" {{(pid=107680) __call__ /opt/stack/placement/placement/requestlog.py:55}}
Aug 22 18:06:53.327815 n-d-852737-6 devstack@placement-api.service[107680]: DEBUG placement.handlers.allocation [req-c45ed755-265e-4fea-bf80-3954773418cf req-358a6c38-984c-45d1-9f47-a9f8732b4f98 service placement] Successfully wrote allocations [, , ] {{(pid=107680) _update_consumers_and_create_allocations /opt/stack/placement/placement/handlers/allocation.py:462}}
Aug 22 18:06:53.332506 n-d-852737-6 devstack@placement-api.service[107680]: INFO placement.requestlog [req-c45ed755-265e-4fea-bf80-3954773418cf req-358a6c38-984c-45d1-9f47-a9f8732b4f98 service placement] 10.222.0.27 "PUT /placement/allocations/521d19f3-efa2-4295-93ac-582fc0c4b89e" status: 204 len: 0 microversion: 1.36
Aug 22 18:06:53.334152 n-d-852737-6 devstack@placement-api.service[107680]: [pid: 107680|app: 0|req: 271/544] 10.222.0.27 () {64 vars in 1433 bytes} [Mon Aug 22 18:06:53 2022] PUT /placement/allocations/521d19f3-efa2-4295-93ac-582fc0c4b89e => generated 0 bytes in 94 msecs (HTTP/1.1 204) 5 headers in 199 bytes (1 switches on core 0)
Aug 22 18:06:54.281673 n-d-852737-6 devstack@placement-api.service[107679]: DEBUG placement.requestlog [req-c45ed755-265e-4fea-bf80-3954773418cf req-eabda2cf-60b7-4e53-b929-c660c84e8fd9 None None] Starting request: 10.222.0.83 "GET /placement/allocations/521d19f3-efa2-4295-93ac-582fc0c4b89e" {{(pid=107679) __call__ /opt/stack/placement/placement/requestlog.py:55}}
Aug 22 18:06:54.320315 n-d-852737-6 devstack@placement-api.service[107679]: INFO placement.requestlog [req-c45ed755-265e-4fea-bf80-3954773418cf req-eabda2cf-60b7-4e53-b929-c660c84e8fd9 service placement] 10.222.0.83 "GET /placement/allocations/521d19f3-efa2-4295-93ac-582fc0c4b89e" status: 200 len: 259 microversion: 1.28
Aug 22 18:06:54.328880 n-d-852737-6 devstack@placement-api.service[107679]: [pid: 107679|app: 0|req: 274/545] 10.222.0.83 () {60 vars in 1377 bytes} [Mon Aug 22 18:06:54 2022] GET /placement/allocations/521d19f3-efa2-4295-93ac-582fc0c4b89e => generated 259 bytes in 44 msecs (HTTP/1.1 200) 8 headers in 296 bytes (1 switches on core 0)
Aug 22 18:07:00.376109 n-d-852737-6 devstack@placement-api.service[107680]: DEBUG placement.requestlog [None req-0bbfd40c-30aa-4c12-8c83-f20dc4694bae None None] Starting request: 10.222.0.27 "GET /placement/resource_providers/d0bcd20f-2acd-43f1-b966-191f65d3aae2/aggregates" {{(pid=107680) __call__ /opt/stack/placement/placement/requestlog.py:55}}
Aug 22 18:07:00.410403 n-d-852737-6 devstack@placement-api.service[107680]: INFO placement.requestlog [None req-0bbfd40c-30aa-4c12-8c83-f20dc4694bae service placement] 10.222.0.27 "GET /placement/resource_providers/d0bcd20f-2acd-43f1-b966-191f65d3aae2/aggregates" status: 404 len: 235 microversion: 1.1
Aug 22 18:07:00.411318 n-d-852737-6 devstack@placement-api.service[107680]: [pid: 107680|app: 0|req: 272/546] 10.222.0.27 () {58 vars in 1362 bytes} [Mon Aug 22 18:07:00 2022] GET /placement/resource_providers/d0bcd20f-2acd-43f1-b966-191f65d3aae2/aggregates => generated 235 bytes in 35 msecs (HTTP/1.1 404) 5 headers in 202 bytes (1 switches on core 0)
Aug 22 18:07:00.439166 n-d-852737-6 devstack@placement-api.service[107679]: DEBUG placement.requestlog [None req-0f3356db-2aa4-49e4-8e97-24c96bdd2aaf None None] Starting request: 10.222.0.27 "DELETE /placement/resource_providers/d0bcd20f-2acd-43f1-b966-191f65d3aae2" {{(pid=107679) __call__ /opt/stack/placement/placement/requestlog.py:55}}
Aug 22 18:07:00.469213 n-d-852737-6 devstack@placement-api.service[107679]: DEBUG dbcounter [-] [107679] Writing DB stats placement:SELECT=45,placement:DELETE=6,placement:INSERT=3,placement:UPDATE=2 {{(pid=107679) stat_writer /usr/local/lib/python3.8/dist-packages/dbcounter.py:114}}
Aug 22 18:07:00.481549 n-d-852737-6 devstack@placement-api.service[107679]: DEBUG placement.wsgi_wrapper [None req-0f3356db-2aa4-49e4-8e97-24c96bdd2aaf service placement] Placement API returning an error response: No resource provider with uuid d0bcd20f-2acd-43f1-b966-191f65d3aae2 found for delete {{(pid=107679) call_func /opt/stack/placement/placement/wsgi_wrapper.py:31}}
Aug 22 18:07:00.482431 n-d-852737-6 devstack@placement-api.service[107679]: INFO placement.requestlog [None req-0f3356db-2aa4-49e4-8e97-24c96bdd2aaf service placement] 10.222.0.27 "DELETE /placement/resource_providers/d0bcd20f-2acd-43f1-b966-191f65d3aae2" status: 404 len: 246 microversion: 1.1
Aug 22 18:07:00.487309 n-d-852737-6 devstack@placement-api.service[107679]: [pid: 107679|app: 0|req: 275/547] 10.222.0.27 () {60 vars in 1351 bytes} [Mon Aug 22 18:07:00 2022] DELETE /placement/resource_providers/d0bcd20f-2acd-43f1-b966-191f65d3aae2 => generated 246 bytes in 49 msecs (HTTP/1.1 404) 6 headers in 231 bytes (1 switches on core 0)
Aug 22 18:07:03.124653 n-d-852737-6 devstack@placement-api.service[107680]: DEBUG placement.requestlog [req-152414c6-e83d-40bd-9eca-2fdb63b66fc3 req-1939181b-d779-4331-bc31-20fdfa539d28 None None] Starting request: 10.222.0.27 "GET /placement/allocation_candidates?limit=1000&resources=DISK_GB%3A1%2CMEMORY_MB%3A1024%2CVCPU%3A1&root_required=%21COMPUTE_STATUS_DISABLED" {{(pid=107680) __call__ /opt/stack/placement/placement/requestlog.py:55}}
Aug 22 18:07:03.178799 n-d-852737-6 devstack@placement-api.service[107680]: DEBUG placement.objects.research_context [req-152414c6-e83d-40bd-9eca-2fdb63b66fc3 req-1939181b-d779-4331-bc31-20fdfa539d28 service placement] getting providers with 1 DISK_GB {{(pid=107680) __init__ /opt/stack/placement/placement/objects/research_context.py:136}}
Aug 22 18:07:03.186707 n-d-852737-6 devstack@placement-api.service[107680]: DEBUG placement.objects.research_context [req-152414c6-e83d-40bd-9eca-2fdb63b66fc3 req-1939181b-d779-4331-bc31-20fdfa539d28 service placement] getting providers with 1024 MEMORY_MB {{(pid=107680) __init__ /opt/stack/placement/placement/objects/research_context.py:136}}
Aug 22 18:07:03.193295 n-d-852737-6 devstack@placement-api.service[107680]: DEBUG placement.objects.research_context [req-152414c6-e83d-40bd-9eca-2fdb63b66fc3 req-1939181b-d779-4331-bc31-20fdfa539d28 service placement] getting providers with 1 VCPU {{(pid=107680) __init__ /opt/stack/placement/placement/objects/research_context.py:136}}
Aug 22 18:07:03.201703 n-d-852737-6 devstack@placement-api.service[107680]: DEBUG placement.objects.research_context [req-152414c6-e83d-40bd-9eca-2fdb63b66fc3 req-1939181b-d779-4331-bc31-20fdfa539d28 service placement] found 2 providers with available 1 DISK_GB {{(pid=107680) get_provider_ids_matching /opt/stack/placement/placement/objects/research_context.py:563}}
