Aug 22 18:05:26.264281 n-d-852737-6 devstack@placement-api.service[107680]: INFO placement.requestlog [None req-0340698a-8e97-4b49-a81e-0b1f73b47d70 service placement] 10.222.0.27 "DELETE /placement/resource_providers/937c73b2-76d1-4947-8946-3a2d3b4a169b" status: 404 len: 246 microversion: 1.1
Aug 22 18:05:26.264812 n-d-852737-6 devstack@placement-api.service[107680]: [pid: 107680|app: 0|req: 230/463] 10.222.0.27 () {60 vars in 1351 bytes} [Mon Aug 22 18:05:26 2022] DELETE /placement/resource_providers/937c73b2-76d1-4947-8946-3a2d3b4a169b => generated 246 bytes in 21 msecs (HTTP/1.1 404) 6 headers in 231 bytes (1 switches on core 0)
Aug 22 18:05:26.691664 n-d-852737-6 devstack@placement-api.service[107679]: DEBUG placement.requestlog [req-156c496c-7879-45d9-99be-7b85d7ad2f8a req-eda93469-e87d-498f-b3ec-509e63ebc21a None None] Starting request: 10.222.0.27 "GET /placement/allocation_candidates?limit=1000&resources=DISK_GB%3A1%2CMEMORY_MB%3A1024%2CVCPU%3A1&root_required=%21COMPUTE_STATUS_DISABLED" {{(pid=107679) __call__ /opt/stack/placement/placement/requestlog.py:55}}
Aug 22 18:05:26.813962 n-d-852737-6 devstack@placement-api.service[107679]: DEBUG placement.objects.research_context [req-156c496c-7879-45d9-99be-7b85d7ad2f8a req-eda93469-e87d-498f-b3ec-509e63ebc21a service placement] getting providers with 1 DISK_GB {{(pid=107679) __init__ /opt/stack/placement/placement/objects/research_context.py:136}}
Aug 22 18:05:26.829011 n-d-852737-6 devstack@placement-api.service[107679]: DEBUG placement.objects.research_context [req-156c496c-7879-45d9-99be-7b85d7ad2f8a req-eda93469-e87d-498f-b3ec-509e63ebc21a service placement] getting providers with 1024 MEMORY_MB {{(pid=107679) __init__ /opt/stack/placement/placement/objects/research_context.py:136}}
Aug 22 18:05:26.830717 n-d-852737-6 devstack@placement-api.service[107680]: DEBUG placement.requestlog [req-81678a51-7f28-49eb-9cd5-0e283bd61f7d req-752888d4-df4e-49ad-a28a-6dce6dba7dfc None None] Starting request: 10.222.0.27 "GET /placement/allocation_candidates?resources=DISK_GB%3A1%2CMEMORY_MB%3A1024%2CVCPU%3A1&root_required=%21COMPUTE_STATUS_DISABLED" {{(pid=107680) __call__ /opt/stack/placement/placement/requestlog.py:55}}
Aug 22 18:05:26.864647 n-d-852737-6 devstack@placement-api.service[107679]: DEBUG placement.objects.research_context [req-156c496c-7879-45d9-99be-7b85d7ad2f8a req-eda93469-e87d-498f-b3ec-509e63ebc21a service placement] getting providers with 1 VCPU {{(pid=107679) __init__ /opt/stack/placement/placement/objects/research_context.py:136}}
Aug 22 18:05:26.875386 n-d-852737-6 devstack@placement-api.service[107680]: DEBUG placement.objects.research_context [req-81678a51-7f28-49eb-9cd5-0e283bd61f7d req-752888d4-df4e-49ad-a28a-6dce6dba7dfc service placement] getting providers with 1 DISK_GB {{(pid=107680) __init__ /opt/stack/placement/placement/objects/research_context.py:136}}
Aug 22 18:05:26.882463 n-d-852737-6 devstack@placement-api.service[107680]: DEBUG placement.objects.research_context [req-81678a51-7f28-49eb-9cd5-0e283bd61f7d req-752888d4-df4e-49ad-a28a-6dce6dba7dfc service placement] getting providers with 1024 MEMORY_MB {{(pid=107680) __init__ /opt/stack/placement/placement/objects/research_context.py:136}}
Aug 22 18:05:26.891545 n-d-852737-6 devstack@placement-api.service[107680]: DEBUG placement.objects.research_context [req-81678a51-7f28-49eb-9cd5-0e283bd61f7d req-752888d4-df4e-49ad-a28a-6dce6dba7dfc service placement] getting providers with 1 VCPU {{(pid=107680) __init__ /opt/stack/placement/placement/objects/research_context.py:136}}
Aug 22 18:05:26.897973 n-d-852737-6 devstack@placement-api.service[107679]: DEBUG placement.objects.research_context [req-156c496c-7879-45d9-99be-7b85d7ad2f8a req-eda93469-e87d-498f-b3ec-509e63ebc21a service placement] found 2 providers with available 1 DISK_GB {{(pid=107679) get_provider_ids_matching /opt/stack/placement/placement/objects/research_context.py:563}}
Aug 22 18:05:26.898256 n-d-852737-6 devstack@placement-api.service[107679]: DEBUG placement.objects.research_context [req-156c496c-7879-45d9-99be-7b85d7ad2f8a req-eda93469-e87d-498f-b3ec-509e63ebc21a service placement] found 2 providers with available 1024 MEMORY_MB {{(pid=107679) get_provider_ids_matching /opt/stack/placement/placement/objects/research_context.py:563}}
Aug 22 18:05:26.898704 n-d-852737-6 devstack@placement-api.service[107680]: DEBUG placement.objects.research_context [req-81678a51-7f28-49eb-9cd5-0e283bd61f7d req-752888d4-df4e-49ad-a28a-6dce6dba7dfc service placement] found 2 providers with available 1 DISK_GB {{(pid=107680) get_provider_ids_matching /opt/stack/placement/placement/objects/research_context.py:563}}
Aug 22 18:05:26.898867 n-d-852737-6 devstack@placement-api.service[107679]: DEBUG placement.objects.research_context [req-156c496c-7879-45d9-99be-7b85d7ad2f8a req-eda93469-e87d-498f-b3ec-509e63ebc21a service placement] found 2 providers after filtering by previous result {{(pid=107679) get_provider_ids_matching /opt/stack/placement/placement/objects/research_context.py:594}}
Aug 22 18:05:26.899067 n-d-852737-6 devstack@placement-api.service[107679]: DEBUG placement.objects.research_context [req-156c496c-7879-45d9-99be-7b85d7ad2f8a req-eda93469-e87d-498f-b3ec-509e63ebc21a service placement] found 2 providers with available 1 VCPU {{(pid=107679) get_provider_ids_matching /opt/stack/placement/placement/objects/research_context.py:563}}
Aug 22 18:05:26.899549 n-d-852737-6 devstack@placement-api.service[107680]: DEBUG placement.objects.research_context [req-81678a51-7f28-49eb-9cd5-0e283bd61f7d req-752888d4-df4e-49ad-a28a-6dce6dba7dfc service placement] found 2 providers with available 1024 MEMORY_MB {{(pid=107680) get_provider_ids_matching /opt/stack/placement/placement/objects/research_context.py:563}}
Aug 22 18:05:26.899676 n-d-852737-6 devstack@placement-api.service[107679]: DEBUG placement.objects.research_context [req-156c496c-7879-45d9-99be-7b85d7ad2f8a req-eda93469-e87d-498f-b3ec-509e63ebc21a service placement] found 2 providers after filtering by previous result {{(pid=107679) get_provider_ids_matching /opt/stack/placement/placement/objects/research_context.py:594}}
Aug 22 18:05:26.900195 n-d-852737-6 devstack@placement-api.service[107680]: DEBUG placement.objects.research_context [req-81678a51-7f28-49eb-9cd5-0e283bd61f7d req-752888d4-df4e-49ad-a28a-6dce6dba7dfc service placement] found 2 providers after filtering by previous result {{(pid=107680) get_provider_ids_matching /opt/stack/placement/placement/objects/research_context.py:594}}
Aug 22 18:05:26.900655 n-d-852737-6 devstack@placement-api.service[107680]: DEBUG placement.objects.research_context [req-81678a51-7f28-49eb-9cd5-0e283bd61f7d req-752888d4-df4e-49ad-a28a-6dce6dba7dfc service placement] found 2 providers with available 1 VCPU {{(pid=107680) get_provider_ids_matching /opt/stack/placement/placement/objects/research_context.py:563}}
Aug 22 18:05:26.901131 n-d-852737-6 devstack@placement-api.service[107680]: DEBUG placement.objects.research_context [req-81678a51-7f28-49eb-9cd5-0e283bd61f7d req-752888d4-df4e-49ad-a28a-6dce6dba7dfc service placement] found 2 providers after filtering by previous result {{(pid=107680) get_provider_ids_matching /opt/stack/placement/placement/objects/research_context.py:594}}
Aug 22 18:05:26.915249 n-d-852737-6 devstack@placement-api.service[107680]: DEBUG placement.objects.allocation_candidate [req-81678a51-7f28-49eb-9cd5-0e283bd61f7d req-752888d4-df4e-49ad-a28a-6dce6dba7dfc service placement] RequestGroup(use_same_provider=False, resources={DISK_GB:1, MEMORY_MB:1024, VCPU:1}, traits=(), aggregates=[]) (suffix '') returned 2 matches {{(pid=107680) _get_by_requests /opt/stack/placement/placement/objects/allocation_candidate.py:156}}
Aug 22 18:05:26.916076 n-d-852737-6 devstack@placement-api.service[107680]: DEBUG placement.objects.allocation_candidate [req-81678a51-7f28-49eb-9cd5-0e283bd61f7d req-752888d4-df4e-49ad-a28a-6dce6dba7dfc service placement] Merging candidates yields 2 allocation requests and 2 provider summaries {{(pid=107680) _merge_candidates /opt/stack/placement/placement/objects/allocation_candidate.py:809}}
Aug 22 18:05:26.917941 n-d-852737-6 devstack@placement-api.service[107680]: INFO placement.requestlog [req-81678a51-7f28-49eb-9cd5-0e283bd61f7d req-752888d4-df4e-49ad-a28a-6dce6dba7dfc service placement] 10.222.0.27 "GET /placement/allocation_candidates?resources=DISK_GB%3A1%2CMEMORY_MB%3A1024%2CVCPU%3A1&root_required=%21COMPUTE_STATUS_DISABLED" status: 200 len: 1309 microversion: 1.36
Aug 22 18:05:26.918617 n-d-852737-6 devstack@placement-api.service[107680]: [pid: 107680|app: 0|req: 231/464] 10.222.0.27 () {60 vars in 1484 bytes} [Mon Aug 22 18:05:26 2022] GET /placement/allocation_candidates?resources=DISK_GB%3A1%2CMEMORY_MB%3A1024%2CVCPU%3A1&root_required=%21COMPUTE_STATUS_DISABLED => generated 1309 bytes in 88 msecs (HTTP/1.1 200) 8 headers in 297 bytes (2 switches on core 0)
Aug 22 18:05:26.923567 n-d-852737-6 devstack@placement-api.service[107679]: DEBUG placement.objects.allocation_candidate [req-156c496c-7879-45d9-99be-7b85d7ad2f8a req-eda93469-e87d-498f-b3ec-509e63ebc21a service placement] RequestGroup(use_same_provider=False, resources={DISK_GB:1, MEMORY_MB:1024, VCPU:1}, traits=(), aggregates=[]) (suffix '') returned 2 matches {{(pid=107679) _get_by_requests /opt/stack/placement/placement/objects/allocation_candidate.py:156}}
Aug 22 18:05:26.924401 n-d-852737-6 devstack@placement-api.service[107679]: DEBUG placement.objects.allocation_candidate [req-156c496c-7879-45d9-99be-7b85d7ad2f8a req-eda93469-e87d-498f-b3ec-509e63ebc21a service placement] Merging candidates yields 2 allocation requests and 2 provider summaries {{(pid=107679) _merge_candidates /opt/stack/placement/placement/objects/allocation_candidate.py:809}}
Aug 22 18:05:26.927222 n-d-852737-6 devstack@placement-api.service[107679]: INFO placement.requestlog [req-156c496c-7879-45d9-99be-7b85d7ad2f8a req-eda93469-e87d-498f-b3ec-509e63ebc21a service placement] 10.222.0.27 "GET /placement/allocation_candidates?limit=1000&resources=DISK_GB%3A1%2CMEMORY_MB%3A1024%2CVCPU%3A1&root_required=%21COMPUTE_STATUS_DISABLED" status: 200 len: 1309 microversion: 1.36
Aug 22 18:05:26.928170 n-d-852737-6 devstack@placement-api.service[107679]: [pid: 107679|app: 0|req: 234/465] 10.222.0.27 () {60 vars in 1506 bytes} [Mon Aug 22 18:05:26 2022] GET /placement/allocation_candidates?limit=1000&resources=DISK_GB%3A1%2CMEMORY_MB%3A1024%2CVCPU%3A1&root_required=%21COMPUTE_STATUS_DISABLED => generated 1309 bytes in 237 msecs (HTTP/1.1 200) 8 headers in 297 bytes (1 switches on core 0)
Aug 22 18:05:27.043342 n-d-852737-6 devstack@placement-api.service[107680]: DEBUG placement.requestlog [req-81678a51-7f28-49eb-9cd5-0e283bd61f7d req-4bbed4c0-6e57-4ecd-939c-02d85a4c603e None None] Starting request: 10.222.0.27 "GET /placement/allocations/43e310f5-29b2-4bed-9595-a43085e9dc9e" {{(pid=107680) __call__ /opt/stack/placement/placement/requestlog.py:55}}
Aug 22 18:05:27.062979 n-d-852737-6 devstack@placement-api.service[107680]: INFO placement.requestlog [req-81678a51-7f28-49eb-9cd5-0e283bd61f7d req-4bbed4c0-6e57-4ecd-939c-02d85a4c603e service placement] 10.222.0.27 "GET /placement/allocations/43e310f5-29b2-4bed-9595-a43085e9dc9e" status: 200 len: 19 microversion: 1.28
Aug 22 18:05:27.063828 n-d-852737-6 devstack@placement-api.service[107680]: [pid: 107680|app: 0|req: 232/466] 10.222.0.27 () {60 vars in 1380 bytes} [Mon Aug 22 18:05:27 2022] GET /placement/allocations/43e310f5-29b2-4bed-9595-a43085e9dc9e => generated 19 bytes in 21 msecs (HTTP/1.1 200) 8 headers in 295 bytes (2 switches on core 0)
Aug 22 18:05:27.070201 n-d-852737-6 devstack@placement-api.service[107679]: DEBUG placement.requestlog [req-81678a51-7f28-49eb-9cd5-0e283bd61f7d req-8ac73bd7-5505-4d0c-ba0d-a5b9deeed90c None None] Starting request: 10.222.0.27 "PUT /placement/allocations/43e310f5-29b2-4bed-9595-a43085e9dc9e" {{(pid=107679) __call__ /opt/stack/placement/placement/requestlog.py:55}}
Aug 22 18:05:27.132715 n-d-852737-6 devstack@placement-api.service[107679]: DEBUG dbcounter [-] [107679] Writing DB stats placement:SELECT=81,placement:INSERT=9,placement:DELETE=6,placement:UPDATE=4 {{(pid=107679) stat_writer /usr/local/lib/python3.8/dist-packages/dbcounter.py:114}}
Aug 22 18:05:27.136496 n-d-852737-6 devstack@placement-api.service[107680]: DEBUG placement.requestlog [req-156c496c-7879-45d9-99be-7b85d7ad2f8a req-e21f6ff9-286f-4d94-9a19-108210c20c0c None None] Starting request: 10.222.0.27 "GET /placement/allocations/3d9da411-06a0-45b7-955e-d56cef03aeb5" {{(pid=107680) __call__ /opt/stack/placement/placement/requestlog.py:55}}
Aug 22 18:05:27.153160 n-d-852737-6 devstack@placement-api.service[107680]: INFO placement.requestlog [req-156c496c-7879-45d9-99be-7b85d7ad2f8a req-e21f6ff9-286f-4d94-9a19-108210c20c0c service placement] 10.222.0.27 "GET /placement/allocations/3d9da411-06a0-45b7-955e-d56cef03aeb5" status: 200 len: 19 microversion: 1.28
Aug 22 18:05:27.155262 n-d-852737-6 devstack@placement-api.service[107680]: [pid: 107680|app: 0|req: 233/467] 10.222.0.27 () {60 vars in 1380 bytes} [Mon Aug 22 18:05:27 2022] GET /placement/allocations/3d9da411-06a0-45b7-955e-d56cef03aeb5 => generated 19 bytes in 19 msecs (HTTP/1.1 200) 8 headers in 295 bytes (1 switches on core 0)
Aug 22 18:05:27.160109 n-d-852737-6 devstack@placement-api.service[107680]: DEBUG placement.requestlog [req-156c496c-7879-45d9-99be-7b85d7ad2f8a req-b4bf448b-e423-4886-b8b9-4bc36645d8a3 None None] Starting request: 10.222.0.27 "PUT /placement/allocations/3d9da411-06a0-45b7-955e-d56cef03aeb5" {{(pid=107680) __call__ /opt/stack/placement/placement/requestlog.py:55}}
Aug 22 18:05:27.228819 n-d-852737-6 devstack@placement-api.service[107679]: DEBUG placement.handlers.allocation [req-81678a51-7f28-49eb-9cd5-0e283bd61f7d req-8ac73bd7-5505-4d0c-ba0d-a5b9deeed90c service placement] Successfully wrote allocations [, , ] {{(pid=107679) _update_consumers_and_create_allocations /opt/stack/placement/placement/handlers/allocation.py:462}}
Aug 22 18:05:27.238070 n-d-852737-6 devstack@placement-api.service[107679]: INFO placement.requestlog [req-81678a51-7f28-49eb-9cd5-0e283bd61f7d req-8ac73bd7-5505-4d0c-ba0d-a5b9deeed90c service placement] 10.222.0.27 "PUT /placement/allocations/43e310f5-29b2-4bed-9595-a43085e9dc9e" status: 204 len: 0 microversion: 1.36
Aug 22 18:05:27.239732 n-d-852737-6 devstack@placement-api.service[107679]: [pid: 107679|app: 0|req: 235/468] 10.222.0.27 () {64 vars in 1433 bytes} [Mon Aug 22 18:05:27 2022] PUT /placement/allocations/43e310f5-29b2-4bed-9595-a43085e9dc9e => generated 0 bytes in 169 msecs (HTTP/1.1 204) 5 headers in 199 bytes (1 switches on core 0)
Aug 22 18:05:27.257192 n-d-852737-6 devstack@placement-api.service[107679]: DEBUG placement.requestlog [req-81678a51-7f28-49eb-9cd5-0e283bd61f7d req-c27a3c90-29c9-405d-b02b-ddb06979cbfc None None] Starting request: 10.222.0.27 "GET /placement/allocations/a9efce6e-7f0e-4685-8fad-0a0bef9c88f6" {{(pid=107679) __call__ /opt/stack/placement/placement/requestlog.py:55}}
Aug 22 18:05:27.299006 n-d-852737-6 devstack@placement-api.service[107679]: INFO placement.requestlog [req-81678a51-7f28-49eb-9cd5-0e283bd61f7d req-c27a3c90-29c9-405d-b02b-ddb06979cbfc service placement] 10.222.0.27 "GET /placement/allocations/a9efce6e-7f0e-4685-8fad-0a0bef9c88f6" status: 200 len: 19 microversion: 1.28
Aug 22 18:05:27.301567 n-d-852737-6 devstack@placement-api.service[107679]: [pid: 107679|app: 0|req: 236/469] 10.222.0.27 () {60 vars in 1380 bytes} [Mon Aug 22 18:05:27 2022] GET /placement/allocations/a9efce6e-7f0e-4685-8fad-0a0bef9c88f6 => generated 19 bytes in 46 msecs (HTTP/1.1 200) 8 headers in 295 bytes (1 switches on core 0)
Aug 22 18:05:27.306881 n-d-852737-6 devstack@placement-api.service[107679]: DEBUG placement.requestlog [req-81678a51-7f28-49eb-9cd5-0e283bd61f7d req-50efaeae-de0a-4f40-90d8-8053c9644791 None None] Starting request: 10.222.0.27 "PUT /placement/allocations/a9efce6e-7f0e-4685-8fad-0a0bef9c88f6" {{(pid=107679) __call__ /opt/stack/placement/placement/requestlog.py:55}}
Aug 22 18:05:27.317178 n-d-852737-6 devstack@placement-api.service[107680]: DEBUG placement.handlers.allocation [req-156c496c-7879-45d9-99be-7b85d7ad2f8a req-b4bf448b-e423-4886-b8b9-4bc36645d8a3 service placement] Successfully wrote allocations [, , ] {{(pid=107680) _update_consumers_and_create_allocations /opt/stack/placement/placement/handlers/allocation.py:462}}
Aug 22 18:05:27.327673 n-d-852737-6 devstack@placement-api.service[107680]: INFO placement.requestlog [req-156c496c-7879-45d9-99be-7b85d7ad2f8a req-b4bf448b-e423-4886-b8b9-4bc36645d8a3 service placement] 10.222.0.27 "PUT /placement/allocations/3d9da411-06a0-45b7-955e-d56cef03aeb5" status: 204 len: 0 microversion: 1.36
Aug 22 18:05:27.334697 n-d-852737-6 devstack@placement-api.service[107680]: [pid: 107680|app: 0|req: 234/470] 10.222.0.27 () {64 vars in 1433 bytes} [Mon Aug 22 18:05:27 2022] PUT /placement/allocations/3d9da411-06a0-45b7-955e-d56cef03aeb5 => generated 0 bytes in 168 msecs (HTTP/1.1 204) 5 headers in 199 bytes (1 switches on core 0)
Aug 22 18:05:27.476645 n-d-852737-6 devstack@placement-api.service[107679]: DEBUG placement.handlers.allocation [req-81678a51-7f28-49eb-9cd5-0e283bd61f7d req-50efaeae-de0a-4f40-90d8-8053c9644791 service placement] Successfully wrote allocations [, , ] {{(pid=107679) _update_consumers_and_create_allocations /opt/stack/placement/placement/handlers/allocation.py:462}}
Aug 22 18:05:27.484442 n-d-852737-6 devstack@placement-api.service[107679]: INFO placement.requestlog [req-81678a51-7f28-49eb-9cd5-0e283bd61f7d req-50efaeae-de0a-4f40-90d8-8053c9644791 service placement] 10.222.0.27 "PUT /placement/allocations/a9efce6e-7f0e-4685-8fad-0a0bef9c88f6" status: 204 len: 0 microversion: 1.36
Aug 22 18:05:27.485851 n-d-852737-6 devstack@placement-api.service[107679]: [pid: 107679|app: 0|req: 237/471] 10.222.0.27 () {64 vars in 1433 bytes} [Mon Aug 22 18:05:27 2022] PUT /placement/allocations/a9efce6e-7f0e-4685-8fad-0a0bef9c88f6 => generated 0 bytes in 179 msecs (HTTP/1.1 204) 5 headers in 199 bytes (2 switches on core 0)
Aug 22 18:05:28.079143 n-d-852737-6 devstack@placement-api.service[107680]: DEBUG placement.requestlog [req-156c496c-7879-45d9-99be-7b85d7ad2f8a req-1425d40d-2f9b-4546-b31c-646def555c64 None None] Starting request: 10.222.0.57 "GET /placement/allocations/3d9da411-06a0-45b7-955e-d56cef03aeb5" {{(pid=107680) __call__ /opt/stack/placement/placement/requestlog.py:55}}
Aug 22 18:05:28.136049 n-d-852737-6 devstack@placement-api.service[107680]: INFO placement.requestlog [req-156c496c-7879-45d9-99be-7b85d7ad2f8a req-1425d40d-2f9b-4546-b31c-646def555c64 service placement] 10.222.0.57 "GET /placement/allocations/3d9da411-06a0-45b7-955e-d56cef03aeb5" status: 200 len: 259 microversion: 1.28
Aug 22 18:05:28.140801 n-d-852737-6 devstack@placement-api.service[107680]: [pid: 107680|app: 0|req: 235/472] 10.222.0.57 () {60 vars in 1377 bytes} [Mon Aug 22 18:05:28 2022] GET /placement/allocations/3d9da411-06a0-45b7-955e-d56cef03aeb5 => generated 259 bytes in 62 msecs (HTTP/1.1 200) 8 headers in 296 bytes (1 switches on core 0)
Aug 22 18:05:28.573235 n-d-852737-6 devstack@placement-api.service[107679]: DEBUG placement.requestlog [req-81678a51-7f28-49eb-9cd5-0e283bd61f7d req-1e8f5431-4592-4211-8a78-ca75d5a14d74 None None] Starting request: 10.222.0.57 "GET /placement/allocations/43e310f5-29b2-4bed-9595-a43085e9dc9e" {{(pid=107679) __call__ /opt/stack/placement/placement/requestlog.py:55}}
Aug 22 18:05:28.622651 n-d-852737-6 devstack@placement-api.service[107679]: INFO placement.requestlog [req-81678a51-7f28-49eb-9cd5-0e283bd61f7d req-1e8f5431-4592-4211-8a78-ca75d5a14d74 service placement] 10.222.0.57 "GET /placement/allocations/43e310f5-29b2-4bed-9595-a43085e9dc9e" status: 200 len: 259 microversion: 1.28
Aug 22 18:05:28.625187 n-d-852737-6 devstack@placement-api.service[107679]: [pid: 107679|app: 0|req: 238/473] 10.222.0.57 () {60 vars in 1377 bytes} [Mon Aug 22 18:05:28 2022] GET /placement/allocations/43e310f5-29b2-4bed-9595-a43085e9dc9e => generated 259 bytes in 52 msecs (HTTP/1.1 200) 8 headers in 296 bytes (1 switches on core 0)
Aug 22 18:05:28.626871 n-d-852737-6 devstack@placement-api.service[107680]: DEBUG placement.requestlog [req-9a967d55-b846-43ae-93ec-71b56f73fe0c req-7ac2d536-deec-4618-bf2d-1d71cf5a3181 None None] Starting request: 10.222.0.83 "DELETE /placement/allocations/91e07956-fe44-4df1-bae9-b5317d558e9a" {{(pid=107680) __call__ /opt/stack/placement/placement/requestlog.py:55}}
Aug 22 18:05:28.735428 n-d-852737-6 devstack@placement-api.service[107680]: DEBUG placement.handlers.allocation [req-9a967d55-b846-43ae-93ec-71b56f73fe0c req-7ac2d536-deec-4618-bf2d-1d71cf5a3181 service placement] Successfully deleted allocations [, , ] {{(pid=107680) delete_allocations /opt/stack/placement/placement/handlers/allocation.py:627}}
Aug 22 18:05:28.735971 n-d-852737-6 devstack@placement-api.service[107680]: INFO placement.requestlog [req-9a967d55-b846-43ae-93ec-71b56f73fe0c req-7ac2d536-deec-4618-bf2d-1d71cf5a3181 service placement] 10.222.0.83 "DELETE /placement/allocations/91e07956-fe44-4df1-bae9-b5317d558e9a" status: 204 len: 0 microversion: 1.0
Aug 22 18:05:28.740040 n-d-852737-6 devstack@placement-api.service[107680]: [pid: 107680|app: 0|req: 236/474] 10.222.0.83 () {60 vars in 1355 bytes} [Mon Aug 22 18:05:28 2022] DELETE /placement/allocations/91e07956-fe44-4df1-bae9-b5317d558e9a => generated 0 bytes in 114 msecs (HTTP/1.1 204) 5 headers in 198 bytes (1 switches on core 0)
Aug 22 18:05:28.903304 n-d-852737-6 devstack@placement-api.service[107679]: DEBUG placement.requestlog [req-81678a51-7f28-49eb-9cd5-0e283bd61f7d req-b1392cae-b66c-4dd5-952c-6cea93cc8620 None None] Starting request: 10.222.0.83 "GET /placement/allocations/a9efce6e-7f0e-4685-8fad-0a0bef9c88f6" {{(pid=107679) __call__ /opt/stack/placement/placement/requestlog.py:55}}
Aug 22 18:05:28.967104 n-d-852737-6 devstack@placement-api.service[107679]: INFO placement.requestlog [req-81678a51-7f28-49eb-9cd5-0e283bd61f7d req-b1392cae-b66c-4dd5-952c-6cea93cc8620 service placement] 10.222.0.83 "GET /placement/allocations/a9efce6e-7f0e-4685-8fad-0a0bef9c88f6" status: 200 len: 259 microversion: 1.28
Aug 22 18:05:28.968943 n-d-852737-6 devstack@placement-api.service[107679]: [pid: 107679|app: 0|req: 239/475] 10.222.0.83 () {60 vars in 1377 bytes} [Mon Aug 22 18:05:28 2022] GET /placement/allocations/a9efce6e-7f0e-4685-8fad-0a0bef9c88f6 => generated 259 bytes in 66 msecs (HTTP/1.1 200) 8 headers in 296 bytes (1 switches on core 0)
Aug 22 18:05:29.803006 n-d-852737-6 devstack@placement-api.service[107680]: DEBUG placement.requestlog [req-89e81d7b-72b8-494b-bf10-822f84a79dcc req-7b43cf70-e135-471c-8357-fd88042e7e6c None None] Starting request: 10.222.0.83 "DELETE /placement/allocations/37693a11-36f0-49d4-8a64-1357becd630e" {{(pid=107680) __call__ /opt/stack/placement/placement/requestlog.py:55}}
Aug 22 18:05:29.824730 n-d-852737-6 devstack@placement-api.service[107680]: DEBUG dbcounter [-] [107680] Writing DB stats placement:SELECT=84,placement:DELETE=8,placement:UPDATE=4,placement:INSERT=4 {{(pid=107680) stat_writer /usr/local/lib/python3.8/dist-packages/dbcounter.py:114}}
Aug 22 18:05:29.858415 n-d-852737-6 devstack@placement-api.service[107680]: DEBUG placement.handlers.allocation [req-89e81d7b-72b8-494b-bf10-822f84a79dcc req-7b43cf70-e135-471c-8357-fd88042e7e6c service placement] Successfully deleted allocations [, , ] {{(pid=107680) delete_allocations /opt/stack/placement/placement/handlers/allocation.py:627}}
Aug 22 18:05:29.859589 n-d-852737-6 devstack@placement-api.service[107680]: INFO placement.requestlog [req-89e81d7b-72b8-494b-bf10-822f84a79dcc req-7b43cf70-e135-471c-8357-fd88042e7e6c service placement] 10.222.0.83 "DELETE /placement/allocations/37693a11-36f0-49d4-8a64-1357becd630e" status: 204 len: 0 microversion: 1.0
Aug 22 18:05:29.860490 n-d-852737-6 devstack@placement-api.service[107680]: [pid: 107680|app: 0|req: 237/476] 10.222.0.83 () {60 vars in 1355 bytes} [Mon Aug 22 18:05:29 2022] DELETE /placement/allocations/37693a11-36f0-49d4-8a64-1357becd630e => generated 0 bytes in 58 msecs (HTTP/1.1 204) 5 headers in 198 bytes (1 switches on core 0)
Aug 22 18:05:33.279470 n-d-852737-6 devstack@placement-api.service[107679]: DEBUG placement.requestlog [req-4e98f1d4-f632-488b-8e6b-a0cfca03b47d req-89dc0b5d-bfac-4b99-9696-fd3871c882bd None None] Starting request: 10.222.0.57 "GET /placement/resource_providers/82e1b204-6dc1-4bf4-bdce-bb74db1102fc/allocations" {{(pid=107679) __call__ /opt/stack/placement/placement/requestlog.py:55}}
Aug 22 18:05:33.311461 n-d-852737-6 devstack@placement-api.service[107679]: INFO placement.requestlog [req-4e98f1d4-f632-488b-8e6b-a0cfca03b47d req-89dc0b5d-bfac-4b99-9696-fd3871c882bd service placement] 10.222.0.57 "GET /placement/resource_providers/82e1b204-6dc1-4bf4-bdce-bb74db1102fc/allocations" status: 200 len: 544 microversion: 1.0
Aug 22 18:05:33.312590 n-d-852737-6 devstack@placement-api.service[107679]: [pid: 107679|app: 0|req: 240/477] 10.222.0.57 () {58 vars in 1390 bytes} [Mon Aug 22 18:05:33 2022] GET /placement/resource_providers/82e1b204-6dc1-4bf4-bdce-bb74db1102fc/allocations => generated 544 bytes in 33 msecs (HTTP/1.1 200) 6 headers in 224 bytes (1 switches on core 0)
Aug 22 18:05:34.443538 n-d-852737-6 devstack@placement-api.service[107680]: DEBUG placement.requestlog [req-bc3f435d-d13e-4f1e-b1d5-064e1fc9d91d req-f6c43957-a052-4605-b85a-20902aaaaf50 None None] Starting request: 10.222.0.83 "DELETE /placement/allocations/bfd1e02f-efbe-426f-a8f5-f9aa5f080a91" {{(pid=107680) __call__ /opt/stack/placement/placement/requestlog.py:55}}
Aug 22 18:05:34.507157 n-d-852737-6 devstack@placement-api.service[107680]: DEBUG placement.handlers.allocation [req-bc3f435d-d13e-4f1e-b1d5-064e1fc9d91d req-f6c43957-a052-4605-b85a-20902aaaaf50 service placement] Successfully deleted allocations [, , ] {{(pid=107680) delete_allocations /opt/stack/placement/placement/handlers/allocation.py:627}}
Aug 22 18:05:34.507742 n-d-852737-6 devstack@placement-api.service[107680]: INFO placement.requestlog [req-bc3f435d-d13e-4f1e-b1d5-064e1fc9d91d req-f6c43957-a052-4605-b85a-20902aaaaf50 service placement] 10.222.0.83 "DELETE /placement/allocations/bfd1e02f-efbe-426f-a8f5-f9aa5f080a91" status: 204 len: 0 microversion: 1.0
Aug 22 18:05:34.508336 n-d-852737-6 devstack@placement-api.service[107680]: [pid: 107680|app: 0|req: 238/478] 10.222.0.83 () {60 vars in 1355 bytes} [Mon Aug 22 18:05:34 2022] DELETE /placement/allocations/bfd1e02f-efbe-426f-a8f5-f9aa5f080a91 => generated 0 bytes in 65 msecs (HTTP/1.1 204) 5 headers in 198 bytes (2 switches on core 0)
Aug 22 18:05:34.659626 n-d-852737-6 devstack@placement-api.service[107679]: DEBUG placement.requestlog [req-94f4f866-710c-4bb9-86ee-e81f7c6ec45c req-67a3ca32-d291-4a8c-84f7-ecddc7e03779 None None] Starting request: 10.222.0.27 "GET /placement/allocations/6b282c09-9fa2-4cd7-9f8d-c64896dd9049" {{(pid=107679) __call__ /opt/stack/placement/placement/requestlog.py:55}}
Aug 22 18:05:34.694953 n-d-852737-6 devstack@placement-api.service[107679]: INFO placement.requestlog [req-94f4f866-710c-4bb9-86ee-e81f7c6ec45c req-67a3ca32-d291-4a8c-84f7-ecddc7e03779 service placement] 10.222.0.27 "GET /placement/allocations/6b282c09-9fa2-4cd7-9f8d-c64896dd9049" status: 200 len: 259 microversion: 1.28
Aug 22 18:05:34.698176 n-d-852737-6 devstack@placement-api.service[107679]: [pid: 107679|app: 0|req: 241/479] 10.222.0.27 () {60 vars in 1380 bytes} [Mon Aug 22 18:05:34 2022] GET /placement/allocations/6b282c09-9fa2-4cd7-9f8d-c64896dd9049 => generated 259 bytes in 39 msecs (HTTP/1.1 200) 8 headers in 296 bytes (1 switches on core 0)
Aug 22 18:05:34.705994 n-d-852737-6 devstack@placement-api.service[107680]: DEBUG placement.requestlog [req-94f4f866-710c-4bb9-86ee-e81f7c6ec45c req-3e2c5059-b194-48b1-9319-688d7ed0e22e None None] Starting request: 10.222.0.27 "GET /placement/allocations/6b282c09-9fa2-4cd7-9f8d-c64896dd9049" {{(pid=107680) __call__ /opt/stack/placement/placement/requestlog.py:55}}
Aug 22 18:05:34.745273 n-d-852737-6 devstack@placement-api.service[107680]: INFO placement.requestlog [req-94f4f866-710c-4bb9-86ee-e81f7c6ec45c req-3e2c5059-b194-48b1-9319-688d7ed0e22e service placement] 10.222.0.27 "GET /placement/allocations/6b282c09-9fa2-4cd7-9f8d-c64896dd9049" status: 200 len: 259 microversion: 1.28
Aug 22 18:05:34.750701 n-d-852737-6 devstack@placement-api.service[107680]: [pid: 107680|app: 0|req: 239/480] 10.222.0.27 () {60 vars in 1380 bytes} [Mon Aug 22 18:05:34 2022] GET /placement/allocations/6b282c09-9fa2-4cd7-9f8d-c64896dd9049 => generated 259 bytes in 45 msecs (HTTP/1.1 200) 8 headers in 296 bytes (1 switches on core 0)
Aug 22 18:05:34.757062 n-d-852737-6 devstack@placement-api.service[107679]: DEBUG placement.requestlog [req-94f4f866-710c-4bb9-86ee-e81f7c6ec45c req-ae6a7b16-17c9-4488-a521-1d68e524fe24 None None] Starting request: 10.222.0.27 "GET /placement/allocations/16b2066e-b48d-4a55-be4c-ac06fdd24cca" {{(pid=107679) __call__ /opt/stack/placement/placement/requestlog.py:55}}
Aug 22 18:05:34.776678 n-d-852737-6 devstack@placement-api.service[107679]: INFO placement.requestlog [req-94f4f866-710c-4bb9-86ee-e81f7c6ec45c req-ae6a7b16-17c9-4488-a521-1d68e524fe24 service placement] 10.222.0.27 "GET /placement/allocations/16b2066e-b48d-4a55-be4c-ac06fdd24cca" status: 200 len: 19 microversion: 1.28
Aug 22 18:05:34.778202 n-d-852737-6 devstack@placement-api.service[107679]: [pid: 107679|app: 0|req: 242/481] 10.222.0.27 () {60 vars in 1380 bytes} [Mon Aug 22 18:05:34 2022] GET /placement/allocations/16b2066e-b48d-4a55-be4c-ac06fdd24cca => generated 19 bytes in 22 msecs (HTTP/1.1 200) 8 headers in 295 bytes (1 switches on core 0)
Aug 22 18:05:34.784473 n-d-852737-6 devstack@placement-api.service[107680]: DEBUG placement.requestlog [req-94f4f866-710c-4bb9-86ee-e81f7c6ec45c req-d70c5a5a-8bf1-48dd-a2b5-c1413e81a638 None None] Starting request: 10.222.0.27 "POST /placement/allocations" {{(pid=107680) __call__ /opt/stack/placement/placement/requestlog.py:55}}
Aug 22 18:05:34.978084 n-d-852737-6 devstack@placement-api.service[107680]: DEBUG placement.handlers.allocation [req-94f4f866-710c-4bb9-86ee-e81f7c6ec45c req-d70c5a5a-8bf1-48dd-a2b5-c1413e81a638 service placement] Successfully wrote allocations [, , , , , ] {{(pid=107680) _update_consumers_and_create_allocations /opt/stack/placement/placement/handlers/allocation.py:572}}
Aug 22 18:05:34.991930 n-d-852737-6 devstack@placement-api.service[107680]: INFO placement.requestlog [req-94f4f866-710c-4bb9-86ee-e81f7c6ec45c req-d70c5a5a-8bf1-48dd-a2b5-c1413e81a638 service placement] 10.222.0.27 "POST /placement/allocations" status: 204 len: 0 microversion: 1.28
Aug 22 18:05:34.992419 n-d-852737-6 devstack@placement-api.service[107680]: [pid: 107680|app: 0|req: 240/482] 10.222.0.27 () {64 vars in 1323 bytes} [Mon Aug 22 18:05:34 2022] POST /placement/allocations => generated 0 bytes in 208 msecs (HTTP/1.1 204) 5 headers in 199 bytes (1 switches on core 0)
Aug 22 18:05:35.030366 n-d-852737-6 devstack@placement-api.service[107679]: DEBUG placement.requestlog [req-94f4f866-710c-4bb9-86ee-e81f7c6ec45c req-cf309d06-25a7-4265-87ed-a6d61af71e96 None None] Starting request: 10.222.0.27 "GET /placement/allocations/6b282c09-9fa2-4cd7-9f8d-c64896dd9049" {{(pid=107679) __call__ /opt/stack/placement/placement/requestlog.py:55}}
Aug 22 18:05:35.058523 n-d-852737-6 devstack@placement-api.service[107679]: INFO placement.requestlog [req-94f4f866-710c-4bb9-86ee-e81f7c6ec45c req-cf309d06-25a7-4265-87ed-a6d61af71e96 service placement] 10.222.0.27 "GET /placement/allocations/6b282c09-9fa2-4cd7-9f8d-c64896dd9049" status: 200 len: 19 microversion: 1.28
Aug 22 18:05:35.064352 n-d-852737-6 devstack@placement-api.service[107679]: [pid: 107679|app: 0|req: 243/483] 10.222.0.27 () {60 vars in 1380 bytes} [Mon Aug 22 18:05:35 2022] GET /placement/allocations/6b282c09-9fa2-4cd7-9f8d-c64896dd9049 => generated 19 bytes in 34 msecs (HTTP/1.1 200) 8 headers in 295 bytes (1 switches on core 0)
Aug 22 18:05:35.065309 n-d-852737-6 devstack@placement-api.service[107680]: DEBUG placement.requestlog [req-94f4f866-710c-4bb9-86ee-e81f7c6ec45c req-07e66ca4-422d-4456-87be-35ebcae88289 None None] Starting request: 10.222.0.27 "PUT /placement/allocations/6b282c09-9fa2-4cd7-9f8d-c64896dd9049" {{(pid=107680) __call__ /opt/stack/placement/placement/requestlog.py:55}}
Aug 22 18:05:35.163592 n-d-852737-6 devstack@placement-api.service[107680]: DEBUG placement.handlers.allocation [req-94f4f866-710c-4bb9-86ee-e81f7c6ec45c req-07e66ca4-422d-4456-87be-35ebcae88289 service placement] Successfully wrote allocations [, , ] {{(pid=107680) _update_consumers_and_create_allocations /opt/stack/placement/placement/handlers/allocation.py:462}}
Aug 22 18:05:35.169273 n-d-852737-6 devstack@placement-api.service[107680]: INFO placement.requestlog [req-94f4f866-710c-4bb9-86ee-e81f7c6ec45c req-07e66ca4-422d-4456-87be-35ebcae88289 service placement] 10.222.0.27 "PUT /placement/allocations/6b282c09-9fa2-4cd7-9f8d-c64896dd9049" status: 204 len: 0 microversion: 1.28
Aug 22 18:05:35.172031 n-d-852737-6 devstack@placement-api.service[107680]: [pid: 107680|app: 0|req: 241/484] 10.222.0.27 () {64 vars in 1433 bytes} [Mon Aug 22 18:05:35 2022] PUT /placement/allocations/6b282c09-9fa2-4cd7-9f8d-c64896dd9049 => generated 0 bytes in 107 msecs (HTTP/1.1 204) 5 headers in 199 bytes (1 switches on core 0)
Aug 22 18:05:35.363599 n-d-852737-6 devstack@placement-api.service[107679]: DEBUG placement.requestlog [req-94f4f866-710c-4bb9-86ee-e81f7c6ec45c req-16f14db6-09f9-410b-bc6f-5b02a25951a9 None None] Starting request: 10.222.0.83 "GET /placement/allocations/6b282c09-9fa2-4cd7-9f8d-c64896dd9049" {{(pid=107679) __call__ /opt/stack/placement/placement/requestlog.py:55}}
Aug 22 18:05:35.414857 n-d-852737-6 devstack@placement-api.service[107679]: INFO placement.requestlog [req-94f4f866-710c-4bb9-86ee-e81f7c6ec45c req-16f14db6-09f9-410b-bc6f-5b02a25951a9 service placement] 10.222.0.83 "GET /placement/allocations/6b282c09-9fa2-4cd7-9f8d-c64896dd9049" status: 200 len: 259 microversion: 1.28
Aug 22 18:05:35.416179 n-d-852737-6 devstack@placement-api.service[107679]: [pid: 107679|app: 0|req: 244/485] 10.222.0.83 () {60 vars in 1377 bytes} [Mon Aug 22 18:05:35 2022] GET /placement/allocations/6b282c09-9fa2-4cd7-9f8d-c64896dd9049 => generated 259 bytes in 53 msecs (HTTP/1.1 200) 8 headers in 296 bytes (2 switches on core 0)
Aug 22 18:05:43.881320 n-d-852737-6 devstack@placement-api.service[107680]: DEBUG placement.requestlog [req-e520b3a6-364d-4354-b5da-7c7a0585af60 req-868e940d-e299-47fa-a4da-b7fdaaa9f359 None None] Starting request: 10.222.0.83 "GET /placement/resource_providers/aa4fa782-3ba9-424b-90db-ca28af1eb4ea/allocations" {{(pid=107680) __call__ /opt/stack/placement/placement/requestlog.py:55}}
Aug 22 18:05:43.925658 n-d-852737-6 devstack@placement-api.service[107680]: INFO placement.requestlog [req-e520b3a6-364d-4354-b5da-7c7a0585af60 req-868e940d-e299-47fa-a4da-b7fdaaa9f359 service placement] 10.222.0.83 "GET /placement/resource_providers/aa4fa782-3ba9-424b-90db-ca28af1eb4ea/allocations" status: 200 len: 558 microversion: 1.0
Aug 22 18:05:43.926375 n-d-852737-6 devstack@placement-api.service[107680]: [pid: 107680|app: 0|req: 242/486] 10.222.0.83 () {58 vars in 1390 bytes} [Mon Aug 22 18:05:43 2022] GET /placement/resource_providers/aa4fa782-3ba9-424b-90db-ca28af1eb4ea/allocations => generated 558 bytes in 45 msecs (HTTP/1.1 200) 6 headers in 224 bytes (1 switches on core 0)
Aug 22 18:05:44.157462 n-d-852737-6 devstack@placement-api.service[107679]: DEBUG placement.requestlog [None req-4a2d6c20-c3ce-4154-886a-5d0812d9859d None None] Starting request: 10.222.0.27 "GET /placement/resource_providers/d1f661e2-bf68-400a-a0ed-ecb52fdf4ffe/aggregates" {{(pid=107679) __call__ /opt/stack/placement/placement/requestlog.py:55}}
Aug 22 18:05:44.175012 n-d-852737-6 devstack@placement-api.service[107679]: INFO placement.requestlog [None req-4a2d6c20-c3ce-4154-886a-5d0812d9859d service placement] 10.222.0.27 "GET /placement/resource_providers/d1f661e2-bf68-400a-a0ed-ecb52fdf4ffe/aggregates" status: 404 len: 235 microversion: 1.1
Aug 22 18:05:44.175540 n-d-852737-6 devstack@placement-api.service[107679]: [pid: 107679|app: 0|req: 245/487] 10.222.0.27 () {58 vars in 1362 bytes} [Mon Aug 22 18:05:44 2022] GET /placement/resource_providers/d1f661e2-bf68-400a-a0ed-ecb52fdf4ffe/aggregates => generated 235 bytes in 18 msecs (HTTP/1.1 404) 5 headers in 202 bytes (2 switches on core 0)
Aug 22 18:05:44.226018 n-d-852737-6 devstack@placement-api.service[107680]: DEBUG placement.requestlog [None req-f276a9c8-1813-4059-ab08-0232bb816126 None None] Starting request: 10.222.0.27 "DELETE /placement/resource_providers/d1f661e2-bf68-400a-a0ed-ecb52fdf4ffe" {{(pid=107680) __call__ /opt/stack/placement/placement/requestlog.py:55}}
Aug 22 18:05:44.240518 n-d-852737-6 devstack@placement-api.service[107680]: DEBUG placement.wsgi_wrapper [None req-f276a9c8-1813-4059-ab08-0232bb816126 service placement] Placement API returning an error response: No resource provider with uuid d1f661e2-bf68-400a-a0ed-ecb52fdf4ffe found for delete {{(pid=107680) call_func /opt/stack/placement/placement/wsgi_wrapper.py:31}}
Aug 22 18:05:44.241420 n-d-852737-6 devstack@placement-api.service[107680]: INFO placement.requestlog [None req-f276a9c8-1813-4059-ab08-0232bb816126 service placement] 10.222.0.27 "DELETE /placement/resource_providers/d1f661e2-bf68-400a-a0ed-ecb52fdf4ffe" status: 404 len: 246 microversion: 1.1
Aug 22 18:05:44.241900 n-d-852737-6 devstack@placement-api.service[107680]: [pid: 107680|app: 0|req: 243/488] 10.222.0.27 () {60 vars in 1351 bytes} [Mon Aug 22 18:05:44 2022] DELETE /placement/resource_providers/d1f661e2-bf68-400a-a0ed-ecb52fdf4ffe => generated 246 bytes in 16 msecs (HTTP/1.1 404) 6 headers in 231 bytes (1 switches on core 0)
Aug 22 18:05:47.603250 n-d-852737-6 devstack@placement-api.service[107679]: DEBUG placement.requestlog [None req-af67ba0d-043f-48c1-aa25-ce3c9f8892a2 None None] Starting request: 10.222.0.27 "GET /placement/resource_providers/d20df671-1584-47b5-8aa2-9899e73e9e92/aggregates" {{(pid=107679) __call__ /opt/stack/placement/placement/requestlog.py:55}}
Aug 22 18:05:47.622943 n-d-852737-6 devstack@placement-api.service[107679]: INFO placement.requestlog [None req-af67ba0d-043f-48c1-aa25-ce3c9f8892a2 service placement] 10.222.0.27 "GET /placement/resource_providers/d20df671-1584-47b5-8aa2-9899e73e9e92/aggregates" status: 404 len: 235 microversion: 1.1
Aug 22 18:05:47.623859 n-d-852737-6 devstack@placement-api.service[107679]: [pid: 107679|app: 0|req: 246/489] 10.222.0.27 () {58 vars in 1362 bytes} [Mon Aug 22 18:05:47 2022] GET /placement/resource_providers/d20df671-1584-47b5-8aa2-9899e73e9e92/aggregates => generated 235 bytes in 23 msecs (HTTP/1.1 404) 5 headers in 202 bytes (1 switches on core 0)
Aug 22 18:05:47.645711 n-d-852737-6 devstack@placement-api.service[107680]: DEBUG placement.requestlog [None req-19546755-783a-48f0-9769-450645303db3 None None] Starting request: 10.222.0.27 "DELETE /placement/resource_providers/d20df671-1584-47b5-8aa2-9899e73e9e92" {{(pid=107680) __call__ /opt/stack/placement/placement/requestlog.py:55}}
Aug 22 18:05:47.667122 n-d-852737-6 devstack@placement-api.service[107680]: DEBUG placement.wsgi_wrapper [None req-19546755-783a-48f0-9769-450645303db3 service placement] Placement API returning an error response: No resource provider with uuid d20df671-1584-47b5-8aa2-9899e73e9e92 found for delete {{(pid=107680) call_func /opt/stack/placement/placement/wsgi_wrapper.py:31}}
Aug 22 18:05:47.668857 n-d-852737-6 devstack@placement-api.service[107680]: INFO placement.requestlog [None req-19546755-783a-48f0-9769-450645303db3 service placement] 10.222.0.27 "DELETE /placement/resource_providers/d20df671-1584-47b5-8aa2-9899e73e9e92" status: 404 len: 246 microversion: 1.1
Aug 22 18:05:47.670966 n-d-852737-6 devstack@placement-api.service[107680]: [pid: 107680|app: 0|req: 244/490] 10.222.0.27 () {60 vars in 1351 bytes} [Mon Aug 22 18:05:47 2022] DELETE /placement/resource_providers/d20df671-1584-47b5-8aa2-9899e73e9e92 => generated 246 bytes in 25 msecs (HTTP/1.1 404) 6 headers in 231 bytes (1 switches on core 0)
Aug 22 18:05:49.768323 n-d-852737-6 devstack@placement-api.service[107679]: DEBUG placement.requestlog [None req-9be700ce-70e9-4819-ac7f-4036167674ce None None] Starting request: 10.222.0.27 "GET /placement/resource_providers/e930a596-c3e4-4bff-b7f8-968fa128069d/aggregates" {{(pid=107679) __call__ /opt/stack/placement/placement/requestlog.py:55}}
Aug 22 18:05:49.781280 n-d-852737-6 devstack@placement-api.service[107679]: INFO placement.requestlog [None req-9be700ce-70e9-4819-ac7f-4036167674ce service placement] 10.222.0.27 "GET /placement/resource_providers/e930a596-c3e4-4bff-b7f8-968fa128069d/aggregates" status: 404 len: 235 microversion: 1.1
Aug 22 18:05:49.782255 n-d-852737-6 devstack@placement-api.service[107679]: [pid: 107679|app: 0|req: 247/491] 10.222.0.27 () {58 vars in 1362 bytes} [Mon Aug 22 18:05:49 2022] GET /placement/resource_providers/e930a596-c3e4-4bff-b7f8-968fa128069d/aggregates => generated 235 bytes in 14 msecs (HTTP/1.1 404) 5 headers in 202 bytes (2 switches on core 0)
Aug 22 18:05:49.834795 n-d-852737-6 devstack@placement-api.service[107680]: DEBUG placement.requestlog [None req-4d92c270-c714-4a7e-8da7-8608b2d008d9 None None] Starting request: 10.222.0.27 "DELETE /placement/resource_providers/e930a596-c3e4-4bff-b7f8-968fa128069d" {{(pid=107680) __call__ /opt/stack/placement/placement/requestlog.py:55}}
Aug 22 18:05:49.848295 n-d-852737-6 devstack@placement-api.service[107680]: DEBUG placement.wsgi_wrapper [None req-4d92c270-c714-4a7e-8da7-8608b2d008d9 service placement] Placement API returning an error response: No resource provider with uuid e930a596-c3e4-4bff-b7f8-968fa128069d found for delete {{(pid=107680) call_func /opt/stack/placement/placement/wsgi_wrapper.py:31}}
Aug 22 18:05:49.849320 n-d-852737-6 devstack@placement-api.service[107680]: INFO placement.requestlog [None req-4d92c270-c714-4a7e-8da7-8608b2d008d9 service placement] 10.222.0.27 "DELETE /placement/resource_providers/e930a596-c3e4-4bff-b7f8-968fa128069d" status: 404 len: 246 microversion: 1.1
Aug 22 18:05:49.850104 n-d-852737-6 devstack@placement-api.service[107680]: [pid: 107680|app: 0|req: 245/492] 10.222.0.27 () {60 vars in 1351 bytes} [Mon Aug 22 18:05:49 2022] DELETE /placement/resource_providers/e930a596-c3e4-4bff-b7f8-968fa128069d => generated 246 bytes in 16 msecs (HTTP/1.1 404) 6 headers in 231 bytes (1 switches on core 0)
Aug 22 18:05:59.778791 n-d-852737-6 devstack@placement-api.service[107679]: DEBUG dbcounter [-] [107679] Writing DB stats placement:INSERT=8,placement:SELECT=53,placement:DELETE=4,placement:UPDATE=4 {{(pid=107679) stat_writer /usr/local/lib/python3.8/dist-packages/dbcounter.py:114}}
Aug 22 18:05:59.845315 n-d-852737-6 devstack@placement-api.service[107680]: DEBUG dbcounter [-] [107680] Writing DB stats placement:SELECT=61,placement:DELETE=9,placement:INSERT=8,placement:UPDATE=5 {{(pid=107680) stat_writer /usr/local/lib/python3.8/dist-packages/dbcounter.py:114}}
Aug 22 18:06:00.778047 n-d-852737-6 devstack@placement-api.service[107679]: DEBUG placement.requestlog [req-94f4f866-710c-4bb9-86ee-e81f7c6ec45c req-c0fad551-8aa7-4267-8637-e6528ac47a2e None None] Starting request: 10.222.0.57 "GET /placement/resource_providers/82e1b204-6dc1-4bf4-bdce-bb74db1102fc/allocations" {{(pid=107679) __call__ /opt/stack/placement/placement/requestlog.py:55}}
Aug 22 18:06:00.833623 n-d-852737-6 devstack@placement-api.service[107679]: INFO placement.requestlog [req-94f4f866-710c-4bb9-86ee-e81f7c6ec45c req-c0fad551-8aa7-4267-8637-e6528ac47a2e service placement] 10.222.0.57 "GET /placement/resource_providers/82e1b204-6dc1-4bf4-bdce-bb74db1102fc/allocations" status: 200 len: 544 microversion: 1.0
Aug 22 18:06:00.835845 n-d-852737-6 devstack@placement-api.service[107679]: [pid: 107679|app: 0|req: 248/493] 10.222.0.57 () {58 vars in 1390 bytes} [Mon Aug 22 18:06:00 2022] GET /placement/resource_providers/82e1b204-6dc1-4bf4-bdce-bb74db1102fc/allocations => generated 544 bytes in 57 msecs (HTTP/1.1 200) 6 headers in 224 bytes (1 switches on core 0)
Aug 22 18:06:01.197000 n-d-852737-6 devstack@placement-api.service[107680]: DEBUG placement.requestlog [req-94f4f866-710c-4bb9-86ee-e81f7c6ec45c req-d8be5648-aa47-4aeb-bdbf-b55ec59bc4f4 None None] Starting request: 10.222.0.57 "GET /placement/allocations/16b2066e-b48d-4a55-be4c-ac06fdd24cca" {{(pid=107680) __call__ /opt/stack/placement/placement/requestlog.py:55}}
Aug 22 18:06:01.265320 n-d-852737-6 devstack@placement-api.service[107680]: INFO placement.requestlog [req-94f4f866-710c-4bb9-86ee-e81f7c6ec45c req-d8be5648-aa47-4aeb-bdbf-b55ec59bc4f4 service placement] 10.222.0.57 "GET /placement/allocations/16b2066e-b48d-4a55-be4c-ac06fdd24cca" status: 200 len: 259 microversion: 1.28
Aug 22 18:06:01.266133 n-d-852737-6 devstack@placement-api.service[107680]: [pid: 107680|app: 0|req: 246/494] 10.222.0.57 () {60 vars in 1377 bytes} [Mon Aug 22 18:06:01 2022] GET /placement/allocations/16b2066e-b48d-4a55-be4c-ac06fdd24cca => generated 259 bytes in 69 msecs (HTTP/1.1 200) 8 headers in 296 bytes (1 switches on core 0)
Aug 22 18:06:01.274206 n-d-852737-6 devstack@placement-api.service[107679]: DEBUG placement.requestlog [req-94f4f866-710c-4bb9-86ee-e81f7c6ec45c req-e04ac0d3-a6ce-4a45-895a-d72d3a3b6385 None None] Starting request: 10.222.0.57 "PUT /placement/allocations/16b2066e-b48d-4a55-be4c-ac06fdd24cca" {{(pid=107679) __call__ /opt/stack/placement/placement/requestlog.py:55}}
Aug 22 18:06:01.400730 n-d-852737-6 devstack@placement-api.service[107679]: DEBUG placement.handlers.allocation [req-94f4f866-710c-4bb9-86ee-e81f7c6ec45c req-e04ac0d3-a6ce-4a45-895a-d72d3a3b6385 service placement] Successfully wrote allocations [, , ] {{(pid=107679) _update_consumers_and_create_allocations /opt/stack/placement/placement/handlers/allocation.py:462}}
Aug 22 18:06:01.406523 n-d-852737-6 devstack@placement-api.service[107679]: INFO placement.requestlog [req-94f4f866-710c-4bb9-86ee-e81f7c6ec45c req-e04ac0d3-a6ce-4a45-895a-d72d3a3b6385 service placement] 10.222.0.57 "PUT /placement/allocations/16b2066e-b48d-4a55-be4c-ac06fdd24cca" status: 204 len: 0 microversion: 1.28
Aug 22 18:06:01.407391 n-d-852737-6 devstack@placement-api.service[107679]: [pid: 107679|app: 0|req: 249/495] 10.222.0.57 () {64 vars in 1430 bytes} [Mon Aug 22 18:06:01 2022] PUT /placement/allocations/16b2066e-b48d-4a55-be4c-ac06fdd24cca => generated 0 bytes in 134 msecs (HTTP/1.1 204) 5 headers in 199 bytes (1 switches on core 0)
Aug 22 18:06:01.530926 n-d-852737-6 devstack@placement-api.service[107680]: DEBUG placement.requestlog [req-11b867e9-6563-4846-8078-73e3bf0dfd04 req-7e30c127-d218-431f-95a6-d86acf8b9d7c None None] Starting request: 10.222.0.27 "GET /placement/allocation_candidates?limit=1000&resources=DISK_GB%3A1%2CMEMORY_MB%3A1024%2CVCPU%3A1&root_required=%21COMPUTE_STATUS_DISABLED" {{(pid=107680) __call__ /opt/stack/placement/placement/requestlog.py:55}}
Aug 22 18:06:01.593006 n-d-852737-6 devstack@placement-api.service[107680]: DEBUG placement.objects.research_context [req-11b867e9-6563-4846-8078-73e3bf0dfd04 req-7e30c127-d218-431f-95a6-d86acf8b9d7c service placement] getting providers with 1 DISK_GB {{(pid=107680) __init__ /opt/stack/placement/placement/objects/research_context.py:136}}
Aug 22 18:06:01.599625 n-d-852737-6 devstack@placement-api.service[107680]: DEBUG placement.objects.research_context [req-11b867e9-6563-4846-8078-73e3bf0dfd04 req-7e30c127-d218-431f-95a6-d86acf8b9d7c service placement] getting providers with 1024 MEMORY_MB {{(pid=107680) __init__ /opt/stack/placement/placement/objects/research_context.py:136}}
Aug 22 18:06:01.607801 n-d-852737-6 devstack@placement-api.service[107680]: DEBUG placement.objects.research_context [req-11b867e9-6563-4846-8078-73e3bf0dfd04 req-7e30c127-d218-431f-95a6-d86acf8b9d7c service placement] getting providers with 1 VCPU {{(pid=107680) __init__ /opt/stack/placement/placement/objects/research_context.py:136}}
Aug 22 18:06:01.614491 n-d-852737-6 devstack@placement-api.service[107680]: DEBUG placement.objects.research_context [req-11b867e9-6563-4846-8078-73e3bf0dfd04 req-7e30c127-d218-431f-95a6-d86acf8b9d7c service placement] found 2 providers with available 1 DISK_GB {{(pid=107680) get_provider_ids_matching /opt/stack/placement/placement/objects/research_context.py:563}}
Aug 22 18:06:01.615640 n-d-852737-6 devstack@placement-api.service[107680]: DEBUG placement.objects.research_context [req-11b867e9-6563-4846-8078-73e3bf0dfd04 req-7e30c127-d218-431f-95a6-d86acf8b9d7c service placement] found 2 providers with available 1024 MEMORY_MB {{(pid=107680) get_provider_ids_matching /opt/stack/placement/placement/objects/research_context.py:563}}
Aug 22 18:06:01.616287 n-d-852737-6 devstack@placement-api.service[107680]: DEBUG placement.objects.research_context [req-11b867e9-6563-4846-8078-73e3bf0dfd04 req-7e30c127-d218-431f-95a6-d86acf8b9d7c service placement] found 2 providers after filtering by previous result {{(pid=107680) get_provider_ids_matching /opt/stack/placement/placement/objects/research_context.py:594}}
Aug 22 18:06:01.616713 n-d-852737-6 devstack@placement-api.service[107680]: DEBUG placement.objects.research_context [req-11b867e9-6563-4846-8078-73e3bf0dfd04 req-7e30c127-d218-431f-95a6-d86acf8b9d7c service placement] found 2 providers with available 1 VCPU {{(pid=107680) get_provider_ids_matching /opt/stack/placement/placement/objects/research_context.py:563}}
