Aug 22 17:57:27.526864 n-d-852737-6 devstack@placement-api.service[107679]: INFO placement.requestlog [req-e6513a0b-7a47-463c-94fc-b15590fd8d93 req-dce2056f-7426-4b58-ab48-97076052945f service placement] 10.222.0.57 "DELETE /placement/allocations/23b8ba80-cb11-49e1-97ac-a70a5e46ad42" status: 204 len: 0 microversion: 1.0
Aug 22 17:57:27.528786 n-d-852737-6 devstack@placement-api.service[107679]: [pid: 107679|app: 0|req: 26/53] 10.222.0.57 () {60 vars in 1355 bytes} [Mon Aug 22 17:57:27 2022] DELETE /placement/allocations/23b8ba80-cb11-49e1-97ac-a70a5e46ad42 => generated 0 bytes in 90 msecs (HTTP/1.1 204) 5 headers in 198 bytes (1 switches on core 0)
Aug 22 17:57:27.815630 n-d-852737-6 devstack@placement-api.service[107680]: DEBUG placement.requestlog [req-f9349839-409f-4e90-97ee-7221247582a6 req-f7c58a9f-59c3-440b-8b2f-6ca113d7ae05 None None] Starting request: 10.222.0.57 "GET /placement/resource_providers/82e1b204-6dc1-4bf4-bdce-bb74db1102fc/allocations" {{(pid=107680) __call__ /opt/stack/placement/placement/requestlog.py:55}}
Aug 22 17:57:27.919369 n-d-852737-6 devstack@placement-api.service[107680]: INFO placement.requestlog [req-f9349839-409f-4e90-97ee-7221247582a6 req-f7c58a9f-59c3-440b-8b2f-6ca113d7ae05 service placement] 10.222.0.57 "GET /placement/resource_providers/82e1b204-6dc1-4bf4-bdce-bb74db1102fc/allocations" status: 200 len: 153 microversion: 1.0
Aug 22 17:57:27.919984 n-d-852737-6 devstack@placement-api.service[107680]: [pid: 107680|app: 0|req: 28/54] 10.222.0.57 () {58 vars in 1390 bytes} [Mon Aug 22 17:57:27 2022] GET /placement/resource_providers/82e1b204-6dc1-4bf4-bdce-bb74db1102fc/allocations => generated 153 bytes in 105 msecs (HTTP/1.1 200) 6 headers in 224 bytes (2 switches on core 0)
Aug 22 17:57:30.354437 n-d-852737-6 devstack@placement-api.service[107679]: DEBUG placement.requestlog [None req-2d523152-ad5f-4671-99a3-7f98e3b650f5 None None] Starting request: 10.222.0.27 "GET /placement/" {{(pid=107679) __call__ /opt/stack/placement/placement/requestlog.py:55}}
Aug 22 17:57:30.356218 n-d-852737-6 devstack@placement-api.service[107679]: INFO placement.requestlog [None req-2d523152-ad5f-4671-99a3-7f98e3b650f5 None None] 10.222.0.27 "GET /placement/" status: 200 len: 136 microversion: 1.0
Aug 22 17:57:30.356766 n-d-852737-6 devstack@placement-api.service[107679]: [pid: 107679|app: 0|req: 27/55] 10.222.0.27 () {54 vars in 907 bytes} [Mon Aug 22 17:57:30 2022] GET /placement => generated 136 bytes in 3 msecs (HTTP/1.1 200) 6 headers in 224 bytes (2 switches on core 0)
Aug 22 17:57:30.375603 n-d-852737-6 devstack@placement-api.service[107680]: DEBUG placement.requestlog [req-fc2d9d08-e040-4775-a842-9ad43c624ede req-f36a3532-e067-4c08-9eb3-3b0ba2737243 None None] Starting request: 10.222.0.27 "GET /placement/resource_providers?name=n-h1-852737-6" {{(pid=107680) __call__ /opt/stack/placement/placement/requestlog.py:55}}
Aug 22 17:57:30.556327 n-d-852737-6 devstack@placement-api.service[107680]: INFO placement.requestlog [req-fc2d9d08-e040-4775-a842-9ad43c624ede req-f36a3532-e067-4c08-9eb3-3b0ba2737243 service placement] 10.222.0.27 "GET /placement/resource_providers?name=n-h1-852737-6" status: 200 len: 440 microversion: 1.0
Aug 22 17:57:30.557717 n-d-852737-6 devstack@placement-api.service[107680]: [pid: 107680|app: 0|req: 29/56] 10.222.0.27 () {58 vars in 1274 bytes} [Mon Aug 22 17:57:30 2022] GET /placement/resource_providers?name=n-h1-852737-6 => generated 440 bytes in 183 msecs (HTTP/1.1 200) 6 headers in 224 bytes (1 switches on core 0)
Aug 22 17:57:30.565316 n-d-852737-6 devstack@placement-api.service[107679]: DEBUG placement.requestlog [req-fc2d9d08-e040-4775-a842-9ad43c624ede req-efd57a55-fcb5-4bd9-920b-512695ad1417 None None] Starting request: 10.222.0.27 "GET /placement/resource_providers/82e1b204-6dc1-4bf4-bdce-bb74db1102fc/aggregates" {{(pid=107679) __call__ /opt/stack/placement/placement/requestlog.py:55}}
Aug 22 17:57:30.597529 n-d-852737-6 devstack@placement-api.service[107679]: INFO placement.requestlog [req-fc2d9d08-e040-4775-a842-9ad43c624ede req-efd57a55-fcb5-4bd9-920b-512695ad1417 service placement] 10.222.0.27 "GET /placement/resource_providers/82e1b204-6dc1-4bf4-bdce-bb74db1102fc/aggregates" status: 200 len: 91 microversion: 1.19
Aug 22 17:57:30.598538 n-d-852737-6 devstack@placement-api.service[107679]: [pid: 107679|app: 0|req: 28/57] 10.222.0.27 () {60 vars in 1425 bytes} [Mon Aug 22 17:57:30 2022] GET /placement/resource_providers/82e1b204-6dc1-4bf4-bdce-bb74db1102fc/aggregates => generated 91 bytes in 34 msecs (HTTP/1.1 200) 8 headers in 295 bytes (1 switches on core 0)
Aug 22 17:57:30.609207 n-d-852737-6 devstack@placement-api.service[107680]: DEBUG placement.requestlog [req-fc2d9d08-e040-4775-a842-9ad43c624ede req-bee2c5ff-39ef-494b-8f90-73e86a5a9a3f None None] Starting request: 10.222.0.27 "PUT /placement/resource_providers/82e1b204-6dc1-4bf4-bdce-bb74db1102fc/aggregates" {{(pid=107680) __call__ /opt/stack/placement/placement/requestlog.py:55}}
Aug 22 17:57:30.664833 n-d-852737-6 devstack@placement-api.service[107680]: DEBUG placement.objects.resource_provider [req-fc2d9d08-e040-4775-a842-9ad43c624ede req-bee2c5ff-39ef-494b-8f90-73e86a5a9a3f service placement] Setting aggregates for provider 82e1b204-6dc1-4bf4-bdce-bb74db1102fc. Successfully disassociated aggregate 67410194-8e58-436c-9628-c34a90c078d7. {{(pid=107680) _set_aggregates /opt/stack/placement/placement/objects/resource_provider.py:404}}
Aug 22 17:57:30.681703 n-d-852737-6 devstack@placement-api.service[107680]: INFO placement.requestlog [req-fc2d9d08-e040-4775-a842-9ad43c624ede req-bee2c5ff-39ef-494b-8f90-73e86a5a9a3f service placement] 10.222.0.27 "PUT /placement/resource_providers/82e1b204-6dc1-4bf4-bdce-bb74db1102fc/aggregates" status: 200 len: 53 microversion: 1.19
Aug 22 17:57:30.683471 n-d-852737-6 devstack@placement-api.service[107680]: [pid: 107680|app: 0|req: 30/58] 10.222.0.27 () {64 vars in 1477 bytes} [Mon Aug 22 17:57:30 2022] PUT /placement/resource_providers/82e1b204-6dc1-4bf4-bdce-bb74db1102fc/aggregates => generated 53 bytes in 75 msecs (HTTP/1.1 200) 8 headers in 295 bytes (1 switches on core 0)
Aug 22 17:57:31.369835 n-d-852737-6 devstack@placement-api.service[107679]: DEBUG placement.requestlog [req-3ce31078-bab4-48ad-8841-1fc8f066ec12 req-e678ce33-8dcf-4abe-8250-f59f8a66baa3 None None] Starting request: 10.222.0.83 "DELETE /placement/allocations/abbeff48-a9f1-4fef-a0e3-c54638795e62" {{(pid=107679) __call__ /opt/stack/placement/placement/requestlog.py:55}}
Aug 22 17:57:31.458467 n-d-852737-6 devstack@placement-api.service[107679]: DEBUG placement.handlers.allocation [req-3ce31078-bab4-48ad-8841-1fc8f066ec12 req-e678ce33-8dcf-4abe-8250-f59f8a66baa3 service placement] Successfully deleted allocations [, , ] {{(pid=107679) delete_allocations /opt/stack/placement/placement/handlers/allocation.py:627}}
Aug 22 17:57:31.460208 n-d-852737-6 devstack@placement-api.service[107679]: INFO placement.requestlog [req-3ce31078-bab4-48ad-8841-1fc8f066ec12 req-e678ce33-8dcf-4abe-8250-f59f8a66baa3 service placement] 10.222.0.83 "DELETE /placement/allocations/abbeff48-a9f1-4fef-a0e3-c54638795e62" status: 204 len: 0 microversion: 1.0
Aug 22 17:57:31.460607 n-d-852737-6 devstack@placement-api.service[107679]: [pid: 107679|app: 0|req: 29/59] 10.222.0.83 () {60 vars in 1355 bytes} [Mon Aug 22 17:57:31 2022] DELETE /placement/allocations/abbeff48-a9f1-4fef-a0e3-c54638795e62 => generated 0 bytes in 91 msecs (HTTP/1.1 204) 5 headers in 198 bytes (1 switches on core 0)
Aug 22 17:57:32.728997 n-d-852737-6 devstack@placement-api.service[107680]: DEBUG placement.requestlog [req-78ad71fd-ce00-491a-bdf9-0f5cc286bd53 req-1ab3c797-de9d-4502-8749-1b08bb0b82f5 None None] Starting request: 10.222.0.27 "GET /placement/resource_providers?name=n-h1-852737-6" {{(pid=107680) __call__ /opt/stack/placement/placement/requestlog.py:55}}
Aug 22 17:57:32.770839 n-d-852737-6 devstack@placement-api.service[107680]: INFO placement.requestlog [req-78ad71fd-ce00-491a-bdf9-0f5cc286bd53 req-1ab3c797-de9d-4502-8749-1b08bb0b82f5 service placement] 10.222.0.27 "GET /placement/resource_providers?name=n-h1-852737-6" status: 200 len: 440 microversion: 1.0
Aug 22 17:57:32.771889 n-d-852737-6 devstack@placement-api.service[107680]: [pid: 107680|app: 0|req: 31/60] 10.222.0.27 () {58 vars in 1274 bytes} [Mon Aug 22 17:57:32 2022] GET /placement/resource_providers?name=n-h1-852737-6 => generated 440 bytes in 43 msecs (HTTP/1.1 200) 6 headers in 224 bytes (1 switches on core 0)
Aug 22 17:57:32.786550 n-d-852737-6 devstack@placement-api.service[107679]: DEBUG placement.requestlog [req-78ad71fd-ce00-491a-bdf9-0f5cc286bd53 req-8af0ca2f-4f9d-42cd-8993-11d38b08b32f None None] Starting request: 10.222.0.27 "GET /placement/resource_providers/82e1b204-6dc1-4bf4-bdce-bb74db1102fc/aggregates" {{(pid=107679) __call__ /opt/stack/placement/placement/requestlog.py:55}}
Aug 22 17:57:32.835418 n-d-852737-6 devstack@placement-api.service[107679]: INFO placement.requestlog [req-78ad71fd-ce00-491a-bdf9-0f5cc286bd53 req-8af0ca2f-4f9d-42cd-8993-11d38b08b32f service placement] 10.222.0.27 "GET /placement/resource_providers/82e1b204-6dc1-4bf4-bdce-bb74db1102fc/aggregates" status: 200 len: 53 microversion: 1.19
Aug 22 17:57:32.837088 n-d-852737-6 devstack@placement-api.service[107679]: [pid: 107679|app: 0|req: 30/61] 10.222.0.27 () {60 vars in 1425 bytes} [Mon Aug 22 17:57:32 2022] GET /placement/resource_providers/82e1b204-6dc1-4bf4-bdce-bb74db1102fc/aggregates => generated 53 bytes in 51 msecs (HTTP/1.1 200) 8 headers in 295 bytes (1 switches on core 0)
Aug 22 17:57:32.875793 n-d-852737-6 devstack@placement-api.service[107680]: DEBUG placement.requestlog [req-78ad71fd-ce00-491a-bdf9-0f5cc286bd53 req-cd6aa88d-f398-4263-902f-1dba563523e0 None None] Starting request: 10.222.0.27 "PUT /placement/resource_providers/82e1b204-6dc1-4bf4-bdce-bb74db1102fc/aggregates" {{(pid=107680) __call__ /opt/stack/placement/placement/requestlog.py:55}}
Aug 22 17:57:32.946571 n-d-852737-6 devstack@placement-api.service[107680]: DEBUG placement.objects.resource_provider [req-78ad71fd-ce00-491a-bdf9-0f5cc286bd53 req-cd6aa88d-f398-4263-902f-1dba563523e0 service placement] _ensure_aggregate() did not find aggregate dfae2c3f-41d9-46a8-a3e1-f63ec443fbed. Attempting to create it. {{(pid=107680) _ensure_aggregate /opt/stack/placement/placement/objects/resource_provider.py:321}}
Aug 22 17:57:32.953378 n-d-852737-6 devstack@placement-api.service[107680]: DEBUG placement.objects.resource_provider [req-78ad71fd-ce00-491a-bdf9-0f5cc286bd53 req-cd6aa88d-f398-4263-902f-1dba563523e0 service placement] _ensure_aggregate() created new aggregate dfae2c3f-41d9-46a8-a3e1-f63ec443fbed (id=3). {{(pid=107680) _ensure_aggregate /opt/stack/placement/placement/objects/resource_provider.py:327}}
Aug 22 17:57:32.961246 n-d-852737-6 devstack@placement-api.service[107680]: DEBUG placement.objects.resource_provider [req-78ad71fd-ce00-491a-bdf9-0f5cc286bd53 req-cd6aa88d-f398-4263-902f-1dba563523e0 service placement] Setting aggregates for provider 82e1b204-6dc1-4bf4-bdce-bb74db1102fc. Successfully associated aggregate dfae2c3f-41d9-46a8-a3e1-f63ec443fbed. {{(pid=107680) _set_aggregates /opt/stack/placement/placement/objects/resource_provider.py:389}}
Aug 22 17:57:32.994817 n-d-852737-6 devstack@placement-api.service[107680]: INFO placement.requestlog [req-78ad71fd-ce00-491a-bdf9-0f5cc286bd53 req-cd6aa88d-f398-4263-902f-1dba563523e0 service placement] 10.222.0.27 "PUT /placement/resource_providers/82e1b204-6dc1-4bf4-bdce-bb74db1102fc/aggregates" status: 200 len: 91 microversion: 1.19
Aug 22 17:57:32.996784 n-d-852737-6 devstack@placement-api.service[107680]: [pid: 107680|app: 0|req: 32/62] 10.222.0.27 () {64 vars in 1477 bytes} [Mon Aug 22 17:57:32 2022] PUT /placement/resource_providers/82e1b204-6dc1-4bf4-bdce-bb74db1102fc/aggregates => generated 91 bytes in 121 msecs (HTTP/1.1 200) 8 headers in 295 bytes (2 switches on core 0)
Aug 22 17:57:33.943041 n-d-852737-6 devstack@placement-api.service[107679]: DEBUG placement.requestlog [req-fbd8580a-04b7-400c-a10b-55675c60d5f4 req-f5966e74-ab62-40e4-9c77-3c99f02acbe3 None None] Starting request: 10.222.0.27 "GET /placement/resource_providers?name=n-h1-852737-6" {{(pid=107679) __call__ /opt/stack/placement/placement/requestlog.py:55}}
Aug 22 17:57:33.971479 n-d-852737-6 devstack@placement-api.service[107679]: INFO placement.requestlog [req-fbd8580a-04b7-400c-a10b-55675c60d5f4 req-f5966e74-ab62-40e4-9c77-3c99f02acbe3 service placement] 10.222.0.27 "GET /placement/resource_providers?name=n-h1-852737-6" status: 200 len: 440 microversion: 1.0
Aug 22 17:57:33.974800 n-d-852737-6 devstack@placement-api.service[107679]: [pid: 107679|app: 0|req: 31/63] 10.222.0.27 () {58 vars in 1274 bytes} [Mon Aug 22 17:57:33 2022] GET /placement/resource_providers?name=n-h1-852737-6 => generated 440 bytes in 32 msecs (HTTP/1.1 200) 6 headers in 224 bytes (1 switches on core 0)
Aug 22 17:57:33.984152 n-d-852737-6 devstack@placement-api.service[107680]: DEBUG placement.requestlog [req-fbd8580a-04b7-400c-a10b-55675c60d5f4 req-f716232d-2238-4f76-89a8-4b4dd2f239e7 None None] Starting request: 10.222.0.27 "GET /placement/resource_providers/82e1b204-6dc1-4bf4-bdce-bb74db1102fc/aggregates" {{(pid=107680) __call__ /opt/stack/placement/placement/requestlog.py:55}}
Aug 22 17:57:34.005966 n-d-852737-6 devstack@placement-api.service[107680]: INFO placement.requestlog [req-fbd8580a-04b7-400c-a10b-55675c60d5f4 req-f716232d-2238-4f76-89a8-4b4dd2f239e7 service placement] 10.222.0.27 "GET /placement/resource_providers/82e1b204-6dc1-4bf4-bdce-bb74db1102fc/aggregates" status: 200 len: 91 microversion: 1.19
Aug 22 17:57:34.006713 n-d-852737-6 devstack@placement-api.service[107680]: [pid: 107680|app: 0|req: 33/64] 10.222.0.27 () {60 vars in 1425 bytes} [Mon Aug 22 17:57:33 2022] GET /placement/resource_providers/82e1b204-6dc1-4bf4-bdce-bb74db1102fc/aggregates => generated 91 bytes in 23 msecs (HTTP/1.1 200) 8 headers in 295 bytes (2 switches on core 0)
Aug 22 17:57:34.016431 n-d-852737-6 devstack@placement-api.service[107679]: DEBUG placement.requestlog [req-fbd8580a-04b7-400c-a10b-55675c60d5f4 req-ead21d9a-2584-4671-a5a0-0e6b7b2035c4 None None] Starting request: 10.222.0.27 "PUT /placement/resource_providers/82e1b204-6dc1-4bf4-bdce-bb74db1102fc/aggregates" {{(pid=107679) __call__ /opt/stack/placement/placement/requestlog.py:55}}
Aug 22 17:57:34.049772 n-d-852737-6 devstack@placement-api.service[107679]: DEBUG placement.objects.resource_provider [req-fbd8580a-04b7-400c-a10b-55675c60d5f4 req-ead21d9a-2584-4671-a5a0-0e6b7b2035c4 service placement] Setting aggregates for provider 82e1b204-6dc1-4bf4-bdce-bb74db1102fc. Successfully disassociated aggregate dfae2c3f-41d9-46a8-a3e1-f63ec443fbed. {{(pid=107679) _set_aggregates /opt/stack/placement/placement/objects/resource_provider.py:404}}
Aug 22 17:57:34.058569 n-d-852737-6 devstack@placement-api.service[107679]: INFO placement.requestlog [req-fbd8580a-04b7-400c-a10b-55675c60d5f4 req-ead21d9a-2584-4671-a5a0-0e6b7b2035c4 service placement] 10.222.0.27 "PUT /placement/resource_providers/82e1b204-6dc1-4bf4-bdce-bb74db1102fc/aggregates" status: 200 len: 54 microversion: 1.19
Aug 22 17:57:34.059283 n-d-852737-6 devstack@placement-api.service[107679]: [pid: 107679|app: 0|req: 32/65] 10.222.0.27 () {64 vars in 1477 bytes} [Mon Aug 22 17:57:34 2022] PUT /placement/resource_providers/82e1b204-6dc1-4bf4-bdce-bb74db1102fc/aggregates => generated 54 bytes in 44 msecs (HTTP/1.1 200) 8 headers in 295 bytes (1 switches on core 0)
Aug 22 17:57:35.550153 n-d-852737-6 devstack@placement-api.service[107680]: DEBUG placement.requestlog [req-2b080a7f-1e06-4cbf-83e4-a8871de4cf3c req-749dacff-dd97-414a-a912-3c4648f533a2 None None] Starting request: 10.222.0.27 "GET /placement/allocation_candidates?limit=1000&resources=DISK_GB%3A1%2CMEMORY_MB%3A1024%2CVCPU%3A1&root_required=%21COMPUTE_STATUS_DISABLED" {{(pid=107680) __call__ /opt/stack/placement/placement/requestlog.py:55}}
Aug 22 17:57:35.874641 n-d-852737-6 devstack@placement-api.service[107680]: DEBUG placement.objects.research_context [req-2b080a7f-1e06-4cbf-83e4-a8871de4cf3c req-749dacff-dd97-414a-a912-3c4648f533a2 service placement] getting providers with 1 DISK_GB {{(pid=107680) __init__ /opt/stack/placement/placement/objects/research_context.py:136}}
Aug 22 17:57:35.897036 n-d-852737-6 devstack@placement-api.service[107680]: DEBUG placement.objects.research_context [req-2b080a7f-1e06-4cbf-83e4-a8871de4cf3c req-749dacff-dd97-414a-a912-3c4648f533a2 service placement] getting providers with 1024 MEMORY_MB {{(pid=107680) __init__ /opt/stack/placement/placement/objects/research_context.py:136}}
Aug 22 17:57:35.909144 n-d-852737-6 devstack@placement-api.service[107680]: DEBUG placement.objects.research_context [req-2b080a7f-1e06-4cbf-83e4-a8871de4cf3c req-749dacff-dd97-414a-a912-3c4648f533a2 service placement] getting providers with 1 VCPU {{(pid=107680) __init__ /opt/stack/placement/placement/objects/research_context.py:136}}
Aug 22 17:57:35.920432 n-d-852737-6 devstack@placement-api.service[107680]: DEBUG placement.objects.research_context [req-2b080a7f-1e06-4cbf-83e4-a8871de4cf3c req-749dacff-dd97-414a-a912-3c4648f533a2 service placement] found 2 providers with available 1 DISK_GB {{(pid=107680) get_provider_ids_matching /opt/stack/placement/placement/objects/research_context.py:563}}
Aug 22 17:57:35.921010 n-d-852737-6 devstack@placement-api.service[107680]: DEBUG placement.objects.research_context [req-2b080a7f-1e06-4cbf-83e4-a8871de4cf3c req-749dacff-dd97-414a-a912-3c4648f533a2 service placement] found 2 providers with available 1024 MEMORY_MB {{(pid=107680) get_provider_ids_matching /opt/stack/placement/placement/objects/research_context.py:563}}
Aug 22 17:57:35.922050 n-d-852737-6 devstack@placement-api.service[107680]: DEBUG placement.objects.research_context [req-2b080a7f-1e06-4cbf-83e4-a8871de4cf3c req-749dacff-dd97-414a-a912-3c4648f533a2 service placement] found 2 providers after filtering by previous result {{(pid=107680) get_provider_ids_matching /opt/stack/placement/placement/objects/research_context.py:594}}
Aug 22 17:57:35.922667 n-d-852737-6 devstack@placement-api.service[107680]: DEBUG placement.objects.research_context [req-2b080a7f-1e06-4cbf-83e4-a8871de4cf3c req-749dacff-dd97-414a-a912-3c4648f533a2 service placement] found 2 providers with available 1 VCPU {{(pid=107680) get_provider_ids_matching /opt/stack/placement/placement/objects/research_context.py:563}}
Aug 22 17:57:35.923298 n-d-852737-6 devstack@placement-api.service[107680]: DEBUG placement.objects.research_context [req-2b080a7f-1e06-4cbf-83e4-a8871de4cf3c req-749dacff-dd97-414a-a912-3c4648f533a2 service placement] found 2 providers after filtering by previous result {{(pid=107680) get_provider_ids_matching /opt/stack/placement/placement/objects/research_context.py:594}}
Aug 22 17:57:35.945491 n-d-852737-6 devstack@placement-api.service[107680]: DEBUG placement.objects.allocation_candidate [req-2b080a7f-1e06-4cbf-83e4-a8871de4cf3c req-749dacff-dd97-414a-a912-3c4648f533a2 service placement] RequestGroup(use_same_provider=False, resources={DISK_GB:1, MEMORY_MB:1024, VCPU:1}, traits=(), aggregates=[]) (suffix '') returned 2 matches {{(pid=107680) _get_by_requests /opt/stack/placement/placement/objects/allocation_candidate.py:156}}
Aug 22 17:57:35.946323 n-d-852737-6 devstack@placement-api.service[107680]: DEBUG placement.objects.allocation_candidate [req-2b080a7f-1e06-4cbf-83e4-a8871de4cf3c req-749dacff-dd97-414a-a912-3c4648f533a2 service placement] Merging candidates yields 2 allocation requests and 2 provider summaries {{(pid=107680) _merge_candidates /opt/stack/placement/placement/objects/allocation_candidate.py:809}}
Aug 22 17:57:35.948893 n-d-852737-6 devstack@placement-api.service[107680]: INFO placement.requestlog [req-2b080a7f-1e06-4cbf-83e4-a8871de4cf3c req-749dacff-dd97-414a-a912-3c4648f533a2 service placement] 10.222.0.27 "GET /placement/allocation_candidates?limit=1000&resources=DISK_GB%3A1%2CMEMORY_MB%3A1024%2CVCPU%3A1&root_required=%21COMPUTE_STATUS_DISABLED" status: 200 len: 1309 microversion: 1.36
Aug 22 17:57:35.951571 n-d-852737-6 devstack@placement-api.service[107680]: [pid: 107680|app: 0|req: 34/66] 10.222.0.27 () {60 vars in 1506 bytes} [Mon Aug 22 17:57:35 2022] GET /placement/allocation_candidates?limit=1000&resources=DISK_GB%3A1%2CMEMORY_MB%3A1024%2CVCPU%3A1&root_required=%21COMPUTE_STATUS_DISABLED => generated 1309 bytes in 402 msecs (HTTP/1.1 200) 8 headers in 297 bytes (1 switches on core 0)
Aug 22 17:57:36.203122 n-d-852737-6 devstack@placement-api.service[107679]: DEBUG placement.requestlog [req-2b080a7f-1e06-4cbf-83e4-a8871de4cf3c req-ae667afb-2614-43c3-8bf0-806478b0ae0c None None] Starting request: 10.222.0.27 "GET /placement/allocations/9957dc75-9559-4f3e-a5e7-59c85d0465f5" {{(pid=107679) __call__ /opt/stack/placement/placement/requestlog.py:55}}
Aug 22 17:57:36.223031 n-d-852737-6 devstack@placement-api.service[107679]: INFO placement.requestlog [req-2b080a7f-1e06-4cbf-83e4-a8871de4cf3c req-ae667afb-2614-43c3-8bf0-806478b0ae0c service placement] 10.222.0.27 "GET /placement/allocations/9957dc75-9559-4f3e-a5e7-59c85d0465f5" status: 200 len: 19 microversion: 1.28
Aug 22 17:57:36.234034 n-d-852737-6 devstack@placement-api.service[107680]: DEBUG placement.requestlog [req-2b080a7f-1e06-4cbf-83e4-a8871de4cf3c req-439b637d-726b-4859-8a9b-722a9b2ee298 None None] Starting request: 10.222.0.27 "PUT /placement/allocations/9957dc75-9559-4f3e-a5e7-59c85d0465f5" {{(pid=107680) __call__ /opt/stack/placement/placement/requestlog.py:55}}
Aug 22 17:57:36.234442 n-d-852737-6 devstack@placement-api.service[107679]: [pid: 107679|app: 0|req: 33/67] 10.222.0.27 () {60 vars in 1380 bytes} [Mon Aug 22 17:57:36 2022] GET /placement/allocations/9957dc75-9559-4f3e-a5e7-59c85d0465f5 => generated 19 bytes in 32 msecs (HTTP/1.1 200) 8 headers in 295 bytes (1 switches on core 0)
Aug 22 17:57:36.369250 n-d-852737-6 devstack@placement-api.service[107680]: DEBUG placement.handlers.allocation [req-2b080a7f-1e06-4cbf-83e4-a8871de4cf3c req-439b637d-726b-4859-8a9b-722a9b2ee298 service placement] Successfully wrote allocations [, , ] {{(pid=107680) _update_consumers_and_create_allocations /opt/stack/placement/placement/handlers/allocation.py:462}}
Aug 22 17:57:36.382008 n-d-852737-6 devstack@placement-api.service[107680]: INFO placement.requestlog [req-2b080a7f-1e06-4cbf-83e4-a8871de4cf3c req-439b637d-726b-4859-8a9b-722a9b2ee298 service placement] 10.222.0.27 "PUT /placement/allocations/9957dc75-9559-4f3e-a5e7-59c85d0465f5" status: 204 len: 0 microversion: 1.36
Aug 22 17:57:36.389803 n-d-852737-6 devstack@placement-api.service[107680]: [pid: 107680|app: 0|req: 35/68] 10.222.0.27 () {64 vars in 1433 bytes} [Mon Aug 22 17:57:36 2022] PUT /placement/allocations/9957dc75-9559-4f3e-a5e7-59c85d0465f5 => generated 0 bytes in 149 msecs (HTTP/1.1 204) 5 headers in 199 bytes (2 switches on core 0)
Aug 22 17:57:36.788350 n-d-852737-6 devstack@placement-api.service[107679]: DEBUG placement.requestlog [req-b9c14cfe-5a3b-4617-8e6c-f72cbf2499ac req-6323679c-254a-4568-80e1-4e3a862cd2b9 None None] Starting request: 10.222.0.27 "GET /placement/resource_providers?name=n-h1-852737-6" {{(pid=107679) __call__ /opt/stack/placement/placement/requestlog.py:55}}
Aug 22 17:57:36.842563 n-d-852737-6 devstack@placement-api.service[107679]: INFO placement.requestlog [req-b9c14cfe-5a3b-4617-8e6c-f72cbf2499ac req-6323679c-254a-4568-80e1-4e3a862cd2b9 service placement] 10.222.0.27 "GET /placement/resource_providers?name=n-h1-852737-6" status: 200 len: 441 microversion: 1.0
Aug 22 17:57:36.850979 n-d-852737-6 devstack@placement-api.service[107679]: [pid: 107679|app: 0|req: 34/69] 10.222.0.27 () {58 vars in 1274 bytes} [Mon Aug 22 17:57:36 2022] GET /placement/resource_providers?name=n-h1-852737-6 => generated 441 bytes in 63 msecs (HTTP/1.1 200) 6 headers in 224 bytes (1 switches on core 0)
Aug 22 17:57:36.851495 n-d-852737-6 devstack@placement-api.service[107680]: DEBUG placement.requestlog [req-b9c14cfe-5a3b-4617-8e6c-f72cbf2499ac req-d2345a3a-d7e8-467e-ad6b-34816864a2c9 None None] Starting request: 10.222.0.27 "GET /placement/resource_providers/82e1b204-6dc1-4bf4-bdce-bb74db1102fc/aggregates" {{(pid=107680) __call__ /opt/stack/placement/placement/requestlog.py:55}}
Aug 22 17:57:36.886619 n-d-852737-6 devstack@placement-api.service[107680]: INFO placement.requestlog [req-b9c14cfe-5a3b-4617-8e6c-f72cbf2499ac req-d2345a3a-d7e8-467e-ad6b-34816864a2c9 service placement] 10.222.0.27 "GET /placement/resource_providers/82e1b204-6dc1-4bf4-bdce-bb74db1102fc/aggregates" status: 200 len: 54 microversion: 1.19
Aug 22 17:57:36.893203 n-d-852737-6 devstack@placement-api.service[107680]: [pid: 107680|app: 0|req: 36/70] 10.222.0.27 () {60 vars in 1425 bytes} [Mon Aug 22 17:57:36 2022] GET /placement/resource_providers/82e1b204-6dc1-4bf4-bdce-bb74db1102fc/aggregates => generated 54 bytes in 42 msecs (HTTP/1.1 200) 8 headers in 295 bytes (1 switches on core 0)
Aug 22 17:57:36.895634 n-d-852737-6 devstack@placement-api.service[107679]: DEBUG placement.requestlog [req-b9c14cfe-5a3b-4617-8e6c-f72cbf2499ac req-f4c1e62e-131f-4fb2-bc6e-1b1de0633a80 None None] Starting request: 10.222.0.27 "PUT /placement/resource_providers/82e1b204-6dc1-4bf4-bdce-bb74db1102fc/aggregates" {{(pid=107679) __call__ /opt/stack/placement/placement/requestlog.py:55}}
Aug 22 17:57:36.950936 n-d-852737-6 devstack@placement-api.service[107679]: DEBUG placement.objects.resource_provider [req-b9c14cfe-5a3b-4617-8e6c-f72cbf2499ac req-f4c1e62e-131f-4fb2-bc6e-1b1de0633a80 service placement] _ensure_aggregate() did not find aggregate 895e290c-78ce-4ff1-90f0-88d87c1d5360. Attempting to create it. {{(pid=107679) _ensure_aggregate /opt/stack/placement/placement/objects/resource_provider.py:321}}
Aug 22 17:57:36.955620 n-d-852737-6 devstack@placement-api.service[107679]: DEBUG placement.objects.resource_provider [req-b9c14cfe-5a3b-4617-8e6c-f72cbf2499ac req-f4c1e62e-131f-4fb2-bc6e-1b1de0633a80 service placement] _ensure_aggregate() created new aggregate 895e290c-78ce-4ff1-90f0-88d87c1d5360 (id=4). {{(pid=107679) _ensure_aggregate /opt/stack/placement/placement/objects/resource_provider.py:327}}
Aug 22 17:57:36.961841 n-d-852737-6 devstack@placement-api.service[107679]: DEBUG placement.objects.resource_provider [req-b9c14cfe-5a3b-4617-8e6c-f72cbf2499ac req-f4c1e62e-131f-4fb2-bc6e-1b1de0633a80 service placement] Setting aggregates for provider 82e1b204-6dc1-4bf4-bdce-bb74db1102fc. Successfully associated aggregate 895e290c-78ce-4ff1-90f0-88d87c1d5360. {{(pid=107679) _set_aggregates /opt/stack/placement/placement/objects/resource_provider.py:389}}
Aug 22 17:57:36.980162 n-d-852737-6 devstack@placement-api.service[107679]: INFO placement.requestlog [req-b9c14cfe-5a3b-4617-8e6c-f72cbf2499ac req-f4c1e62e-131f-4fb2-bc6e-1b1de0633a80 service placement] 10.222.0.27 "PUT /placement/resource_providers/82e1b204-6dc1-4bf4-bdce-bb74db1102fc/aggregates" status: 200 len: 92 microversion: 1.19
Aug 22 17:57:36.981016 n-d-852737-6 devstack@placement-api.service[107679]: [pid: 107679|app: 0|req: 35/71] 10.222.0.27 () {64 vars in 1477 bytes} [Mon Aug 22 17:57:36 2022] PUT /placement/resource_providers/82e1b204-6dc1-4bf4-bdce-bb74db1102fc/aggregates => generated 92 bytes in 87 msecs (HTTP/1.1 200) 8 headers in 295 bytes (2 switches on core 0)
Aug 22 17:57:37.135696 n-d-852737-6 devstack@placement-api.service[107680]: DEBUG placement.requestlog [req-2b080a7f-1e06-4cbf-83e4-a8871de4cf3c req-723d6ff2-936a-47b0-9be8-f4f196771e11 None None] Starting request: 10.222.0.57 "GET /placement/allocations/9957dc75-9559-4f3e-a5e7-59c85d0465f5" {{(pid=107680) __call__ /opt/stack/placement/placement/requestlog.py:55}}
Aug 22 17:57:37.171177 n-d-852737-6 devstack@placement-api.service[107680]: INFO placement.requestlog [req-2b080a7f-1e06-4cbf-83e4-a8871de4cf3c req-723d6ff2-936a-47b0-9be8-f4f196771e11 service placement] 10.222.0.57 "GET /placement/allocations/9957dc75-9559-4f3e-a5e7-59c85d0465f5" status: 200 len: 259 microversion: 1.28
Aug 22 17:57:37.174746 n-d-852737-6 devstack@placement-api.service[107680]: [pid: 107680|app: 0|req: 37/72] 10.222.0.57 () {60 vars in 1377 bytes} [Mon Aug 22 17:57:37 2022] GET /placement/allocations/9957dc75-9559-4f3e-a5e7-59c85d0465f5 => generated 259 bytes in 39 msecs (HTTP/1.1 200) 8 headers in 296 bytes (1 switches on core 0)
Aug 22 17:57:37.306428 n-d-852737-6 devstack@placement-api.service[107679]: DEBUG placement.requestlog [req-47d5d112-362c-4bfb-b93c-0a4eb7cf8965 req-6491ac82-f00f-4996-a2bb-9bd9442065dc None None] Starting request: 10.222.0.27 "GET /placement/resource_providers?name=n-h1-852737-6" {{(pid=107679) __call__ /opt/stack/placement/placement/requestlog.py:55}}
Aug 22 17:57:37.402470 n-d-852737-6 devstack@placement-api.service[107679]: INFO placement.requestlog [req-47d5d112-362c-4bfb-b93c-0a4eb7cf8965 req-6491ac82-f00f-4996-a2bb-9bd9442065dc service placement] 10.222.0.27 "GET /placement/resource_providers?name=n-h1-852737-6" status: 200 len: 441 microversion: 1.0
Aug 22 17:57:37.403942 n-d-852737-6 devstack@placement-api.service[107679]: [pid: 107679|app: 0|req: 36/73] 10.222.0.27 () {58 vars in 1274 bytes} [Mon Aug 22 17:57:37 2022] GET /placement/resource_providers?name=n-h1-852737-6 => generated 441 bytes in 98 msecs (HTTP/1.1 200) 6 headers in 224 bytes (1 switches on core 0)
Aug 22 17:57:37.414954 n-d-852737-6 devstack@placement-api.service[107680]: DEBUG placement.requestlog [req-47d5d112-362c-4bfb-b93c-0a4eb7cf8965 req-ad976c95-8c6c-4550-9954-67ece0f406d5 None None] Starting request: 10.222.0.27 "GET /placement/resource_providers/82e1b204-6dc1-4bf4-bdce-bb74db1102fc/aggregates" {{(pid=107680) __call__ /opt/stack/placement/placement/requestlog.py:55}}
Aug 22 17:57:37.465959 n-d-852737-6 devstack@placement-api.service[107680]: INFO placement.requestlog [req-47d5d112-362c-4bfb-b93c-0a4eb7cf8965 req-ad976c95-8c6c-4550-9954-67ece0f406d5 service placement] 10.222.0.27 "GET /placement/resource_providers/82e1b204-6dc1-4bf4-bdce-bb74db1102fc/aggregates" status: 200 len: 92 microversion: 1.19
Aug 22 17:57:37.467386 n-d-852737-6 devstack@placement-api.service[107680]: [pid: 107680|app: 0|req: 38/74] 10.222.0.27 () {60 vars in 1425 bytes} [Mon Aug 22 17:57:37 2022] GET /placement/resource_providers/82e1b204-6dc1-4bf4-bdce-bb74db1102fc/aggregates => generated 92 bytes in 53 msecs (HTTP/1.1 200) 8 headers in 295 bytes (1 switches on core 0)
Aug 22 17:57:37.483309 n-d-852737-6 devstack@placement-api.service[107679]: DEBUG placement.requestlog [req-47d5d112-362c-4bfb-b93c-0a4eb7cf8965 req-730b6447-2fc7-4928-ae59-9f2798e03f6c None None] Starting request: 10.222.0.27 "PUT /placement/resource_providers/82e1b204-6dc1-4bf4-bdce-bb74db1102fc/aggregates" {{(pid=107679) __call__ /opt/stack/placement/placement/requestlog.py:55}}
Aug 22 17:57:37.586186 n-d-852737-6 devstack@placement-api.service[107679]: DEBUG placement.objects.resource_provider [req-47d5d112-362c-4bfb-b93c-0a4eb7cf8965 req-730b6447-2fc7-4928-ae59-9f2798e03f6c service placement] Setting aggregates for provider 82e1b204-6dc1-4bf4-bdce-bb74db1102fc. Successfully disassociated aggregate 895e290c-78ce-4ff1-90f0-88d87c1d5360. {{(pid=107679) _set_aggregates /opt/stack/placement/placement/objects/resource_provider.py:404}}
Aug 22 17:57:37.601477 n-d-852737-6 devstack@placement-api.service[107679]: INFO placement.requestlog [req-47d5d112-362c-4bfb-b93c-0a4eb7cf8965 req-730b6447-2fc7-4928-ae59-9f2798e03f6c service placement] 10.222.0.27 "PUT /placement/resource_providers/82e1b204-6dc1-4bf4-bdce-bb74db1102fc/aggregates" status: 200 len: 54 microversion: 1.19
Aug 22 17:57:37.602501 n-d-852737-6 devstack@placement-api.service[107679]: [pid: 107679|app: 0|req: 37/75] 10.222.0.27 () {64 vars in 1477 bytes} [Mon Aug 22 17:57:37 2022] PUT /placement/resource_providers/82e1b204-6dc1-4bf4-bdce-bb74db1102fc/aggregates => generated 54 bytes in 120 msecs (HTTP/1.1 200) 8 headers in 295 bytes (1 switches on core 0)
Aug 22 17:57:37.866960 n-d-852737-6 devstack@placement-api.service[107680]: DEBUG placement.requestlog [req-7906077f-0773-46bc-b4dd-be8f074f6129 req-e5390658-c45a-4d0c-8b79-d88f007fa48a None None] Starting request: 10.222.0.83 "GET /placement/resource_providers/aa4fa782-3ba9-424b-90db-ca28af1eb4ea/allocations" {{(pid=107680) __call__ /opt/stack/placement/placement/requestlog.py:55}}
Aug 22 17:57:37.899865 n-d-852737-6 devstack@placement-api.service[107680]: DEBUG dbcounter [-] [107680] Writing DB stats placement:SELECT=87,placement:DELETE=3,placement:UPDATE=4,placement:INSERT=6 {{(pid=107680) stat_writer /usr/local/lib/python3.8/dist-packages/dbcounter.py:114}}
Aug 22 17:57:37.993742 n-d-852737-6 devstack@placement-api.service[107680]: INFO placement.requestlog [req-7906077f-0773-46bc-b4dd-be8f074f6129 req-e5390658-c45a-4d0c-8b79-d88f007fa48a service placement] 10.222.0.83 "GET /placement/resource_providers/aa4fa782-3ba9-424b-90db-ca28af1eb4ea/allocations" status: 200 len: 254 microversion: 1.0
Aug 22 17:57:37.994246 n-d-852737-6 devstack@placement-api.service[107680]: [pid: 107680|app: 0|req: 39/76] 10.222.0.83 () {58 vars in 1390 bytes} [Mon Aug 22 17:57:37 2022] GET /placement/resource_providers/aa4fa782-3ba9-424b-90db-ca28af1eb4ea/allocations => generated 254 bytes in 128 msecs (HTTP/1.1 200) 6 headers in 224 bytes (1 switches on core 0)
Aug 22 17:57:38.514983 n-d-852737-6 devstack@placement-api.service[107679]: DEBUG placement.requestlog [req-34ef176d-1b0d-4576-a5d6-4b730527af0e req-6067fe78-f877-4faf-947b-b0130cf34f34 None None] Starting request: 10.222.0.27 "GET /placement/resource_providers?name=n-h1-852737-6" {{(pid=107679) __call__ /opt/stack/placement/placement/requestlog.py:55}}
Aug 22 17:57:38.552403 n-d-852737-6 devstack@placement-api.service[107679]: INFO placement.requestlog [req-34ef176d-1b0d-4576-a5d6-4b730527af0e req-6067fe78-f877-4faf-947b-b0130cf34f34 service placement] 10.222.0.27 "GET /placement/resource_providers?name=n-h1-852737-6" status: 200 len: 441 microversion: 1.0
Aug 22 17:57:38.553421 n-d-852737-6 devstack@placement-api.service[107679]: [pid: 107679|app: 0|req: 38/77] 10.222.0.27 () {58 vars in 1274 bytes} [Mon Aug 22 17:57:38 2022] GET /placement/resource_providers?name=n-h1-852737-6 => generated 441 bytes in 39 msecs (HTTP/1.1 200) 6 headers in 224 bytes (1 switches on core 0)
Aug 22 17:57:38.565138 n-d-852737-6 devstack@placement-api.service[107680]: DEBUG placement.requestlog [req-34ef176d-1b0d-4576-a5d6-4b730527af0e req-d0b7a19c-b12e-425f-a961-1e863bec9fc8 None None] Starting request: 10.222.0.27 "GET /placement/resource_providers/82e1b204-6dc1-4bf4-bdce-bb74db1102fc/aggregates" {{(pid=107680) __call__ /opt/stack/placement/placement/requestlog.py:55}}
Aug 22 17:57:38.598038 n-d-852737-6 devstack@placement-api.service[107680]: INFO placement.requestlog [req-34ef176d-1b0d-4576-a5d6-4b730527af0e req-d0b7a19c-b12e-425f-a961-1e863bec9fc8 service placement] 10.222.0.27 "GET /placement/resource_providers/82e1b204-6dc1-4bf4-bdce-bb74db1102fc/aggregates" status: 200 len: 54 microversion: 1.19
Aug 22 17:57:38.598443 n-d-852737-6 devstack@placement-api.service[107680]: [pid: 107680|app: 0|req: 40/78] 10.222.0.27 () {60 vars in 1425 bytes} [Mon Aug 22 17:57:38 2022] GET /placement/resource_providers/82e1b204-6dc1-4bf4-bdce-bb74db1102fc/aggregates => generated 54 bytes in 34 msecs (HTTP/1.1 200) 8 headers in 295 bytes (1 switches on core 0)
Aug 22 17:57:38.611719 n-d-852737-6 devstack@placement-api.service[107679]: DEBUG placement.requestlog [req-34ef176d-1b0d-4576-a5d6-4b730527af0e req-22dda9d8-94bb-4095-b390-62ee73c85a3c None None] Starting request: 10.222.0.27 "PUT /placement/resource_providers/82e1b204-6dc1-4bf4-bdce-bb74db1102fc/aggregates" {{(pid=107679) __call__ /opt/stack/placement/placement/requestlog.py:55}}
Aug 22 17:57:38.646706 n-d-852737-6 devstack@placement-api.service[107679]: DEBUG placement.objects.resource_provider [req-34ef176d-1b0d-4576-a5d6-4b730527af0e req-22dda9d8-94bb-4095-b390-62ee73c85a3c service placement] _ensure_aggregate() did not find aggregate eb63d7d9-fc5e-4201-9386-956ca72167e3. Attempting to create it. {{(pid=107679) _ensure_aggregate /opt/stack/placement/placement/objects/resource_provider.py:321}}
Aug 22 17:57:38.650687 n-d-852737-6 devstack@placement-api.service[107679]: DEBUG placement.objects.resource_provider [req-34ef176d-1b0d-4576-a5d6-4b730527af0e req-22dda9d8-94bb-4095-b390-62ee73c85a3c service placement] _ensure_aggregate() created new aggregate eb63d7d9-fc5e-4201-9386-956ca72167e3 (id=5). {{(pid=107679) _ensure_aggregate /opt/stack/placement/placement/objects/resource_provider.py:327}}
Aug 22 17:57:38.656775 n-d-852737-6 devstack@placement-api.service[107679]: DEBUG placement.objects.resource_provider [req-34ef176d-1b0d-4576-a5d6-4b730527af0e req-22dda9d8-94bb-4095-b390-62ee73c85a3c service placement] Setting aggregates for provider 82e1b204-6dc1-4bf4-bdce-bb74db1102fc. Successfully associated aggregate eb63d7d9-fc5e-4201-9386-956ca72167e3. {{(pid=107679) _set_aggregates /opt/stack/placement/placement/objects/resource_provider.py:389}}
Aug 22 17:57:38.665474 n-d-852737-6 devstack@placement-api.service[107679]: INFO placement.requestlog [req-34ef176d-1b0d-4576-a5d6-4b730527af0e req-22dda9d8-94bb-4095-b390-62ee73c85a3c service placement] 10.222.0.27 "PUT /placement/resource_providers/82e1b204-6dc1-4bf4-bdce-bb74db1102fc/aggregates" status: 200 len: 92 microversion: 1.19
Aug 22 17:57:38.666355 n-d-852737-6 devstack@placement-api.service[107679]: [pid: 107679|app: 0|req: 39/79] 10.222.0.27 () {64 vars in 1477 bytes} [Mon Aug 22 17:57:38 2022] PUT /placement/resource_providers/82e1b204-6dc1-4bf4-bdce-bb74db1102fc/aggregates => generated 92 bytes in 55 msecs (HTTP/1.1 200) 8 headers in 295 bytes (2 switches on core 0)
Aug 22 17:57:39.215339 n-d-852737-6 devstack@placement-api.service[107680]: DEBUG placement.requestlog [req-1de059b9-f917-4aa1-88f1-71b61cdd00a7 req-38ecbe77-e08b-4ab0-b0e5-0628e0185bd8 None None] Starting request: 10.222.0.27 "GET /placement/resource_providers?name=n-h1-852737-6" {{(pid=107680) __call__ /opt/stack/placement/placement/requestlog.py:55}}
Aug 22 17:57:39.295475 n-d-852737-6 devstack@placement-api.service[107680]: INFO placement.requestlog [req-1de059b9-f917-4aa1-88f1-71b61cdd00a7 req-38ecbe77-e08b-4ab0-b0e5-0628e0185bd8 service placement] 10.222.0.27 "GET /placement/resource_providers?name=n-h1-852737-6" status: 200 len: 441 microversion: 1.0
Aug 22 17:57:39.296132 n-d-852737-6 devstack@placement-api.service[107680]: [pid: 107680|app: 0|req: 41/80] 10.222.0.27 () {58 vars in 1274 bytes} [Mon Aug 22 17:57:39 2022] GET /placement/resource_providers?name=n-h1-852737-6 => generated 441 bytes in 83 msecs (HTTP/1.1 200) 6 headers in 224 bytes (2 switches on core 0)
Aug 22 17:57:39.330272 n-d-852737-6 devstack@placement-api.service[107679]: DEBUG placement.requestlog [req-1de059b9-f917-4aa1-88f1-71b61cdd00a7 req-7fd79cc0-8eaa-4050-bd8c-697244abdd1b None None] Starting request: 10.222.0.27 "GET /placement/resource_providers/82e1b204-6dc1-4bf4-bdce-bb74db1102fc/aggregates" {{(pid=107679) __call__ /opt/stack/placement/placement/requestlog.py:55}}
Aug 22 17:57:39.389203 n-d-852737-6 devstack@placement-api.service[107679]: INFO placement.requestlog [req-1de059b9-f917-4aa1-88f1-71b61cdd00a7 req-7fd79cc0-8eaa-4050-bd8c-697244abdd1b service placement] 10.222.0.27 "GET /placement/resource_providers/82e1b204-6dc1-4bf4-bdce-bb74db1102fc/aggregates" status: 200 len: 92 microversion: 1.19
Aug 22 17:57:39.402499 n-d-852737-6 devstack@placement-api.service[107680]: DEBUG placement.requestlog [req-1de059b9-f917-4aa1-88f1-71b61cdd00a7 req-cac81d10-26cc-4cd1-a39d-140a67e95303 None None] Starting request: 10.222.0.27 "PUT /placement/resource_providers/82e1b204-6dc1-4bf4-bdce-bb74db1102fc/aggregates" {{(pid=107680) __call__ /opt/stack/placement/placement/requestlog.py:55}}
Aug 22 17:57:39.429281 n-d-852737-6 devstack@placement-api.service[107679]: [pid: 107679|app: 0|req: 40/81] 10.222.0.27 () {60 vars in 1425 bytes} [Mon Aug 22 17:57:39 2022] GET /placement/resource_providers/82e1b204-6dc1-4bf4-bdce-bb74db1102fc/aggregates => generated 92 bytes in 100 msecs (HTTP/1.1 200) 8 headers in 295 bytes (2 switches on core 0)
Aug 22 17:57:39.481578 n-d-852737-6 devstack@placement-api.service[107680]: DEBUG placement.objects.resource_provider [req-1de059b9-f917-4aa1-88f1-71b61cdd00a7 req-cac81d10-26cc-4cd1-a39d-140a67e95303 service placement] Setting aggregates for provider 82e1b204-6dc1-4bf4-bdce-bb74db1102fc. Successfully disassociated aggregate eb63d7d9-fc5e-4201-9386-956ca72167e3. {{(pid=107680) _set_aggregates /opt/stack/placement/placement/objects/resource_provider.py:404}}
Aug 22 17:57:39.490567 n-d-852737-6 devstack@placement-api.service[107680]: INFO placement.requestlog [req-1de059b9-f917-4aa1-88f1-71b61cdd00a7 req-cac81d10-26cc-4cd1-a39d-140a67e95303 service placement] 10.222.0.27 "PUT /placement/resource_providers/82e1b204-6dc1-4bf4-bdce-bb74db1102fc/aggregates" status: 200 len: 54 microversion: 1.19
Aug 22 17:57:39.502556 n-d-852737-6 devstack@placement-api.service[107680]: [pid: 107680|app: 0|req: 42/82] 10.222.0.27 () {64 vars in 1477 bytes} [Mon Aug 22 17:57:39 2022] PUT /placement/resource_providers/82e1b204-6dc1-4bf4-bdce-bb74db1102fc/aggregates => generated 54 bytes in 101 msecs (HTTP/1.1 200) 8 headers in 295 bytes (2 switches on core 0)
Aug 22 17:57:40.745185 n-d-852737-6 devstack@placement-api.service[107679]: DEBUG placement.requestlog [req-d8f7e03b-9107-4603-8db7-6f5612ef7e59 req-1986b750-b0e9-4e68-9dcc-2551afcb86a3 None None] Starting request: 10.222.0.27 "GET /placement/resource_providers?name=n-h1-852737-6" {{(pid=107679) __call__ /opt/stack/placement/placement/requestlog.py:55}}
Aug 22 17:57:40.773136 n-d-852737-6 devstack@placement-api.service[107679]: INFO placement.requestlog [req-d8f7e03b-9107-4603-8db7-6f5612ef7e59 req-1986b750-b0e9-4e68-9dcc-2551afcb86a3 service placement] 10.222.0.27 "GET /placement/resource_providers?name=n-h1-852737-6" status: 200 len: 441 microversion: 1.0
Aug 22 17:57:40.773885 n-d-852737-6 devstack@placement-api.service[107679]: [pid: 107679|app: 0|req: 41/83] 10.222.0.27 () {58 vars in 1274 bytes} [Mon Aug 22 17:57:40 2022] GET /placement/resource_providers?name=n-h1-852737-6 => generated 441 bytes in 29 msecs (HTTP/1.1 200) 6 headers in 224 bytes (1 switches on core 0)
Aug 22 17:57:40.816850 n-d-852737-6 devstack@placement-api.service[107680]: DEBUG placement.requestlog [req-d8f7e03b-9107-4603-8db7-6f5612ef7e59 req-765f5ca2-0a27-4350-b180-9cb256037bea None None] Starting request: 10.222.0.27 "GET /placement/resource_providers/82e1b204-6dc1-4bf4-bdce-bb74db1102fc/aggregates" {{(pid=107680) __call__ /opt/stack/placement/placement/requestlog.py:55}}
Aug 22 17:57:40.880117 n-d-852737-6 devstack@placement-api.service[107680]: INFO placement.requestlog [req-d8f7e03b-9107-4603-8db7-6f5612ef7e59 req-765f5ca2-0a27-4350-b180-9cb256037bea service placement] 10.222.0.27 "GET /placement/resource_providers/82e1b204-6dc1-4bf4-bdce-bb74db1102fc/aggregates" status: 200 len: 54 microversion: 1.19
Aug 22 17:57:40.880746 n-d-852737-6 devstack@placement-api.service[107680]: [pid: 107680|app: 0|req: 43/84] 10.222.0.27 () {60 vars in 1425 bytes} [Mon Aug 22 17:57:40 2022] GET /placement/resource_providers/82e1b204-6dc1-4bf4-bdce-bb74db1102fc/aggregates => generated 54 bytes in 64 msecs (HTTP/1.1 200) 8 headers in 295 bytes (1 switches on core 0)
Aug 22 17:57:40.909081 n-d-852737-6 devstack@placement-api.service[107679]: DEBUG placement.requestlog [req-d8f7e03b-9107-4603-8db7-6f5612ef7e59 req-948693f6-0b1e-4a05-a0b9-edebcdda2b56 None None] Starting request: 10.222.0.27 "PUT /placement/resource_providers/82e1b204-6dc1-4bf4-bdce-bb74db1102fc/aggregates" {{(pid=107679) __call__ /opt/stack/placement/placement/requestlog.py:55}}
Aug 22 17:57:40.961223 n-d-852737-6 devstack@placement-api.service[107679]: DEBUG placement.objects.resource_provider [req-d8f7e03b-9107-4603-8db7-6f5612ef7e59 req-948693f6-0b1e-4a05-a0b9-edebcdda2b56 service placement] _ensure_aggregate() did not find aggregate da393f47-7fc2-42da-b413-dd8e6690b820. Attempting to create it. {{(pid=107679) _ensure_aggregate /opt/stack/placement/placement/objects/resource_provider.py:321}}
Aug 22 17:57:40.964573 n-d-852737-6 devstack@placement-api.service[107679]: DEBUG placement.objects.resource_provider [req-d8f7e03b-9107-4603-8db7-6f5612ef7e59 req-948693f6-0b1e-4a05-a0b9-edebcdda2b56 service placement] _ensure_aggregate() created new aggregate da393f47-7fc2-42da-b413-dd8e6690b820 (id=6). {{(pid=107679) _ensure_aggregate /opt/stack/placement/placement/objects/resource_provider.py:327}}
Aug 22 17:57:40.967720 n-d-852737-6 devstack@placement-api.service[107679]: DEBUG placement.objects.resource_provider [req-d8f7e03b-9107-4603-8db7-6f5612ef7e59 req-948693f6-0b1e-4a05-a0b9-edebcdda2b56 service placement] Setting aggregates for provider 82e1b204-6dc1-4bf4-bdce-bb74db1102fc. Successfully associated aggregate da393f47-7fc2-42da-b413-dd8e6690b820. {{(pid=107679) _set_aggregates /opt/stack/placement/placement/objects/resource_provider.py:389}}
Aug 22 17:57:40.988230 n-d-852737-6 devstack@placement-api.service[107679]: INFO placement.requestlog [req-d8f7e03b-9107-4603-8db7-6f5612ef7e59 req-948693f6-0b1e-4a05-a0b9-edebcdda2b56 service placement] 10.222.0.27 "PUT /placement/resource_providers/82e1b204-6dc1-4bf4-bdce-bb74db1102fc/aggregates" status: 200 len: 92 microversion: 1.19
Aug 22 17:57:40.989086 n-d-852737-6 devstack@placement-api.service[107679]: [pid: 107679|app: 0|req: 42/85] 10.222.0.27 () {64 vars in 1477 bytes} [Mon Aug 22 17:57:40 2022] PUT /placement/resource_providers/82e1b204-6dc1-4bf4-bdce-bb74db1102fc/aggregates => generated 92 bytes in 81 msecs (HTTP/1.1 200) 8 headers in 295 bytes (1 switches on core 0)
Aug 22 17:57:41.167401 n-d-852737-6 devstack@placement-api.service[107680]: DEBUG placement.requestlog [req-473fcd90-8cc6-4279-82a2-898a0b787362 req-d4849a2d-c9de-4406-a383-a53c9854415f None None] Starting request: 10.222.0.27 "GET /placement/resource_providers?name=n-h1-852737-6" {{(pid=107680) __call__ /opt/stack/placement/placement/requestlog.py:55}}
Aug 22 17:57:41.208983 n-d-852737-6 devstack@placement-api.service[107680]: INFO placement.requestlog [req-473fcd90-8cc6-4279-82a2-898a0b787362 req-d4849a2d-c9de-4406-a383-a53c9854415f service placement] 10.222.0.27 "GET /placement/resource_providers?name=n-h1-852737-6" status: 200 len: 441 microversion: 1.0
Aug 22 17:57:41.212814 n-d-852737-6 devstack@placement-api.service[107680]: [pid: 107680|app: 0|req: 44/86] 10.222.0.27 () {58 vars in 1274 bytes} [Mon Aug 22 17:57:41 2022] GET /placement/resource_providers?name=n-h1-852737-6 => generated 441 bytes in 46 msecs (HTTP/1.1 200) 6 headers in 224 bytes (1 switches on core 0)
Aug 22 17:57:41.244394 n-d-852737-6 devstack@placement-api.service[107679]: DEBUG placement.requestlog [req-473fcd90-8cc6-4279-82a2-898a0b787362 req-df1f4030-604e-4691-8e0a-3028403a6971 None None] Starting request: 10.222.0.27 "GET /placement/resource_providers/82e1b204-6dc1-4bf4-bdce-bb74db1102fc/aggregates" {{(pid=107679) __call__ /opt/stack/placement/placement/requestlog.py:55}}
Aug 22 17:57:41.271179 n-d-852737-6 devstack@placement-api.service[107679]: INFO placement.requestlog [req-473fcd90-8cc6-4279-82a2-898a0b787362 req-df1f4030-604e-4691-8e0a-3028403a6971 service placement] 10.222.0.27 "GET /placement/resource_providers/82e1b204-6dc1-4bf4-bdce-bb74db1102fc/aggregates" status: 200 len: 92 microversion: 1.19
Aug 22 17:57:41.279015 n-d-852737-6 devstack@placement-api.service[107680]: DEBUG placement.requestlog [req-473fcd90-8cc6-4279-82a2-898a0b787362 req-9ad96b05-773e-413e-8ad4-e1f6aa51df74 None None] Starting request: 10.222.0.27 "PUT /placement/resource_providers/82e1b204-6dc1-4bf4-bdce-bb74db1102fc/aggregates" {{(pid=107680) __call__ /opt/stack/placement/placement/requestlog.py:55}}
Aug 22 17:57:41.292435 n-d-852737-6 devstack@placement-api.service[107679]: [pid: 107679|app: 0|req: 43/87] 10.222.0.27 () {60 vars in 1425 bytes} [Mon Aug 22 17:57:41 2022] GET /placement/resource_providers/82e1b204-6dc1-4bf4-bdce-bb74db1102fc/aggregates => generated 92 bytes in 47 msecs (HTTP/1.1 200) 8 headers in 295 bytes (1 switches on core 0)
Aug 22 17:57:41.345363 n-d-852737-6 devstack@placement-api.service[107680]: DEBUG placement.objects.resource_provider [req-473fcd90-8cc6-4279-82a2-898a0b787362 req-9ad96b05-773e-413e-8ad4-e1f6aa51df74 service placement] Setting aggregates for provider 82e1b204-6dc1-4bf4-bdce-bb74db1102fc. Successfully disassociated aggregate da393f47-7fc2-42da-b413-dd8e6690b820. {{(pid=107680) _set_aggregates /opt/stack/placement/placement/objects/resource_provider.py:404}}
Aug 22 17:57:41.364971 n-d-852737-6 devstack@placement-api.service[107680]: INFO placement.requestlog [req-473fcd90-8cc6-4279-82a2-898a0b787362 req-9ad96b05-773e-413e-8ad4-e1f6aa51df74 service placement] 10.222.0.27 "PUT /placement/resource_providers/82e1b204-6dc1-4bf4-bdce-bb74db1102fc/aggregates" status: 200 len: 54 microversion: 1.19
Aug 22 17:57:41.372540 n-d-852737-6 devstack@placement-api.service[107680]: [pid: 107680|app: 0|req: 45/88] 10.222.0.27 () {64 vars in 1477 bytes} [Mon Aug 22 17:57:41 2022] PUT /placement/resource_providers/82e1b204-6dc1-4bf4-bdce-bb74db1102fc/aggregates => generated 54 bytes in 93 msecs (HTTP/1.1 200) 8 headers in 295 bytes (1 switches on core 0)
Aug 22 17:57:43.073603 n-d-852737-6 devstack@placement-api.service[107679]: DEBUG placement.requestlog [req-3fbc1621-5ac7-4299-bf26-3a91b0305937 req-533f5261-3cae-4c84-955d-43e4ee642012 None None] Starting request: 10.222.0.27 "GET /placement/resource_providers?name=n-h1-852737-6" {{(pid=107679) __call__ /opt/stack/placement/placement/requestlog.py:55}}
