Aug 22 18:03:32.445755 n-d-852737-6 devstack@placement-api.service[107679]: INFO placement.requestlog [req-6133ef02-e8a1-4886-a112-97080ab9666b req-26092a28-1ba5-4215-a14b-1c6aa5f5fd5b service placement] 10.222.0.83 "DELETE /placement/allocations/746f27ed-b9ad-4d62-8270-23d438353eee" status: 204 len: 0 microversion: 1.0
Aug 22 18:03:32.447598 n-d-852737-6 devstack@placement-api.service[107679]: [pid: 107679|app: 0|req: 184/366] 10.222.0.83 () {60 vars in 1355 bytes} [Mon Aug 22 18:03:32 2022] DELETE /placement/allocations/746f27ed-b9ad-4d62-8270-23d438353eee => generated 0 bytes in 76 msecs (HTTP/1.1 204) 5 headers in 198 bytes (1 switches on core 0)
Aug 22 18:03:32.704077 n-d-852737-6 devstack@placement-api.service[107680]: DEBUG placement.requestlog [req-f369be13-88e8-4999-a781-93ec2b3b8598 req-4e777a55-d669-4db5-b081-47d48f41b699 None None] Starting request: 10.222.0.57 "DELETE /placement/allocations/cfb28eef-acbb-42f9-bc84-a412916dbe5e" {{(pid=107680) __call__ /opt/stack/placement/placement/requestlog.py:55}}
Aug 22 18:03:32.809785 n-d-852737-6 devstack@placement-api.service[107680]: DEBUG placement.handlers.allocation [req-f369be13-88e8-4999-a781-93ec2b3b8598 req-4e777a55-d669-4db5-b081-47d48f41b699 service placement] Successfully deleted allocations [, , ] {{(pid=107680) delete_allocations /opt/stack/placement/placement/handlers/allocation.py:627}}
Aug 22 18:03:32.811141 n-d-852737-6 devstack@placement-api.service[107680]: INFO placement.requestlog [req-f369be13-88e8-4999-a781-93ec2b3b8598 req-4e777a55-d669-4db5-b081-47d48f41b699 service placement] 10.222.0.57 "DELETE /placement/allocations/cfb28eef-acbb-42f9-bc84-a412916dbe5e" status: 204 len: 0 microversion: 1.0
Aug 22 18:03:32.813990 n-d-852737-6 devstack@placement-api.service[107680]: [pid: 107680|app: 0|req: 183/367] 10.222.0.57 () {60 vars in 1355 bytes} [Mon Aug 22 18:03:32 2022] DELETE /placement/allocations/cfb28eef-acbb-42f9-bc84-a412916dbe5e => generated 0 bytes in 111 msecs (HTTP/1.1 204) 5 headers in 198 bytes (1 switches on core 0)
Aug 22 18:03:39.933992 n-d-852737-6 devstack@placement-api.service[107679]: DEBUG placement.requestlog [req-b1f113d6-b483-433e-acae-345a2ba7e5eb req-8c4ad90f-d489-4897-821d-d66a200086a0 None None] Starting request: 10.222.0.83 "DELETE /placement/allocations/be931f1a-4097-49dc-969b-c0ce86324fb4" {{(pid=107679) __call__ /opt/stack/placement/placement/requestlog.py:55}}
Aug 22 18:03:39.974079 n-d-852737-6 devstack@placement-api.service[107679]: DEBUG placement.handlers.allocation [req-b1f113d6-b483-433e-acae-345a2ba7e5eb req-8c4ad90f-d489-4897-821d-d66a200086a0 service placement] Successfully deleted allocations [, , ] {{(pid=107679) delete_allocations /opt/stack/placement/placement/handlers/allocation.py:627}}
Aug 22 18:03:39.975482 n-d-852737-6 devstack@placement-api.service[107679]: INFO placement.requestlog [req-b1f113d6-b483-433e-acae-345a2ba7e5eb req-8c4ad90f-d489-4897-821d-d66a200086a0 service placement] 10.222.0.83 "DELETE /placement/allocations/be931f1a-4097-49dc-969b-c0ce86324fb4" status: 204 len: 0 microversion: 1.0
Aug 22 18:03:39.976635 n-d-852737-6 devstack@placement-api.service[107679]: [pid: 107679|app: 0|req: 185/368] 10.222.0.83 () {60 vars in 1355 bytes} [Mon Aug 22 18:03:39 2022] DELETE /placement/allocations/be931f1a-4097-49dc-969b-c0ce86324fb4 => generated 0 bytes in 43 msecs (HTTP/1.1 204) 5 headers in 198 bytes (1 switches on core 0)
Aug 22 18:03:41.870367 n-d-852737-6 devstack@placement-api.service[107680]: DEBUG placement.requestlog [req-43f6d5f5-58c3-421f-8c15-400c7bd1c18d req-72e78ebe-9c01-48b2-9477-bd673d0c6c87 None None] Starting request: 10.222.0.83 "GET /placement/resource_providers/aa4fa782-3ba9-424b-90db-ca28af1eb4ea/allocations" {{(pid=107680) __call__ /opt/stack/placement/placement/requestlog.py:55}}
Aug 22 18:03:41.884775 n-d-852737-6 devstack@placement-api.service[107680]: DEBUG dbcounter [-] [107680] Writing DB stats placement:SELECT=67,placement:DELETE=9,placement:INSERT=3,placement:UPDATE=3 {{(pid=107680) stat_writer /usr/local/lib/python3.8/dist-packages/dbcounter.py:114}}
Aug 22 18:03:41.938183 n-d-852737-6 devstack@placement-api.service[107680]: INFO placement.requestlog [req-43f6d5f5-58c3-421f-8c15-400c7bd1c18d req-72e78ebe-9c01-48b2-9477-bd673d0c6c87 service placement] 10.222.0.83 "GET /placement/resource_providers/aa4fa782-3ba9-424b-90db-ca28af1eb4ea/allocations" status: 200 len: 659 microversion: 1.0
Aug 22 18:03:41.938937 n-d-852737-6 devstack@placement-api.service[107680]: [pid: 107680|app: 0|req: 184/369] 10.222.0.83 () {58 vars in 1390 bytes} [Mon Aug 22 18:03:41 2022] GET /placement/resource_providers/aa4fa782-3ba9-424b-90db-ca28af1eb4ea/allocations => generated 659 bytes in 69 msecs (HTTP/1.1 200) 6 headers in 224 bytes (1 switches on core 0)
Aug 22 18:03:44.120225 n-d-852737-6 devstack@placement-api.service[107679]: DEBUG placement.requestlog [None req-a1479f0a-27b2-4f12-9a44-56f1819d67d6 None None] Starting request: 10.222.0.27 "GET /placement/resource_providers/638aedff-5fff-4b1c-b8ec-7c5a1f46023e/aggregates" {{(pid=107679) __call__ /opt/stack/placement/placement/requestlog.py:55}}
Aug 22 18:03:44.300132 n-d-852737-6 devstack@placement-api.service[107679]: INFO placement.requestlog [None req-a1479f0a-27b2-4f12-9a44-56f1819d67d6 service placement] 10.222.0.27 "GET /placement/resource_providers/638aedff-5fff-4b1c-b8ec-7c5a1f46023e/aggregates" status: 404 len: 235 microversion: 1.1
Aug 22 18:03:44.301323 n-d-852737-6 devstack@placement-api.service[107679]: [pid: 107679|app: 0|req: 186/370] 10.222.0.27 () {58 vars in 1362 bytes} [Mon Aug 22 18:03:44 2022] GET /placement/resource_providers/638aedff-5fff-4b1c-b8ec-7c5a1f46023e/aggregates => generated 235 bytes in 181 msecs (HTTP/1.1 404) 5 headers in 202 bytes (1 switches on core 0)
Aug 22 18:03:44.344003 n-d-852737-6 devstack@placement-api.service[107680]: DEBUG placement.requestlog [None req-fa79da44-2161-4535-8e8c-55bf3e21f5bd None None] Starting request: 10.222.0.27 "DELETE /placement/resource_providers/638aedff-5fff-4b1c-b8ec-7c5a1f46023e" {{(pid=107680) __call__ /opt/stack/placement/placement/requestlog.py:55}}
Aug 22 18:03:44.360079 n-d-852737-6 devstack@placement-api.service[107680]: DEBUG placement.wsgi_wrapper [None req-fa79da44-2161-4535-8e8c-55bf3e21f5bd service placement] Placement API returning an error response: No resource provider with uuid 638aedff-5fff-4b1c-b8ec-7c5a1f46023e found for delete {{(pid=107680) call_func /opt/stack/placement/placement/wsgi_wrapper.py:31}}
Aug 22 18:03:44.361273 n-d-852737-6 devstack@placement-api.service[107680]: INFO placement.requestlog [None req-fa79da44-2161-4535-8e8c-55bf3e21f5bd service placement] 10.222.0.27 "DELETE /placement/resource_providers/638aedff-5fff-4b1c-b8ec-7c5a1f46023e" status: 404 len: 246 microversion: 1.1
Aug 22 18:03:44.362791 n-d-852737-6 devstack@placement-api.service[107680]: [pid: 107680|app: 0|req: 185/371] 10.222.0.27 () {60 vars in 1351 bytes} [Mon Aug 22 18:03:44 2022] DELETE /placement/resource_providers/638aedff-5fff-4b1c-b8ec-7c5a1f46023e => generated 246 bytes in 19 msecs (HTTP/1.1 404) 6 headers in 231 bytes (1 switches on core 0)
Aug 22 18:03:46.567784 n-d-852737-6 devstack@placement-api.service[107679]: DEBUG placement.requestlog [req-10eb84eb-ca01-4577-91a6-441a43faefe0 req-4d9638fe-19ff-423d-b0ea-8f6dc1997d46 None None] Starting request: 10.222.0.57 "DELETE /placement/allocations/2e75c5c7-9b35-4d79-a856-3abf4ac1d5ba" {{(pid=107679) __call__ /opt/stack/placement/placement/requestlog.py:55}}
Aug 22 18:03:46.651199 n-d-852737-6 devstack@placement-api.service[107679]: DEBUG placement.handlers.allocation [req-10eb84eb-ca01-4577-91a6-441a43faefe0 req-4d9638fe-19ff-423d-b0ea-8f6dc1997d46 service placement] Successfully deleted allocations [, , ] {{(pid=107679) delete_allocations /opt/stack/placement/placement/handlers/allocation.py:627}}
Aug 22 18:03:46.652799 n-d-852737-6 devstack@placement-api.service[107679]: INFO placement.requestlog [req-10eb84eb-ca01-4577-91a6-441a43faefe0 req-4d9638fe-19ff-423d-b0ea-8f6dc1997d46 service placement] 10.222.0.57 "DELETE /placement/allocations/2e75c5c7-9b35-4d79-a856-3abf4ac1d5ba" status: 204 len: 0 microversion: 1.0
Aug 22 18:03:46.653699 n-d-852737-6 devstack@placement-api.service[107679]: [pid: 107679|app: 0|req: 187/372] 10.222.0.57 () {60 vars in 1355 bytes} [Mon Aug 22 18:03:46 2022] DELETE /placement/allocations/2e75c5c7-9b35-4d79-a856-3abf4ac1d5ba => generated 0 bytes in 87 msecs (HTTP/1.1 204) 5 headers in 198 bytes (1 switches on core 0)
Aug 22 18:03:48.380989 n-d-852737-6 devstack@placement-api.service[107680]: DEBUG placement.requestlog [req-a3104b58-0c57-4780-b1ac-5a5bab597858 req-c8c30345-2b7f-4ada-be78-b40f7a0bbc07 None None] Starting request: 10.222.0.27 "GET /placement/allocation_candidates?limit=1000&resources=DISK_GB%3A1%2CMEMORY_MB%3A1024%2CVCPU%3A1&root_required=%21COMPUTE_STATUS_DISABLED" {{(pid=107680) __call__ /opt/stack/placement/placement/requestlog.py:55}}
Aug 22 18:03:48.518413 n-d-852737-6 devstack@placement-api.service[107680]: DEBUG placement.objects.research_context [req-a3104b58-0c57-4780-b1ac-5a5bab597858 req-c8c30345-2b7f-4ada-be78-b40f7a0bbc07 service placement] getting providers with 1 DISK_GB {{(pid=107680) __init__ /opt/stack/placement/placement/objects/research_context.py:136}}
Aug 22 18:03:48.533468 n-d-852737-6 devstack@placement-api.service[107680]: DEBUG placement.objects.research_context [req-a3104b58-0c57-4780-b1ac-5a5bab597858 req-c8c30345-2b7f-4ada-be78-b40f7a0bbc07 service placement] getting providers with 1024 MEMORY_MB {{(pid=107680) __init__ /opt/stack/placement/placement/objects/research_context.py:136}}
Aug 22 18:03:48.543563 n-d-852737-6 devstack@placement-api.service[107680]: DEBUG placement.objects.research_context [req-a3104b58-0c57-4780-b1ac-5a5bab597858 req-c8c30345-2b7f-4ada-be78-b40f7a0bbc07 service placement] getting providers with 1 VCPU {{(pid=107680) __init__ /opt/stack/placement/placement/objects/research_context.py:136}}
Aug 22 18:03:48.554700 n-d-852737-6 devstack@placement-api.service[107680]: DEBUG placement.objects.research_context [req-a3104b58-0c57-4780-b1ac-5a5bab597858 req-c8c30345-2b7f-4ada-be78-b40f7a0bbc07 service placement] found 2 providers with available 1 DISK_GB {{(pid=107680) get_provider_ids_matching /opt/stack/placement/placement/objects/research_context.py:563}}
Aug 22 18:03:48.555287 n-d-852737-6 devstack@placement-api.service[107680]: DEBUG placement.objects.research_context [req-a3104b58-0c57-4780-b1ac-5a5bab597858 req-c8c30345-2b7f-4ada-be78-b40f7a0bbc07 service placement] found 2 providers with available 1024 MEMORY_MB {{(pid=107680) get_provider_ids_matching /opt/stack/placement/placement/objects/research_context.py:563}}
Aug 22 18:03:48.555744 n-d-852737-6 devstack@placement-api.service[107680]: DEBUG placement.objects.research_context [req-a3104b58-0c57-4780-b1ac-5a5bab597858 req-c8c30345-2b7f-4ada-be78-b40f7a0bbc07 service placement] found 2 providers after filtering by previous result {{(pid=107680) get_provider_ids_matching /opt/stack/placement/placement/objects/research_context.py:594}}
Aug 22 18:03:48.556211 n-d-852737-6 devstack@placement-api.service[107680]: DEBUG placement.objects.research_context [req-a3104b58-0c57-4780-b1ac-5a5bab597858 req-c8c30345-2b7f-4ada-be78-b40f7a0bbc07 service placement] found 2 providers with available 1 VCPU {{(pid=107680) get_provider_ids_matching /opt/stack/placement/placement/objects/research_context.py:563}}
Aug 22 18:03:48.556705 n-d-852737-6 devstack@placement-api.service[107680]: DEBUG placement.objects.research_context [req-a3104b58-0c57-4780-b1ac-5a5bab597858 req-c8c30345-2b7f-4ada-be78-b40f7a0bbc07 service placement] found 2 providers after filtering by previous result {{(pid=107680) get_provider_ids_matching /opt/stack/placement/placement/objects/research_context.py:594}}
Aug 22 18:03:48.571458 n-d-852737-6 devstack@placement-api.service[107680]: DEBUG placement.objects.allocation_candidate [req-a3104b58-0c57-4780-b1ac-5a5bab597858 req-c8c30345-2b7f-4ada-be78-b40f7a0bbc07 service placement] RequestGroup(use_same_provider=False, resources={DISK_GB:1, MEMORY_MB:1024, VCPU:1}, traits=(), aggregates=[]) (suffix '') returned 2 matches {{(pid=107680) _get_by_requests /opt/stack/placement/placement/objects/allocation_candidate.py:156}}
Aug 22 18:03:48.572169 n-d-852737-6 devstack@placement-api.service[107680]: DEBUG placement.objects.allocation_candidate [req-a3104b58-0c57-4780-b1ac-5a5bab597858 req-c8c30345-2b7f-4ada-be78-b40f7a0bbc07 service placement] Merging candidates yields 2 allocation requests and 2 provider summaries {{(pid=107680) _merge_candidates /opt/stack/placement/placement/objects/allocation_candidate.py:809}}
Aug 22 18:03:48.574839 n-d-852737-6 devstack@placement-api.service[107680]: INFO placement.requestlog [req-a3104b58-0c57-4780-b1ac-5a5bab597858 req-c8c30345-2b7f-4ada-be78-b40f7a0bbc07 service placement] 10.222.0.27 "GET /placement/allocation_candidates?limit=1000&resources=DISK_GB%3A1%2CMEMORY_MB%3A1024%2CVCPU%3A1&root_required=%21COMPUTE_STATUS_DISABLED" status: 200 len: 1309 microversion: 1.36
Aug 22 18:03:48.575729 n-d-852737-6 devstack@placement-api.service[107680]: [pid: 107680|app: 0|req: 186/373] 10.222.0.27 () {60 vars in 1506 bytes} [Mon Aug 22 18:03:48 2022] GET /placement/allocation_candidates?limit=1000&resources=DISK_GB%3A1%2CMEMORY_MB%3A1024%2CVCPU%3A1&root_required=%21COMPUTE_STATUS_DISABLED => generated 1309 bytes in 195 msecs (HTTP/1.1 200) 8 headers in 297 bytes (1 switches on core 0)
Aug 22 18:03:48.763196 n-d-852737-6 devstack@placement-api.service[107679]: DEBUG placement.requestlog [req-a3104b58-0c57-4780-b1ac-5a5bab597858 req-c63afe28-dee4-4fca-8da1-b4bdbe07f3eb None None] Starting request: 10.222.0.27 "GET /placement/allocations/88981fcc-da36-4a71-b1a4-80f3b0009c93" {{(pid=107679) __call__ /opt/stack/placement/placement/requestlog.py:55}}
Aug 22 18:03:48.789568 n-d-852737-6 devstack@placement-api.service[107679]: INFO placement.requestlog [req-a3104b58-0c57-4780-b1ac-5a5bab597858 req-c63afe28-dee4-4fca-8da1-b4bdbe07f3eb service placement] 10.222.0.27 "GET /placement/allocations/88981fcc-da36-4a71-b1a4-80f3b0009c93" status: 200 len: 19 microversion: 1.28
Aug 22 18:03:48.795472 n-d-852737-6 devstack@placement-api.service[107679]: [pid: 107679|app: 0|req: 188/374] 10.222.0.27 () {60 vars in 1380 bytes} [Mon Aug 22 18:03:48 2022] GET /placement/allocations/88981fcc-da36-4a71-b1a4-80f3b0009c93 => generated 19 bytes in 32 msecs (HTTP/1.1 200) 8 headers in 295 bytes (1 switches on core 0)
Aug 22 18:03:48.798304 n-d-852737-6 devstack@placement-api.service[107680]: DEBUG placement.requestlog [req-a3104b58-0c57-4780-b1ac-5a5bab597858 req-aeacee4c-45bd-453d-8b57-c537abe43753 None None] Starting request: 10.222.0.27 "PUT /placement/allocations/88981fcc-da36-4a71-b1a4-80f3b0009c93" {{(pid=107680) __call__ /opt/stack/placement/placement/requestlog.py:55}}
Aug 22 18:03:48.971976 n-d-852737-6 devstack@placement-api.service[107680]: DEBUG placement.handlers.allocation [req-a3104b58-0c57-4780-b1ac-5a5bab597858 req-aeacee4c-45bd-453d-8b57-c537abe43753 service placement] Successfully wrote allocations [, , ] {{(pid=107680) _update_consumers_and_create_allocations /opt/stack/placement/placement/handlers/allocation.py:462}}
Aug 22 18:03:48.982672 n-d-852737-6 devstack@placement-api.service[107680]: INFO placement.requestlog [req-a3104b58-0c57-4780-b1ac-5a5bab597858 req-aeacee4c-45bd-453d-8b57-c537abe43753 service placement] 10.222.0.27 "PUT /placement/allocations/88981fcc-da36-4a71-b1a4-80f3b0009c93" status: 204 len: 0 microversion: 1.36
Aug 22 18:03:48.984060 n-d-852737-6 devstack@placement-api.service[107680]: [pid: 107680|app: 0|req: 187/375] 10.222.0.27 () {64 vars in 1433 bytes} [Mon Aug 22 18:03:48 2022] PUT /placement/allocations/88981fcc-da36-4a71-b1a4-80f3b0009c93 => generated 0 bytes in 186 msecs (HTTP/1.1 204) 5 headers in 199 bytes (1 switches on core 0)
Aug 22 18:03:49.575750 n-d-852737-6 devstack@placement-api.service[107679]: DEBUG placement.requestlog [req-a3104b58-0c57-4780-b1ac-5a5bab597858 req-9a1c463c-f5b3-459e-8075-1d6090a8d627 None None] Starting request: 10.222.0.57 "GET /placement/allocations/88981fcc-da36-4a71-b1a4-80f3b0009c93" {{(pid=107679) __call__ /opt/stack/placement/placement/requestlog.py:55}}
Aug 22 18:03:49.610668 n-d-852737-6 devstack@placement-api.service[107679]: INFO placement.requestlog [req-a3104b58-0c57-4780-b1ac-5a5bab597858 req-9a1c463c-f5b3-459e-8075-1d6090a8d627 service placement] 10.222.0.57 "GET /placement/allocations/88981fcc-da36-4a71-b1a4-80f3b0009c93" status: 200 len: 259 microversion: 1.28
Aug 22 18:03:49.612828 n-d-852737-6 devstack@placement-api.service[107679]: [pid: 107679|app: 0|req: 189/376] 10.222.0.57 () {60 vars in 1377 bytes} [Mon Aug 22 18:03:49 2022] GET /placement/allocations/88981fcc-da36-4a71-b1a4-80f3b0009c93 => generated 259 bytes in 37 msecs (HTTP/1.1 200) 8 headers in 296 bytes (1 switches on core 0)
Aug 22 18:03:53.349674 n-d-852737-6 devstack@placement-api.service[107680]: DEBUG placement.requestlog [req-a62fd410-d1ee-4c39-b2c8-99d2d48e4286 req-51c18cca-1ddf-474e-b897-38db0859dc06 None None] Starting request: 10.222.0.83 "DELETE /placement/allocations/2aae656f-6eba-4041-ae3e-78ef6d717cd4" {{(pid=107680) __call__ /opt/stack/placement/placement/requestlog.py:55}}
Aug 22 18:03:53.385445 n-d-852737-6 devstack@placement-api.service[107680]: DEBUG placement.handlers.allocation [req-a62fd410-d1ee-4c39-b2c8-99d2d48e4286 req-51c18cca-1ddf-474e-b897-38db0859dc06 service placement] Successfully deleted allocations [, , ] {{(pid=107680) delete_allocations /opt/stack/placement/placement/handlers/allocation.py:627}}
Aug 22 18:03:53.388941 n-d-852737-6 devstack@placement-api.service[107680]: INFO placement.requestlog [req-a62fd410-d1ee-4c39-b2c8-99d2d48e4286 req-51c18cca-1ddf-474e-b897-38db0859dc06 service placement] 10.222.0.83 "DELETE /placement/allocations/2aae656f-6eba-4041-ae3e-78ef6d717cd4" status: 204 len: 0 microversion: 1.0
Aug 22 18:03:53.391198 n-d-852737-6 devstack@placement-api.service[107680]: [pid: 107680|app: 0|req: 188/377] 10.222.0.83 () {60 vars in 1355 bytes} [Mon Aug 22 18:03:53 2022] DELETE /placement/allocations/2aae656f-6eba-4041-ae3e-78ef6d717cd4 => generated 0 bytes in 41 msecs (HTTP/1.1 204) 5 headers in 198 bytes (2 switches on core 0)
Aug 22 18:03:59.604349 n-d-852737-6 devstack@placement-api.service[107679]: DEBUG dbcounter [-] [107679] Writing DB stats placement:SELECT=25,placement:DELETE=6 {{(pid=107679) stat_writer /usr/local/lib/python3.8/dist-packages/dbcounter.py:114}}
Aug 22 18:04:03.380669 n-d-852737-6 devstack@placement-api.service[107680]: DEBUG dbcounter [-] [107680] Writing DB stats placement:SELECT=41,placement:INSERT=6,placement:DELETE=4,placement:UPDATE=2 {{(pid=107680) stat_writer /usr/local/lib/python3.8/dist-packages/dbcounter.py:114}}
Aug 22 18:04:08.856937 n-d-852737-6 devstack@placement-api.service[107679]: DEBUG placement.requestlog [req-ced90921-7cac-40ad-af74-0c2fb4c929b4 req-af97e3c1-dba3-4a22-beef-eb58b4b52e17 None None] Starting request: 10.222.0.27 "GET /placement/allocations/4c6be80f-98c6-4a35-8284-82f81dc09a18" {{(pid=107679) __call__ /opt/stack/placement/placement/requestlog.py:55}}
Aug 22 18:04:09.047236 n-d-852737-6 devstack@placement-api.service[107679]: INFO placement.requestlog [req-ced90921-7cac-40ad-af74-0c2fb4c929b4 req-af97e3c1-dba3-4a22-beef-eb58b4b52e17 service placement] 10.222.0.27 "GET /placement/allocations/4c6be80f-98c6-4a35-8284-82f81dc09a18" status: 200 len: 245 microversion: 1.28
Aug 22 18:04:09.047236 n-d-852737-6 devstack@placement-api.service[107679]: [pid: 107679|app: 0|req: 190/378] 10.222.0.27 () {60 vars in 1380 bytes} [Mon Aug 22 18:04:08 2022] GET /placement/allocations/4c6be80f-98c6-4a35-8284-82f81dc09a18 => generated 245 bytes in 190 msecs (HTTP/1.1 200) 8 headers in 296 bytes (1 switches on core 0)
Aug 22 18:04:09.053885 n-d-852737-6 devstack@placement-api.service[107680]: DEBUG placement.requestlog [req-ced90921-7cac-40ad-af74-0c2fb4c929b4 req-2e7b7bb6-caaf-4e69-b5f5-73493344504b None None] Starting request: 10.222.0.27 "GET /placement/allocations/4c6be80f-98c6-4a35-8284-82f81dc09a18" {{(pid=107680) __call__ /opt/stack/placement/placement/requestlog.py:55}}
Aug 22 18:04:09.063245 n-d-852737-6 devstack@placement-api.service[107679]: DEBUG placement.requestlog [req-de533974-c49f-4f7e-9324-c5b8b586bd14 req-8f9ed975-75b2-4358-9395-2ffa7ef68f68 None None] Starting request: 10.222.0.27 "GET /placement/allocation_candidates?limit=1000&resources=DISK_GB%3A1%2CMEMORY_MB%3A1024%2CVCPU%3A1&root_required=%21COMPUTE_STATUS_DISABLED" {{(pid=107679) __call__ /opt/stack/placement/placement/requestlog.py:55}}
Aug 22 18:04:09.078600 n-d-852737-6 devstack@placement-api.service[107680]: INFO placement.requestlog [req-ced90921-7cac-40ad-af74-0c2fb4c929b4 req-2e7b7bb6-caaf-4e69-b5f5-73493344504b service placement] 10.222.0.27 "GET /placement/allocations/4c6be80f-98c6-4a35-8284-82f81dc09a18" status: 200 len: 245 microversion: 1.28
Aug 22 18:04:09.080177 n-d-852737-6 devstack@placement-api.service[107680]: [pid: 107680|app: 0|req: 189/379] 10.222.0.27 () {60 vars in 1380 bytes} [Mon Aug 22 18:04:09 2022] GET /placement/allocations/4c6be80f-98c6-4a35-8284-82f81dc09a18 => generated 245 bytes in 27 msecs (HTTP/1.1 200) 8 headers in 296 bytes (1 switches on core 0)
Aug 22 18:04:09.085911 n-d-852737-6 devstack@placement-api.service[107680]: DEBUG placement.requestlog [req-ced90921-7cac-40ad-af74-0c2fb4c929b4 req-efae9b01-bc64-49c8-a255-6acecfaf9b95 None None] Starting request: 10.222.0.27 "GET /placement/allocations/eca11f36-1b4a-45f1-9800-c8707b4e6b7d" {{(pid=107680) __call__ /opt/stack/placement/placement/requestlog.py:55}}
Aug 22 18:04:09.104274 n-d-852737-6 devstack@placement-api.service[107680]: INFO placement.requestlog [req-ced90921-7cac-40ad-af74-0c2fb4c929b4 req-efae9b01-bc64-49c8-a255-6acecfaf9b95 service placement] 10.222.0.27 "GET /placement/allocations/eca11f36-1b4a-45f1-9800-c8707b4e6b7d" status: 200 len: 19 microversion: 1.28
Aug 22 18:04:09.106639 n-d-852737-6 devstack@placement-api.service[107680]: [pid: 107680|app: 0|req: 190/380] 10.222.0.27 () {60 vars in 1380 bytes} [Mon Aug 22 18:04:09 2022] GET /placement/allocations/eca11f36-1b4a-45f1-9800-c8707b4e6b7d => generated 19 bytes in 21 msecs (HTTP/1.1 200) 8 headers in 295 bytes (1 switches on core 0)
Aug 22 18:04:09.114436 n-d-852737-6 devstack@placement-api.service[107680]: DEBUG placement.requestlog [req-ced90921-7cac-40ad-af74-0c2fb4c929b4 req-6a8f9538-456d-481a-ace3-88b237f240c7 None None] Starting request: 10.222.0.27 "POST /placement/allocations" {{(pid=107680) __call__ /opt/stack/placement/placement/requestlog.py:55}}
Aug 22 18:04:09.134693 n-d-852737-6 devstack@placement-api.service[107679]: DEBUG placement.objects.research_context [req-de533974-c49f-4f7e-9324-c5b8b586bd14 req-8f9ed975-75b2-4358-9395-2ffa7ef68f68 service placement] getting providers with 1 DISK_GB {{(pid=107679) __init__ /opt/stack/placement/placement/objects/research_context.py:136}}
Aug 22 18:04:09.141151 n-d-852737-6 devstack@placement-api.service[107679]: DEBUG placement.objects.research_context [req-de533974-c49f-4f7e-9324-c5b8b586bd14 req-8f9ed975-75b2-4358-9395-2ffa7ef68f68 service placement] getting providers with 1024 MEMORY_MB {{(pid=107679) __init__ /opt/stack/placement/placement/objects/research_context.py:136}}
Aug 22 18:04:09.147135 n-d-852737-6 devstack@placement-api.service[107679]: DEBUG placement.objects.research_context [req-de533974-c49f-4f7e-9324-c5b8b586bd14 req-8f9ed975-75b2-4358-9395-2ffa7ef68f68 service placement] getting providers with 1 VCPU {{(pid=107679) __init__ /opt/stack/placement/placement/objects/research_context.py:136}}
Aug 22 18:04:09.156501 n-d-852737-6 devstack@placement-api.service[107679]: DEBUG placement.objects.research_context [req-de533974-c49f-4f7e-9324-c5b8b586bd14 req-8f9ed975-75b2-4358-9395-2ffa7ef68f68 service placement] found 2 providers with available 1 DISK_GB {{(pid=107679) get_provider_ids_matching /opt/stack/placement/placement/objects/research_context.py:563}}
Aug 22 18:04:09.157084 n-d-852737-6 devstack@placement-api.service[107679]: DEBUG placement.objects.research_context [req-de533974-c49f-4f7e-9324-c5b8b586bd14 req-8f9ed975-75b2-4358-9395-2ffa7ef68f68 service placement] found 2 providers with available 1024 MEMORY_MB {{(pid=107679) get_provider_ids_matching /opt/stack/placement/placement/objects/research_context.py:563}}
Aug 22 18:04:09.157542 n-d-852737-6 devstack@placement-api.service[107679]: DEBUG placement.objects.research_context [req-de533974-c49f-4f7e-9324-c5b8b586bd14 req-8f9ed975-75b2-4358-9395-2ffa7ef68f68 service placement] found 2 providers after filtering by previous result {{(pid=107679) get_provider_ids_matching /opt/stack/placement/placement/objects/research_context.py:594}}
Aug 22 18:04:09.157969 n-d-852737-6 devstack@placement-api.service[107679]: DEBUG placement.objects.research_context [req-de533974-c49f-4f7e-9324-c5b8b586bd14 req-8f9ed975-75b2-4358-9395-2ffa7ef68f68 service placement] found 2 providers with available 1 VCPU {{(pid=107679) get_provider_ids_matching /opt/stack/placement/placement/objects/research_context.py:563}}
Aug 22 18:04:09.158399 n-d-852737-6 devstack@placement-api.service[107679]: DEBUG placement.objects.research_context [req-de533974-c49f-4f7e-9324-c5b8b586bd14 req-8f9ed975-75b2-4358-9395-2ffa7ef68f68 service placement] found 2 providers after filtering by previous result {{(pid=107679) get_provider_ids_matching /opt/stack/placement/placement/objects/research_context.py:594}}
Aug 22 18:04:09.179709 n-d-852737-6 devstack@placement-api.service[107679]: DEBUG placement.objects.allocation_candidate [req-de533974-c49f-4f7e-9324-c5b8b586bd14 req-8f9ed975-75b2-4358-9395-2ffa7ef68f68 service placement] RequestGroup(use_same_provider=False, resources={DISK_GB:1, MEMORY_MB:1024, VCPU:1}, traits=(), aggregates=[]) (suffix '') returned 2 matches {{(pid=107679) _get_by_requests /opt/stack/placement/placement/objects/allocation_candidate.py:156}}
Aug 22 18:04:09.180133 n-d-852737-6 devstack@placement-api.service[107679]: DEBUG placement.objects.allocation_candidate [req-de533974-c49f-4f7e-9324-c5b8b586bd14 req-8f9ed975-75b2-4358-9395-2ffa7ef68f68 service placement] Merging candidates yields 2 allocation requests and 2 provider summaries {{(pid=107679) _merge_candidates /opt/stack/placement/placement/objects/allocation_candidate.py:809}}
Aug 22 18:04:09.181855 n-d-852737-6 devstack@placement-api.service[107679]: INFO placement.requestlog [req-de533974-c49f-4f7e-9324-c5b8b586bd14 req-8f9ed975-75b2-4358-9395-2ffa7ef68f68 service placement] 10.222.0.27 "GET /placement/allocation_candidates?limit=1000&resources=DISK_GB%3A1%2CMEMORY_MB%3A1024%2CVCPU%3A1&root_required=%21COMPUTE_STATUS_DISABLED" status: 200 len: 1309 microversion: 1.36
Aug 22 18:04:09.182253 n-d-852737-6 devstack@placement-api.service[107679]: [pid: 107679|app: 0|req: 191/381] 10.222.0.27 () {60 vars in 1506 bytes} [Mon Aug 22 18:04:09 2022] GET /placement/allocation_candidates?limit=1000&resources=DISK_GB%3A1%2CMEMORY_MB%3A1024%2CVCPU%3A1&root_required=%21COMPUTE_STATUS_DISABLED => generated 1309 bytes in 119 msecs (HTTP/1.1 200) 8 headers in 297 bytes (2 switches on core 0)
Aug 22 18:04:09.265260 n-d-852737-6 devstack@placement-api.service[107680]: DEBUG placement.handlers.allocation [req-ced90921-7cac-40ad-af74-0c2fb4c929b4 req-6a8f9538-456d-481a-ace3-88b237f240c7 service placement] Successfully wrote allocations [, , , ] {{(pid=107680) _update_consumers_and_create_allocations /opt/stack/placement/placement/handlers/allocation.py:572}}
Aug 22 18:04:09.272536 n-d-852737-6 devstack@placement-api.service[107680]: INFO placement.requestlog [req-ced90921-7cac-40ad-af74-0c2fb4c929b4 req-6a8f9538-456d-481a-ace3-88b237f240c7 service placement] 10.222.0.27 "POST /placement/allocations" status: 204 len: 0 microversion: 1.28
Aug 22 18:04:09.274008 n-d-852737-6 devstack@placement-api.service[107680]: [pid: 107680|app: 0|req: 191/382] 10.222.0.27 () {64 vars in 1323 bytes} [Mon Aug 22 18:04:09 2022] POST /placement/allocations => generated 0 bytes in 161 msecs (HTTP/1.1 204) 5 headers in 199 bytes (2 switches on core 0)
Aug 22 18:04:09.344829 n-d-852737-6 devstack@placement-api.service[107679]: DEBUG placement.requestlog [req-de533974-c49f-4f7e-9324-c5b8b586bd14 req-5a586573-9ab3-425e-8c47-3a2ce68edf42 None None] Starting request: 10.222.0.27 "GET /placement/allocations/5e2932f0-3c87-42e5-8720-68716e3a855c" {{(pid=107679) __call__ /opt/stack/placement/placement/requestlog.py:55}}
Aug 22 18:04:09.361229 n-d-852737-6 devstack@placement-api.service[107679]: INFO placement.requestlog [req-de533974-c49f-4f7e-9324-c5b8b586bd14 req-5a586573-9ab3-425e-8c47-3a2ce68edf42 service placement] 10.222.0.27 "GET /placement/allocations/5e2932f0-3c87-42e5-8720-68716e3a855c" status: 200 len: 19 microversion: 1.28
Aug 22 18:04:09.362230 n-d-852737-6 devstack@placement-api.service[107679]: [pid: 107679|app: 0|req: 192/383] 10.222.0.27 () {60 vars in 1380 bytes} [Mon Aug 22 18:04:09 2022] GET /placement/allocations/5e2932f0-3c87-42e5-8720-68716e3a855c => generated 19 bytes in 18 msecs (HTTP/1.1 200) 8 headers in 295 bytes (1 switches on core 0)
Aug 22 18:04:09.372191 n-d-852737-6 devstack@placement-api.service[107680]: DEBUG placement.requestlog [req-de533974-c49f-4f7e-9324-c5b8b586bd14 req-e9c40e3f-b24b-4a82-ac21-848016c9fd3b None None] Starting request: 10.222.0.27 "PUT /placement/allocations/5e2932f0-3c87-42e5-8720-68716e3a855c" {{(pid=107680) __call__ /opt/stack/placement/placement/requestlog.py:55}}
Aug 22 18:04:09.377136 n-d-852737-6 devstack@placement-api.service[107679]: DEBUG placement.requestlog [req-ced90921-7cac-40ad-af74-0c2fb4c929b4 req-99574ff9-e0c2-426d-8671-8629573dd65c None None] Starting request: 10.222.0.27 "GET /placement/allocations/4c6be80f-98c6-4a35-8284-82f81dc09a18" {{(pid=107679) __call__ /opt/stack/placement/placement/requestlog.py:55}}
Aug 22 18:04:09.441065 n-d-852737-6 devstack@placement-api.service[107679]: INFO placement.requestlog [req-ced90921-7cac-40ad-af74-0c2fb4c929b4 req-99574ff9-e0c2-426d-8671-8629573dd65c service placement] 10.222.0.27 "GET /placement/allocations/4c6be80f-98c6-4a35-8284-82f81dc09a18" status: 200 len: 19 microversion: 1.28
Aug 22 18:04:09.441775 n-d-852737-6 devstack@placement-api.service[107679]: [pid: 107679|app: 0|req: 193/384] 10.222.0.27 () {60 vars in 1380 bytes} [Mon Aug 22 18:04:09 2022] GET /placement/allocations/4c6be80f-98c6-4a35-8284-82f81dc09a18 => generated 19 bytes in 65 msecs (HTTP/1.1 200) 8 headers in 295 bytes (1 switches on core 0)
Aug 22 18:04:09.449178 n-d-852737-6 devstack@placement-api.service[107679]: DEBUG placement.requestlog [req-ced90921-7cac-40ad-af74-0c2fb4c929b4 req-a2e3fdce-3313-432b-94ae-4c829499887c None None] Starting request: 10.222.0.27 "PUT /placement/allocations/4c6be80f-98c6-4a35-8284-82f81dc09a18" {{(pid=107679) __call__ /opt/stack/placement/placement/requestlog.py:55}}
Aug 22 18:04:09.571468 n-d-852737-6 devstack@placement-api.service[107679]: DEBUG placement.handlers.allocation [req-ced90921-7cac-40ad-af74-0c2fb4c929b4 req-a2e3fdce-3313-432b-94ae-4c829499887c service placement] Successfully wrote allocations [, ] {{(pid=107679) _update_consumers_and_create_allocations /opt/stack/placement/placement/handlers/allocation.py:462}}
Aug 22 18:04:09.578094 n-d-852737-6 devstack@placement-api.service[107679]: INFO placement.requestlog [req-ced90921-7cac-40ad-af74-0c2fb4c929b4 req-a2e3fdce-3313-432b-94ae-4c829499887c service placement] 10.222.0.27 "PUT /placement/allocations/4c6be80f-98c6-4a35-8284-82f81dc09a18" status: 204 len: 0 microversion: 1.28
Aug 22 18:04:09.582301 n-d-852737-6 devstack@placement-api.service[107679]: [pid: 107679|app: 0|req: 194/385] 10.222.0.27 () {64 vars in 1433 bytes} [Mon Aug 22 18:04:09 2022] PUT /placement/allocations/4c6be80f-98c6-4a35-8284-82f81dc09a18 => generated 0 bytes in 130 msecs (HTTP/1.1 204) 5 headers in 199 bytes (1 switches on core 0)
Aug 22 18:04:09.604707 n-d-852737-6 devstack@placement-api.service[107680]: DEBUG placement.objects.allocation [req-de533974-c49f-4f7e-9324-c5b8b586bd14 req-e9c40e3f-b24b-4a82-ac21-848016c9fd3b service placement] Retrying allocations write on resource provider generation conflict {{(pid=107680) replace_all /opt/stack/placement/placement/objects/allocation.py:509}}
Aug 22 18:04:09.725140 n-d-852737-6 devstack@placement-api.service[107680]: DEBUG placement.handlers.allocation [req-de533974-c49f-4f7e-9324-c5b8b586bd14 req-e9c40e3f-b24b-4a82-ac21-848016c9fd3b service placement] Successfully wrote allocations [, , ] {{(pid=107680) _update_consumers_and_create_allocations /opt/stack/placement/placement/handlers/allocation.py:462}}
Aug 22 18:04:09.739719 n-d-852737-6 devstack@placement-api.service[107680]: INFO placement.requestlog [req-de533974-c49f-4f7e-9324-c5b8b586bd14 req-e9c40e3f-b24b-4a82-ac21-848016c9fd3b service placement] 10.222.0.27 "PUT /placement/allocations/5e2932f0-3c87-42e5-8720-68716e3a855c" status: 204 len: 0 microversion: 1.36
Aug 22 18:04:09.757965 n-d-852737-6 devstack@placement-api.service[107680]: [pid: 107680|app: 0|req: 192/386] 10.222.0.27 () {64 vars in 1433 bytes} [Mon Aug 22 18:04:09 2022] PUT /placement/allocations/5e2932f0-3c87-42e5-8720-68716e3a855c => generated 0 bytes in 369 msecs (HTTP/1.1 204) 5 headers in 199 bytes (1 switches on core 0)
Aug 22 18:04:09.781252 n-d-852737-6 devstack@placement-api.service[107679]: DEBUG placement.requestlog [req-ced90921-7cac-40ad-af74-0c2fb4c929b4 req-864a5655-7a49-472f-9b6e-69585c1566f1 None None] Starting request: 10.222.0.83 "GET /placement/allocations/4c6be80f-98c6-4a35-8284-82f81dc09a18" {{(pid=107679) __call__ /opt/stack/placement/placement/requestlog.py:55}}
Aug 22 18:04:09.814303 n-d-852737-6 devstack@placement-api.service[107679]: INFO placement.requestlog [req-ced90921-7cac-40ad-af74-0c2fb4c929b4 req-864a5655-7a49-472f-9b6e-69585c1566f1 service placement] 10.222.0.83 "GET /placement/allocations/4c6be80f-98c6-4a35-8284-82f81dc09a18" status: 200 len: 245 microversion: 1.28
Aug 22 18:04:09.815174 n-d-852737-6 devstack@placement-api.service[107679]: [pid: 107679|app: 0|req: 195/387] 10.222.0.83 () {60 vars in 1377 bytes} [Mon Aug 22 18:04:09 2022] GET /placement/allocations/4c6be80f-98c6-4a35-8284-82f81dc09a18 => generated 245 bytes in 34 msecs (HTTP/1.1 200) 8 headers in 296 bytes (1 switches on core 0)
Aug 22 18:04:10.689515 n-d-852737-6 devstack@placement-api.service[107680]: DEBUG placement.requestlog [req-de533974-c49f-4f7e-9324-c5b8b586bd14 req-6bfc3b44-7a24-4ad1-8757-897c33467c78 None None] Starting request: 10.222.0.83 "GET /placement/allocations/5e2932f0-3c87-42e5-8720-68716e3a855c" {{(pid=107680) __call__ /opt/stack/placement/placement/requestlog.py:55}}
Aug 22 18:04:10.736369 n-d-852737-6 devstack@placement-api.service[107680]: INFO placement.requestlog [req-de533974-c49f-4f7e-9324-c5b8b586bd14 req-6bfc3b44-7a24-4ad1-8757-897c33467c78 service placement] 10.222.0.83 "GET /placement/allocations/5e2932f0-3c87-42e5-8720-68716e3a855c" status: 200 len: 259 microversion: 1.28
Aug 22 18:04:10.737161 n-d-852737-6 devstack@placement-api.service[107680]: [pid: 107680|app: 0|req: 193/388] 10.222.0.83 () {60 vars in 1377 bytes} [Mon Aug 22 18:04:10 2022] GET /placement/allocations/5e2932f0-3c87-42e5-8720-68716e3a855c => generated 259 bytes in 48 msecs (HTTP/1.1 200) 8 headers in 296 bytes (1 switches on core 0)
Aug 22 18:04:11.840646 n-d-852737-6 devstack@placement-api.service[107679]: DEBUG placement.requestlog [req-ff402327-c6b7-44c9-bee7-93375acff452 req-c2d8395e-2a23-4a0a-996b-df727dc7aa54 None None] Starting request: 10.222.0.27 "GET /placement/allocation_candidates?limit=1000&resources=DISK_GB%3A1%2CMEMORY_MB%3A1024%2CVCPU%3A1&root_required=%21COMPUTE_STATUS_DISABLED" {{(pid=107679) __call__ /opt/stack/placement/placement/requestlog.py:55}}
Aug 22 18:04:11.930324 n-d-852737-6 devstack@placement-api.service[107679]: DEBUG placement.objects.research_context [req-ff402327-c6b7-44c9-bee7-93375acff452 req-c2d8395e-2a23-4a0a-996b-df727dc7aa54 service placement] getting providers with 1 DISK_GB {{(pid=107679) __init__ /opt/stack/placement/placement/objects/research_context.py:136}}
Aug 22 18:04:11.947606 n-d-852737-6 devstack@placement-api.service[107679]: DEBUG placement.objects.research_context [req-ff402327-c6b7-44c9-bee7-93375acff452 req-c2d8395e-2a23-4a0a-996b-df727dc7aa54 service placement] getting providers with 1024 MEMORY_MB {{(pid=107679) __init__ /opt/stack/placement/placement/objects/research_context.py:136}}
Aug 22 18:04:11.959162 n-d-852737-6 devstack@placement-api.service[107679]: DEBUG placement.objects.research_context [req-ff402327-c6b7-44c9-bee7-93375acff452 req-c2d8395e-2a23-4a0a-996b-df727dc7aa54 service placement] getting providers with 1 VCPU {{(pid=107679) __init__ /opt/stack/placement/placement/objects/research_context.py:136}}
Aug 22 18:04:11.972348 n-d-852737-6 devstack@placement-api.service[107679]: DEBUG placement.objects.research_context [req-ff402327-c6b7-44c9-bee7-93375acff452 req-c2d8395e-2a23-4a0a-996b-df727dc7aa54 service placement] found 2 providers with available 1 DISK_GB {{(pid=107679) get_provider_ids_matching /opt/stack/placement/placement/objects/research_context.py:563}}
Aug 22 18:04:11.972931 n-d-852737-6 devstack@placement-api.service[107679]: DEBUG placement.objects.research_context [req-ff402327-c6b7-44c9-bee7-93375acff452 req-c2d8395e-2a23-4a0a-996b-df727dc7aa54 service placement] found 2 providers with available 1024 MEMORY_MB {{(pid=107679) get_provider_ids_matching /opt/stack/placement/placement/objects/research_context.py:563}}
Aug 22 18:04:11.973388 n-d-852737-6 devstack@placement-api.service[107679]: DEBUG placement.objects.research_context [req-ff402327-c6b7-44c9-bee7-93375acff452 req-c2d8395e-2a23-4a0a-996b-df727dc7aa54 service placement] found 2 providers after filtering by previous result {{(pid=107679) get_provider_ids_matching /opt/stack/placement/placement/objects/research_context.py:594}}
Aug 22 18:04:11.973830 n-d-852737-6 devstack@placement-api.service[107679]: DEBUG placement.objects.research_context [req-ff402327-c6b7-44c9-bee7-93375acff452 req-c2d8395e-2a23-4a0a-996b-df727dc7aa54 service placement] found 2 providers with available 1 VCPU {{(pid=107679) get_provider_ids_matching /opt/stack/placement/placement/objects/research_context.py:563}}
Aug 22 18:04:11.974279 n-d-852737-6 devstack@placement-api.service[107679]: DEBUG placement.objects.research_context [req-ff402327-c6b7-44c9-bee7-93375acff452 req-c2d8395e-2a23-4a0a-996b-df727dc7aa54 service placement] found 2 providers after filtering by previous result {{(pid=107679) get_provider_ids_matching /opt/stack/placement/placement/objects/research_context.py:594}}
Aug 22 18:04:11.995929 n-d-852737-6 devstack@placement-api.service[107679]: DEBUG placement.objects.allocation_candidate [req-ff402327-c6b7-44c9-bee7-93375acff452 req-c2d8395e-2a23-4a0a-996b-df727dc7aa54 service placement] RequestGroup(use_same_provider=False, resources={DISK_GB:1, MEMORY_MB:1024, VCPU:1}, traits=(), aggregates=[]) (suffix '') returned 2 matches {{(pid=107679) _get_by_requests /opt/stack/placement/placement/objects/allocation_candidate.py:156}}
Aug 22 18:04:11.996769 n-d-852737-6 devstack@placement-api.service[107679]: DEBUG placement.objects.allocation_candidate [req-ff402327-c6b7-44c9-bee7-93375acff452 req-c2d8395e-2a23-4a0a-996b-df727dc7aa54 service placement] Merging candidates yields 2 allocation requests and 2 provider summaries {{(pid=107679) _merge_candidates /opt/stack/placement/placement/objects/allocation_candidate.py:809}}
Aug 22 18:04:11.999297 n-d-852737-6 devstack@placement-api.service[107679]: INFO placement.requestlog [req-ff402327-c6b7-44c9-bee7-93375acff452 req-c2d8395e-2a23-4a0a-996b-df727dc7aa54 service placement] 10.222.0.27 "GET /placement/allocation_candidates?limit=1000&resources=DISK_GB%3A1%2CMEMORY_MB%3A1024%2CVCPU%3A1&root_required=%21COMPUTE_STATUS_DISABLED" status: 200 len: 1309 microversion: 1.36
Aug 22 18:04:12.015754 n-d-852737-6 devstack@placement-api.service[107679]: [pid: 107679|app: 0|req: 196/389] 10.222.0.27 () {60 vars in 1506 bytes} [Mon Aug 22 18:04:11 2022] GET /placement/allocation_candidates?limit=1000&resources=DISK_GB%3A1%2CMEMORY_MB%3A1024%2CVCPU%3A1&root_required=%21COMPUTE_STATUS_DISABLED => generated 1309 bytes in 177 msecs (HTTP/1.1 200) 8 headers in 297 bytes (1 switches on core 0)
Aug 22 18:04:12.090593 n-d-852737-6 devstack@placement-api.service[107680]: DEBUG placement.requestlog [req-6adbc8c1-5dff-4a48-a6cf-99af9fbeb81b req-0c4887fe-7e66-49a3-b8b1-a6a9a4812ca9 None None] Starting request: 10.222.0.83 "DELETE /placement/allocations/80e59778-c500-4538-bb9a-61c5214b0142" {{(pid=107680) __call__ /opt/stack/placement/placement/requestlog.py:55}}
Aug 22 18:04:12.138186 n-d-852737-6 devstack@placement-api.service[107680]: DEBUG placement.handlers.allocation [req-6adbc8c1-5dff-4a48-a6cf-99af9fbeb81b req-0c4887fe-7e66-49a3-b8b1-a6a9a4812ca9 service placement] Successfully deleted allocations [, , ] {{(pid=107680) delete_allocations /opt/stack/placement/placement/handlers/allocation.py:627}}
Aug 22 18:04:12.139118 n-d-852737-6 devstack@placement-api.service[107680]: INFO placement.requestlog [req-6adbc8c1-5dff-4a48-a6cf-99af9fbeb81b req-0c4887fe-7e66-49a3-b8b1-a6a9a4812ca9 service placement] 10.222.0.83 "DELETE /placement/allocations/80e59778-c500-4538-bb9a-61c5214b0142" status: 204 len: 0 microversion: 1.0
Aug 22 18:04:12.140680 n-d-852737-6 devstack@placement-api.service[107680]: [pid: 107680|app: 0|req: 194/390] 10.222.0.83 () {60 vars in 1355 bytes} [Mon Aug 22 18:04:12 2022] DELETE /placement/allocations/80e59778-c500-4538-bb9a-61c5214b0142 => generated 0 bytes in 50 msecs (HTTP/1.1 204) 5 headers in 198 bytes (1 switches on core 0)
Aug 22 18:04:12.184093 n-d-852737-6 devstack@placement-api.service[107679]: DEBUG placement.requestlog [req-ff402327-c6b7-44c9-bee7-93375acff452 req-4b95183e-183b-48dd-a21d-30c7858b3cb9 None None] Starting request: 10.222.0.27 "GET /placement/allocations/91e07956-fe44-4df1-bae9-b5317d558e9a" {{(pid=107679) __call__ /opt/stack/placement/placement/requestlog.py:55}}
Aug 22 18:04:12.209998 n-d-852737-6 devstack@placement-api.service[107679]: INFO placement.requestlog [req-ff402327-c6b7-44c9-bee7-93375acff452 req-4b95183e-183b-48dd-a21d-30c7858b3cb9 service placement] 10.222.0.27 "GET /placement/allocations/91e07956-fe44-4df1-bae9-b5317d558e9a" status: 200 len: 19 microversion: 1.28
Aug 22 18:04:12.218632 n-d-852737-6 devstack@placement-api.service[107680]: DEBUG placement.requestlog [req-ff402327-c6b7-44c9-bee7-93375acff452 req-d6eb9299-a72b-4b07-b2c7-155c1a7ac6b6 None None] Starting request: 10.222.0.27 "PUT /placement/allocations/91e07956-fe44-4df1-bae9-b5317d558e9a" {{(pid=107680) __call__ /opt/stack/placement/placement/requestlog.py:55}}
Aug 22 18:04:12.249381 n-d-852737-6 devstack@placement-api.service[107679]: [pid: 107679|app: 0|req: 197/391] 10.222.0.27 () {60 vars in 1380 bytes} [Mon Aug 22 18:04:12 2022] GET /placement/allocations/91e07956-fe44-4df1-bae9-b5317d558e9a => generated 19 bytes in 65 msecs (HTTP/1.1 200) 8 headers in 295 bytes (1 switches on core 0)
Aug 22 18:04:12.481844 n-d-852737-6 devstack@placement-api.service[107680]: DEBUG dbcounter [-] [107680] Writing DB stats placement:SELECT=69,placement:INSERT=16,placement:DELETE=9,placement:UPDATE=6 {{(pid=107680) stat_writer /usr/local/lib/python3.8/dist-packages/dbcounter.py:114}}
Aug 22 18:04:12.494170 n-d-852737-6 devstack@placement-api.service[107680]: DEBUG placement.handlers.allocation [req-ff402327-c6b7-44c9-bee7-93375acff452 req-d6eb9299-a72b-4b07-b2c7-155c1a7ac6b6 service placement] Successfully wrote allocations [, , ] {{(pid=107680) _update_consumers_and_create_allocations /opt/stack/placement/placement/handlers/allocation.py:462}}
Aug 22 18:04:12.501316 n-d-852737-6 devstack@placement-api.service[107680]: INFO placement.requestlog [req-ff402327-c6b7-44c9-bee7-93375acff452 req-d6eb9299-a72b-4b07-b2c7-155c1a7ac6b6 service placement] 10.222.0.27 "PUT /placement/allocations/91e07956-fe44-4df1-bae9-b5317d558e9a" status: 204 len: 0 microversion: 1.36
Aug 22 18:04:12.510417 n-d-852737-6 devstack@placement-api.service[107680]: [pid: 107680|app: 0|req: 195/392] 10.222.0.27 () {64 vars in 1433 bytes} [Mon Aug 22 18:04:12 2022] PUT /placement/allocations/91e07956-fe44-4df1-bae9-b5317d558e9a => generated 0 bytes in 283 msecs (HTTP/1.1 204) 5 headers in 199 bytes (2 switches on core 0)
Aug 22 18:04:13.313370 n-d-852737-6 devstack@placement-api.service[107679]: DEBUG placement.requestlog [req-ff402327-c6b7-44c9-bee7-93375acff452 req-a5a5052f-f1f9-4b44-aa79-37ba2086bc9d None None] Starting request: 10.222.0.83 "GET /placement/allocations/91e07956-fe44-4df1-bae9-b5317d558e9a" {{(pid=107679) __call__ /opt/stack/placement/placement/requestlog.py:55}}
Aug 22 18:04:13.359049 n-d-852737-6 devstack@placement-api.service[107679]: INFO placement.requestlog [req-ff402327-c6b7-44c9-bee7-93375acff452 req-a5a5052f-f1f9-4b44-aa79-37ba2086bc9d service placement] 10.222.0.83 "GET /placement/allocations/91e07956-fe44-4df1-bae9-b5317d558e9a" status: 200 len: 259 microversion: 1.28
Aug 22 18:04:13.364411 n-d-852737-6 devstack@placement-api.service[107679]: [pid: 107679|app: 0|req: 198/393] 10.222.0.83 () {60 vars in 1377 bytes} [Mon Aug 22 18:04:13 2022] GET /placement/allocations/91e07956-fe44-4df1-bae9-b5317d558e9a => generated 259 bytes in 50 msecs (HTTP/1.1 200) 8 headers in 296 bytes (1 switches on core 0)
Aug 22 18:04:19.667455 n-d-852737-6 devstack@placement-api.service[107680]: DEBUG placement.requestlog [req-7eb38000-b7da-4041-96dc-b33c15de561a req-43b38c36-ac01-4ad4-8891-4a3fdf767f7e None None] Starting request: 10.222.0.57 "DELETE /placement/allocations/c0a3f58b-faa1-47ba-81e7-e0e289b5b4e6" {{(pid=107680) __call__ /opt/stack/placement/placement/requestlog.py:55}}
Aug 22 18:04:19.742489 n-d-852737-6 devstack@placement-api.service[107680]: DEBUG placement.handlers.allocation [req-7eb38000-b7da-4041-96dc-b33c15de561a req-43b38c36-ac01-4ad4-8891-4a3fdf767f7e service placement] Successfully deleted allocations [, , ] {{(pid=107680) delete_allocations /opt/stack/placement/placement/handlers/allocation.py:627}}
Aug 22 18:04:19.743413 n-d-852737-6 devstack@placement-api.service[107680]: INFO placement.requestlog [req-7eb38000-b7da-4041-96dc-b33c15de561a req-43b38c36-ac01-4ad4-8891-4a3fdf767f7e service placement] 10.222.0.57 "DELETE /placement/allocations/c0a3f58b-faa1-47ba-81e7-e0e289b5b4e6" status: 204 len: 0 microversion: 1.0
Aug 22 18:04:19.744372 n-d-852737-6 devstack@placement-api.service[107680]: [pid: 107680|app: 0|req: 196/394] 10.222.0.57 () {60 vars in 1355 bytes} [Mon Aug 22 18:04:19 2022] DELETE /placement/allocations/c0a3f58b-faa1-47ba-81e7-e0e289b5b4e6 => generated 0 bytes in 78 msecs (HTTP/1.1 204) 5 headers in 198 bytes (1 switches on core 0)
Aug 22 18:04:20.698807 n-d-852737-6 devstack@placement-api.service[107679]: DEBUG placement.requestlog [req-9f940dce-a8d2-4c0e-bcf0-a4719d80b026 req-c724a2a5-c0d4-4899-b83a-5489662d484b None None] Starting request: 10.222.0.83 "DELETE /placement/allocations/842e70ac-b5dd-4fe0-af4a-4b68b2e968ed" {{(pid=107679) __call__ /opt/stack/placement/placement/requestlog.py:55}}
Aug 22 18:04:20.759713 n-d-852737-6 devstack@placement-api.service[107679]: DEBUG placement.handlers.allocation [req-9f940dce-a8d2-4c0e-bcf0-a4719d80b026 req-c724a2a5-c0d4-4899-b83a-5489662d484b service placement] Successfully deleted allocations [, , ] {{(pid=107679) delete_allocations /opt/stack/placement/placement/handlers/allocation.py:627}}
Aug 22 18:04:20.763537 n-d-852737-6 devstack@placement-api.service[107679]: INFO placement.requestlog [req-9f940dce-a8d2-4c0e-bcf0-a4719d80b026 req-c724a2a5-c0d4-4899-b83a-5489662d484b service placement] 10.222.0.83 "DELETE /placement/allocations/842e70ac-b5dd-4fe0-af4a-4b68b2e968ed" status: 204 len: 0 microversion: 1.0
Aug 22 18:04:20.764407 n-d-852737-6 devstack@placement-api.service[107679]: [pid: 107679|app: 0|req: 199/395] 10.222.0.83 () {60 vars in 1355 bytes} [Mon Aug 22 18:04:20 2022] DELETE /placement/allocations/842e70ac-b5dd-4fe0-af4a-4b68b2e968ed => generated 0 bytes in 66 msecs (HTTP/1.1 204) 5 headers in 198 bytes (1 switches on core 0)
Aug 22 18:04:21.576243 n-d-852737-6 devstack@placement-api.service[107680]: DEBUG placement.requestlog [None req-da29389f-61e2-4b92-a77a-3e8eb34f18ff None None] Starting request: 10.222.0.27 "GET /placement/resource_providers/ec383b0e-84d0-40ec-bc11-128791ce21a2/aggregates" {{(pid=107680) __call__ /opt/stack/placement/placement/requestlog.py:55}}
Aug 22 18:04:21.597855 n-d-852737-6 devstack@placement-api.service[107679]: DEBUG placement.requestlog [req-51ae5240-24d7-4e6a-aff9-520afc631fa6 req-6623fc56-013c-4ec8-a012-010b2edf2939 None None] Starting request: 10.222.0.27 "GET /placement/allocations/88981fcc-da36-4a71-b1a4-80f3b0009c93" {{(pid=107679) __call__ /opt/stack/placement/placement/requestlog.py:55}}
Aug 22 18:04:21.599920 n-d-852737-6 devstack@placement-api.service[107680]: INFO placement.requestlog [None req-da29389f-61e2-4b92-a77a-3e8eb34f18ff service placement] 10.222.0.27 "GET /placement/resource_providers/ec383b0e-84d0-40ec-bc11-128791ce21a2/aggregates" status: 404 len: 235 microversion: 1.1
Aug 22 18:04:21.600880 n-d-852737-6 devstack@placement-api.service[107680]: [pid: 107680|app: 0|req: 197/396] 10.222.0.27 () {58 vars in 1362 bytes} [Mon Aug 22 18:04:21 2022] GET /placement/resource_providers/ec383b0e-84d0-40ec-bc11-128791ce21a2/aggregates => generated 235 bytes in 26 msecs (HTTP/1.1 404) 5 headers in 202 bytes (1 switches on core 0)
