Aug 11 05:20:45.537892 n-d-852737-2 devstack@placement-api.service[107798]: [pid: 107798|app: 0|req: 284/568] 10.222.0.15 () {64 vars in 1433 bytes} [Thu Aug 11 05:20:45 2022] PUT /placement/allocations/4fe35e1f-1135-42a2-8bb7-8762ee4f08a2 => generated 0 bytes in 171 msecs (HTTP/1.1 204) 5 headers in 199 bytes (1 switches on core 0)
Aug 11 05:20:46.120171 n-d-852737-2 devstack@placement-api.service[107797]: DEBUG placement.requestlog [req-c6339f48-143e-4749-8e99-d0eb9eb5db80 req-2c1695b8-68d5-448e-bad5-15a4d3543203 None None] Starting request: 10.222.0.16 "GET /placement/allocations/4fe35e1f-1135-42a2-8bb7-8762ee4f08a2" {{(pid=107797) __call__ /opt/stack/placement/placement/requestlog.py:55}}
Aug 11 05:20:46.163868 n-d-852737-2 devstack@placement-api.service[107797]: INFO placement.requestlog [req-c6339f48-143e-4749-8e99-d0eb9eb5db80 req-2c1695b8-68d5-448e-bad5-15a4d3543203 service placement] 10.222.0.16 "GET /placement/allocations/4fe35e1f-1135-42a2-8bb7-8762ee4f08a2" status: 200 len: 259 microversion: 1.28
Aug 11 05:20:46.164262 n-d-852737-2 devstack@placement-api.service[107797]: [pid: 107797|app: 0|req: 285/569] 10.222.0.16 () {60 vars in 1377 bytes} [Thu Aug 11 05:20:46 2022] GET /placement/allocations/4fe35e1f-1135-42a2-8bb7-8762ee4f08a2 => generated 259 bytes in 45 msecs (HTTP/1.1 200) 8 headers in 296 bytes (1 switches on core 0)
Aug 11 05:20:48.395367 n-d-852737-2 devstack@placement-api.service[107798]: DEBUG placement.requestlog [req-c782c927-7ae5-4d00-b0d6-a8fa7687d433 req-c51e6739-46f2-4601-9bae-a50b1f19e34f None None] Starting request: 10.222.0.15 "GET /placement/allocation_candidates?limit=1000&resources=DISK_GB%3A1%2CMEMORY_MB%3A1024%2CVCPU%3A1&root_required=%21COMPUTE_STATUS_DISABLED" {{(pid=107798) __call__ /opt/stack/placement/placement/requestlog.py:55}}
Aug 11 05:20:48.540292 n-d-852737-2 devstack@placement-api.service[107798]: DEBUG placement.objects.research_context [req-c782c927-7ae5-4d00-b0d6-a8fa7687d433 req-c51e6739-46f2-4601-9bae-a50b1f19e34f service placement] getting providers with 1 DISK_GB {{(pid=107798) __init__ /opt/stack/placement/placement/objects/research_context.py:136}}
Aug 11 05:20:48.554715 n-d-852737-2 devstack@placement-api.service[107798]: DEBUG placement.objects.research_context [req-c782c927-7ae5-4d00-b0d6-a8fa7687d433 req-c51e6739-46f2-4601-9bae-a50b1f19e34f service placement] getting providers with 1024 MEMORY_MB {{(pid=107798) __init__ /opt/stack/placement/placement/objects/research_context.py:136}}
Aug 11 05:20:48.566767 n-d-852737-2 devstack@placement-api.service[107798]: DEBUG placement.objects.research_context [req-c782c927-7ae5-4d00-b0d6-a8fa7687d433 req-c51e6739-46f2-4601-9bae-a50b1f19e34f service placement] getting providers with 1 VCPU {{(pid=107798) __init__ /opt/stack/placement/placement/objects/research_context.py:136}}
Aug 11 05:20:48.581449 n-d-852737-2 devstack@placement-api.service[107798]: DEBUG placement.objects.research_context [req-c782c927-7ae5-4d00-b0d6-a8fa7687d433 req-c51e6739-46f2-4601-9bae-a50b1f19e34f service placement] found 2 providers with available 1 DISK_GB {{(pid=107798) get_provider_ids_matching /opt/stack/placement/placement/objects/research_context.py:563}}
Aug 11 05:20:48.582064 n-d-852737-2 devstack@placement-api.service[107798]: DEBUG placement.objects.research_context [req-c782c927-7ae5-4d00-b0d6-a8fa7687d433 req-c51e6739-46f2-4601-9bae-a50b1f19e34f service placement] found 2 providers with available 1024 MEMORY_MB {{(pid=107798) get_provider_ids_matching /opt/stack/placement/placement/objects/research_context.py:563}}
Aug 11 05:20:48.582673 n-d-852737-2 devstack@placement-api.service[107798]: DEBUG placement.objects.research_context [req-c782c927-7ae5-4d00-b0d6-a8fa7687d433 req-c51e6739-46f2-4601-9bae-a50b1f19e34f service placement] found 2 providers after filtering by previous result {{(pid=107798) get_provider_ids_matching /opt/stack/placement/placement/objects/research_context.py:594}}
Aug 11 05:20:48.583122 n-d-852737-2 devstack@placement-api.service[107798]: DEBUG placement.objects.research_context [req-c782c927-7ae5-4d00-b0d6-a8fa7687d433 req-c51e6739-46f2-4601-9bae-a50b1f19e34f service placement] found 2 providers with available 1 VCPU {{(pid=107798) get_provider_ids_matching /opt/stack/placement/placement/objects/research_context.py:563}}
Aug 11 05:20:48.583574 n-d-852737-2 devstack@placement-api.service[107798]: DEBUG placement.objects.research_context [req-c782c927-7ae5-4d00-b0d6-a8fa7687d433 req-c51e6739-46f2-4601-9bae-a50b1f19e34f service placement] found 2 providers after filtering by previous result {{(pid=107798) get_provider_ids_matching /opt/stack/placement/placement/objects/research_context.py:594}}
Aug 11 05:20:48.620992 n-d-852737-2 devstack@placement-api.service[107798]: DEBUG placement.objects.allocation_candidate [req-c782c927-7ae5-4d00-b0d6-a8fa7687d433 req-c51e6739-46f2-4601-9bae-a50b1f19e34f service placement] RequestGroup(use_same_provider=False, resources={DISK_GB:1, MEMORY_MB:1024, VCPU:1}, traits=(), aggregates=[]) (suffix '') returned 2 matches {{(pid=107798) _get_by_requests /opt/stack/placement/placement/objects/allocation_candidate.py:156}}
Aug 11 05:20:48.621941 n-d-852737-2 devstack@placement-api.service[107798]: DEBUG placement.objects.allocation_candidate [req-c782c927-7ae5-4d00-b0d6-a8fa7687d433 req-c51e6739-46f2-4601-9bae-a50b1f19e34f service placement] Merging candidates yields 2 allocation requests and 2 provider summaries {{(pid=107798) _merge_candidates /opt/stack/placement/placement/objects/allocation_candidate.py:809}}
Aug 11 05:20:48.630124 n-d-852737-2 devstack@placement-api.service[107798]: INFO placement.requestlog [req-c782c927-7ae5-4d00-b0d6-a8fa7687d433 req-c51e6739-46f2-4601-9bae-a50b1f19e34f service placement] 10.222.0.15 "GET /placement/allocation_candidates?limit=1000&resources=DISK_GB%3A1%2CMEMORY_MB%3A1024%2CVCPU%3A1&root_required=%21COMPUTE_STATUS_DISABLED" status: 200 len: 1309 microversion: 1.36
Aug 11 05:20:48.631162 n-d-852737-2 devstack@placement-api.service[107798]: [pid: 107798|app: 0|req: 285/570] 10.222.0.15 () {60 vars in 1506 bytes} [Thu Aug 11 05:20:48 2022] GET /placement/allocation_candidates?limit=1000&resources=DISK_GB%3A1%2CMEMORY_MB%3A1024%2CVCPU%3A1&root_required=%21COMPUTE_STATUS_DISABLED => generated 1309 bytes in 236 msecs (HTTP/1.1 200) 8 headers in 297 bytes (1 switches on core 0)
Aug 11 05:20:48.718468 n-d-852737-2 devstack@placement-api.service[107797]: DEBUG placement.requestlog [req-c782c927-7ae5-4d00-b0d6-a8fa7687d433 req-17335a96-1723-42d0-b2a9-713bfe4b27ea None None] Starting request: 10.222.0.15 "GET /placement/allocations/6f760c9e-e510-43c8-8eb6-eb1c42f0b876" {{(pid=107797) __call__ /opt/stack/placement/placement/requestlog.py:55}}
Aug 11 05:20:48.732677 n-d-852737-2 devstack@placement-api.service[107797]: INFO placement.requestlog [req-c782c927-7ae5-4d00-b0d6-a8fa7687d433 req-17335a96-1723-42d0-b2a9-713bfe4b27ea service placement] 10.222.0.15 "GET /placement/allocations/6f760c9e-e510-43c8-8eb6-eb1c42f0b876" status: 200 len: 19 microversion: 1.28
Aug 11 05:20:48.733597 n-d-852737-2 devstack@placement-api.service[107797]: [pid: 107797|app: 0|req: 286/571] 10.222.0.15 () {60 vars in 1380 bytes} [Thu Aug 11 05:20:48 2022] GET /placement/allocations/6f760c9e-e510-43c8-8eb6-eb1c42f0b876 => generated 19 bytes in 15 msecs (HTTP/1.1 200) 8 headers in 295 bytes (1 switches on core 0)
Aug 11 05:20:48.741456 n-d-852737-2 devstack@placement-api.service[107798]: DEBUG placement.requestlog [req-c782c927-7ae5-4d00-b0d6-a8fa7687d433 req-54133ac2-d31d-4ce0-ac2e-f144f0dc20c9 None None] Starting request: 10.222.0.15 "PUT /placement/allocations/6f760c9e-e510-43c8-8eb6-eb1c42f0b876" {{(pid=107798) __call__ /opt/stack/placement/placement/requestlog.py:55}}
Aug 11 05:20:48.859418 n-d-852737-2 devstack@placement-api.service[107798]: DEBUG placement.handlers.allocation [req-c782c927-7ae5-4d00-b0d6-a8fa7687d433 req-54133ac2-d31d-4ce0-ac2e-f144f0dc20c9 service placement] Successfully wrote allocations [, , ] {{(pid=107798) _update_consumers_and_create_allocations /opt/stack/placement/placement/handlers/allocation.py:462}}
Aug 11 05:20:48.864896 n-d-852737-2 devstack@placement-api.service[107798]: INFO placement.requestlog [req-c782c927-7ae5-4d00-b0d6-a8fa7687d433 req-54133ac2-d31d-4ce0-ac2e-f144f0dc20c9 service placement] 10.222.0.15 "PUT /placement/allocations/6f760c9e-e510-43c8-8eb6-eb1c42f0b876" status: 204 len: 0 microversion: 1.36
Aug 11 05:20:48.882619 n-d-852737-2 devstack@placement-api.service[107798]: [pid: 107798|app: 0|req: 286/572] 10.222.0.15 () {64 vars in 1433 bytes} [Thu Aug 11 05:20:48 2022] PUT /placement/allocations/6f760c9e-e510-43c8-8eb6-eb1c42f0b876 => generated 0 bytes in 126 msecs (HTTP/1.1 204) 5 headers in 199 bytes (1 switches on core 0)
Aug 11 05:20:49.495211 n-d-852737-2 devstack@placement-api.service[107797]: DEBUG placement.requestlog [req-c782c927-7ae5-4d00-b0d6-a8fa7687d433 req-b218d88d-1791-4081-b3e3-24111bebbd71 None None] Starting request: 10.222.0.16 "GET /placement/allocations/6f760c9e-e510-43c8-8eb6-eb1c42f0b876" {{(pid=107797) __call__ /opt/stack/placement/placement/requestlog.py:55}}
Aug 11 05:20:49.530096 n-d-852737-2 devstack@placement-api.service[107797]: INFO placement.requestlog [req-c782c927-7ae5-4d00-b0d6-a8fa7687d433 req-b218d88d-1791-4081-b3e3-24111bebbd71 service placement] 10.222.0.16 "GET /placement/allocations/6f760c9e-e510-43c8-8eb6-eb1c42f0b876" status: 200 len: 259 microversion: 1.28
Aug 11 05:20:49.531418 n-d-852737-2 devstack@placement-api.service[107797]: [pid: 107797|app: 0|req: 287/573] 10.222.0.16 () {60 vars in 1377 bytes} [Thu Aug 11 05:20:49 2022] GET /placement/allocations/6f760c9e-e510-43c8-8eb6-eb1c42f0b876 => generated 259 bytes in 36 msecs (HTTP/1.1 200) 8 headers in 296 bytes (1 switches on core 0)
Aug 11 05:20:52.610727 n-d-852737-2 devstack@placement-api.service[107798]: DEBUG placement.requestlog [req-1eea409a-d7de-4bd3-9d09-e039b3ca9d37 req-c288e37a-01a6-47de-83bd-65b2ae13f1d8 None None] Starting request: 10.222.0.16 "DELETE /placement/allocations/e047441f-c4f6-4960-b646-a911b02e7ba7" {{(pid=107798) __call__ /opt/stack/placement/placement/requestlog.py:55}}
Aug 11 05:20:52.672169 n-d-852737-2 devstack@placement-api.service[107798]: DEBUG placement.handlers.allocation [req-1eea409a-d7de-4bd3-9d09-e039b3ca9d37 req-c288e37a-01a6-47de-83bd-65b2ae13f1d8 service placement] Successfully deleted allocations [, , ] {{(pid=107798) delete_allocations /opt/stack/placement/placement/handlers/allocation.py:627}}
Aug 11 05:20:52.673236 n-d-852737-2 devstack@placement-api.service[107798]: INFO placement.requestlog [req-1eea409a-d7de-4bd3-9d09-e039b3ca9d37 req-c288e37a-01a6-47de-83bd-65b2ae13f1d8 service placement] 10.222.0.16 "DELETE /placement/allocations/e047441f-c4f6-4960-b646-a911b02e7ba7" status: 204 len: 0 microversion: 1.0
Aug 11 05:20:52.674150 n-d-852737-2 devstack@placement-api.service[107798]: [pid: 107798|app: 0|req: 287/574] 10.222.0.16 () {60 vars in 1355 bytes} [Thu Aug 11 05:20:52 2022] DELETE /placement/allocations/e047441f-c4f6-4960-b646-a911b02e7ba7 => generated 0 bytes in 64 msecs (HTTP/1.1 204) 5 headers in 198 bytes (2 switches on core 0)
Aug 11 05:20:57.851029 n-d-852737-2 devstack@placement-api.service[107797]: DEBUG placement.requestlog [req-c2e3c416-8560-44da-a938-d31822c1f5fb req-daa32acf-35c4-4186-af1c-d1f9065bef37 None None] Starting request: 10.222.0.30 "DELETE /placement/allocations/a2a1ebf6-53c1-46da-a502-1df3a48359e3" {{(pid=107797) __call__ /opt/stack/placement/placement/requestlog.py:55}}
Aug 11 05:20:57.908442 n-d-852737-2 devstack@placement-api.service[107797]: DEBUG placement.handlers.allocation [req-c2e3c416-8560-44da-a938-d31822c1f5fb req-daa32acf-35c4-4186-af1c-d1f9065bef37 service placement] Successfully deleted allocations [, , ] {{(pid=107797) delete_allocations /opt/stack/placement/placement/handlers/allocation.py:627}}
Aug 11 05:20:57.908904 n-d-852737-2 devstack@placement-api.service[107797]: INFO placement.requestlog [req-c2e3c416-8560-44da-a938-d31822c1f5fb req-daa32acf-35c4-4186-af1c-d1f9065bef37 service placement] 10.222.0.30 "DELETE /placement/allocations/a2a1ebf6-53c1-46da-a502-1df3a48359e3" status: 204 len: 0 microversion: 1.0
Aug 11 05:20:57.909555 n-d-852737-2 devstack@placement-api.service[107797]: [pid: 107797|app: 0|req: 288/575] 10.222.0.30 () {60 vars in 1355 bytes} [Thu Aug 11 05:20:57 2022] DELETE /placement/allocations/a2a1ebf6-53c1-46da-a502-1df3a48359e3 => generated 0 bytes in 59 msecs (HTTP/1.1 204) 5 headers in 198 bytes (1 switches on core 0)
Aug 11 05:20:58.429516 n-d-852737-2 devstack@placement-api.service[107798]: DEBUG placement.requestlog [req-3830040f-35c7-435b-83aa-b42fd0ec368d req-676ac5ee-ae36-41de-81b1-33ffc4a7ba3d None None] Starting request: 10.222.0.16 "DELETE /placement/allocations/b08f4e21-ed35-4430-ac9f-f88c5ea9a8ab" {{(pid=107798) __call__ /opt/stack/placement/placement/requestlog.py:55}}
Aug 11 05:20:58.497314 n-d-852737-2 devstack@placement-api.service[107798]: DEBUG placement.handlers.allocation [req-3830040f-35c7-435b-83aa-b42fd0ec368d req-676ac5ee-ae36-41de-81b1-33ffc4a7ba3d service placement] Successfully deleted allocations [, , ] {{(pid=107798) delete_allocations /opt/stack/placement/placement/handlers/allocation.py:627}}
Aug 11 05:20:58.504204 n-d-852737-2 devstack@placement-api.service[107798]: INFO placement.requestlog [req-3830040f-35c7-435b-83aa-b42fd0ec368d req-676ac5ee-ae36-41de-81b1-33ffc4a7ba3d service placement] 10.222.0.16 "DELETE /placement/allocations/b08f4e21-ed35-4430-ac9f-f88c5ea9a8ab" status: 204 len: 0 microversion: 1.0
Aug 11 05:20:58.504791 n-d-852737-2 devstack@placement-api.service[107798]: [pid: 107798|app: 0|req: 288/576] 10.222.0.16 () {60 vars in 1355 bytes} [Thu Aug 11 05:20:58 2022] DELETE /placement/allocations/b08f4e21-ed35-4430-ac9f-f88c5ea9a8ab => generated 0 bytes in 76 msecs (HTTP/1.1 204) 5 headers in 198 bytes (1 switches on core 0)
Aug 11 05:20:59.250875 n-d-852737-2 devstack@placement-api.service[107797]: DEBUG placement.requestlog [req-b313ad91-b2aa-4fb7-8034-a73de605b4ee req-785f0aa3-d975-4ad0-9224-8643ec8f0d8a None None] Starting request: 10.222.0.30 "DELETE /placement/allocations/ed7b5837-f24e-4c0f-a7e3-d17b4a3557ce" {{(pid=107797) __call__ /opt/stack/placement/placement/requestlog.py:55}}
Aug 11 05:20:59.305411 n-d-852737-2 devstack@placement-api.service[107797]: DEBUG placement.handlers.allocation [req-b313ad91-b2aa-4fb7-8034-a73de605b4ee req-785f0aa3-d975-4ad0-9224-8643ec8f0d8a service placement] Successfully deleted allocations [, , ] {{(pid=107797) delete_allocations /opt/stack/placement/placement/handlers/allocation.py:627}}
Aug 11 05:20:59.306194 n-d-852737-2 devstack@placement-api.service[107797]: INFO placement.requestlog [req-b313ad91-b2aa-4fb7-8034-a73de605b4ee req-785f0aa3-d975-4ad0-9224-8643ec8f0d8a service placement] 10.222.0.30 "DELETE /placement/allocations/ed7b5837-f24e-4c0f-a7e3-d17b4a3557ce" status: 204 len: 0 microversion: 1.0
Aug 11 05:20:59.306730 n-d-852737-2 devstack@placement-api.service[107797]: [pid: 107797|app: 0|req: 289/577] 10.222.0.30 () {60 vars in 1355 bytes} [Thu Aug 11 05:20:59 2022] DELETE /placement/allocations/ed7b5837-f24e-4c0f-a7e3-d17b4a3557ce => generated 0 bytes in 56 msecs (HTTP/1.1 204) 5 headers in 198 bytes (1 switches on core 0)
Aug 11 05:21:00.772410 n-d-852737-2 devstack@placement-api.service[107798]: DEBUG placement.requestlog [req-1b3f3b88-b538-4113-b35b-4d933d59ffbc req-cae59e49-aa40-4919-93ed-2309054b2085 None None] Starting request: 10.222.0.15 "GET /placement/allocation_candidates?limit=1000&resources=DISK_GB%3A1%2CMEMORY_MB%3A1024%2CVCPU%3A1&root_required=%21COMPUTE_STATUS_DISABLED" {{(pid=107798) __call__ /opt/stack/placement/placement/requestlog.py:55}}
Aug 11 05:21:00.820115 n-d-852737-2 devstack@placement-api.service[107798]: DEBUG dbcounter [-] [107798] Writing DB stats placement:SELECT=78,placement:DELETE=10,placement:INSERT=8,placement:UPDATE=4 {{(pid=107798) stat_writer /usr/local/lib/python3.8/dist-packages/dbcounter.py:114}}
Aug 11 05:21:00.830804 n-d-852737-2 devstack@placement-api.service[107798]: DEBUG placement.objects.research_context [req-1b3f3b88-b538-4113-b35b-4d933d59ffbc req-cae59e49-aa40-4919-93ed-2309054b2085 service placement] getting providers with 1 DISK_GB {{(pid=107798) __init__ /opt/stack/placement/placement/objects/research_context.py:136}}
Aug 11 05:21:00.834159 n-d-852737-2 devstack@placement-api.service[107798]: DEBUG placement.objects.research_context [req-1b3f3b88-b538-4113-b35b-4d933d59ffbc req-cae59e49-aa40-4919-93ed-2309054b2085 service placement] getting providers with 1024 MEMORY_MB {{(pid=107798) __init__ /opt/stack/placement/placement/objects/research_context.py:136}}
Aug 11 05:21:00.841532 n-d-852737-2 devstack@placement-api.service[107798]: DEBUG placement.objects.research_context [req-1b3f3b88-b538-4113-b35b-4d933d59ffbc req-cae59e49-aa40-4919-93ed-2309054b2085 service placement] getting providers with 1 VCPU {{(pid=107798) __init__ /opt/stack/placement/placement/objects/research_context.py:136}}
Aug 11 05:21:00.856876 n-d-852737-2 devstack@placement-api.service[107798]: DEBUG placement.objects.research_context [req-1b3f3b88-b538-4113-b35b-4d933d59ffbc req-cae59e49-aa40-4919-93ed-2309054b2085 service placement] found 2 providers with available 1 DISK_GB {{(pid=107798) get_provider_ids_matching /opt/stack/placement/placement/objects/research_context.py:563}}
Aug 11 05:21:00.857274 n-d-852737-2 devstack@placement-api.service[107798]: DEBUG placement.objects.research_context [req-1b3f3b88-b538-4113-b35b-4d933d59ffbc req-cae59e49-aa40-4919-93ed-2309054b2085 service placement] found 2 providers with available 1024 MEMORY_MB {{(pid=107798) get_provider_ids_matching /opt/stack/placement/placement/objects/research_context.py:563}}
Aug 11 05:21:00.858128 n-d-852737-2 devstack@placement-api.service[107798]: DEBUG placement.objects.research_context [req-1b3f3b88-b538-4113-b35b-4d933d59ffbc req-cae59e49-aa40-4919-93ed-2309054b2085 service placement] found 2 providers after filtering by previous result {{(pid=107798) get_provider_ids_matching /opt/stack/placement/placement/objects/research_context.py:594}}
Aug 11 05:21:00.858490 n-d-852737-2 devstack@placement-api.service[107798]: DEBUG placement.objects.research_context [req-1b3f3b88-b538-4113-b35b-4d933d59ffbc req-cae59e49-aa40-4919-93ed-2309054b2085 service placement] found 2 providers with available 1 VCPU {{(pid=107798) get_provider_ids_matching /opt/stack/placement/placement/objects/research_context.py:563}}
Aug 11 05:21:00.859108 n-d-852737-2 devstack@placement-api.service[107798]: DEBUG placement.objects.research_context [req-1b3f3b88-b538-4113-b35b-4d933d59ffbc req-cae59e49-aa40-4919-93ed-2309054b2085 service placement] found 2 providers after filtering by previous result {{(pid=107798) get_provider_ids_matching /opt/stack/placement/placement/objects/research_context.py:594}}
Aug 11 05:21:00.881936 n-d-852737-2 devstack@placement-api.service[107798]: DEBUG placement.objects.allocation_candidate [req-1b3f3b88-b538-4113-b35b-4d933d59ffbc req-cae59e49-aa40-4919-93ed-2309054b2085 service placement] RequestGroup(use_same_provider=False, resources={DISK_GB:1, MEMORY_MB:1024, VCPU:1}, traits=(), aggregates=[]) (suffix '') returned 2 matches {{(pid=107798) _get_by_requests /opt/stack/placement/placement/objects/allocation_candidate.py:156}}
Aug 11 05:21:00.882386 n-d-852737-2 devstack@placement-api.service[107798]: DEBUG placement.objects.allocation_candidate [req-1b3f3b88-b538-4113-b35b-4d933d59ffbc req-cae59e49-aa40-4919-93ed-2309054b2085 service placement] Merging candidates yields 2 allocation requests and 2 provider summaries {{(pid=107798) _merge_candidates /opt/stack/placement/placement/objects/allocation_candidate.py:809}}
Aug 11 05:21:00.884308 n-d-852737-2 devstack@placement-api.service[107798]: INFO placement.requestlog [req-1b3f3b88-b538-4113-b35b-4d933d59ffbc req-cae59e49-aa40-4919-93ed-2309054b2085 service placement] 10.222.0.15 "GET /placement/allocation_candidates?limit=1000&resources=DISK_GB%3A1%2CMEMORY_MB%3A1024%2CVCPU%3A1&root_required=%21COMPUTE_STATUS_DISABLED" status: 200 len: 1309 microversion: 1.36
Aug 11 05:21:00.889542 n-d-852737-2 devstack@placement-api.service[107798]: [pid: 107798|app: 0|req: 289/578] 10.222.0.15 () {60 vars in 1506 bytes} [Thu Aug 11 05:21:00 2022] GET /placement/allocation_candidates?limit=1000&resources=DISK_GB%3A1%2CMEMORY_MB%3A1024%2CVCPU%3A1&root_required=%21COMPUTE_STATUS_DISABLED => generated 1309 bytes in 117 msecs (HTTP/1.1 200) 8 headers in 297 bytes (1 switches on core 0)
Aug 11 05:21:00.947501 n-d-852737-2 devstack@placement-api.service[107797]: DEBUG placement.requestlog [req-1b3f3b88-b538-4113-b35b-4d933d59ffbc req-4032f904-9574-4246-a7a6-2aa3764bd00f None None] Starting request: 10.222.0.15 "GET /placement/allocations/bb7d0c83-0279-4188-88ca-ac780de36067" {{(pid=107797) __call__ /opt/stack/placement/placement/requestlog.py:55}}
Aug 11 05:21:00.971257 n-d-852737-2 devstack@placement-api.service[107797]: INFO placement.requestlog [req-1b3f3b88-b538-4113-b35b-4d933d59ffbc req-4032f904-9574-4246-a7a6-2aa3764bd00f service placement] 10.222.0.15 "GET /placement/allocations/bb7d0c83-0279-4188-88ca-ac780de36067" status: 200 len: 19 microversion: 1.28
Aug 11 05:21:00.971911 n-d-852737-2 devstack@placement-api.service[107797]: [pid: 107797|app: 0|req: 290/579] 10.222.0.15 () {60 vars in 1380 bytes} [Thu Aug 11 05:21:00 2022] GET /placement/allocations/bb7d0c83-0279-4188-88ca-ac780de36067 => generated 19 bytes in 25 msecs (HTTP/1.1 200) 8 headers in 295 bytes (1 switches on core 0)
Aug 11 05:21:00.978188 n-d-852737-2 devstack@placement-api.service[107798]: DEBUG placement.requestlog [req-1b3f3b88-b538-4113-b35b-4d933d59ffbc req-31b5a331-3571-40ea-bf04-44b2cc3cf316 None None] Starting request: 10.222.0.15 "PUT /placement/allocations/bb7d0c83-0279-4188-88ca-ac780de36067" {{(pid=107798) __call__ /opt/stack/placement/placement/requestlog.py:55}}
Aug 11 05:21:01.093674 n-d-852737-2 devstack@placement-api.service[107798]: DEBUG placement.handlers.allocation [req-1b3f3b88-b538-4113-b35b-4d933d59ffbc req-31b5a331-3571-40ea-bf04-44b2cc3cf316 service placement] Successfully wrote allocations [, , ] {{(pid=107798) _update_consumers_and_create_allocations /opt/stack/placement/placement/handlers/allocation.py:462}}
Aug 11 05:21:01.100788 n-d-852737-2 devstack@placement-api.service[107798]: INFO placement.requestlog [req-1b3f3b88-b538-4113-b35b-4d933d59ffbc req-31b5a331-3571-40ea-bf04-44b2cc3cf316 service placement] 10.222.0.15 "PUT /placement/allocations/bb7d0c83-0279-4188-88ca-ac780de36067" status: 204 len: 0 microversion: 1.36
Aug 11 05:21:01.101205 n-d-852737-2 devstack@placement-api.service[107798]: [pid: 107798|app: 0|req: 290/580] 10.222.0.15 () {64 vars in 1433 bytes} [Thu Aug 11 05:21:00 2022] PUT /placement/allocations/bb7d0c83-0279-4188-88ca-ac780de36067 => generated 0 bytes in 123 msecs (HTTP/1.1 204) 5 headers in 199 bytes (1 switches on core 0)
Aug 11 05:21:01.672481 n-d-852737-2 devstack@placement-api.service[107797]: DEBUG placement.requestlog [req-1b3f3b88-b538-4113-b35b-4d933d59ffbc req-f8475208-8ccf-444f-8d17-6067fc977ee7 None None] Starting request: 10.222.0.30 "GET /placement/allocations/bb7d0c83-0279-4188-88ca-ac780de36067" {{(pid=107797) __call__ /opt/stack/placement/placement/requestlog.py:55}}
Aug 11 05:21:01.711184 n-d-852737-2 devstack@placement-api.service[107797]: INFO placement.requestlog [req-1b3f3b88-b538-4113-b35b-4d933d59ffbc req-f8475208-8ccf-444f-8d17-6067fc977ee7 service placement] 10.222.0.30 "GET /placement/allocations/bb7d0c83-0279-4188-88ca-ac780de36067" status: 200 len: 259 microversion: 1.28
Aug 11 05:21:01.712593 n-d-852737-2 devstack@placement-api.service[107797]: [pid: 107797|app: 0|req: 291/581] 10.222.0.30 () {60 vars in 1377 bytes} [Thu Aug 11 05:21:01 2022] GET /placement/allocations/bb7d0c83-0279-4188-88ca-ac780de36067 => generated 259 bytes in 40 msecs (HTTP/1.1 200) 8 headers in 296 bytes (1 switches on core 0)
Aug 11 05:21:10.209826 n-d-852737-2 devstack@placement-api.service[107798]: DEBUG placement.requestlog [req-cb7a7581-476c-4756-bc28-9c29ae726c42 req-3e647268-5a74-4323-9c23-338873e04e70 None None] Starting request: 10.222.0.16 "DELETE /placement/allocations/e5fea40c-d6f7-4ab1-8c90-ac159d8abda9" {{(pid=107798) __call__ /opt/stack/placement/placement/requestlog.py:55}}
Aug 11 05:21:10.260208 n-d-852737-2 devstack@placement-api.service[107798]: DEBUG placement.handlers.allocation [req-cb7a7581-476c-4756-bc28-9c29ae726c42 req-3e647268-5a74-4323-9c23-338873e04e70 service placement] Successfully deleted allocations [, , ] {{(pid=107798) delete_allocations /opt/stack/placement/placement/handlers/allocation.py:627}}
Aug 11 05:21:10.260979 n-d-852737-2 devstack@placement-api.service[107798]: INFO placement.requestlog [req-cb7a7581-476c-4756-bc28-9c29ae726c42 req-3e647268-5a74-4323-9c23-338873e04e70 service placement] 10.222.0.16 "DELETE /placement/allocations/e5fea40c-d6f7-4ab1-8c90-ac159d8abda9" status: 204 len: 0 microversion: 1.0
Aug 11 05:21:10.262095 n-d-852737-2 devstack@placement-api.service[107798]: [pid: 107798|app: 0|req: 291/582] 10.222.0.16 () {60 vars in 1355 bytes} [Thu Aug 11 05:21:10 2022] DELETE /placement/allocations/e5fea40c-d6f7-4ab1-8c90-ac159d8abda9 => generated 0 bytes in 52 msecs (HTTP/1.1 204) 5 headers in 198 bytes (1 switches on core 0)
Aug 11 05:21:11.414960 n-d-852737-2 devstack@placement-api.service[107797]: DEBUG placement.requestlog [None req-9ecd1cd2-05fc-49f6-826f-223f73b488d0 None None] Starting request: 10.222.0.15 "GET /placement/resource_providers/05c91075-181b-4396-b0e3-b3e21a56b025/aggregates" {{(pid=107797) __call__ /opt/stack/placement/placement/requestlog.py:55}}
Aug 11 05:21:11.423063 n-d-852737-2 devstack@placement-api.service[107797]: DEBUG dbcounter [-] [107797] Writing DB stats placement:SELECT=42,placement:DELETE=6 {{(pid=107797) stat_writer /usr/local/lib/python3.8/dist-packages/dbcounter.py:114}}
Aug 11 05:21:11.430573 n-d-852737-2 devstack@placement-api.service[107797]: INFO placement.requestlog [None req-9ecd1cd2-05fc-49f6-826f-223f73b488d0 service placement] 10.222.0.15 "GET /placement/resource_providers/05c91075-181b-4396-b0e3-b3e21a56b025/aggregates" status: 404 len: 235 microversion: 1.1
Aug 11 05:21:11.432293 n-d-852737-2 devstack@placement-api.service[107797]: [pid: 107797|app: 0|req: 292/583] 10.222.0.15 () {58 vars in 1362 bytes} [Thu Aug 11 05:21:11 2022] GET /placement/resource_providers/05c91075-181b-4396-b0e3-b3e21a56b025/aggregates => generated 235 bytes in 18 msecs (HTTP/1.1 404) 5 headers in 202 bytes (1 switches on core 0)
Aug 11 05:21:11.495119 n-d-852737-2 devstack@placement-api.service[107798]: DEBUG placement.requestlog [req-c782c927-7ae5-4d00-b0d6-a8fa7687d433 req-69e0165c-4f26-4aaf-b11e-2584aed97559 None None] Starting request: 10.222.0.16 "DELETE /placement/allocations/6f760c9e-e510-43c8-8eb6-eb1c42f0b876" {{(pid=107798) __call__ /opt/stack/placement/placement/requestlog.py:55}}
Aug 11 05:21:11.520734 n-d-852737-2 devstack@placement-api.service[107797]: DEBUG placement.requestlog [None req-d3c48699-7da4-4e11-8667-f5e613c4b62e None None] Starting request: 10.222.0.15 "DELETE /placement/resource_providers/05c91075-181b-4396-b0e3-b3e21a56b025" {{(pid=107797) __call__ /opt/stack/placement/placement/requestlog.py:55}}
Aug 11 05:21:11.545651 n-d-852737-2 devstack@placement-api.service[107797]: DEBUG placement.wsgi_wrapper [None req-d3c48699-7da4-4e11-8667-f5e613c4b62e service placement] Placement API returning an error response: No resource provider with uuid 05c91075-181b-4396-b0e3-b3e21a56b025 found for delete {{(pid=107797) call_func /opt/stack/placement/placement/wsgi_wrapper.py:31}}
Aug 11 05:21:11.546397 n-d-852737-2 devstack@placement-api.service[107797]: INFO placement.requestlog [None req-d3c48699-7da4-4e11-8667-f5e613c4b62e service placement] 10.222.0.15 "DELETE /placement/resource_providers/05c91075-181b-4396-b0e3-b3e21a56b025" status: 404 len: 246 microversion: 1.1
Aug 11 05:21:11.547074 n-d-852737-2 devstack@placement-api.service[107797]: [pid: 107797|app: 0|req: 293/584] 10.222.0.15 () {60 vars in 1351 bytes} [Thu Aug 11 05:21:11 2022] DELETE /placement/resource_providers/05c91075-181b-4396-b0e3-b3e21a56b025 => generated 246 bytes in 27 msecs (HTTP/1.1 404) 6 headers in 231 bytes (1 switches on core 0)
Aug 11 05:21:11.567614 n-d-852737-2 devstack@placement-api.service[107798]: DEBUG placement.handlers.allocation [req-c782c927-7ae5-4d00-b0d6-a8fa7687d433 req-69e0165c-4f26-4aaf-b11e-2584aed97559 service placement] Successfully deleted allocations [, , ] {{(pid=107798) delete_allocations /opt/stack/placement/placement/handlers/allocation.py:627}}
Aug 11 05:21:11.568116 n-d-852737-2 devstack@placement-api.service[107798]: INFO placement.requestlog [req-c782c927-7ae5-4d00-b0d6-a8fa7687d433 req-69e0165c-4f26-4aaf-b11e-2584aed97559 service placement] 10.222.0.16 "DELETE /placement/allocations/6f760c9e-e510-43c8-8eb6-eb1c42f0b876" status: 204 len: 0 microversion: 1.0
Aug 11 05:21:11.569314 n-d-852737-2 devstack@placement-api.service[107798]: [pid: 107798|app: 0|req: 292/585] 10.222.0.16 () {60 vars in 1355 bytes} [Thu Aug 11 05:21:11 2022] DELETE /placement/allocations/6f760c9e-e510-43c8-8eb6-eb1c42f0b876 => generated 0 bytes in 74 msecs (HTTP/1.1 204) 5 headers in 198 bytes (1 switches on core 0)
Aug 11 05:21:13.566426 n-d-852737-2 devstack@placement-api.service[107797]: DEBUG placement.requestlog [None req-c1191796-ed98-47c4-9b99-05a0f57b57d8 None None] Starting request: 10.222.0.15 "GET /placement/resource_providers/1c6900d3-3ecd-4302-9abc-877750c03f76/aggregates" {{(pid=107797) __call__ /opt/stack/placement/placement/requestlog.py:55}}
Aug 11 05:21:13.577549 n-d-852737-2 devstack@placement-api.service[107797]: INFO placement.requestlog [None req-c1191796-ed98-47c4-9b99-05a0f57b57d8 service placement] 10.222.0.15 "GET /placement/resource_providers/1c6900d3-3ecd-4302-9abc-877750c03f76/aggregates" status: 404 len: 235 microversion: 1.1
Aug 11 05:21:13.578198 n-d-852737-2 devstack@placement-api.service[107797]: [pid: 107797|app: 0|req: 294/586] 10.222.0.15 () {58 vars in 1362 bytes} [Thu Aug 11 05:21:13 2022] GET /placement/resource_providers/1c6900d3-3ecd-4302-9abc-877750c03f76/aggregates => generated 235 bytes in 12 msecs (HTTP/1.1 404) 5 headers in 202 bytes (1 switches on core 0)
Aug 11 05:21:13.588571 n-d-852737-2 devstack@placement-api.service[107798]: DEBUG placement.requestlog [None req-089f16c5-e79f-4269-8463-0b04f88d50be None None] Starting request: 10.222.0.15 "DELETE /placement/resource_providers/1c6900d3-3ecd-4302-9abc-877750c03f76" {{(pid=107798) __call__ /opt/stack/placement/placement/requestlog.py:55}}
Aug 11 05:21:13.604822 n-d-852737-2 devstack@placement-api.service[107798]: DEBUG placement.wsgi_wrapper [None req-089f16c5-e79f-4269-8463-0b04f88d50be service placement] Placement API returning an error response: No resource provider with uuid 1c6900d3-3ecd-4302-9abc-877750c03f76 found for delete {{(pid=107798) call_func /opt/stack/placement/placement/wsgi_wrapper.py:31}}
Aug 11 05:21:13.605587 n-d-852737-2 devstack@placement-api.service[107798]: INFO placement.requestlog [None req-089f16c5-e79f-4269-8463-0b04f88d50be service placement] 10.222.0.15 "DELETE /placement/resource_providers/1c6900d3-3ecd-4302-9abc-877750c03f76" status: 404 len: 246 microversion: 1.1
Aug 11 05:21:13.605978 n-d-852737-2 devstack@placement-api.service[107798]: [pid: 107798|app: 0|req: 293/587] 10.222.0.15 () {60 vars in 1351 bytes} [Thu Aug 11 05:21:13 2022] DELETE /placement/resource_providers/1c6900d3-3ecd-4302-9abc-877750c03f76 => generated 246 bytes in 18 msecs (HTTP/1.1 404) 6 headers in 231 bytes (1 switches on core 0)
Aug 11 05:21:14.128579 n-d-852737-2 devstack@placement-api.service[107797]: DEBUG placement.requestlog [req-03395883-b923-4f51-acec-6ce446a160d0 req-a9dcb13b-c6cc-4f18-b65c-40a01d278289 None None] Starting request: 10.222.0.16 "DELETE /placement/allocations/4fe35e1f-1135-42a2-8bb7-8762ee4f08a2" {{(pid=107797) __call__ /opt/stack/placement/placement/requestlog.py:55}}
Aug 11 05:21:14.167857 n-d-852737-2 devstack@placement-api.service[107797]: DEBUG placement.handlers.allocation [req-03395883-b923-4f51-acec-6ce446a160d0 req-a9dcb13b-c6cc-4f18-b65c-40a01d278289 service placement] Successfully deleted allocations [, , ] {{(pid=107797) delete_allocations /opt/stack/placement/placement/handlers/allocation.py:627}}
Aug 11 05:21:14.168705 n-d-852737-2 devstack@placement-api.service[107797]: INFO placement.requestlog [req-03395883-b923-4f51-acec-6ce446a160d0 req-a9dcb13b-c6cc-4f18-b65c-40a01d278289 service placement] 10.222.0.16 "DELETE /placement/allocations/4fe35e1f-1135-42a2-8bb7-8762ee4f08a2" status: 204 len: 0 microversion: 1.0
Aug 11 05:21:14.170163 n-d-852737-2 devstack@placement-api.service[107797]: [pid: 107797|app: 0|req: 295/588] 10.222.0.16 () {60 vars in 1355 bytes} [Thu Aug 11 05:21:14 2022] DELETE /placement/allocations/4fe35e1f-1135-42a2-8bb7-8762ee4f08a2 => generated 0 bytes in 42 msecs (HTTP/1.1 204) 5 headers in 198 bytes (1 switches on core 0)
Aug 11 05:21:14.663354 n-d-852737-2 devstack@placement-api.service[107798]: DEBUG placement.requestlog [req-2b72d9c4-2c86-46b0-b2d7-1f101b11cdcf req-ecb93623-389d-4aa4-b5d8-bdceabdb8380 None None] Starting request: 10.222.0.16 "DELETE /placement/allocations/6f760c9e-e510-43c8-8eb6-eb1c42f0b876" {{(pid=107798) __call__ /opt/stack/placement/placement/requestlog.py:55}}
Aug 11 05:21:14.683652 n-d-852737-2 devstack@placement-api.service[107798]: DEBUG placement.wsgi_wrapper [req-2b72d9c4-2c86-46b0-b2d7-1f101b11cdcf req-ecb93623-389d-4aa4-b5d8-bdceabdb8380 service placement] Placement API returning an error response: No allocations for consumer '6f760c9e-e510-43c8-8eb6-eb1c42f0b876' {{(pid=107798) call_func /opt/stack/placement/placement/wsgi_wrapper.py:31}}
Aug 11 05:21:14.684775 n-d-852737-2 devstack@placement-api.service[107798]: INFO placement.requestlog [req-2b72d9c4-2c86-46b0-b2d7-1f101b11cdcf req-ecb93623-389d-4aa4-b5d8-bdceabdb8380 service placement] 10.222.0.16 "DELETE /placement/allocations/6f760c9e-e510-43c8-8eb6-eb1c42f0b876" status: 404 len: 228 microversion: 1.0
Aug 11 05:21:14.687387 n-d-852737-2 devstack@placement-api.service[107798]: [pid: 107798|app: 0|req: 294/589] 10.222.0.16 () {60 vars in 1355 bytes} [Thu Aug 11 05:21:14 2022] DELETE /placement/allocations/6f760c9e-e510-43c8-8eb6-eb1c42f0b876 => generated 228 bytes in 24 msecs (HTTP/1.1 404) 6 headers in 231 bytes (2 switches on core 0)
Aug 11 05:21:16.171112 n-d-852737-2 devstack@placement-api.service[107797]: DEBUG placement.requestlog [req-b0bb1533-f95d-41df-9638-34b477fba0fe req-a056f360-7ce1-4c36-aa7e-ad8eceb90dc3 None None] Starting request: 10.222.0.30 "GET /placement/resource_providers/35d5a6b1-ba7a-4084-86a0-21d35f56c803/allocations" {{(pid=107797) __call__ /opt/stack/placement/placement/requestlog.py:55}}
Aug 11 05:21:16.216079 n-d-852737-2 devstack@placement-api.service[107797]: INFO placement.requestlog [req-b0bb1533-f95d-41df-9638-34b477fba0fe req-a056f360-7ce1-4c36-aa7e-ad8eceb90dc3 service placement] 10.222.0.30 "GET /placement/resource_providers/35d5a6b1-ba7a-4084-86a0-21d35f56c803/allocations" status: 200 len: 544 microversion: 1.0
Aug 11 05:21:16.217112 n-d-852737-2 devstack@placement-api.service[107797]: [pid: 107797|app: 0|req: 296/590] 10.222.0.30 () {58 vars in 1390 bytes} [Thu Aug 11 05:21:16 2022] GET /placement/resource_providers/35d5a6b1-ba7a-4084-86a0-21d35f56c803/allocations => generated 544 bytes in 46 msecs (HTTP/1.1 200) 6 headers in 224 bytes (2 switches on core 0)
Aug 11 05:21:16.634346 n-d-852737-2 devstack@placement-api.service[107798]: DEBUG placement.requestlog [req-3f396d85-54fb-41e3-b0db-f0f664aa48c9 req-b2233d6d-5310-437b-a6ef-a9ebf83b74cb None None] Starting request: 10.222.0.15 "GET /placement/allocation_candidates?limit=1000&resources=DISK_GB%3A1%2CMEMORY_MB%3A1024%2CVCPU%3A1&root_required=%21COMPUTE_STATUS_DISABLED" {{(pid=107798) __call__ /opt/stack/placement/placement/requestlog.py:55}}
Aug 11 05:21:16.732863 n-d-852737-2 devstack@placement-api.service[107798]: DEBUG placement.objects.research_context [req-3f396d85-54fb-41e3-b0db-f0f664aa48c9 req-b2233d6d-5310-437b-a6ef-a9ebf83b74cb service placement] getting providers with 1 DISK_GB {{(pid=107798) __init__ /opt/stack/placement/placement/objects/research_context.py:136}}
Aug 11 05:21:16.752037 n-d-852737-2 devstack@placement-api.service[107798]: DEBUG placement.objects.research_context [req-3f396d85-54fb-41e3-b0db-f0f664aa48c9 req-b2233d6d-5310-437b-a6ef-a9ebf83b74cb service placement] getting providers with 1024 MEMORY_MB {{(pid=107798) __init__ /opt/stack/placement/placement/objects/research_context.py:136}}
Aug 11 05:21:16.764299 n-d-852737-2 devstack@placement-api.service[107798]: DEBUG placement.objects.research_context [req-3f396d85-54fb-41e3-b0db-f0f664aa48c9 req-b2233d6d-5310-437b-a6ef-a9ebf83b74cb service placement] getting providers with 1 VCPU {{(pid=107798) __init__ /opt/stack/placement/placement/objects/research_context.py:136}}
Aug 11 05:21:16.771197 n-d-852737-2 devstack@placement-api.service[107798]: DEBUG placement.objects.research_context [req-3f396d85-54fb-41e3-b0db-f0f664aa48c9 req-b2233d6d-5310-437b-a6ef-a9ebf83b74cb service placement] found 2 providers with available 1 DISK_GB {{(pid=107798) get_provider_ids_matching /opt/stack/placement/placement/objects/research_context.py:563}}
Aug 11 05:21:16.772107 n-d-852737-2 devstack@placement-api.service[107798]: DEBUG placement.objects.research_context [req-3f396d85-54fb-41e3-b0db-f0f664aa48c9 req-b2233d6d-5310-437b-a6ef-a9ebf83b74cb service placement] found 2 providers with available 1024 MEMORY_MB {{(pid=107798) get_provider_ids_matching /opt/stack/placement/placement/objects/research_context.py:563}}
Aug 11 05:21:16.772546 n-d-852737-2 devstack@placement-api.service[107798]: DEBUG placement.objects.research_context [req-3f396d85-54fb-41e3-b0db-f0f664aa48c9 req-b2233d6d-5310-437b-a6ef-a9ebf83b74cb service placement] found 2 providers after filtering by previous result {{(pid=107798) get_provider_ids_matching /opt/stack/placement/placement/objects/research_context.py:594}}
Aug 11 05:21:16.772959 n-d-852737-2 devstack@placement-api.service[107798]: DEBUG placement.objects.research_context [req-3f396d85-54fb-41e3-b0db-f0f664aa48c9 req-b2233d6d-5310-437b-a6ef-a9ebf83b74cb service placement] found 2 providers with available 1 VCPU {{(pid=107798) get_provider_ids_matching /opt/stack/placement/placement/objects/research_context.py:563}}
Aug 11 05:21:16.773982 n-d-852737-2 devstack@placement-api.service[107798]: DEBUG placement.objects.research_context [req-3f396d85-54fb-41e3-b0db-f0f664aa48c9 req-b2233d6d-5310-437b-a6ef-a9ebf83b74cb service placement] found 2 providers after filtering by previous result {{(pid=107798) get_provider_ids_matching /opt/stack/placement/placement/objects/research_context.py:594}}
Aug 11 05:21:16.789214 n-d-852737-2 devstack@placement-api.service[107798]: DEBUG placement.objects.allocation_candidate [req-3f396d85-54fb-41e3-b0db-f0f664aa48c9 req-b2233d6d-5310-437b-a6ef-a9ebf83b74cb service placement] RequestGroup(use_same_provider=False, resources={DISK_GB:1, MEMORY_MB:1024, VCPU:1}, traits=(), aggregates=[]) (suffix '') returned 2 matches {{(pid=107798) _get_by_requests /opt/stack/placement/placement/objects/allocation_candidate.py:156}}
Aug 11 05:21:16.789921 n-d-852737-2 devstack@placement-api.service[107798]: DEBUG placement.objects.allocation_candidate [req-3f396d85-54fb-41e3-b0db-f0f664aa48c9 req-b2233d6d-5310-437b-a6ef-a9ebf83b74cb service placement] Merging candidates yields 2 allocation requests and 2 provider summaries {{(pid=107798) _merge_candidates /opt/stack/placement/placement/objects/allocation_candidate.py:809}}
Aug 11 05:21:16.793136 n-d-852737-2 devstack@placement-api.service[107798]: INFO placement.requestlog [req-3f396d85-54fb-41e3-b0db-f0f664aa48c9 req-b2233d6d-5310-437b-a6ef-a9ebf83b74cb service placement] 10.222.0.15 "GET /placement/allocation_candidates?limit=1000&resources=DISK_GB%3A1%2CMEMORY_MB%3A1024%2CVCPU%3A1&root_required=%21COMPUTE_STATUS_DISABLED" status: 200 len: 1309 microversion: 1.36
Aug 11 05:21:16.794221 n-d-852737-2 devstack@placement-api.service[107798]: [pid: 107798|app: 0|req: 295/591] 10.222.0.15 () {60 vars in 1506 bytes} [Thu Aug 11 05:21:16 2022] GET /placement/allocation_candidates?limit=1000&resources=DISK_GB%3A1%2CMEMORY_MB%3A1024%2CVCPU%3A1&root_required=%21COMPUTE_STATUS_DISABLED => generated 1309 bytes in 160 msecs (HTTP/1.1 200) 8 headers in 297 bytes (1 switches on core 0)
Aug 11 05:21:16.886012 n-d-852737-2 devstack@placement-api.service[107797]: DEBUG placement.requestlog [req-3f396d85-54fb-41e3-b0db-f0f664aa48c9 req-0179ae43-a4d4-4bfa-abdd-cba60427dcb2 None None] Starting request: 10.222.0.15 "GET /placement/allocations/56f2f935-48f0-4bba-9628-8d916dc2f2f1" {{(pid=107797) __call__ /opt/stack/placement/placement/requestlog.py:55}}
Aug 11 05:21:16.898724 n-d-852737-2 devstack@placement-api.service[107797]: INFO placement.requestlog [req-3f396d85-54fb-41e3-b0db-f0f664aa48c9 req-0179ae43-a4d4-4bfa-abdd-cba60427dcb2 service placement] 10.222.0.15 "GET /placement/allocations/56f2f935-48f0-4bba-9628-8d916dc2f2f1" status: 200 len: 19 microversion: 1.28
Aug 11 05:21:16.899354 n-d-852737-2 devstack@placement-api.service[107797]: [pid: 107797|app: 0|req: 297/592] 10.222.0.15 () {60 vars in 1380 bytes} [Thu Aug 11 05:21:16 2022] GET /placement/allocations/56f2f935-48f0-4bba-9628-8d916dc2f2f1 => generated 19 bytes in 14 msecs (HTTP/1.1 200) 8 headers in 295 bytes (1 switches on core 0)
Aug 11 05:21:16.915785 n-d-852737-2 devstack@placement-api.service[107798]: DEBUG placement.requestlog [req-3f396d85-54fb-41e3-b0db-f0f664aa48c9 req-bb56420d-02e9-4fe7-9bfd-5846113b7952 None None] Starting request: 10.222.0.15 "PUT /placement/allocations/56f2f935-48f0-4bba-9628-8d916dc2f2f1" {{(pid=107798) __call__ /opt/stack/placement/placement/requestlog.py:55}}
Aug 11 05:21:17.053592 n-d-852737-2 devstack@placement-api.service[107798]: DEBUG placement.handlers.allocation [req-3f396d85-54fb-41e3-b0db-f0f664aa48c9 req-bb56420d-02e9-4fe7-9bfd-5846113b7952 service placement] Successfully wrote allocations [, , ] {{(pid=107798) _update_consumers_and_create_allocations /opt/stack/placement/placement/handlers/allocation.py:462}}
Aug 11 05:21:17.060941 n-d-852737-2 devstack@placement-api.service[107798]: INFO placement.requestlog [req-3f396d85-54fb-41e3-b0db-f0f664aa48c9 req-bb56420d-02e9-4fe7-9bfd-5846113b7952 service placement] 10.222.0.15 "PUT /placement/allocations/56f2f935-48f0-4bba-9628-8d916dc2f2f1" status: 204 len: 0 microversion: 1.36
Aug 11 05:21:17.065783 n-d-852737-2 devstack@placement-api.service[107798]: [pid: 107798|app: 0|req: 296/593] 10.222.0.15 () {64 vars in 1433 bytes} [Thu Aug 11 05:21:16 2022] PUT /placement/allocations/56f2f935-48f0-4bba-9628-8d916dc2f2f1 => generated 0 bytes in 146 msecs (HTTP/1.1 204) 5 headers in 199 bytes (1 switches on core 0)
Aug 11 05:21:17.079147 n-d-852737-2 devstack@placement-api.service[107797]: DEBUG placement.requestlog [req-69576110-f6ed-4736-b73a-ad5d5527ab32 req-59d3ff8a-11e6-40e2-92ec-cbc0a8d86451 None None] Starting request: 10.222.0.30 "DELETE /placement/allocations/93a154bf-8744-4aab-9a0a-265dfd9d933d" {{(pid=107797) __call__ /opt/stack/placement/placement/requestlog.py:55}}
Aug 11 05:21:17.154007 n-d-852737-2 devstack@placement-api.service[107797]: DEBUG placement.handlers.allocation [req-69576110-f6ed-4736-b73a-ad5d5527ab32 req-59d3ff8a-11e6-40e2-92ec-cbc0a8d86451 service placement] Successfully deleted allocations [, , ] {{(pid=107797) delete_allocations /opt/stack/placement/placement/handlers/allocation.py:627}}
Aug 11 05:21:17.154796 n-d-852737-2 devstack@placement-api.service[107797]: INFO placement.requestlog [req-69576110-f6ed-4736-b73a-ad5d5527ab32 req-59d3ff8a-11e6-40e2-92ec-cbc0a8d86451 service placement] 10.222.0.30 "DELETE /placement/allocations/93a154bf-8744-4aab-9a0a-265dfd9d933d" status: 204 len: 0 microversion: 1.0
Aug 11 05:21:17.155329 n-d-852737-2 devstack@placement-api.service[107797]: [pid: 107797|app: 0|req: 298/594] 10.222.0.30 () {60 vars in 1355 bytes} [Thu Aug 11 05:21:17 2022] DELETE /placement/allocations/93a154bf-8744-4aab-9a0a-265dfd9d933d => generated 0 bytes in 77 msecs (HTTP/1.1 204) 5 headers in 198 bytes (1 switches on core 0)
Aug 11 05:21:17.670221 n-d-852737-2 devstack@placement-api.service[107798]: DEBUG placement.requestlog [req-3f396d85-54fb-41e3-b0db-f0f664aa48c9 req-2524b312-2e61-4616-9cd8-2b8d6148a809 None None] Starting request: 10.222.0.30 "GET /placement/allocations/56f2f935-48f0-4bba-9628-8d916dc2f2f1" {{(pid=107798) __call__ /opt/stack/placement/placement/requestlog.py:55}}
Aug 11 05:21:17.703643 n-d-852737-2 devstack@placement-api.service[107798]: INFO placement.requestlog [req-3f396d85-54fb-41e3-b0db-f0f664aa48c9 req-2524b312-2e61-4616-9cd8-2b8d6148a809 service placement] 10.222.0.30 "GET /placement/allocations/56f2f935-48f0-4bba-9628-8d916dc2f2f1" status: 200 len: 259 microversion: 1.28
Aug 11 05:21:17.704662 n-d-852737-2 devstack@placement-api.service[107798]: [pid: 107798|app: 0|req: 297/595] 10.222.0.30 () {60 vars in 1377 bytes} [Thu Aug 11 05:21:17 2022] GET /placement/allocations/56f2f935-48f0-4bba-9628-8d916dc2f2f1 => generated 259 bytes in 36 msecs (HTTP/1.1 200) 8 headers in 296 bytes (1 switches on core 0)
Aug 11 05:21:21.021469 n-d-852737-2 devstack@placement-api.service[107797]: DEBUG placement.requestlog [None req-60baa188-cf1d-4ef8-ae6e-38398b6a35be None None] Starting request: 10.222.0.15 "GET /placement/resource_providers/8386bd98-4830-459a-83d6-8758ed853e81/aggregates" {{(pid=107797) __call__ /opt/stack/placement/placement/requestlog.py:55}}
Aug 11 05:21:21.037727 n-d-852737-2 devstack@placement-api.service[107797]: INFO placement.requestlog [None req-60baa188-cf1d-4ef8-ae6e-38398b6a35be service placement] 10.222.0.15 "GET /placement/resource_providers/8386bd98-4830-459a-83d6-8758ed853e81/aggregates" status: 404 len: 235 microversion: 1.1
Aug 11 05:21:21.038541 n-d-852737-2 devstack@placement-api.service[107797]: [pid: 107797|app: 0|req: 299/596] 10.222.0.15 () {58 vars in 1362 bytes} [Thu Aug 11 05:21:21 2022] GET /placement/resource_providers/8386bd98-4830-459a-83d6-8758ed853e81/aggregates => generated 235 bytes in 17 msecs (HTTP/1.1 404) 5 headers in 202 bytes (1 switches on core 0)
Aug 11 05:21:21.120310 n-d-852737-2 devstack@placement-api.service[107798]: DEBUG placement.requestlog [None req-0675a95d-8685-4f99-b128-19b3969497a0 None None] Starting request: 10.222.0.15 "DELETE /placement/resource_providers/8386bd98-4830-459a-83d6-8758ed853e81" {{(pid=107798) __call__ /opt/stack/placement/placement/requestlog.py:55}}
Aug 11 05:21:21.132999 n-d-852737-2 devstack@placement-api.service[107798]: DEBUG placement.wsgi_wrapper [None req-0675a95d-8685-4f99-b128-19b3969497a0 service placement] Placement API returning an error response: No resource provider with uuid 8386bd98-4830-459a-83d6-8758ed853e81 found for delete {{(pid=107798) call_func /opt/stack/placement/placement/wsgi_wrapper.py:31}}
Aug 11 05:21:21.134454 n-d-852737-2 devstack@placement-api.service[107798]: INFO placement.requestlog [None req-0675a95d-8685-4f99-b128-19b3969497a0 service placement] 10.222.0.15 "DELETE /placement/resource_providers/8386bd98-4830-459a-83d6-8758ed853e81" status: 404 len: 246 microversion: 1.1
Aug 11 05:21:21.135063 n-d-852737-2 devstack@placement-api.service[107798]: [pid: 107798|app: 0|req: 298/597] 10.222.0.15 () {60 vars in 1351 bytes} [Thu Aug 11 05:21:21 2022] DELETE /placement/resource_providers/8386bd98-4830-459a-83d6-8758ed853e81 => generated 246 bytes in 15 msecs (HTTP/1.1 404) 6 headers in 231 bytes (1 switches on core 0)
Aug 11 05:21:22.961578 n-d-852737-2 devstack@placement-api.service[107797]: DEBUG placement.requestlog [req-f4aef13e-ecf1-480b-baa7-0efca3e3d936 req-fe7ae33d-ecd3-4334-9e7a-c5a8cd369a06 None None] Starting request: 10.222.0.16 "GET /placement/resource_providers/95136111-0fce-4cdf-aea6-dacb85152f38/allocations" {{(pid=107797) __call__ /opt/stack/placement/placement/requestlog.py:55}}
Aug 11 05:21:22.992160 n-d-852737-2 devstack@placement-api.service[107797]: INFO placement.requestlog [req-f4aef13e-ecf1-480b-baa7-0efca3e3d936 req-fe7ae33d-ecd3-4334-9e7a-c5a8cd369a06 service placement] 10.222.0.16 "GET /placement/resource_providers/95136111-0fce-4cdf-aea6-dacb85152f38/allocations" status: 200 len: 154 microversion: 1.0
Aug 11 05:21:22.996196 n-d-852737-2 devstack@placement-api.service[107797]: [pid: 107797|app: 0|req: 300/598] 10.222.0.16 () {58 vars in 1390 bytes} [Thu Aug 11 05:21:22 2022] GET /placement/resource_providers/95136111-0fce-4cdf-aea6-dacb85152f38/allocations => generated 154 bytes in 34 msecs (HTTP/1.1 200) 6 headers in 224 bytes (1 switches on core 0)
Aug 11 05:21:25.795366 n-d-852737-2 devstack@placement-api.service[107798]: DEBUG placement.requestlog [req-ea133cc9-f54c-48b1-978c-25d37c999458 req-c8efaa84-a09c-4a2d-a86d-88a05c0a0899 None None] Starting request: 10.222.0.30 "DELETE /placement/allocations/bb7d0c83-0279-4188-88ca-ac780de36067" {{(pid=107798) __call__ /opt/stack/placement/placement/requestlog.py:55}}
Aug 11 05:21:25.845357 n-d-852737-2 devstack@placement-api.service[107798]: DEBUG dbcounter [-] [107798] Writing DB stats placement:SELECT=77,placement:INSERT=10,placement:DELETE=9,placement:UPDATE=4 {{(pid=107798) stat_writer /usr/local/lib/python3.8/dist-packages/dbcounter.py:114}}
Aug 11 05:21:25.860917 n-d-852737-2 devstack@placement-api.service[107798]: DEBUG placement.handlers.allocation [req-ea133cc9-f54c-48b1-978c-25d37c999458 req-c8efaa84-a09c-4a2d-a86d-88a05c0a0899 service placement] Successfully deleted allocations [, , ] {{(pid=107798) delete_allocations /opt/stack/placement/placement/handlers/allocation.py:627}}
