Aug 25 12:40:24.250162 n-d-852397-7 devstack@placement-api.service[107698]: INFO placement.requestlog [req-a8b32eab-c88d-43f8-a95d-58a2f2d272f4 req-71dfebaf-996d-4cfc-b685-c4e8695dc28d service placement] 10.222.0.47 "GET /placement/allocations/5ac7ab9a-ef42-4356-a345-8f2597749a43" status: 200 len: 19 microversion: 1.28
Aug 25 12:40:24.252737 n-d-852397-7 devstack@placement-api.service[107698]: [pid: 107698|app: 0|req: 260/525] 10.222.0.47 () {60 vars in 1380 bytes} [Thu Aug 25 12:40:24 2022] GET /placement/allocations/5ac7ab9a-ef42-4356-a345-8f2597749a43 => generated 19 bytes in 34 msecs (HTTP/1.1 200) 8 headers in 295 bytes (1 switches on core 0)
Aug 25 12:40:24.264523 n-d-852397-7 devstack@placement-api.service[107699]: DEBUG placement.requestlog [req-a8b32eab-c88d-43f8-a95d-58a2f2d272f4 req-17920da9-6cbf-461b-8ea4-f9b3ac59e624 None None] Starting request: 10.222.0.47 "PUT /placement/allocations/5ac7ab9a-ef42-4356-a345-8f2597749a43" {{(pid=107699) __call__ /opt/stack/placement/placement/requestlog.py:55}}
Aug 25 12:40:24.316805 n-d-852397-7 devstack@placement-api.service[107698]: DEBUG placement.requestlog [req-743fd889-60a7-4e19-b686-ea481a816f73 req-03b1f719-b272-4497-9f39-7a0205280c8b None None] Starting request: 10.222.0.47 "GET /placement/allocation_candidates?limit=1000&resources=DISK_GB%3A1%2CMEMORY_MB%3A1024%2CVCPU%3A1&root_required=%21COMPUTE_STATUS_DISABLED" {{(pid=107698) __call__ /opt/stack/placement/placement/requestlog.py:55}}
Aug 25 12:40:24.394645 n-d-852397-7 devstack@placement-api.service[107699]: DEBUG dbcounter [-] [107699] Writing DB stats placement:SELECT=87,placement:INSERT=7,placement:DELETE=4,placement:UPDATE=2 {{(pid=107699) stat_writer /usr/local/lib/python3.8/dist-packages/dbcounter.py:114}}
Aug 25 12:40:24.409701 n-d-852397-7 devstack@placement-api.service[107698]: DEBUG placement.objects.research_context [req-743fd889-60a7-4e19-b686-ea481a816f73 req-03b1f719-b272-4497-9f39-7a0205280c8b service placement] getting providers with 1 DISK_GB {{(pid=107698) __init__ /opt/stack/placement/placement/objects/research_context.py:136}}
Aug 25 12:40:24.425732 n-d-852397-7 devstack@placement-api.service[107698]: DEBUG placement.objects.research_context [req-743fd889-60a7-4e19-b686-ea481a816f73 req-03b1f719-b272-4497-9f39-7a0205280c8b service placement] getting providers with 1024 MEMORY_MB {{(pid=107698) __init__ /opt/stack/placement/placement/objects/research_context.py:136}}
Aug 25 12:40:24.434235 n-d-852397-7 devstack@placement-api.service[107698]: DEBUG placement.objects.research_context [req-743fd889-60a7-4e19-b686-ea481a816f73 req-03b1f719-b272-4497-9f39-7a0205280c8b service placement] getting providers with 1 VCPU {{(pid=107698) __init__ /opt/stack/placement/placement/objects/research_context.py:136}}
Aug 25 12:40:24.438168 n-d-852397-7 devstack@placement-api.service[107699]: DEBUG placement.handlers.allocation [req-a8b32eab-c88d-43f8-a95d-58a2f2d272f4 req-17920da9-6cbf-461b-8ea4-f9b3ac59e624 service placement] Successfully wrote allocations [, , ] {{(pid=107699) _update_consumers_and_create_allocations /opt/stack/placement/placement/handlers/allocation.py:462}}
Aug 25 12:40:24.445638 n-d-852397-7 devstack@placement-api.service[107699]: INFO placement.requestlog [req-a8b32eab-c88d-43f8-a95d-58a2f2d272f4 req-17920da9-6cbf-461b-8ea4-f9b3ac59e624 service placement] 10.222.0.47 "PUT /placement/allocations/5ac7ab9a-ef42-4356-a345-8f2597749a43" status: 204 len: 0 microversion: 1.36
Aug 25 12:40:24.446833 n-d-852397-7 devstack@placement-api.service[107699]: [pid: 107699|app: 0|req: 266/526] 10.222.0.47 () {64 vars in 1433 bytes} [Thu Aug 25 12:40:24 2022] PUT /placement/allocations/5ac7ab9a-ef42-4356-a345-8f2597749a43 => generated 0 bytes in 183 msecs (HTTP/1.1 204) 5 headers in 199 bytes (2 switches on core 0)
Aug 25 12:40:24.461930 n-d-852397-7 devstack@placement-api.service[107698]: DEBUG placement.objects.research_context [req-743fd889-60a7-4e19-b686-ea481a816f73 req-03b1f719-b272-4497-9f39-7a0205280c8b service placement] found 2 providers with available 1 DISK_GB {{(pid=107698) get_provider_ids_matching /opt/stack/placement/placement/objects/research_context.py:563}}
Aug 25 12:40:24.462806 n-d-852397-7 devstack@placement-api.service[107698]: DEBUG placement.objects.research_context [req-743fd889-60a7-4e19-b686-ea481a816f73 req-03b1f719-b272-4497-9f39-7a0205280c8b service placement] found 2 providers with available 1024 MEMORY_MB {{(pid=107698) get_provider_ids_matching /opt/stack/placement/placement/objects/research_context.py:563}}
Aug 25 12:40:24.463237 n-d-852397-7 devstack@placement-api.service[107698]: DEBUG placement.objects.research_context [req-743fd889-60a7-4e19-b686-ea481a816f73 req-03b1f719-b272-4497-9f39-7a0205280c8b service placement] found 2 providers after filtering by previous result {{(pid=107698) get_provider_ids_matching /opt/stack/placement/placement/objects/research_context.py:594}}
Aug 25 12:40:24.465530 n-d-852397-7 devstack@placement-api.service[107698]: DEBUG placement.objects.research_context [req-743fd889-60a7-4e19-b686-ea481a816f73 req-03b1f719-b272-4497-9f39-7a0205280c8b service placement] found 2 providers with available 1 VCPU {{(pid=107698) get_provider_ids_matching /opt/stack/placement/placement/objects/research_context.py:563}}
Aug 25 12:40:24.466718 n-d-852397-7 devstack@placement-api.service[107698]: DEBUG placement.objects.research_context [req-743fd889-60a7-4e19-b686-ea481a816f73 req-03b1f719-b272-4497-9f39-7a0205280c8b service placement] found 2 providers after filtering by previous result {{(pid=107698) get_provider_ids_matching /opt/stack/placement/placement/objects/research_context.py:594}}
Aug 25 12:40:24.494145 n-d-852397-7 devstack@placement-api.service[107698]: DEBUG placement.objects.allocation_candidate [req-743fd889-60a7-4e19-b686-ea481a816f73 req-03b1f719-b272-4497-9f39-7a0205280c8b service placement] RequestGroup(use_same_provider=False, resources={DISK_GB:1, MEMORY_MB:1024, VCPU:1}, traits=(), aggregates=[]) (suffix '') returned 2 matches {{(pid=107698) _get_by_requests /opt/stack/placement/placement/objects/allocation_candidate.py:156}}
Aug 25 12:40:24.495412 n-d-852397-7 devstack@placement-api.service[107698]: DEBUG placement.objects.allocation_candidate [req-743fd889-60a7-4e19-b686-ea481a816f73 req-03b1f719-b272-4497-9f39-7a0205280c8b service placement] Merging candidates yields 2 allocation requests and 2 provider summaries {{(pid=107698) _merge_candidates /opt/stack/placement/placement/objects/allocation_candidate.py:809}}
Aug 25 12:40:24.497688 n-d-852397-7 devstack@placement-api.service[107698]: INFO placement.requestlog [req-743fd889-60a7-4e19-b686-ea481a816f73 req-03b1f719-b272-4497-9f39-7a0205280c8b service placement] 10.222.0.47 "GET /placement/allocation_candidates?limit=1000&resources=DISK_GB%3A1%2CMEMORY_MB%3A1024%2CVCPU%3A1&root_required=%21COMPUTE_STATUS_DISABLED" status: 200 len: 1309 microversion: 1.36
Aug 25 12:40:24.498633 n-d-852397-7 devstack@placement-api.service[107698]: [pid: 107698|app: 0|req: 261/527] 10.222.0.47 () {60 vars in 1506 bytes} [Thu Aug 25 12:40:24 2022] GET /placement/allocation_candidates?limit=1000&resources=DISK_GB%3A1%2CMEMORY_MB%3A1024%2CVCPU%3A1&root_required=%21COMPUTE_STATUS_DISABLED => generated 1309 bytes in 182 msecs (HTTP/1.1 200) 8 headers in 297 bytes (1 switches on core 0)
Aug 25 12:40:24.586247 n-d-852397-7 devstack@placement-api.service[107699]: DEBUG placement.requestlog [req-743fd889-60a7-4e19-b686-ea481a816f73 req-9e445546-ecf6-4482-ab39-1f5c6f8a4e52 None None] Starting request: 10.222.0.47 "GET /placement/allocations/768774e7-7b46-492a-8526-656c0acfae89" {{(pid=107699) __call__ /opt/stack/placement/placement/requestlog.py:55}}
Aug 25 12:40:24.602711 n-d-852397-7 devstack@placement-api.service[107699]: INFO placement.requestlog [req-743fd889-60a7-4e19-b686-ea481a816f73 req-9e445546-ecf6-4482-ab39-1f5c6f8a4e52 service placement] 10.222.0.47 "GET /placement/allocations/768774e7-7b46-492a-8526-656c0acfae89" status: 200 len: 19 microversion: 1.28
Aug 25 12:40:24.603640 n-d-852397-7 devstack@placement-api.service[107699]: [pid: 107699|app: 0|req: 267/528] 10.222.0.47 () {60 vars in 1380 bytes} [Thu Aug 25 12:40:24 2022] GET /placement/allocations/768774e7-7b46-492a-8526-656c0acfae89 => generated 19 bytes in 18 msecs (HTTP/1.1 200) 8 headers in 295 bytes (1 switches on core 0)
Aug 25 12:40:24.612151 n-d-852397-7 devstack@placement-api.service[107698]: DEBUG placement.requestlog [req-743fd889-60a7-4e19-b686-ea481a816f73 req-6a8bb487-040d-4459-b134-16e0b3069511 None None] Starting request: 10.222.0.47 "PUT /placement/allocations/768774e7-7b46-492a-8526-656c0acfae89" {{(pid=107698) __call__ /opt/stack/placement/placement/requestlog.py:55}}
Aug 25 12:40:24.725902 n-d-852397-7 devstack@placement-api.service[107698]: DEBUG placement.handlers.allocation [req-743fd889-60a7-4e19-b686-ea481a816f73 req-6a8bb487-040d-4459-b134-16e0b3069511 service placement] Successfully wrote allocations [, , ] {{(pid=107698) _update_consumers_and_create_allocations /opt/stack/placement/placement/handlers/allocation.py:462}}
Aug 25 12:40:24.734167 n-d-852397-7 devstack@placement-api.service[107698]: INFO placement.requestlog [req-743fd889-60a7-4e19-b686-ea481a816f73 req-6a8bb487-040d-4459-b134-16e0b3069511 service placement] 10.222.0.47 "PUT /placement/allocations/768774e7-7b46-492a-8526-656c0acfae89" status: 204 len: 0 microversion: 1.36
Aug 25 12:40:24.745879 n-d-852397-7 devstack@placement-api.service[107698]: [pid: 107698|app: 0|req: 262/529] 10.222.0.47 () {64 vars in 1433 bytes} [Thu Aug 25 12:40:24 2022] PUT /placement/allocations/768774e7-7b46-492a-8526-656c0acfae89 => generated 0 bytes in 124 msecs (HTTP/1.1 204) 5 headers in 199 bytes (1 switches on core 0)
Aug 25 12:40:25.222337 n-d-852397-7 devstack@placement-api.service[107699]: DEBUG placement.requestlog [req-743fd889-60a7-4e19-b686-ea481a816f73 req-09223a88-ff51-47b4-91f9-11624777a9c0 None None] Starting request: 10.222.0.40 "GET /placement/allocations/768774e7-7b46-492a-8526-656c0acfae89" {{(pid=107699) __call__ /opt/stack/placement/placement/requestlog.py:55}}
Aug 25 12:40:25.262458 n-d-852397-7 devstack@placement-api.service[107699]: INFO placement.requestlog [req-743fd889-60a7-4e19-b686-ea481a816f73 req-09223a88-ff51-47b4-91f9-11624777a9c0 service placement] 10.222.0.40 "GET /placement/allocations/768774e7-7b46-492a-8526-656c0acfae89" status: 200 len: 259 microversion: 1.28
Aug 25 12:40:25.264137 n-d-852397-7 devstack@placement-api.service[107699]: [pid: 107699|app: 0|req: 268/530] 10.222.0.40 () {60 vars in 1377 bytes} [Thu Aug 25 12:40:25 2022] GET /placement/allocations/768774e7-7b46-492a-8526-656c0acfae89 => generated 259 bytes in 42 msecs (HTTP/1.1 200) 8 headers in 296 bytes (1 switches on core 0)
Aug 25 12:40:26.435364 n-d-852397-7 devstack@placement-api.service[107698]: DEBUG placement.requestlog [req-a8b32eab-c88d-43f8-a95d-58a2f2d272f4 req-4acd82f5-72a8-40ec-9fcd-42eb346f941b None None] Starting request: 10.222.0.15 "GET /placement/allocations/5ac7ab9a-ef42-4356-a345-8f2597749a43" {{(pid=107698) __call__ /opt/stack/placement/placement/requestlog.py:55}}
Aug 25 12:40:26.477919 n-d-852397-7 devstack@placement-api.service[107698]: INFO placement.requestlog [req-a8b32eab-c88d-43f8-a95d-58a2f2d272f4 req-4acd82f5-72a8-40ec-9fcd-42eb346f941b service placement] 10.222.0.15 "GET /placement/allocations/5ac7ab9a-ef42-4356-a345-8f2597749a43" status: 200 len: 259 microversion: 1.28
Aug 25 12:40:26.479785 n-d-852397-7 devstack@placement-api.service[107698]: [pid: 107698|app: 0|req: 263/531] 10.222.0.15 () {60 vars in 1377 bytes} [Thu Aug 25 12:40:26 2022] GET /placement/allocations/5ac7ab9a-ef42-4356-a345-8f2597749a43 => generated 259 bytes in 45 msecs (HTTP/1.1 200) 8 headers in 296 bytes (1 switches on core 0)
Aug 25 12:40:26.813146 n-d-852397-7 devstack@placement-api.service[107699]: DEBUG placement.requestlog [req-5b26b09f-d722-494a-b0a1-ec3fa2387393 req-91ec5315-3f16-4098-9976-7776ef56bc92 None None] Starting request: 10.222.0.15 "DELETE /placement/allocations/b9477742-2559-44a4-857b-df39d47261de" {{(pid=107699) __call__ /opt/stack/placement/placement/requestlog.py:55}}
Aug 25 12:40:26.864844 n-d-852397-7 devstack@placement-api.service[107699]: DEBUG placement.handlers.allocation [req-5b26b09f-d722-494a-b0a1-ec3fa2387393 req-91ec5315-3f16-4098-9976-7776ef56bc92 service placement] Successfully deleted allocations [, , ] {{(pid=107699) delete_allocations /opt/stack/placement/placement/handlers/allocation.py:627}}
Aug 25 12:40:26.865512 n-d-852397-7 devstack@placement-api.service[107699]: INFO placement.requestlog [req-5b26b09f-d722-494a-b0a1-ec3fa2387393 req-91ec5315-3f16-4098-9976-7776ef56bc92 service placement] 10.222.0.15 "DELETE /placement/allocations/b9477742-2559-44a4-857b-df39d47261de" status: 204 len: 0 microversion: 1.0
Aug 25 12:40:26.867176 n-d-852397-7 devstack@placement-api.service[107699]: [pid: 107699|app: 0|req: 269/532] 10.222.0.15 () {60 vars in 1355 bytes} [Thu Aug 25 12:40:26 2022] DELETE /placement/allocations/b9477742-2559-44a4-857b-df39d47261de => generated 0 bytes in 55 msecs (HTTP/1.1 204) 5 headers in 198 bytes (1 switches on core 0)
Aug 25 12:40:29.249095 n-d-852397-7 devstack@placement-api.service[107698]: DEBUG placement.requestlog [None req-41746acb-60c2-4bd4-a2ed-6df42f1753ee None None] Starting request: 10.222.0.47 "GET /placement/resource_providers/37c51802-e4f1-49b1-ac75-341e6fe35e39/aggregates" {{(pid=107698) __call__ /opt/stack/placement/placement/requestlog.py:55}}
Aug 25 12:40:29.260847 n-d-852397-7 devstack@placement-api.service[107698]: INFO placement.requestlog [None req-41746acb-60c2-4bd4-a2ed-6df42f1753ee service placement] 10.222.0.47 "GET /placement/resource_providers/37c51802-e4f1-49b1-ac75-341e6fe35e39/aggregates" status: 404 len: 235 microversion: 1.1
Aug 25 12:40:29.261931 n-d-852397-7 devstack@placement-api.service[107698]: [pid: 107698|app: 0|req: 264/533] 10.222.0.47 () {58 vars in 1362 bytes} [Thu Aug 25 12:40:29 2022] GET /placement/resource_providers/37c51802-e4f1-49b1-ac75-341e6fe35e39/aggregates => generated 235 bytes in 13 msecs (HTTP/1.1 404) 5 headers in 202 bytes (1 switches on core 0)
Aug 25 12:40:29.281941 n-d-852397-7 devstack@placement-api.service[107699]: DEBUG placement.requestlog [None req-6d9794e4-0327-48c6-b18d-d7483575cf65 None None] Starting request: 10.222.0.47 "DELETE /placement/resource_providers/37c51802-e4f1-49b1-ac75-341e6fe35e39" {{(pid=107699) __call__ /opt/stack/placement/placement/requestlog.py:55}}
Aug 25 12:40:29.298271 n-d-852397-7 devstack@placement-api.service[107699]: DEBUG placement.wsgi_wrapper [None req-6d9794e4-0327-48c6-b18d-d7483575cf65 service placement] Placement API returning an error response: No resource provider with uuid 37c51802-e4f1-49b1-ac75-341e6fe35e39 found for delete {{(pid=107699) call_func /opt/stack/placement/placement/wsgi_wrapper.py:31}}
Aug 25 12:40:29.303344 n-d-852397-7 devstack@placement-api.service[107699]: INFO placement.requestlog [None req-6d9794e4-0327-48c6-b18d-d7483575cf65 service placement] 10.222.0.47 "DELETE /placement/resource_providers/37c51802-e4f1-49b1-ac75-341e6fe35e39" status: 404 len: 246 microversion: 1.1
Aug 25 12:40:29.304160 n-d-852397-7 devstack@placement-api.service[107699]: [pid: 107699|app: 0|req: 270/534] 10.222.0.47 () {60 vars in 1351 bytes} [Thu Aug 25 12:40:29 2022] DELETE /placement/resource_providers/37c51802-e4f1-49b1-ac75-341e6fe35e39 => generated 246 bytes in 23 msecs (HTTP/1.1 404) 6 headers in 231 bytes (1 switches on core 0)
Aug 25 12:40:29.412211 n-d-852397-7 devstack@placement-api.service[107698]: DEBUG placement.requestlog [req-b57c4ae0-f131-4693-9e35-192897eb8abe req-eab5c358-b611-4b5c-ab22-78f0ccad4f72 None None] Starting request: 10.222.0.15 "DELETE /placement/allocations/797714ac-ae53-4472-b859-b98f209feca9" {{(pid=107698) __call__ /opt/stack/placement/placement/requestlog.py:55}}
Aug 25 12:40:29.466008 n-d-852397-7 devstack@placement-api.service[107698]: DEBUG placement.handlers.allocation [req-b57c4ae0-f131-4693-9e35-192897eb8abe req-eab5c358-b611-4b5c-ab22-78f0ccad4f72 service placement] Successfully deleted allocations [, , ] {{(pid=107698) delete_allocations /opt/stack/placement/placement/handlers/allocation.py:627}}
Aug 25 12:40:29.467051 n-d-852397-7 devstack@placement-api.service[107698]: INFO placement.requestlog [req-b57c4ae0-f131-4693-9e35-192897eb8abe req-eab5c358-b611-4b5c-ab22-78f0ccad4f72 service placement] 10.222.0.15 "DELETE /placement/allocations/797714ac-ae53-4472-b859-b98f209feca9" status: 204 len: 0 microversion: 1.0
Aug 25 12:40:29.468359 n-d-852397-7 devstack@placement-api.service[107698]: [pid: 107698|app: 0|req: 265/535] 10.222.0.15 () {60 vars in 1355 bytes} [Thu Aug 25 12:40:29 2022] DELETE /placement/allocations/797714ac-ae53-4472-b859-b98f209feca9 => generated 0 bytes in 56 msecs (HTTP/1.1 204) 5 headers in 198 bytes (2 switches on core 0)
Aug 25 12:40:34.657335 n-d-852397-7 devstack@placement-api.service[107699]: DEBUG placement.requestlog [None req-5ae4c28f-d131-4ff8-9c0a-d2e9dedf5998 None None] Starting request: 10.222.0.47 "GET /placement/resource_providers/e2cc4a7d-87bc-4792-ba84-9e2278b1d90c/aggregates" {{(pid=107699) __call__ /opt/stack/placement/placement/requestlog.py:55}}
Aug 25 12:40:34.670975 n-d-852397-7 devstack@placement-api.service[107699]: INFO placement.requestlog [None req-5ae4c28f-d131-4ff8-9c0a-d2e9dedf5998 service placement] 10.222.0.47 "GET /placement/resource_providers/e2cc4a7d-87bc-4792-ba84-9e2278b1d90c/aggregates" status: 404 len: 235 microversion: 1.1
Aug 25 12:40:34.672275 n-d-852397-7 devstack@placement-api.service[107699]: [pid: 107699|app: 0|req: 271/536] 10.222.0.47 () {58 vars in 1362 bytes} [Thu Aug 25 12:40:34 2022] GET /placement/resource_providers/e2cc4a7d-87bc-4792-ba84-9e2278b1d90c/aggregates => generated 235 bytes in 15 msecs (HTTP/1.1 404) 5 headers in 202 bytes (1 switches on core 0)
Aug 25 12:40:34.694376 n-d-852397-7 devstack@placement-api.service[107698]: DEBUG placement.requestlog [None req-753e0e69-6519-46f2-83ac-3ca51c1270c5 None None] Starting request: 10.222.0.47 "DELETE /placement/resource_providers/e2cc4a7d-87bc-4792-ba84-9e2278b1d90c" {{(pid=107698) __call__ /opt/stack/placement/placement/requestlog.py:55}}
Aug 25 12:40:34.709699 n-d-852397-7 devstack@placement-api.service[107698]: DEBUG placement.wsgi_wrapper [None req-753e0e69-6519-46f2-83ac-3ca51c1270c5 service placement] Placement API returning an error response: No resource provider with uuid e2cc4a7d-87bc-4792-ba84-9e2278b1d90c found for delete {{(pid=107698) call_func /opt/stack/placement/placement/wsgi_wrapper.py:31}}
Aug 25 12:40:34.711155 n-d-852397-7 devstack@placement-api.service[107698]: INFO placement.requestlog [None req-753e0e69-6519-46f2-83ac-3ca51c1270c5 service placement] 10.222.0.47 "DELETE /placement/resource_providers/e2cc4a7d-87bc-4792-ba84-9e2278b1d90c" status: 404 len: 246 microversion: 1.1
Aug 25 12:40:34.712006 n-d-852397-7 devstack@placement-api.service[107698]: [pid: 107698|app: 0|req: 266/537] 10.222.0.47 () {60 vars in 1351 bytes} [Thu Aug 25 12:40:34 2022] DELETE /placement/resource_providers/e2cc4a7d-87bc-4792-ba84-9e2278b1d90c => generated 246 bytes in 18 msecs (HTTP/1.1 404) 6 headers in 231 bytes (1 switches on core 0)
Aug 25 12:40:36.789278 n-d-852397-7 devstack@placement-api.service[107699]: DEBUG placement.requestlog [req-578bf269-5cf6-4222-99f1-af2fceb29952 req-a891ddca-870b-4172-bb57-13f14ef0e4c4 None None] Starting request: 10.222.0.47 "GET /placement/allocation_candidates?limit=1000&resources=DISK_GB%3A1%2CMEMORY_MB%3A1024%2CVCPU%3A1&root_required=%21COMPUTE_STATUS_DISABLED" {{(pid=107699) __call__ /opt/stack/placement/placement/requestlog.py:55}}
Aug 25 12:40:37.050948 n-d-852397-7 devstack@placement-api.service[107699]: DEBUG placement.objects.research_context [req-578bf269-5cf6-4222-99f1-af2fceb29952 req-a891ddca-870b-4172-bb57-13f14ef0e4c4 service placement] getting providers with 1 DISK_GB {{(pid=107699) __init__ /opt/stack/placement/placement/objects/research_context.py:136}}
Aug 25 12:40:37.059992 n-d-852397-7 devstack@placement-api.service[107699]: DEBUG placement.objects.research_context [req-578bf269-5cf6-4222-99f1-af2fceb29952 req-a891ddca-870b-4172-bb57-13f14ef0e4c4 service placement] getting providers with 1024 MEMORY_MB {{(pid=107699) __init__ /opt/stack/placement/placement/objects/research_context.py:136}}
Aug 25 12:40:37.067881 n-d-852397-7 devstack@placement-api.service[107699]: DEBUG placement.objects.research_context [req-578bf269-5cf6-4222-99f1-af2fceb29952 req-a891ddca-870b-4172-bb57-13f14ef0e4c4 service placement] getting providers with 1 VCPU {{(pid=107699) __init__ /opt/stack/placement/placement/objects/research_context.py:136}}
Aug 25 12:40:37.075190 n-d-852397-7 devstack@placement-api.service[107699]: DEBUG placement.objects.research_context [req-578bf269-5cf6-4222-99f1-af2fceb29952 req-a891ddca-870b-4172-bb57-13f14ef0e4c4 service placement] found 2 providers with available 1 DISK_GB {{(pid=107699) get_provider_ids_matching /opt/stack/placement/placement/objects/research_context.py:563}}
Aug 25 12:40:37.075743 n-d-852397-7 devstack@placement-api.service[107699]: DEBUG placement.objects.research_context [req-578bf269-5cf6-4222-99f1-af2fceb29952 req-a891ddca-870b-4172-bb57-13f14ef0e4c4 service placement] found 2 providers with available 1024 MEMORY_MB {{(pid=107699) get_provider_ids_matching /opt/stack/placement/placement/objects/research_context.py:563}}
Aug 25 12:40:37.076236 n-d-852397-7 devstack@placement-api.service[107699]: DEBUG placement.objects.research_context [req-578bf269-5cf6-4222-99f1-af2fceb29952 req-a891ddca-870b-4172-bb57-13f14ef0e4c4 service placement] found 2 providers after filtering by previous result {{(pid=107699) get_provider_ids_matching /opt/stack/placement/placement/objects/research_context.py:594}}
Aug 25 12:40:37.076646 n-d-852397-7 devstack@placement-api.service[107699]: DEBUG placement.objects.research_context [req-578bf269-5cf6-4222-99f1-af2fceb29952 req-a891ddca-870b-4172-bb57-13f14ef0e4c4 service placement] found 2 providers with available 1 VCPU {{(pid=107699) get_provider_ids_matching /opt/stack/placement/placement/objects/research_context.py:563}}
Aug 25 12:40:37.077051 n-d-852397-7 devstack@placement-api.service[107699]: DEBUG placement.objects.research_context [req-578bf269-5cf6-4222-99f1-af2fceb29952 req-a891ddca-870b-4172-bb57-13f14ef0e4c4 service placement] found 2 providers after filtering by previous result {{(pid=107699) get_provider_ids_matching /opt/stack/placement/placement/objects/research_context.py:594}}
Aug 25 12:40:37.089234 n-d-852397-7 devstack@placement-api.service[107699]: DEBUG placement.objects.allocation_candidate [req-578bf269-5cf6-4222-99f1-af2fceb29952 req-a891ddca-870b-4172-bb57-13f14ef0e4c4 service placement] RequestGroup(use_same_provider=False, resources={DISK_GB:1, MEMORY_MB:1024, VCPU:1}, traits=(), aggregates=[]) (suffix '') returned 2 matches {{(pid=107699) _get_by_requests /opt/stack/placement/placement/objects/allocation_candidate.py:156}}
Aug 25 12:40:37.089920 n-d-852397-7 devstack@placement-api.service[107699]: DEBUG placement.objects.allocation_candidate [req-578bf269-5cf6-4222-99f1-af2fceb29952 req-a891ddca-870b-4172-bb57-13f14ef0e4c4 service placement] Merging candidates yields 2 allocation requests and 2 provider summaries {{(pid=107699) _merge_candidates /opt/stack/placement/placement/objects/allocation_candidate.py:809}}
Aug 25 12:40:37.091896 n-d-852397-7 devstack@placement-api.service[107699]: INFO placement.requestlog [req-578bf269-5cf6-4222-99f1-af2fceb29952 req-a891ddca-870b-4172-bb57-13f14ef0e4c4 service placement] 10.222.0.47 "GET /placement/allocation_candidates?limit=1000&resources=DISK_GB%3A1%2CMEMORY_MB%3A1024%2CVCPU%3A1&root_required=%21COMPUTE_STATUS_DISABLED" status: 200 len: 1309 microversion: 1.36
Aug 25 12:40:37.092756 n-d-852397-7 devstack@placement-api.service[107699]: [pid: 107699|app: 0|req: 272/538] 10.222.0.47 () {60 vars in 1506 bytes} [Thu Aug 25 12:40:36 2022] GET /placement/allocation_candidates?limit=1000&resources=DISK_GB%3A1%2CMEMORY_MB%3A1024%2CVCPU%3A1&root_required=%21COMPUTE_STATUS_DISABLED => generated 1309 bytes in 305 msecs (HTTP/1.1 200) 8 headers in 297 bytes (1 switches on core 0)
Aug 25 12:40:37.259241 n-d-852397-7 devstack@placement-api.service[107698]: DEBUG placement.requestlog [req-578bf269-5cf6-4222-99f1-af2fceb29952 req-85393674-e7b1-4706-b2bf-2df09bfc381e None None] Starting request: 10.222.0.47 "GET /placement/allocations/5e99c74a-1ef3-47cf-9e47-29049bfcf676" {{(pid=107698) __call__ /opt/stack/placement/placement/requestlog.py:55}}
Aug 25 12:40:37.278901 n-d-852397-7 devstack@placement-api.service[107698]: INFO placement.requestlog [req-578bf269-5cf6-4222-99f1-af2fceb29952 req-85393674-e7b1-4706-b2bf-2df09bfc381e service placement] 10.222.0.47 "GET /placement/allocations/5e99c74a-1ef3-47cf-9e47-29049bfcf676" status: 200 len: 19 microversion: 1.28
Aug 25 12:40:37.279706 n-d-852397-7 devstack@placement-api.service[107698]: [pid: 107698|app: 0|req: 267/539] 10.222.0.47 () {60 vars in 1380 bytes} [Thu Aug 25 12:40:37 2022] GET /placement/allocations/5e99c74a-1ef3-47cf-9e47-29049bfcf676 => generated 19 bytes in 21 msecs (HTTP/1.1 200) 8 headers in 295 bytes (1 switches on core 0)
Aug 25 12:40:37.287643 n-d-852397-7 devstack@placement-api.service[107699]: DEBUG placement.requestlog [req-578bf269-5cf6-4222-99f1-af2fceb29952 req-fe8433c6-38b8-4906-9ebf-b09337c5e304 None None] Starting request: 10.222.0.47 "PUT /placement/allocations/5e99c74a-1ef3-47cf-9e47-29049bfcf676" {{(pid=107699) __call__ /opt/stack/placement/placement/requestlog.py:55}}
Aug 25 12:40:37.413962 n-d-852397-7 devstack@placement-api.service[107699]: DEBUG placement.handlers.allocation [req-578bf269-5cf6-4222-99f1-af2fceb29952 req-fe8433c6-38b8-4906-9ebf-b09337c5e304 service placement] Successfully wrote allocations [, , ] {{(pid=107699) _update_consumers_and_create_allocations /opt/stack/placement/placement/handlers/allocation.py:462}}
Aug 25 12:40:37.421500 n-d-852397-7 devstack@placement-api.service[107699]: INFO placement.requestlog [req-578bf269-5cf6-4222-99f1-af2fceb29952 req-fe8433c6-38b8-4906-9ebf-b09337c5e304 service placement] 10.222.0.47 "PUT /placement/allocations/5e99c74a-1ef3-47cf-9e47-29049bfcf676" status: 204 len: 0 microversion: 1.36
Aug 25 12:40:37.421916 n-d-852397-7 devstack@placement-api.service[107699]: [pid: 107699|app: 0|req: 273/540] 10.222.0.47 () {64 vars in 1433 bytes} [Thu Aug 25 12:40:37 2022] PUT /placement/allocations/5e99c74a-1ef3-47cf-9e47-29049bfcf676 => generated 0 bytes in 135 msecs (HTTP/1.1 204) 5 headers in 199 bytes (1 switches on core 0)
Aug 25 12:40:37.903136 n-d-852397-7 devstack@placement-api.service[107698]: DEBUG placement.requestlog [req-578bf269-5cf6-4222-99f1-af2fceb29952 req-13a91645-85fb-4507-8932-3f53d65152bc None None] Starting request: 10.222.0.15 "GET /placement/allocations/5e99c74a-1ef3-47cf-9e47-29049bfcf676" {{(pid=107698) __call__ /opt/stack/placement/placement/requestlog.py:55}}
Aug 25 12:40:37.927169 n-d-852397-7 devstack@placement-api.service[107698]: INFO placement.requestlog [req-578bf269-5cf6-4222-99f1-af2fceb29952 req-13a91645-85fb-4507-8932-3f53d65152bc service placement] 10.222.0.15 "GET /placement/allocations/5e99c74a-1ef3-47cf-9e47-29049bfcf676" status: 200 len: 259 microversion: 1.28
Aug 25 12:40:37.927883 n-d-852397-7 devstack@placement-api.service[107698]: [pid: 107698|app: 0|req: 268/541] 10.222.0.15 () {60 vars in 1377 bytes} [Thu Aug 25 12:40:37 2022] GET /placement/allocations/5e99c74a-1ef3-47cf-9e47-29049bfcf676 => generated 259 bytes in 25 msecs (HTTP/1.1 200) 8 headers in 296 bytes (1 switches on core 0)
Aug 25 12:40:46.533754 n-d-852397-7 devstack@placement-api.service[107699]: DEBUG placement.requestlog [req-e174d99f-e488-43c6-aa67-dbe1dc146741 req-18a4c1bf-cd86-4c1c-99a3-7ce57e89991a None None] Starting request: 10.222.0.40 "DELETE /placement/allocations/768774e7-7b46-492a-8526-656c0acfae89" {{(pid=107699) __call__ /opt/stack/placement/placement/requestlog.py:55}}
Aug 25 12:40:46.610916 n-d-852397-7 devstack@placement-api.service[107699]: DEBUG placement.handlers.allocation [req-e174d99f-e488-43c6-aa67-dbe1dc146741 req-18a4c1bf-cd86-4c1c-99a3-7ce57e89991a service placement] Successfully deleted allocations [, , ] {{(pid=107699) delete_allocations /opt/stack/placement/placement/handlers/allocation.py:627}}
Aug 25 12:40:46.612549 n-d-852397-7 devstack@placement-api.service[107699]: INFO placement.requestlog [req-e174d99f-e488-43c6-aa67-dbe1dc146741 req-18a4c1bf-cd86-4c1c-99a3-7ce57e89991a service placement] 10.222.0.40 "DELETE /placement/allocations/768774e7-7b46-492a-8526-656c0acfae89" status: 204 len: 0 microversion: 1.0
Aug 25 12:40:46.613779 n-d-852397-7 devstack@placement-api.service[107699]: [pid: 107699|app: 0|req: 274/542] 10.222.0.40 () {60 vars in 1355 bytes} [Thu Aug 25 12:40:46 2022] DELETE /placement/allocations/768774e7-7b46-492a-8526-656c0acfae89 => generated 0 bytes in 81 msecs (HTTP/1.1 204) 5 headers in 198 bytes (1 switches on core 0)
Aug 25 12:40:47.924564 n-d-852397-7 devstack@placement-api.service[107698]: DEBUG dbcounter [-] [107698] Writing DB stats placement:SELECT=75,placement:INSERT=10,placement:DELETE=7,placement:UPDATE=5 {{(pid=107698) stat_writer /usr/local/lib/python3.8/dist-packages/dbcounter.py:114}}
Aug 25 12:40:48.532601 n-d-852397-7 devstack@placement-api.service[107698]: DEBUG placement.requestlog [None req-5280643e-a9ad-4909-9c60-4ea2c9d5c344 None None] Starting request: 10.222.0.47 "GET /placement/resource_providers/f7d0f672-655d-49de-9467-0f19d8e84669/aggregates" {{(pid=107698) __call__ /opt/stack/placement/placement/requestlog.py:55}}
Aug 25 12:40:48.554212 n-d-852397-7 devstack@placement-api.service[107698]: INFO placement.requestlog [None req-5280643e-a9ad-4909-9c60-4ea2c9d5c344 service placement] 10.222.0.47 "GET /placement/resource_providers/f7d0f672-655d-49de-9467-0f19d8e84669/aggregates" status: 404 len: 235 microversion: 1.1
Aug 25 12:40:48.555567 n-d-852397-7 devstack@placement-api.service[107698]: [pid: 107698|app: 0|req: 269/543] 10.222.0.47 () {58 vars in 1362 bytes} [Thu Aug 25 12:40:48 2022] GET /placement/resource_providers/f7d0f672-655d-49de-9467-0f19d8e84669/aggregates => generated 235 bytes in 23 msecs (HTTP/1.1 404) 5 headers in 202 bytes (1 switches on core 0)
Aug 25 12:40:48.626523 n-d-852397-7 devstack@placement-api.service[107699]: DEBUG placement.requestlog [None req-1e72e083-1cea-43ec-83fd-e4c48820772f None None] Starting request: 10.222.0.47 "DELETE /placement/resource_providers/f7d0f672-655d-49de-9467-0f19d8e84669" {{(pid=107699) __call__ /opt/stack/placement/placement/requestlog.py:55}}
Aug 25 12:40:48.646242 n-d-852397-7 devstack@placement-api.service[107699]: DEBUG placement.wsgi_wrapper [None req-1e72e083-1cea-43ec-83fd-e4c48820772f service placement] Placement API returning an error response: No resource provider with uuid f7d0f672-655d-49de-9467-0f19d8e84669 found for delete {{(pid=107699) call_func /opt/stack/placement/placement/wsgi_wrapper.py:31}}
Aug 25 12:40:48.647472 n-d-852397-7 devstack@placement-api.service[107699]: INFO placement.requestlog [None req-1e72e083-1cea-43ec-83fd-e4c48820772f service placement] 10.222.0.47 "DELETE /placement/resource_providers/f7d0f672-655d-49de-9467-0f19d8e84669" status: 404 len: 246 microversion: 1.1
Aug 25 12:40:48.648016 n-d-852397-7 devstack@placement-api.service[107699]: [pid: 107699|app: 0|req: 275/544] 10.222.0.47 () {60 vars in 1351 bytes} [Thu Aug 25 12:40:48 2022] DELETE /placement/resource_providers/f7d0f672-655d-49de-9467-0f19d8e84669 => generated 246 bytes in 22 msecs (HTTP/1.1 404) 6 headers in 231 bytes (1 switches on core 0)
Aug 25 12:40:52.262803 n-d-852397-7 devstack@placement-api.service[107698]: DEBUG placement.requestlog [req-b40feb50-5a99-44f0-9bec-a14f54bf4c47 req-aba27822-956f-4930-95a4-84b9b30c697e None None] Starting request: 10.222.0.47 "GET /placement/allocation_candidates?limit=1000&resources=DISK_GB%3A1%2CMEMORY_MB%3A1024%2CVCPU%3A1&root_required=%21COMPUTE_STATUS_DISABLED" {{(pid=107698) __call__ /opt/stack/placement/placement/requestlog.py:55}}
Aug 25 12:40:52.380754 n-d-852397-7 devstack@placement-api.service[107699]: DEBUG placement.requestlog [req-c51d2db6-aa28-4cd8-bf6d-ed13875dd672 req-ea145665-c009-4874-878a-de26c181a59c None None] Starting request: 10.222.0.40 "DELETE /placement/allocations/eebfb17d-db93-4754-866a-f0283af9e0bd" {{(pid=107699) __call__ /opt/stack/placement/placement/requestlog.py:55}}
Aug 25 12:40:52.414029 n-d-852397-7 devstack@placement-api.service[107698]: DEBUG placement.objects.research_context [req-b40feb50-5a99-44f0-9bec-a14f54bf4c47 req-aba27822-956f-4930-95a4-84b9b30c697e service placement] getting providers with 1 DISK_GB {{(pid=107698) __init__ /opt/stack/placement/placement/objects/research_context.py:136}}
Aug 25 12:40:52.426898 n-d-852397-7 devstack@placement-api.service[107698]: DEBUG placement.objects.research_context [req-b40feb50-5a99-44f0-9bec-a14f54bf4c47 req-aba27822-956f-4930-95a4-84b9b30c697e service placement] getting providers with 1024 MEMORY_MB {{(pid=107698) __init__ /opt/stack/placement/placement/objects/research_context.py:136}}
Aug 25 12:40:52.454421 n-d-852397-7 devstack@placement-api.service[107698]: DEBUG placement.objects.research_context [req-b40feb50-5a99-44f0-9bec-a14f54bf4c47 req-aba27822-956f-4930-95a4-84b9b30c697e service placement] getting providers with 1 VCPU {{(pid=107698) __init__ /opt/stack/placement/placement/objects/research_context.py:136}}
Aug 25 12:40:52.460007 n-d-852397-7 devstack@placement-api.service[107699]: DEBUG placement.handlers.allocation [req-c51d2db6-aa28-4cd8-bf6d-ed13875dd672 req-ea145665-c009-4874-878a-de26c181a59c service placement] Successfully deleted allocations [, ] {{(pid=107699) delete_allocations /opt/stack/placement/placement/handlers/allocation.py:627}}
Aug 25 12:40:52.460825 n-d-852397-7 devstack@placement-api.service[107699]: INFO placement.requestlog [req-c51d2db6-aa28-4cd8-bf6d-ed13875dd672 req-ea145665-c009-4874-878a-de26c181a59c service placement] 10.222.0.40 "DELETE /placement/allocations/eebfb17d-db93-4754-866a-f0283af9e0bd" status: 204 len: 0 microversion: 1.0
Aug 25 12:40:52.461666 n-d-852397-7 devstack@placement-api.service[107699]: [pid: 107699|app: 0|req: 276/545] 10.222.0.40 () {60 vars in 1355 bytes} [Thu Aug 25 12:40:52 2022] DELETE /placement/allocations/eebfb17d-db93-4754-866a-f0283af9e0bd => generated 0 bytes in 81 msecs (HTTP/1.1 204) 5 headers in 198 bytes (2 switches on core 0)
Aug 25 12:40:52.470896 n-d-852397-7 devstack@placement-api.service[107698]: DEBUG placement.objects.research_context [req-b40feb50-5a99-44f0-9bec-a14f54bf4c47 req-aba27822-956f-4930-95a4-84b9b30c697e service placement] found 2 providers with available 1 DISK_GB {{(pid=107698) get_provider_ids_matching /opt/stack/placement/placement/objects/research_context.py:563}}
Aug 25 12:40:52.471203 n-d-852397-7 devstack@placement-api.service[107698]: DEBUG placement.objects.research_context [req-b40feb50-5a99-44f0-9bec-a14f54bf4c47 req-aba27822-956f-4930-95a4-84b9b30c697e service placement] found 2 providers with available 1024 MEMORY_MB {{(pid=107698) get_provider_ids_matching /opt/stack/placement/placement/objects/research_context.py:563}}
Aug 25 12:40:52.471488 n-d-852397-7 devstack@placement-api.service[107698]: DEBUG placement.objects.research_context [req-b40feb50-5a99-44f0-9bec-a14f54bf4c47 req-aba27822-956f-4930-95a4-84b9b30c697e service placement] found 2 providers after filtering by previous result {{(pid=107698) get_provider_ids_matching /opt/stack/placement/placement/objects/research_context.py:594}}
Aug 25 12:40:52.471781 n-d-852397-7 devstack@placement-api.service[107698]: DEBUG placement.objects.research_context [req-b40feb50-5a99-44f0-9bec-a14f54bf4c47 req-aba27822-956f-4930-95a4-84b9b30c697e service placement] found 2 providers with available 1 VCPU {{(pid=107698) get_provider_ids_matching /opt/stack/placement/placement/objects/research_context.py:563}}
Aug 25 12:40:52.472169 n-d-852397-7 devstack@placement-api.service[107698]: DEBUG placement.objects.research_context [req-b40feb50-5a99-44f0-9bec-a14f54bf4c47 req-aba27822-956f-4930-95a4-84b9b30c697e service placement] found 2 providers after filtering by previous result {{(pid=107698) get_provider_ids_matching /opt/stack/placement/placement/objects/research_context.py:594}}
Aug 25 12:40:52.514256 n-d-852397-7 devstack@placement-api.service[107698]: DEBUG placement.objects.allocation_candidate [req-b40feb50-5a99-44f0-9bec-a14f54bf4c47 req-aba27822-956f-4930-95a4-84b9b30c697e service placement] RequestGroup(use_same_provider=False, resources={DISK_GB:1, MEMORY_MB:1024, VCPU:1}, traits=(), aggregates=[]) (suffix '') returned 2 matches {{(pid=107698) _get_by_requests /opt/stack/placement/placement/objects/allocation_candidate.py:156}}
Aug 25 12:40:52.514705 n-d-852397-7 devstack@placement-api.service[107698]: DEBUG placement.objects.allocation_candidate [req-b40feb50-5a99-44f0-9bec-a14f54bf4c47 req-aba27822-956f-4930-95a4-84b9b30c697e service placement] Merging candidates yields 2 allocation requests and 2 provider summaries {{(pid=107698) _merge_candidates /opt/stack/placement/placement/objects/allocation_candidate.py:809}}
Aug 25 12:40:52.522075 n-d-852397-7 devstack@placement-api.service[107698]: INFO placement.requestlog [req-b40feb50-5a99-44f0-9bec-a14f54bf4c47 req-aba27822-956f-4930-95a4-84b9b30c697e service placement] 10.222.0.47 "GET /placement/allocation_candidates?limit=1000&resources=DISK_GB%3A1%2CMEMORY_MB%3A1024%2CVCPU%3A1&root_required=%21COMPUTE_STATUS_DISABLED" status: 200 len: 1309 microversion: 1.36
Aug 25 12:40:52.527182 n-d-852397-7 devstack@placement-api.service[107698]: [pid: 107698|app: 0|req: 270/546] 10.222.0.47 () {60 vars in 1506 bytes} [Thu Aug 25 12:40:52 2022] GET /placement/allocation_candidates?limit=1000&resources=DISK_GB%3A1%2CMEMORY_MB%3A1024%2CVCPU%3A1&root_required=%21COMPUTE_STATUS_DISABLED => generated 1309 bytes in 264 msecs (HTTP/1.1 200) 8 headers in 297 bytes (1 switches on core 0)
Aug 25 12:40:52.656733 n-d-852397-7 devstack@placement-api.service[107699]: DEBUG placement.requestlog [req-b40feb50-5a99-44f0-9bec-a14f54bf4c47 req-af0525ac-3618-44bb-ba9c-e31973915f43 None None] Starting request: 10.222.0.47 "GET /placement/allocations/dd62da15-3937-4bf2-bbb5-937ede3b4b76" {{(pid=107699) __call__ /opt/stack/placement/placement/requestlog.py:55}}
Aug 25 12:40:52.676468 n-d-852397-7 devstack@placement-api.service[107699]: INFO placement.requestlog [req-b40feb50-5a99-44f0-9bec-a14f54bf4c47 req-af0525ac-3618-44bb-ba9c-e31973915f43 service placement] 10.222.0.47 "GET /placement/allocations/dd62da15-3937-4bf2-bbb5-937ede3b4b76" status: 200 len: 19 microversion: 1.28
Aug 25 12:40:52.684754 n-d-852397-7 devstack@placement-api.service[107699]: [pid: 107699|app: 0|req: 277/547] 10.222.0.47 () {60 vars in 1380 bytes} [Thu Aug 25 12:40:52 2022] GET /placement/allocations/dd62da15-3937-4bf2-bbb5-937ede3b4b76 => generated 19 bytes in 28 msecs (HTTP/1.1 200) 8 headers in 295 bytes (1 switches on core 0)
Aug 25 12:40:52.694742 n-d-852397-7 devstack@placement-api.service[107698]: DEBUG placement.requestlog [req-b40feb50-5a99-44f0-9bec-a14f54bf4c47 req-8079c6ce-a73f-42d0-bb25-03be539e4f12 None None] Starting request: 10.222.0.47 "PUT /placement/allocations/dd62da15-3937-4bf2-bbb5-937ede3b4b76" {{(pid=107698) __call__ /opt/stack/placement/placement/requestlog.py:55}}
Aug 25 12:40:52.918726 n-d-852397-7 devstack@placement-api.service[107698]: DEBUG placement.handlers.allocation [req-b40feb50-5a99-44f0-9bec-a14f54bf4c47 req-8079c6ce-a73f-42d0-bb25-03be539e4f12 service placement] Successfully wrote allocations [, , ] {{(pid=107698) _update_consumers_and_create_allocations /opt/stack/placement/placement/handlers/allocation.py:462}}
Aug 25 12:40:52.926466 n-d-852397-7 devstack@placement-api.service[107698]: INFO placement.requestlog [req-b40feb50-5a99-44f0-9bec-a14f54bf4c47 req-8079c6ce-a73f-42d0-bb25-03be539e4f12 service placement] 10.222.0.47 "PUT /placement/allocations/dd62da15-3937-4bf2-bbb5-937ede3b4b76" status: 204 len: 0 microversion: 1.36
Aug 25 12:40:52.927254 n-d-852397-7 devstack@placement-api.service[107698]: [pid: 107698|app: 0|req: 271/548] 10.222.0.47 () {64 vars in 1433 bytes} [Thu Aug 25 12:40:52 2022] PUT /placement/allocations/dd62da15-3937-4bf2-bbb5-937ede3b4b76 => generated 0 bytes in 233 msecs (HTTP/1.1 204) 5 headers in 199 bytes (1 switches on core 0)
Aug 25 12:40:53.650582 n-d-852397-7 devstack@placement-api.service[107699]: DEBUG placement.requestlog [req-b40feb50-5a99-44f0-9bec-a14f54bf4c47 req-fee02e6e-34f4-46c9-95d8-cf725ef29d43 None None] Starting request: 10.222.0.40 "GET /placement/allocations/dd62da15-3937-4bf2-bbb5-937ede3b4b76" {{(pid=107699) __call__ /opt/stack/placement/placement/requestlog.py:55}}
Aug 25 12:40:53.688782 n-d-852397-7 devstack@placement-api.service[107699]: INFO placement.requestlog [req-b40feb50-5a99-44f0-9bec-a14f54bf4c47 req-fee02e6e-34f4-46c9-95d8-cf725ef29d43 service placement] 10.222.0.40 "GET /placement/allocations/dd62da15-3937-4bf2-bbb5-937ede3b4b76" status: 200 len: 259 microversion: 1.28
Aug 25 12:40:53.689200 n-d-852397-7 devstack@placement-api.service[107699]: [pid: 107699|app: 0|req: 278/549] 10.222.0.40 () {60 vars in 1377 bytes} [Thu Aug 25 12:40:53 2022] GET /placement/allocations/dd62da15-3937-4bf2-bbb5-937ede3b4b76 => generated 259 bytes in 39 msecs (HTTP/1.1 200) 8 headers in 296 bytes (1 switches on core 0)
Aug 25 12:40:53.987519 n-d-852397-7 devstack@placement-api.service[107698]: DEBUG placement.requestlog [req-c0aa6aac-bdb1-4478-8590-6d284e0f3f7d req-cd9e1f4d-3c5e-4244-8463-8b50b49ba1c4 None None] Starting request: 10.222.0.47 "GET /placement/allocation_candidates?limit=1000&resources=DISK_GB%3A1%2CMEMORY_MB%3A1024%2CVCPU%3A1&root_required=%21COMPUTE_STATUS_DISABLED" {{(pid=107698) __call__ /opt/stack/placement/placement/requestlog.py:55}}
Aug 25 12:40:54.070284 n-d-852397-7 devstack@placement-api.service[107698]: DEBUG placement.objects.research_context [req-c0aa6aac-bdb1-4478-8590-6d284e0f3f7d req-cd9e1f4d-3c5e-4244-8463-8b50b49ba1c4 service placement] getting providers with 1 DISK_GB {{(pid=107698) __init__ /opt/stack/placement/placement/objects/research_context.py:136}}
Aug 25 12:40:54.089041 n-d-852397-7 devstack@placement-api.service[107698]: DEBUG placement.objects.research_context [req-c0aa6aac-bdb1-4478-8590-6d284e0f3f7d req-cd9e1f4d-3c5e-4244-8463-8b50b49ba1c4 service placement] getting providers with 1024 MEMORY_MB {{(pid=107698) __init__ /opt/stack/placement/placement/objects/research_context.py:136}}
Aug 25 12:40:54.100676 n-d-852397-7 devstack@placement-api.service[107698]: DEBUG placement.objects.research_context [req-c0aa6aac-bdb1-4478-8590-6d284e0f3f7d req-cd9e1f4d-3c5e-4244-8463-8b50b49ba1c4 service placement] getting providers with 1 VCPU {{(pid=107698) __init__ /opt/stack/placement/placement/objects/research_context.py:136}}
Aug 25 12:40:54.112961 n-d-852397-7 devstack@placement-api.service[107698]: DEBUG placement.objects.research_context [req-c0aa6aac-bdb1-4478-8590-6d284e0f3f7d req-cd9e1f4d-3c5e-4244-8463-8b50b49ba1c4 service placement] found 2 providers with available 1 DISK_GB {{(pid=107698) get_provider_ids_matching /opt/stack/placement/placement/objects/research_context.py:563}}
Aug 25 12:40:54.114942 n-d-852397-7 devstack@placement-api.service[107698]: DEBUG placement.objects.research_context [req-c0aa6aac-bdb1-4478-8590-6d284e0f3f7d req-cd9e1f4d-3c5e-4244-8463-8b50b49ba1c4 service placement] found 2 providers with available 1024 MEMORY_MB {{(pid=107698) get_provider_ids_matching /opt/stack/placement/placement/objects/research_context.py:563}}
Aug 25 12:40:54.115395 n-d-852397-7 devstack@placement-api.service[107698]: DEBUG placement.objects.research_context [req-c0aa6aac-bdb1-4478-8590-6d284e0f3f7d req-cd9e1f4d-3c5e-4244-8463-8b50b49ba1c4 service placement] found 2 providers after filtering by previous result {{(pid=107698) get_provider_ids_matching /opt/stack/placement/placement/objects/research_context.py:594}}
Aug 25 12:40:54.117129 n-d-852397-7 devstack@placement-api.service[107698]: DEBUG placement.objects.research_context [req-c0aa6aac-bdb1-4478-8590-6d284e0f3f7d req-cd9e1f4d-3c5e-4244-8463-8b50b49ba1c4 service placement] found 2 providers with available 1 VCPU {{(pid=107698) get_provider_ids_matching /opt/stack/placement/placement/objects/research_context.py:563}}
Aug 25 12:40:54.117613 n-d-852397-7 devstack@placement-api.service[107698]: DEBUG placement.objects.research_context [req-c0aa6aac-bdb1-4478-8590-6d284e0f3f7d req-cd9e1f4d-3c5e-4244-8463-8b50b49ba1c4 service placement] found 2 providers after filtering by previous result {{(pid=107698) get_provider_ids_matching /opt/stack/placement/placement/objects/research_context.py:594}}
Aug 25 12:40:54.148572 n-d-852397-7 devstack@placement-api.service[107698]: DEBUG placement.objects.allocation_candidate [req-c0aa6aac-bdb1-4478-8590-6d284e0f3f7d req-cd9e1f4d-3c5e-4244-8463-8b50b49ba1c4 service placement] RequestGroup(use_same_provider=False, resources={DISK_GB:1, MEMORY_MB:1024, VCPU:1}, traits=(), aggregates=[]) (suffix '') returned 2 matches {{(pid=107698) _get_by_requests /opt/stack/placement/placement/objects/allocation_candidate.py:156}}
Aug 25 12:40:54.148982 n-d-852397-7 devstack@placement-api.service[107698]: DEBUG placement.objects.allocation_candidate [req-c0aa6aac-bdb1-4478-8590-6d284e0f3f7d req-cd9e1f4d-3c5e-4244-8463-8b50b49ba1c4 service placement] Merging candidates yields 2 allocation requests and 2 provider summaries {{(pid=107698) _merge_candidates /opt/stack/placement/placement/objects/allocation_candidate.py:809}}
Aug 25 12:40:54.153522 n-d-852397-7 devstack@placement-api.service[107698]: INFO placement.requestlog [req-c0aa6aac-bdb1-4478-8590-6d284e0f3f7d req-cd9e1f4d-3c5e-4244-8463-8b50b49ba1c4 service placement] 10.222.0.47 "GET /placement/allocation_candidates?limit=1000&resources=DISK_GB%3A1%2CMEMORY_MB%3A1024%2CVCPU%3A1&root_required=%21COMPUTE_STATUS_DISABLED" status: 200 len: 1309 microversion: 1.36
Aug 25 12:40:54.154005 n-d-852397-7 devstack@placement-api.service[107698]: [pid: 107698|app: 0|req: 272/550] 10.222.0.47 () {60 vars in 1506 bytes} [Thu Aug 25 12:40:53 2022] GET /placement/allocation_candidates?limit=1000&resources=DISK_GB%3A1%2CMEMORY_MB%3A1024%2CVCPU%3A1&root_required=%21COMPUTE_STATUS_DISABLED => generated 1309 bytes in 167 msecs (HTTP/1.1 200) 8 headers in 297 bytes (1 switches on core 0)
Aug 25 12:40:54.303004 n-d-852397-7 devstack@placement-api.service[107699]: DEBUG placement.requestlog [req-c0aa6aac-bdb1-4478-8590-6d284e0f3f7d req-b4bc5f38-68e6-4f57-b735-b428cdfe7ef7 None None] Starting request: 10.222.0.47 "GET /placement/allocations/b4483f33-ff75-4df2-9c00-2e23007742ee" {{(pid=107699) __call__ /opt/stack/placement/placement/requestlog.py:55}}
Aug 25 12:40:54.334979 n-d-852397-7 devstack@placement-api.service[107699]: INFO placement.requestlog [req-c0aa6aac-bdb1-4478-8590-6d284e0f3f7d req-b4bc5f38-68e6-4f57-b735-b428cdfe7ef7 service placement] 10.222.0.47 "GET /placement/allocations/b4483f33-ff75-4df2-9c00-2e23007742ee" status: 200 len: 19 microversion: 1.28
Aug 25 12:40:54.340434 n-d-852397-7 devstack@placement-api.service[107699]: [pid: 107699|app: 0|req: 279/551] 10.222.0.47 () {60 vars in 1380 bytes} [Thu Aug 25 12:40:54 2022] GET /placement/allocations/b4483f33-ff75-4df2-9c00-2e23007742ee => generated 19 bytes in 37 msecs (HTTP/1.1 200) 8 headers in 295 bytes (1 switches on core 0)
Aug 25 12:40:54.341917 n-d-852397-7 devstack@placement-api.service[107698]: DEBUG placement.requestlog [req-c0aa6aac-bdb1-4478-8590-6d284e0f3f7d req-5258b788-ee0c-4bd4-adc8-49cbfde19afd None None] Starting request: 10.222.0.47 "PUT /placement/allocations/b4483f33-ff75-4df2-9c00-2e23007742ee" {{(pid=107698) __call__ /opt/stack/placement/placement/requestlog.py:55}}
Aug 25 12:40:54.588816 n-d-852397-7 devstack@placement-api.service[107698]: DEBUG placement.handlers.allocation [req-c0aa6aac-bdb1-4478-8590-6d284e0f3f7d req-5258b788-ee0c-4bd4-adc8-49cbfde19afd service placement] Successfully wrote allocations [, , ] {{(pid=107698) _update_consumers_and_create_allocations /opt/stack/placement/placement/handlers/allocation.py:462}}
Aug 25 12:40:54.617377 n-d-852397-7 devstack@placement-api.service[107698]: INFO placement.requestlog [req-c0aa6aac-bdb1-4478-8590-6d284e0f3f7d req-5258b788-ee0c-4bd4-adc8-49cbfde19afd service placement] 10.222.0.47 "PUT /placement/allocations/b4483f33-ff75-4df2-9c00-2e23007742ee" status: 204 len: 0 microversion: 1.36
Aug 25 12:40:54.618213 n-d-852397-7 devstack@placement-api.service[107698]: [pid: 107698|app: 0|req: 273/552] 10.222.0.47 () {64 vars in 1433 bytes} [Thu Aug 25 12:40:54 2022] PUT /placement/allocations/b4483f33-ff75-4df2-9c00-2e23007742ee => generated 0 bytes in 276 msecs (HTTP/1.1 204) 5 headers in 199 bytes (2 switches on core 0)
Aug 25 12:40:55.344651 n-d-852397-7 devstack@placement-api.service[107699]: DEBUG placement.requestlog [req-c0aa6aac-bdb1-4478-8590-6d284e0f3f7d req-73c83aed-acdd-484a-8d16-7caef42b7bf2 None None] Starting request: 10.222.0.15 "GET /placement/allocations/b4483f33-ff75-4df2-9c00-2e23007742ee" {{(pid=107699) __call__ /opt/stack/placement/placement/requestlog.py:55}}
Aug 25 12:40:55.354519 n-d-852397-7 devstack@placement-api.service[107699]: DEBUG dbcounter [-] [107699] Writing DB stats placement:SELECT=71,placement:DELETE=10,placement:INSERT=7,placement:UPDATE=4 {{(pid=107699) stat_writer /usr/local/lib/python3.8/dist-packages/dbcounter.py:114}}
Aug 25 12:40:55.376075 n-d-852397-7 devstack@placement-api.service[107699]: INFO placement.requestlog [req-c0aa6aac-bdb1-4478-8590-6d284e0f3f7d req-73c83aed-acdd-484a-8d16-7caef42b7bf2 service placement] 10.222.0.15 "GET /placement/allocations/b4483f33-ff75-4df2-9c00-2e23007742ee" status: 200 len: 259 microversion: 1.28
