Aug 25 12:46:28.540593 n-d-852397-7 devstack@placement-api.service[107698]: DEBUG placement.objects.research_context [req-bfc22f02-8984-40a5-8485-d10e92dd861b req-f474aca7-2134-4e2d-82d3-a0acad937095 service placement] found 2 providers after filtering by previous result {{(pid=107698) get_provider_ids_matching /opt/stack/placement/placement/objects/research_context.py:594}}
Aug 25 12:46:28.541078 n-d-852397-7 devstack@placement-api.service[107698]: DEBUG placement.objects.research_context [req-bfc22f02-8984-40a5-8485-d10e92dd861b req-f474aca7-2134-4e2d-82d3-a0acad937095 service placement] found 2 providers with available 1 VCPU {{(pid=107698) get_provider_ids_matching /opt/stack/placement/placement/objects/research_context.py:563}}
Aug 25 12:46:28.542146 n-d-852397-7 devstack@placement-api.service[107698]: DEBUG placement.objects.research_context [req-bfc22f02-8984-40a5-8485-d10e92dd861b req-f474aca7-2134-4e2d-82d3-a0acad937095 service placement] found 2 providers after filtering by previous result {{(pid=107698) get_provider_ids_matching /opt/stack/placement/placement/objects/research_context.py:594}}
Aug 25 12:46:28.559264 n-d-852397-7 devstack@placement-api.service[107698]: DEBUG placement.objects.allocation_candidate [req-bfc22f02-8984-40a5-8485-d10e92dd861b req-f474aca7-2134-4e2d-82d3-a0acad937095 service placement] RequestGroup(use_same_provider=False, resources={DISK_GB:1, MEMORY_MB:1024, VCPU:1}, traits=(), aggregates=[]) (suffix '') returned 2 matches {{(pid=107698) _get_by_requests /opt/stack/placement/placement/objects/allocation_candidate.py:156}}
Aug 25 12:46:28.560071 n-d-852397-7 devstack@placement-api.service[107698]: DEBUG placement.objects.allocation_candidate [req-bfc22f02-8984-40a5-8485-d10e92dd861b req-f474aca7-2134-4e2d-82d3-a0acad937095 service placement] Merging candidates yields 2 allocation requests and 2 provider summaries {{(pid=107698) _merge_candidates /opt/stack/placement/placement/objects/allocation_candidate.py:809}}
Aug 25 12:46:28.562014 n-d-852397-7 devstack@placement-api.service[107698]: INFO placement.requestlog [req-bfc22f02-8984-40a5-8485-d10e92dd861b req-f474aca7-2134-4e2d-82d3-a0acad937095 service placement] 10.222.0.47 "GET /placement/allocation_candidates?limit=1000&resources=DISK_GB%3A1%2CMEMORY_MB%3A1024%2CVCPU%3A1&root_required=%21COMPUTE_STATUS_DISABLED" status: 200 len: 1309 microversion: 1.36
Aug 25 12:46:28.565441 n-d-852397-7 devstack@placement-api.service[107699]: DEBUG placement.requestlog [req-6756690a-989f-44fd-99d2-fcef23e32aad req-7d3a1343-5f73-49e2-a1b2-862a3163cd2a None None] Starting request: 10.222.0.40 "DELETE /placement/allocations/2b532e23-a6b6-440a-acfe-aff420afb183" {{(pid=107699) __call__ /opt/stack/placement/placement/requestlog.py:55}}
Aug 25 12:46:28.591050 n-d-852397-7 devstack@placement-api.service[107698]: [pid: 107698|app: 0|req: 388/785] 10.222.0.47 () {60 vars in 1506 bytes} [Thu Aug 25 12:46:28 2022] GET /placement/allocation_candidates?limit=1000&resources=DISK_GB%3A1%2CMEMORY_MB%3A1024%2CVCPU%3A1&root_required=%21COMPUTE_STATUS_DISABLED => generated 1309 bytes in 159 msecs (HTTP/1.1 200) 8 headers in 297 bytes (1 switches on core 0)
Aug 25 12:46:28.659541 n-d-852397-7 devstack@placement-api.service[107698]: DEBUG placement.requestlog [req-bfc22f02-8984-40a5-8485-d10e92dd861b req-0006fea4-56f9-4a50-a34f-6afaa892053d None None] Starting request: 10.222.0.47 "GET /placement/allocations/2c585b19-508d-4233-80e3-c9e9d49169f3" {{(pid=107698) __call__ /opt/stack/placement/placement/requestlog.py:55}}
Aug 25 12:46:28.666028 n-d-852397-7 devstack@placement-api.service[107699]: DEBUG placement.handlers.allocation [req-6756690a-989f-44fd-99d2-fcef23e32aad req-7d3a1343-5f73-49e2-a1b2-862a3163cd2a service placement] Successfully deleted allocations [, , ] {{(pid=107699) delete_allocations /opt/stack/placement/placement/handlers/allocation.py:627}}
Aug 25 12:46:28.668404 n-d-852397-7 devstack@placement-api.service[107699]: INFO placement.requestlog [req-6756690a-989f-44fd-99d2-fcef23e32aad req-7d3a1343-5f73-49e2-a1b2-862a3163cd2a service placement] 10.222.0.40 "DELETE /placement/allocations/2b532e23-a6b6-440a-acfe-aff420afb183" status: 204 len: 0 microversion: 1.0
Aug 25 12:46:28.674041 n-d-852397-7 devstack@placement-api.service[107699]: [pid: 107699|app: 0|req: 398/786] 10.222.0.40 () {60 vars in 1355 bytes} [Thu Aug 25 12:46:28 2022] DELETE /placement/allocations/2b532e23-a6b6-440a-acfe-aff420afb183 => generated 0 bytes in 105 msecs (HTTP/1.1 204) 5 headers in 198 bytes (1 switches on core 0)
Aug 25 12:46:28.677902 n-d-852397-7 devstack@placement-api.service[107698]: INFO placement.requestlog [req-bfc22f02-8984-40a5-8485-d10e92dd861b req-0006fea4-56f9-4a50-a34f-6afaa892053d service placement] 10.222.0.47 "GET /placement/allocations/2c585b19-508d-4233-80e3-c9e9d49169f3" status: 200 len: 19 microversion: 1.28
Aug 25 12:46:28.678372 n-d-852397-7 devstack@placement-api.service[107698]: [pid: 107698|app: 0|req: 389/787] 10.222.0.47 () {60 vars in 1380 bytes} [Thu Aug 25 12:46:28 2022] GET /placement/allocations/2c585b19-508d-4233-80e3-c9e9d49169f3 => generated 19 bytes in 20 msecs (HTTP/1.1 200) 8 headers in 295 bytes (2 switches on core 0)
Aug 25 12:46:28.687314 n-d-852397-7 devstack@placement-api.service[107699]: DEBUG placement.requestlog [req-bfc22f02-8984-40a5-8485-d10e92dd861b req-73bf306b-687d-4574-824d-6701c348cd0e None None] Starting request: 10.222.0.47 "PUT /placement/allocations/2c585b19-508d-4233-80e3-c9e9d49169f3" {{(pid=107699) __call__ /opt/stack/placement/placement/requestlog.py:55}}
Aug 25 12:46:28.821581 n-d-852397-7 devstack@placement-api.service[107699]: DEBUG placement.handlers.allocation [req-bfc22f02-8984-40a5-8485-d10e92dd861b req-73bf306b-687d-4574-824d-6701c348cd0e service placement] Successfully wrote allocations [, , ] {{(pid=107699) _update_consumers_and_create_allocations /opt/stack/placement/placement/handlers/allocation.py:462}}
Aug 25 12:46:28.832074 n-d-852397-7 devstack@placement-api.service[107699]: INFO placement.requestlog [req-bfc22f02-8984-40a5-8485-d10e92dd861b req-73bf306b-687d-4574-824d-6701c348cd0e service placement] 10.222.0.47 "PUT /placement/allocations/2c585b19-508d-4233-80e3-c9e9d49169f3" status: 204 len: 0 microversion: 1.36
Aug 25 12:46:28.834198 n-d-852397-7 devstack@placement-api.service[107699]: [pid: 107699|app: 0|req: 399/788] 10.222.0.47 () {64 vars in 1433 bytes} [Thu Aug 25 12:46:28 2022] PUT /placement/allocations/2c585b19-508d-4233-80e3-c9e9d49169f3 => generated 0 bytes in 146 msecs (HTTP/1.1 204) 5 headers in 199 bytes (1 switches on core 0)
Aug 25 12:46:29.532591 n-d-852397-7 devstack@placement-api.service[107698]: DEBUG placement.requestlog [req-bfc22f02-8984-40a5-8485-d10e92dd861b req-f83e2b53-6f47-42df-b14d-6503b1d0f2a1 None None] Starting request: 10.222.0.40 "GET /placement/allocations/2c585b19-508d-4233-80e3-c9e9d49169f3" {{(pid=107698) __call__ /opt/stack/placement/placement/requestlog.py:55}}
Aug 25 12:46:29.564992 n-d-852397-7 devstack@placement-api.service[107698]: INFO placement.requestlog [req-bfc22f02-8984-40a5-8485-d10e92dd861b req-f83e2b53-6f47-42df-b14d-6503b1d0f2a1 service placement] 10.222.0.40 "GET /placement/allocations/2c585b19-508d-4233-80e3-c9e9d49169f3" status: 200 len: 259 microversion: 1.28
Aug 25 12:46:29.581324 n-d-852397-7 devstack@placement-api.service[107698]: [pid: 107698|app: 0|req: 390/789] 10.222.0.40 () {60 vars in 1377 bytes} [Thu Aug 25 12:46:29 2022] GET /placement/allocations/2c585b19-508d-4233-80e3-c9e9d49169f3 => generated 259 bytes in 49 msecs (HTTP/1.1 200) 8 headers in 296 bytes (1 switches on core 0)
Aug 25 12:46:31.238748 n-d-852397-7 devstack@placement-api.service[107699]: DEBUG placement.requestlog [req-6627abe0-c382-4dc3-aab1-f5ec65d93cdd req-828f9388-ab86-4f41-824e-bc867aff5bbf None None] Starting request: 10.222.0.40 "DELETE /placement/allocations/9c516d1a-da62-4812-a534-e9b61b9a9a3f" {{(pid=107699) __call__ /opt/stack/placement/placement/requestlog.py:55}}
Aug 25 12:46:31.287624 n-d-852397-7 devstack@placement-api.service[107699]: DEBUG placement.handlers.allocation [req-6627abe0-c382-4dc3-aab1-f5ec65d93cdd req-828f9388-ab86-4f41-824e-bc867aff5bbf service placement] Successfully deleted allocations [, , ] {{(pid=107699) delete_allocations /opt/stack/placement/placement/handlers/allocation.py:627}}
Aug 25 12:46:31.288146 n-d-852397-7 devstack@placement-api.service[107699]: INFO placement.requestlog [req-6627abe0-c382-4dc3-aab1-f5ec65d93cdd req-828f9388-ab86-4f41-824e-bc867aff5bbf service placement] 10.222.0.40 "DELETE /placement/allocations/9c516d1a-da62-4812-a534-e9b61b9a9a3f" status: 204 len: 0 microversion: 1.0
Aug 25 12:46:31.288724 n-d-852397-7 devstack@placement-api.service[107699]: [pid: 107699|app: 0|req: 400/790] 10.222.0.40 () {60 vars in 1355 bytes} [Thu Aug 25 12:46:31 2022] DELETE /placement/allocations/9c516d1a-da62-4812-a534-e9b61b9a9a3f => generated 0 bytes in 50 msecs (HTTP/1.1 204) 5 headers in 198 bytes (1 switches on core 0)
Aug 25 12:46:32.432006 n-d-852397-7 devstack@placement-api.service[107698]: DEBUG placement.requestlog [None req-0a83fcdc-c78d-46d1-aa04-235ab9bc22f0 None None] Starting request: 10.222.0.47 "GET /placement/resource_providers/ee4d4b86-afc5-4b20-9380-9daa22a0c62f/aggregates" {{(pid=107698) __call__ /opt/stack/placement/placement/requestlog.py:55}}
Aug 25 12:46:32.445433 n-d-852397-7 devstack@placement-api.service[107698]: INFO placement.requestlog [None req-0a83fcdc-c78d-46d1-aa04-235ab9bc22f0 service placement] 10.222.0.47 "GET /placement/resource_providers/ee4d4b86-afc5-4b20-9380-9daa22a0c62f/aggregates" status: 404 len: 235 microversion: 1.1
Aug 25 12:46:32.446000 n-d-852397-7 devstack@placement-api.service[107698]: [pid: 107698|app: 0|req: 391/791] 10.222.0.47 () {58 vars in 1362 bytes} [Thu Aug 25 12:46:32 2022] GET /placement/resource_providers/ee4d4b86-afc5-4b20-9380-9daa22a0c62f/aggregates => generated 235 bytes in 14 msecs (HTTP/1.1 404) 5 headers in 202 bytes (1 switches on core 0)
Aug 25 12:46:32.634318 n-d-852397-7 devstack@placement-api.service[107699]: DEBUG placement.requestlog [None req-0deec036-128d-4a0e-b945-1b1908b18ee3 None None] Starting request: 10.222.0.47 "DELETE /placement/resource_providers/ee4d4b86-afc5-4b20-9380-9daa22a0c62f" {{(pid=107699) __call__ /opt/stack/placement/placement/requestlog.py:55}}
Aug 25 12:46:32.654590 n-d-852397-7 devstack@placement-api.service[107699]: DEBUG placement.wsgi_wrapper [None req-0deec036-128d-4a0e-b945-1b1908b18ee3 service placement] Placement API returning an error response: No resource provider with uuid ee4d4b86-afc5-4b20-9380-9daa22a0c62f found for delete {{(pid=107699) call_func /opt/stack/placement/placement/wsgi_wrapper.py:31}}
Aug 25 12:46:32.658415 n-d-852397-7 devstack@placement-api.service[107699]: INFO placement.requestlog [None req-0deec036-128d-4a0e-b945-1b1908b18ee3 service placement] 10.222.0.47 "DELETE /placement/resource_providers/ee4d4b86-afc5-4b20-9380-9daa22a0c62f" status: 404 len: 246 microversion: 1.1
Aug 25 12:46:32.660199 n-d-852397-7 devstack@placement-api.service[107699]: [pid: 107699|app: 0|req: 401/792] 10.222.0.47 () {60 vars in 1351 bytes} [Thu Aug 25 12:46:32 2022] DELETE /placement/resource_providers/ee4d4b86-afc5-4b20-9380-9daa22a0c62f => generated 246 bytes in 26 msecs (HTTP/1.1 404) 6 headers in 231 bytes (1 switches on core 0)
Aug 25 12:46:35.049717 n-d-852397-7 devstack@placement-api.service[107698]: DEBUG placement.requestlog [None req-7de554c1-f446-45ef-8174-3a79c4b071c9 None None] Starting request: 10.222.0.47 "GET /placement/resource_providers/df1a3a28-de42-47de-a188-bea22b706a5d/aggregates" {{(pid=107698) __call__ /opt/stack/placement/placement/requestlog.py:55}}
Aug 25 12:46:35.062671 n-d-852397-7 devstack@placement-api.service[107698]: INFO placement.requestlog [None req-7de554c1-f446-45ef-8174-3a79c4b071c9 service placement] 10.222.0.47 "GET /placement/resource_providers/df1a3a28-de42-47de-a188-bea22b706a5d/aggregates" status: 404 len: 235 microversion: 1.1
Aug 25 12:46:35.063308 n-d-852397-7 devstack@placement-api.service[107698]: [pid: 107698|app: 0|req: 392/793] 10.222.0.47 () {58 vars in 1362 bytes} [Thu Aug 25 12:46:35 2022] GET /placement/resource_providers/df1a3a28-de42-47de-a188-bea22b706a5d/aggregates => generated 235 bytes in 14 msecs (HTTP/1.1 404) 5 headers in 202 bytes (1 switches on core 0)
Aug 25 12:46:35.089630 n-d-852397-7 devstack@placement-api.service[107699]: DEBUG placement.requestlog [None req-5a6ac48a-0c66-4e52-b147-f7885faf0d3e None None] Starting request: 10.222.0.47 "DELETE /placement/resource_providers/df1a3a28-de42-47de-a188-bea22b706a5d" {{(pid=107699) __call__ /opt/stack/placement/placement/requestlog.py:55}}
Aug 25 12:46:35.098939 n-d-852397-7 devstack@placement-api.service[107699]: DEBUG dbcounter [-] [107699] Writing DB stats placement:SELECT=60,placement:DELETE=10,placement:INSERT=6,placement:UPDATE=2 {{(pid=107699) stat_writer /usr/local/lib/python3.8/dist-packages/dbcounter.py:114}}
Aug 25 12:46:35.113785 n-d-852397-7 devstack@placement-api.service[107699]: DEBUG placement.wsgi_wrapper [None req-5a6ac48a-0c66-4e52-b147-f7885faf0d3e service placement] Placement API returning an error response: No resource provider with uuid df1a3a28-de42-47de-a188-bea22b706a5d found for delete {{(pid=107699) call_func /opt/stack/placement/placement/wsgi_wrapper.py:31}}
Aug 25 12:46:35.118137 n-d-852397-7 devstack@placement-api.service[107699]: INFO placement.requestlog [None req-5a6ac48a-0c66-4e52-b147-f7885faf0d3e service placement] 10.222.0.47 "DELETE /placement/resource_providers/df1a3a28-de42-47de-a188-bea22b706a5d" status: 404 len: 246 microversion: 1.1
Aug 25 12:46:35.118849 n-d-852397-7 devstack@placement-api.service[107699]: [pid: 107699|app: 0|req: 402/794] 10.222.0.47 () {60 vars in 1351 bytes} [Thu Aug 25 12:46:35 2022] DELETE /placement/resource_providers/df1a3a28-de42-47de-a188-bea22b706a5d => generated 246 bytes in 29 msecs (HTTP/1.1 404) 6 headers in 231 bytes (1 switches on core 0)
Aug 25 12:46:36.279075 n-d-852397-7 devstack@placement-api.service[107698]: DEBUG placement.requestlog [req-2c8a9e15-6137-4d84-9a06-a7f5ac83cb6e req-d53ad551-b485-4b3c-9e3b-6164522f2616 None None] Starting request: 10.222.0.47 "GET /placement/allocation_candidates?limit=1000&resources=DISK_GB%3A1%2CMEMORY_MB%3A1024%2CVCPU%3A1&root_required=%21COMPUTE_STATUS_DISABLED" {{(pid=107698) __call__ /opt/stack/placement/placement/requestlog.py:55}}
Aug 25 12:46:36.358032 n-d-852397-7 devstack@placement-api.service[107698]: DEBUG placement.objects.research_context [req-2c8a9e15-6137-4d84-9a06-a7f5ac83cb6e req-d53ad551-b485-4b3c-9e3b-6164522f2616 service placement] getting providers with 1 DISK_GB {{(pid=107698) __init__ /opt/stack/placement/placement/objects/research_context.py:136}}
Aug 25 12:46:36.375367 n-d-852397-7 devstack@placement-api.service[107698]: DEBUG placement.objects.research_context [req-2c8a9e15-6137-4d84-9a06-a7f5ac83cb6e req-d53ad551-b485-4b3c-9e3b-6164522f2616 service placement] getting providers with 1024 MEMORY_MB {{(pid=107698) __init__ /opt/stack/placement/placement/objects/research_context.py:136}}
Aug 25 12:46:36.384706 n-d-852397-7 devstack@placement-api.service[107698]: DEBUG placement.objects.research_context [req-2c8a9e15-6137-4d84-9a06-a7f5ac83cb6e req-d53ad551-b485-4b3c-9e3b-6164522f2616 service placement] getting providers with 1 VCPU {{(pid=107698) __init__ /opt/stack/placement/placement/objects/research_context.py:136}}
Aug 25 12:46:36.396474 n-d-852397-7 devstack@placement-api.service[107698]: DEBUG placement.objects.research_context [req-2c8a9e15-6137-4d84-9a06-a7f5ac83cb6e req-d53ad551-b485-4b3c-9e3b-6164522f2616 service placement] found 2 providers with available 1 DISK_GB {{(pid=107698) get_provider_ids_matching /opt/stack/placement/placement/objects/research_context.py:563}}
Aug 25 12:46:36.396752 n-d-852397-7 devstack@placement-api.service[107698]: DEBUG placement.objects.research_context [req-2c8a9e15-6137-4d84-9a06-a7f5ac83cb6e req-d53ad551-b485-4b3c-9e3b-6164522f2616 service placement] found 2 providers with available 1024 MEMORY_MB {{(pid=107698) get_provider_ids_matching /opt/stack/placement/placement/objects/research_context.py:563}}
Aug 25 12:46:36.397031 n-d-852397-7 devstack@placement-api.service[107698]: DEBUG placement.objects.research_context [req-2c8a9e15-6137-4d84-9a06-a7f5ac83cb6e req-d53ad551-b485-4b3c-9e3b-6164522f2616 service placement] found 2 providers after filtering by previous result {{(pid=107698) get_provider_ids_matching /opt/stack/placement/placement/objects/research_context.py:594}}
Aug 25 12:46:36.397292 n-d-852397-7 devstack@placement-api.service[107698]: DEBUG placement.objects.research_context [req-2c8a9e15-6137-4d84-9a06-a7f5ac83cb6e req-d53ad551-b485-4b3c-9e3b-6164522f2616 service placement] found 2 providers with available 1 VCPU {{(pid=107698) get_provider_ids_matching /opt/stack/placement/placement/objects/research_context.py:563}}
Aug 25 12:46:36.397557 n-d-852397-7 devstack@placement-api.service[107698]: DEBUG placement.objects.research_context [req-2c8a9e15-6137-4d84-9a06-a7f5ac83cb6e req-d53ad551-b485-4b3c-9e3b-6164522f2616 service placement] found 2 providers after filtering by previous result {{(pid=107698) get_provider_ids_matching /opt/stack/placement/placement/objects/research_context.py:594}}
Aug 25 12:46:36.419426 n-d-852397-7 devstack@placement-api.service[107698]: DEBUG placement.objects.allocation_candidate [req-2c8a9e15-6137-4d84-9a06-a7f5ac83cb6e req-d53ad551-b485-4b3c-9e3b-6164522f2616 service placement] RequestGroup(use_same_provider=False, resources={DISK_GB:1, MEMORY_MB:1024, VCPU:1}, traits=(), aggregates=[]) (suffix '') returned 2 matches {{(pid=107698) _get_by_requests /opt/stack/placement/placement/objects/allocation_candidate.py:156}}
Aug 25 12:46:36.420708 n-d-852397-7 devstack@placement-api.service[107698]: DEBUG placement.objects.allocation_candidate [req-2c8a9e15-6137-4d84-9a06-a7f5ac83cb6e req-d53ad551-b485-4b3c-9e3b-6164522f2616 service placement] Merging candidates yields 2 allocation requests and 2 provider summaries {{(pid=107698) _merge_candidates /opt/stack/placement/placement/objects/allocation_candidate.py:809}}
Aug 25 12:46:36.427463 n-d-852397-7 devstack@placement-api.service[107698]: INFO placement.requestlog [req-2c8a9e15-6137-4d84-9a06-a7f5ac83cb6e req-d53ad551-b485-4b3c-9e3b-6164522f2616 service placement] 10.222.0.47 "GET /placement/allocation_candidates?limit=1000&resources=DISK_GB%3A1%2CMEMORY_MB%3A1024%2CVCPU%3A1&root_required=%21COMPUTE_STATUS_DISABLED" status: 200 len: 1309 microversion: 1.36
Aug 25 12:46:36.429241 n-d-852397-7 devstack@placement-api.service[107698]: [pid: 107698|app: 0|req: 393/795] 10.222.0.47 () {60 vars in 1506 bytes} [Thu Aug 25 12:46:36 2022] GET /placement/allocation_candidates?limit=1000&resources=DISK_GB%3A1%2CMEMORY_MB%3A1024%2CVCPU%3A1&root_required=%21COMPUTE_STATUS_DISABLED => generated 1309 bytes in 150 msecs (HTTP/1.1 200) 8 headers in 297 bytes (1 switches on core 0)
Aug 25 12:46:36.559363 n-d-852397-7 devstack@placement-api.service[107699]: DEBUG placement.requestlog [None req-ff4f13ad-26fd-4ffb-91cb-1679703f1a49 None None] Starting request: 10.222.0.47 "GET /placement/resource_providers/33e64ff3-23b5-45af-8b48-06e1ca10c6ed/aggregates" {{(pid=107699) __call__ /opt/stack/placement/placement/requestlog.py:55}}
Aug 25 12:46:36.573183 n-d-852397-7 devstack@placement-api.service[107699]: INFO placement.requestlog [None req-ff4f13ad-26fd-4ffb-91cb-1679703f1a49 service placement] 10.222.0.47 "GET /placement/resource_providers/33e64ff3-23b5-45af-8b48-06e1ca10c6ed/aggregates" status: 404 len: 235 microversion: 1.1
Aug 25 12:46:36.577012 n-d-852397-7 devstack@placement-api.service[107699]: [pid: 107699|app: 0|req: 403/796] 10.222.0.47 () {58 vars in 1362 bytes} [Thu Aug 25 12:46:36 2022] GET /placement/resource_providers/33e64ff3-23b5-45af-8b48-06e1ca10c6ed/aggregates => generated 235 bytes in 18 msecs (HTTP/1.1 404) 5 headers in 202 bytes (1 switches on core 0)
Aug 25 12:46:36.625620 n-d-852397-7 devstack@placement-api.service[107698]: DEBUG placement.requestlog [None req-b3c652a6-c73f-4f28-9aaa-5d4dce554df9 None None] Starting request: 10.222.0.47 "DELETE /placement/resource_providers/33e64ff3-23b5-45af-8b48-06e1ca10c6ed" {{(pid=107698) __call__ /opt/stack/placement/placement/requestlog.py:55}}
Aug 25 12:46:36.634865 n-d-852397-7 devstack@placement-api.service[107699]: DEBUG placement.requestlog [req-2c8a9e15-6137-4d84-9a06-a7f5ac83cb6e req-e057f9c1-819e-4f56-9fd0-f4c7d4c8b571 None None] Starting request: 10.222.0.47 "GET /placement/allocations/ed72b99b-8eec-4bba-ba99-7cc58649d56c" {{(pid=107699) __call__ /opt/stack/placement/placement/requestlog.py:55}}
Aug 25 12:46:36.649273 n-d-852397-7 devstack@placement-api.service[107698]: DEBUG placement.wsgi_wrapper [None req-b3c652a6-c73f-4f28-9aaa-5d4dce554df9 service placement] Placement API returning an error response: No resource provider with uuid 33e64ff3-23b5-45af-8b48-06e1ca10c6ed found for delete {{(pid=107698) call_func /opt/stack/placement/placement/wsgi_wrapper.py:31}}
Aug 25 12:46:36.655834 n-d-852397-7 devstack@placement-api.service[107698]: INFO placement.requestlog [None req-b3c652a6-c73f-4f28-9aaa-5d4dce554df9 service placement] 10.222.0.47 "DELETE /placement/resource_providers/33e64ff3-23b5-45af-8b48-06e1ca10c6ed" status: 404 len: 246 microversion: 1.1
Aug 25 12:46:36.656963 n-d-852397-7 devstack@placement-api.service[107699]: INFO placement.requestlog [req-2c8a9e15-6137-4d84-9a06-a7f5ac83cb6e req-e057f9c1-819e-4f56-9fd0-f4c7d4c8b571 service placement] 10.222.0.47 "GET /placement/allocations/ed72b99b-8eec-4bba-ba99-7cc58649d56c" status: 200 len: 19 microversion: 1.28
Aug 25 12:46:36.657554 n-d-852397-7 devstack@placement-api.service[107698]: [pid: 107698|app: 0|req: 394/797] 10.222.0.47 () {60 vars in 1351 bytes} [Thu Aug 25 12:46:36 2022] DELETE /placement/resource_providers/33e64ff3-23b5-45af-8b48-06e1ca10c6ed => generated 246 bytes in 32 msecs (HTTP/1.1 404) 6 headers in 231 bytes (2 switches on core 0)
Aug 25 12:46:36.659234 n-d-852397-7 devstack@placement-api.service[107699]: [pid: 107699|app: 0|req: 404/798] 10.222.0.47 () {60 vars in 1380 bytes} [Thu Aug 25 12:46:36 2022] GET /placement/allocations/ed72b99b-8eec-4bba-ba99-7cc58649d56c => generated 19 bytes in 25 msecs (HTTP/1.1 200) 8 headers in 295 bytes (2 switches on core 0)
Aug 25 12:46:36.667373 n-d-852397-7 devstack@placement-api.service[107698]: DEBUG placement.requestlog [req-2c8a9e15-6137-4d84-9a06-a7f5ac83cb6e req-64b5530e-28ad-4b9a-a490-7434ca3c6f3a None None] Starting request: 10.222.0.47 "PUT /placement/allocations/ed72b99b-8eec-4bba-ba99-7cc58649d56c" {{(pid=107698) __call__ /opt/stack/placement/placement/requestlog.py:55}}
Aug 25 12:46:36.862390 n-d-852397-7 devstack@placement-api.service[107698]: DEBUG placement.handlers.allocation [req-2c8a9e15-6137-4d84-9a06-a7f5ac83cb6e req-64b5530e-28ad-4b9a-a490-7434ca3c6f3a service placement] Successfully wrote allocations [, , ] {{(pid=107698) _update_consumers_and_create_allocations /opt/stack/placement/placement/handlers/allocation.py:462}}
Aug 25 12:46:36.875698 n-d-852397-7 devstack@placement-api.service[107698]: INFO placement.requestlog [req-2c8a9e15-6137-4d84-9a06-a7f5ac83cb6e req-64b5530e-28ad-4b9a-a490-7434ca3c6f3a service placement] 10.222.0.47 "PUT /placement/allocations/ed72b99b-8eec-4bba-ba99-7cc58649d56c" status: 204 len: 0 microversion: 1.36
Aug 25 12:46:36.876781 n-d-852397-7 devstack@placement-api.service[107698]: [pid: 107698|app: 0|req: 395/799] 10.222.0.47 () {64 vars in 1433 bytes} [Thu Aug 25 12:46:36 2022] PUT /placement/allocations/ed72b99b-8eec-4bba-ba99-7cc58649d56c => generated 0 bytes in 210 msecs (HTTP/1.1 204) 5 headers in 199 bytes (1 switches on core 0)
Aug 25 12:46:37.443000 n-d-852397-7 devstack@placement-api.service[107699]: DEBUG placement.requestlog [req-2c8a9e15-6137-4d84-9a06-a7f5ac83cb6e req-f6e5d4b1-98e8-4b8a-827d-eb407d63cb3f None None] Starting request: 10.222.0.15 "GET /placement/allocations/ed72b99b-8eec-4bba-ba99-7cc58649d56c" {{(pid=107699) __call__ /opt/stack/placement/placement/requestlog.py:55}}
Aug 25 12:46:37.477431 n-d-852397-7 devstack@placement-api.service[107699]: INFO placement.requestlog [req-2c8a9e15-6137-4d84-9a06-a7f5ac83cb6e req-f6e5d4b1-98e8-4b8a-827d-eb407d63cb3f service placement] 10.222.0.15 "GET /placement/allocations/ed72b99b-8eec-4bba-ba99-7cc58649d56c" status: 200 len: 259 microversion: 1.28
Aug 25 12:46:37.477939 n-d-852397-7 devstack@placement-api.service[107699]: [pid: 107699|app: 0|req: 405/800] 10.222.0.15 () {60 vars in 1377 bytes} [Thu Aug 25 12:46:37 2022] GET /placement/allocations/ed72b99b-8eec-4bba-ba99-7cc58649d56c => generated 259 bytes in 35 msecs (HTTP/1.1 200) 8 headers in 296 bytes (1 switches on core 0)
Aug 25 12:46:38.116759 n-d-852397-7 devstack@placement-api.service[107698]: DEBUG placement.requestlog [None req-16b4f1c3-733e-4688-8755-20b406fdf289 None None] Starting request: 10.222.0.47 "GET /placement/resource_providers/144f6bd9-3ca4-4c13-b8e1-485fc78385d3/aggregates" {{(pid=107698) __call__ /opt/stack/placement/placement/requestlog.py:55}}
Aug 25 12:46:38.132154 n-d-852397-7 devstack@placement-api.service[107698]: INFO placement.requestlog [None req-16b4f1c3-733e-4688-8755-20b406fdf289 service placement] 10.222.0.47 "GET /placement/resource_providers/144f6bd9-3ca4-4c13-b8e1-485fc78385d3/aggregates" status: 404 len: 235 microversion: 1.1
Aug 25 12:46:38.132831 n-d-852397-7 devstack@placement-api.service[107698]: [pid: 107698|app: 0|req: 396/801] 10.222.0.47 () {58 vars in 1362 bytes} [Thu Aug 25 12:46:38 2022] GET /placement/resource_providers/144f6bd9-3ca4-4c13-b8e1-485fc78385d3/aggregates => generated 235 bytes in 16 msecs (HTTP/1.1 404) 5 headers in 202 bytes (1 switches on core 0)
Aug 25 12:46:38.140644 n-d-852397-7 devstack@placement-api.service[107699]: DEBUG placement.requestlog [None req-fa2aa822-e5ab-4c3f-83e3-d18658b49401 None None] Starting request: 10.222.0.47 "DELETE /placement/resource_providers/144f6bd9-3ca4-4c13-b8e1-485fc78385d3" {{(pid=107699) __call__ /opt/stack/placement/placement/requestlog.py:55}}
Aug 25 12:46:38.157591 n-d-852397-7 devstack@placement-api.service[107699]: DEBUG placement.wsgi_wrapper [None req-fa2aa822-e5ab-4c3f-83e3-d18658b49401 service placement] Placement API returning an error response: No resource provider with uuid 144f6bd9-3ca4-4c13-b8e1-485fc78385d3 found for delete {{(pid=107699) call_func /opt/stack/placement/placement/wsgi_wrapper.py:31}}
Aug 25 12:46:38.158464 n-d-852397-7 devstack@placement-api.service[107699]: INFO placement.requestlog [None req-fa2aa822-e5ab-4c3f-83e3-d18658b49401 service placement] 10.222.0.47 "DELETE /placement/resource_providers/144f6bd9-3ca4-4c13-b8e1-485fc78385d3" status: 404 len: 246 microversion: 1.1
Aug 25 12:46:38.159121 n-d-852397-7 devstack@placement-api.service[107699]: [pid: 107699|app: 0|req: 406/802] 10.222.0.47 () {60 vars in 1351 bytes} [Thu Aug 25 12:46:38 2022] DELETE /placement/resource_providers/144f6bd9-3ca4-4c13-b8e1-485fc78385d3 => generated 246 bytes in 19 msecs (HTTP/1.1 404) 6 headers in 231 bytes (1 switches on core 0)
Aug 25 12:46:40.171271 n-d-852397-7 devstack@placement-api.service[107698]: DEBUG placement.requestlog [None req-009de6a0-ba3c-4f78-8fd7-21dad9153662 None None] Starting request: 10.222.0.47 "GET /placement/resource_providers/144f6bd9-3ca4-4c13-b8e1-485fc78385d3/aggregates" {{(pid=107698) __call__ /opt/stack/placement/placement/requestlog.py:55}}
Aug 25 12:46:40.192718 n-d-852397-7 devstack@placement-api.service[107698]: INFO placement.requestlog [None req-009de6a0-ba3c-4f78-8fd7-21dad9153662 service placement] 10.222.0.47 "GET /placement/resource_providers/144f6bd9-3ca4-4c13-b8e1-485fc78385d3/aggregates" status: 404 len: 235 microversion: 1.1
Aug 25 12:46:40.193094 n-d-852397-7 devstack@placement-api.service[107698]: [pid: 107698|app: 0|req: 397/803] 10.222.0.47 () {58 vars in 1362 bytes} [Thu Aug 25 12:46:40 2022] GET /placement/resource_providers/144f6bd9-3ca4-4c13-b8e1-485fc78385d3/aggregates => generated 235 bytes in 23 msecs (HTTP/1.1 404) 5 headers in 202 bytes (1 switches on core 0)
Aug 25 12:46:40.207470 n-d-852397-7 devstack@placement-api.service[107699]: DEBUG placement.requestlog [None req-e3d817b3-8d40-44d4-9a1d-93a432ef7127 None None] Starting request: 10.222.0.47 "DELETE /placement/resource_providers/144f6bd9-3ca4-4c13-b8e1-485fc78385d3" {{(pid=107699) __call__ /opt/stack/placement/placement/requestlog.py:55}}
Aug 25 12:46:40.228033 n-d-852397-7 devstack@placement-api.service[107699]: DEBUG placement.wsgi_wrapper [None req-e3d817b3-8d40-44d4-9a1d-93a432ef7127 service placement] Placement API returning an error response: No resource provider with uuid 144f6bd9-3ca4-4c13-b8e1-485fc78385d3 found for delete {{(pid=107699) call_func /opt/stack/placement/placement/wsgi_wrapper.py:31}}
Aug 25 12:46:40.228840 n-d-852397-7 devstack@placement-api.service[107699]: INFO placement.requestlog [None req-e3d817b3-8d40-44d4-9a1d-93a432ef7127 service placement] 10.222.0.47 "DELETE /placement/resource_providers/144f6bd9-3ca4-4c13-b8e1-485fc78385d3" status: 404 len: 246 microversion: 1.1
Aug 25 12:46:40.229203 n-d-852397-7 devstack@placement-api.service[107699]: [pid: 107699|app: 0|req: 407/804] 10.222.0.47 () {60 vars in 1351 bytes} [Thu Aug 25 12:46:40 2022] DELETE /placement/resource_providers/144f6bd9-3ca4-4c13-b8e1-485fc78385d3 => generated 246 bytes in 22 msecs (HTTP/1.1 404) 6 headers in 231 bytes (1 switches on core 0)
Aug 25 12:46:45.897439 n-d-852397-7 devstack@placement-api.service[107698]: DEBUG placement.requestlog [req-5763777c-9b24-4a47-8a6a-883bf4f59a48 req-eef3fce4-2b9a-451d-aa84-ecec7b027522 None None] Starting request: 10.222.0.47 "GET /placement/allocation_candidates?limit=1000&resources=DISK_GB%3A1%2CMEMORY_MB%3A1024%2CVCPU%3A1&root_required=%21COMPUTE_STATUS_DISABLED" {{(pid=107698) __call__ /opt/stack/placement/placement/requestlog.py:55}}
Aug 25 12:46:46.019850 n-d-852397-7 devstack@placement-api.service[107698]: DEBUG placement.objects.research_context [req-5763777c-9b24-4a47-8a6a-883bf4f59a48 req-eef3fce4-2b9a-451d-aa84-ecec7b027522 service placement] getting providers with 1 DISK_GB {{(pid=107698) __init__ /opt/stack/placement/placement/objects/research_context.py:136}}
Aug 25 12:46:46.035843 n-d-852397-7 devstack@placement-api.service[107698]: DEBUG placement.objects.research_context [req-5763777c-9b24-4a47-8a6a-883bf4f59a48 req-eef3fce4-2b9a-451d-aa84-ecec7b027522 service placement] getting providers with 1024 MEMORY_MB {{(pid=107698) __init__ /opt/stack/placement/placement/objects/research_context.py:136}}
Aug 25 12:46:46.049327 n-d-852397-7 devstack@placement-api.service[107698]: DEBUG placement.objects.research_context [req-5763777c-9b24-4a47-8a6a-883bf4f59a48 req-eef3fce4-2b9a-451d-aa84-ecec7b027522 service placement] getting providers with 1 VCPU {{(pid=107698) __init__ /opt/stack/placement/placement/objects/research_context.py:136}}
Aug 25 12:46:46.061712 n-d-852397-7 devstack@placement-api.service[107698]: DEBUG placement.objects.research_context [req-5763777c-9b24-4a47-8a6a-883bf4f59a48 req-eef3fce4-2b9a-451d-aa84-ecec7b027522 service placement] found 2 providers with available 1 DISK_GB {{(pid=107698) get_provider_ids_matching /opt/stack/placement/placement/objects/research_context.py:563}}
Aug 25 12:46:46.062283 n-d-852397-7 devstack@placement-api.service[107698]: DEBUG placement.objects.research_context [req-5763777c-9b24-4a47-8a6a-883bf4f59a48 req-eef3fce4-2b9a-451d-aa84-ecec7b027522 service placement] found 2 providers with available 1024 MEMORY_MB {{(pid=107698) get_provider_ids_matching /opt/stack/placement/placement/objects/research_context.py:563}}
Aug 25 12:46:46.062731 n-d-852397-7 devstack@placement-api.service[107698]: DEBUG placement.objects.research_context [req-5763777c-9b24-4a47-8a6a-883bf4f59a48 req-eef3fce4-2b9a-451d-aa84-ecec7b027522 service placement] found 2 providers after filtering by previous result {{(pid=107698) get_provider_ids_matching /opt/stack/placement/placement/objects/research_context.py:594}}
Aug 25 12:46:46.063146 n-d-852397-7 devstack@placement-api.service[107698]: DEBUG placement.objects.research_context [req-5763777c-9b24-4a47-8a6a-883bf4f59a48 req-eef3fce4-2b9a-451d-aa84-ecec7b027522 service placement] found 2 providers with available 1 VCPU {{(pid=107698) get_provider_ids_matching /opt/stack/placement/placement/objects/research_context.py:563}}
Aug 25 12:46:46.067655 n-d-852397-7 devstack@placement-api.service[107698]: DEBUG placement.objects.research_context [req-5763777c-9b24-4a47-8a6a-883bf4f59a48 req-eef3fce4-2b9a-451d-aa84-ecec7b027522 service placement] found 2 providers after filtering by previous result {{(pid=107698) get_provider_ids_matching /opt/stack/placement/placement/objects/research_context.py:594}}
Aug 25 12:46:46.108709 n-d-852397-7 devstack@placement-api.service[107698]: DEBUG placement.objects.allocation_candidate [req-5763777c-9b24-4a47-8a6a-883bf4f59a48 req-eef3fce4-2b9a-451d-aa84-ecec7b027522 service placement] RequestGroup(use_same_provider=False, resources={DISK_GB:1, MEMORY_MB:1024, VCPU:1}, traits=(), aggregates=[]) (suffix '') returned 2 matches {{(pid=107698) _get_by_requests /opt/stack/placement/placement/objects/allocation_candidate.py:156}}
Aug 25 12:46:46.108986 n-d-852397-7 devstack@placement-api.service[107698]: DEBUG placement.objects.allocation_candidate [req-5763777c-9b24-4a47-8a6a-883bf4f59a48 req-eef3fce4-2b9a-451d-aa84-ecec7b027522 service placement] Merging candidates yields 2 allocation requests and 2 provider summaries {{(pid=107698) _merge_candidates /opt/stack/placement/placement/objects/allocation_candidate.py:809}}
Aug 25 12:46:46.114205 n-d-852397-7 devstack@placement-api.service[107698]: INFO placement.requestlog [req-5763777c-9b24-4a47-8a6a-883bf4f59a48 req-eef3fce4-2b9a-451d-aa84-ecec7b027522 service placement] 10.222.0.47 "GET /placement/allocation_candidates?limit=1000&resources=DISK_GB%3A1%2CMEMORY_MB%3A1024%2CVCPU%3A1&root_required=%21COMPUTE_STATUS_DISABLED" status: 200 len: 1309 microversion: 1.36
Aug 25 12:46:46.134672 n-d-852397-7 devstack@placement-api.service[107698]: [pid: 107698|app: 0|req: 398/805] 10.222.0.47 () {60 vars in 1506 bytes} [Thu Aug 25 12:46:45 2022] GET /placement/allocation_candidates?limit=1000&resources=DISK_GB%3A1%2CMEMORY_MB%3A1024%2CVCPU%3A1&root_required=%21COMPUTE_STATUS_DISABLED => generated 1309 bytes in 235 msecs (HTTP/1.1 200) 8 headers in 297 bytes (1 switches on core 0)
Aug 25 12:46:46.283266 n-d-852397-7 devstack@placement-api.service[107699]: DEBUG placement.requestlog [req-5763777c-9b24-4a47-8a6a-883bf4f59a48 req-ca7d24bc-f8c1-4c89-baaa-ab2f6f602d5a None None] Starting request: 10.222.0.47 "GET /placement/allocations/5ea483e3-9b0a-4c4a-9f88-2999ed1e27f0" {{(pid=107699) __call__ /opt/stack/placement/placement/requestlog.py:55}}
Aug 25 12:46:46.300931 n-d-852397-7 devstack@placement-api.service[107699]: INFO placement.requestlog [req-5763777c-9b24-4a47-8a6a-883bf4f59a48 req-ca7d24bc-f8c1-4c89-baaa-ab2f6f602d5a service placement] 10.222.0.47 "GET /placement/allocations/5ea483e3-9b0a-4c4a-9f88-2999ed1e27f0" status: 200 len: 19 microversion: 1.28
Aug 25 12:46:46.301509 n-d-852397-7 devstack@placement-api.service[107699]: [pid: 107699|app: 0|req: 408/806] 10.222.0.47 () {60 vars in 1380 bytes} [Thu Aug 25 12:46:46 2022] GET /placement/allocations/5ea483e3-9b0a-4c4a-9f88-2999ed1e27f0 => generated 19 bytes in 18 msecs (HTTP/1.1 200) 8 headers in 295 bytes (2 switches on core 0)
Aug 25 12:46:46.314287 n-d-852397-7 devstack@placement-api.service[107698]: DEBUG placement.requestlog [req-5763777c-9b24-4a47-8a6a-883bf4f59a48 req-b463d040-4030-4ac9-826e-7c4d6d15be33 None None] Starting request: 10.222.0.47 "PUT /placement/allocations/5ea483e3-9b0a-4c4a-9f88-2999ed1e27f0" {{(pid=107698) __call__ /opt/stack/placement/placement/requestlog.py:55}}
Aug 25 12:46:46.419879 n-d-852397-7 devstack@placement-api.service[107698]: DEBUG dbcounter [-] [107698] Writing DB stats placement:SELECT=88,placement:DELETE=5,placement:INSERT=5,placement:UPDATE=2 {{(pid=107698) stat_writer /usr/local/lib/python3.8/dist-packages/dbcounter.py:114}}
Aug 25 12:46:46.466770 n-d-852397-7 devstack@placement-api.service[107698]: DEBUG placement.handlers.allocation [req-5763777c-9b24-4a47-8a6a-883bf4f59a48 req-b463d040-4030-4ac9-826e-7c4d6d15be33 service placement] Successfully wrote allocations [, , ] {{(pid=107698) _update_consumers_and_create_allocations /opt/stack/placement/placement/handlers/allocation.py:462}}
Aug 25 12:46:46.478981 n-d-852397-7 devstack@placement-api.service[107698]: INFO placement.requestlog [req-5763777c-9b24-4a47-8a6a-883bf4f59a48 req-b463d040-4030-4ac9-826e-7c4d6d15be33 service placement] 10.222.0.47 "PUT /placement/allocations/5ea483e3-9b0a-4c4a-9f88-2999ed1e27f0" status: 204 len: 0 microversion: 1.36
Aug 25 12:46:46.479923 n-d-852397-7 devstack@placement-api.service[107698]: [pid: 107698|app: 0|req: 399/807] 10.222.0.47 () {64 vars in 1433 bytes} [Thu Aug 25 12:46:46 2022] PUT /placement/allocations/5ea483e3-9b0a-4c4a-9f88-2999ed1e27f0 => generated 0 bytes in 166 msecs (HTTP/1.1 204) 5 headers in 199 bytes (1 switches on core 0)
Aug 25 12:46:47.229341 n-d-852397-7 devstack@placement-api.service[107699]: DEBUG placement.requestlog [req-5763777c-9b24-4a47-8a6a-883bf4f59a48 req-252e9e76-6876-48ff-adf8-cf6a33cb59ad None None] Starting request: 10.222.0.40 "GET /placement/allocations/5ea483e3-9b0a-4c4a-9f88-2999ed1e27f0" {{(pid=107699) __call__ /opt/stack/placement/placement/requestlog.py:55}}
Aug 25 12:46:47.255972 n-d-852397-7 devstack@placement-api.service[107699]: INFO placement.requestlog [req-5763777c-9b24-4a47-8a6a-883bf4f59a48 req-252e9e76-6876-48ff-adf8-cf6a33cb59ad service placement] 10.222.0.40 "GET /placement/allocations/5ea483e3-9b0a-4c4a-9f88-2999ed1e27f0" status: 200 len: 259 microversion: 1.28
Aug 25 12:46:47.269256 n-d-852397-7 devstack@placement-api.service[107699]: [pid: 107699|app: 0|req: 409/808] 10.222.0.40 () {60 vars in 1377 bytes} [Thu Aug 25 12:46:47 2022] GET /placement/allocations/5ea483e3-9b0a-4c4a-9f88-2999ed1e27f0 => generated 259 bytes in 38 msecs (HTTP/1.1 200) 8 headers in 296 bytes (1 switches on core 0)
Aug 25 12:46:47.788657 n-d-852397-7 devstack@placement-api.service[107698]: DEBUG placement.requestlog [None req-b945f63b-9238-48bc-895c-4c6269de6b00 None None] Starting request: 10.222.0.47 "GET /placement/resource_providers/aa436f15-d3f9-482c-9d69-58c3b5e68c31/aggregates" {{(pid=107698) __call__ /opt/stack/placement/placement/requestlog.py:55}}
Aug 25 12:46:47.810080 n-d-852397-7 devstack@placement-api.service[107698]: INFO placement.requestlog [None req-b945f63b-9238-48bc-895c-4c6269de6b00 service placement] 10.222.0.47 "GET /placement/resource_providers/aa436f15-d3f9-482c-9d69-58c3b5e68c31/aggregates" status: 404 len: 235 microversion: 1.1
Aug 25 12:46:47.811191 n-d-852397-7 devstack@placement-api.service[107698]: [pid: 107698|app: 0|req: 400/809] 10.222.0.47 () {58 vars in 1362 bytes} [Thu Aug 25 12:46:47 2022] GET /placement/resource_providers/aa436f15-d3f9-482c-9d69-58c3b5e68c31/aggregates => generated 235 bytes in 23 msecs (HTTP/1.1 404) 5 headers in 202 bytes (1 switches on core 0)
Aug 25 12:46:47.856030 n-d-852397-7 devstack@placement-api.service[107699]: DEBUG placement.requestlog [None req-a0cb019c-a121-4690-bbee-c0a0d04887d6 None None] Starting request: 10.222.0.47 "DELETE /placement/resource_providers/aa436f15-d3f9-482c-9d69-58c3b5e68c31" {{(pid=107699) __call__ /opt/stack/placement/placement/requestlog.py:55}}
Aug 25 12:46:47.872449 n-d-852397-7 devstack@placement-api.service[107699]: DEBUG placement.wsgi_wrapper [None req-a0cb019c-a121-4690-bbee-c0a0d04887d6 service placement] Placement API returning an error response: No resource provider with uuid aa436f15-d3f9-482c-9d69-58c3b5e68c31 found for delete {{(pid=107699) call_func /opt/stack/placement/placement/wsgi_wrapper.py:31}}
Aug 25 12:46:47.875149 n-d-852397-7 devstack@placement-api.service[107699]: INFO placement.requestlog [None req-a0cb019c-a121-4690-bbee-c0a0d04887d6 service placement] 10.222.0.47 "DELETE /placement/resource_providers/aa436f15-d3f9-482c-9d69-58c3b5e68c31" status: 404 len: 246 microversion: 1.1
Aug 25 12:46:47.877927 n-d-852397-7 devstack@placement-api.service[107699]: [pid: 107699|app: 0|req: 410/810] 10.222.0.47 () {60 vars in 1351 bytes} [Thu Aug 25 12:46:47 2022] DELETE /placement/resource_providers/aa436f15-d3f9-482c-9d69-58c3b5e68c31 => generated 246 bytes in 22 msecs (HTTP/1.1 404) 6 headers in 231 bytes (1 switches on core 0)
Aug 25 12:46:50.844103 n-d-852397-7 devstack@placement-api.service[107698]: DEBUG placement.requestlog [None req-4e584b7d-12db-4f5f-b830-7149281b2534 None None] Starting request: 10.222.0.47 "GET /placement/resource_providers/370c9892-c90f-41c0-8677-ac648ca2a943/aggregates" {{(pid=107698) __call__ /opt/stack/placement/placement/requestlog.py:55}}
Aug 25 12:46:50.865291 n-d-852397-7 devstack@placement-api.service[107698]: INFO placement.requestlog [None req-4e584b7d-12db-4f5f-b830-7149281b2534 service placement] 10.222.0.47 "GET /placement/resource_providers/370c9892-c90f-41c0-8677-ac648ca2a943/aggregates" status: 404 len: 235 microversion: 1.1
Aug 25 12:46:50.865958 n-d-852397-7 devstack@placement-api.service[107698]: [pid: 107698|app: 0|req: 401/811] 10.222.0.47 () {58 vars in 1362 bytes} [Thu Aug 25 12:46:50 2022] GET /placement/resource_providers/370c9892-c90f-41c0-8677-ac648ca2a943/aggregates => generated 235 bytes in 22 msecs (HTTP/1.1 404) 5 headers in 202 bytes (1 switches on core 0)
Aug 25 12:46:50.980280 n-d-852397-7 devstack@placement-api.service[107699]: DEBUG placement.requestlog [None req-d11733e1-6fb2-412f-9bed-3e7c805a15d4 None None] Starting request: 10.222.0.47 "DELETE /placement/resource_providers/370c9892-c90f-41c0-8677-ac648ca2a943" {{(pid=107699) __call__ /opt/stack/placement/placement/requestlog.py:55}}
Aug 25 12:46:51.009298 n-d-852397-7 devstack@placement-api.service[107699]: DEBUG placement.wsgi_wrapper [None req-d11733e1-6fb2-412f-9bed-3e7c805a15d4 service placement] Placement API returning an error response: No resource provider with uuid 370c9892-c90f-41c0-8677-ac648ca2a943 found for delete {{(pid=107699) call_func /opt/stack/placement/placement/wsgi_wrapper.py:31}}
Aug 25 12:46:51.009298 n-d-852397-7 devstack@placement-api.service[107699]: INFO placement.requestlog [None req-d11733e1-6fb2-412f-9bed-3e7c805a15d4 service placement] 10.222.0.47 "DELETE /placement/resource_providers/370c9892-c90f-41c0-8677-ac648ca2a943" status: 404 len: 246 microversion: 1.1
Aug 25 12:46:51.009298 n-d-852397-7 devstack@placement-api.service[107699]: [pid: 107699|app: 0|req: 411/812] 10.222.0.47 () {60 vars in 1351 bytes} [Thu Aug 25 12:46:50 2022] DELETE /placement/resource_providers/370c9892-c90f-41c0-8677-ac648ca2a943 => generated 246 bytes in 21 msecs (HTTP/1.1 404) 6 headers in 231 bytes (1 switches on core 0)
Aug 25 12:46:51.361377 n-d-852397-7 devstack@placement-api.service[107698]: DEBUG placement.requestlog [None req-f1d6aefc-c421-41c0-a0da-9b0ba4b5d818 None None] Starting request: 10.222.0.47 "GET /placement/resource_providers/aa436f15-d3f9-482c-9d69-58c3b5e68c31/aggregates" {{(pid=107698) __call__ /opt/stack/placement/placement/requestlog.py:55}}
Aug 25 12:46:51.387030 n-d-852397-7 devstack@placement-api.service[107698]: INFO placement.requestlog [None req-f1d6aefc-c421-41c0-a0da-9b0ba4b5d818 service placement] 10.222.0.47 "GET /placement/resource_providers/aa436f15-d3f9-482c-9d69-58c3b5e68c31/aggregates" status: 404 len: 235 microversion: 1.1
Aug 25 12:46:51.389781 n-d-852397-7 devstack@placement-api.service[107698]: [pid: 107698|app: 0|req: 402/813] 10.222.0.47 () {58 vars in 1362 bytes} [Thu Aug 25 12:46:51 2022] GET /placement/resource_providers/aa436f15-d3f9-482c-9d69-58c3b5e68c31/aggregates => generated 235 bytes in 28 msecs (HTTP/1.1 404) 5 headers in 202 bytes (1 switches on core 0)
Aug 25 12:46:51.424442 n-d-852397-7 devstack@placement-api.service[107699]: DEBUG placement.requestlog [None req-5508862e-6a6a-4b71-9d25-cf0327c5a98f None None] Starting request: 10.222.0.47 "DELETE /placement/resource_providers/aa436f15-d3f9-482c-9d69-58c3b5e68c31" {{(pid=107699) __call__ /opt/stack/placement/placement/requestlog.py:55}}
Aug 25 12:46:51.457690 n-d-852397-7 devstack@placement-api.service[107699]: DEBUG placement.wsgi_wrapper [None req-5508862e-6a6a-4b71-9d25-cf0327c5a98f service placement] Placement API returning an error response: No resource provider with uuid aa436f15-d3f9-482c-9d69-58c3b5e68c31 found for delete {{(pid=107699) call_func /opt/stack/placement/placement/wsgi_wrapper.py:31}}
Aug 25 12:46:51.459293 n-d-852397-7 devstack@placement-api.service[107699]: INFO placement.requestlog [None req-5508862e-6a6a-4b71-9d25-cf0327c5a98f service placement] 10.222.0.47 "DELETE /placement/resource_providers/aa436f15-d3f9-482c-9d69-58c3b5e68c31" status: 404 len: 246 microversion: 1.1
Aug 25 12:46:51.466427 n-d-852397-7 devstack@placement-api.service[107699]: [pid: 107699|app: 0|req: 412/814] 10.222.0.47 () {60 vars in 1351 bytes} [Thu Aug 25 12:46:51 2022] DELETE /placement/resource_providers/aa436f15-d3f9-482c-9d69-58c3b5e68c31 => generated 246 bytes in 42 msecs (HTTP/1.1 404) 6 headers in 231 bytes (1 switches on core 0)
Aug 25 12:46:54.768989 n-d-852397-7 devstack@placement-api.service[107698]: DEBUG placement.requestlog [None req-3e876df6-9139-4abe-9e90-5ee615f7e861 None None] Starting request: 10.222.0.47 "GET /placement/resource_providers/d036ac4c-699b-4ab9-888d-0b9d534de71a/aggregates" {{(pid=107698) __call__ /opt/stack/placement/placement/requestlog.py:55}}
Aug 25 12:46:54.792914 n-d-852397-7 devstack@placement-api.service[107698]: INFO placement.requestlog [None req-3e876df6-9139-4abe-9e90-5ee615f7e861 service placement] 10.222.0.47 "GET /placement/resource_providers/d036ac4c-699b-4ab9-888d-0b9d534de71a/aggregates" status: 404 len: 235 microversion: 1.1
Aug 25 12:46:54.793293 n-d-852397-7 devstack@placement-api.service[107698]: [pid: 107698|app: 0|req: 403/815] 10.222.0.47 () {58 vars in 1362 bytes} [Thu Aug 25 12:46:54 2022] GET /placement/resource_providers/d036ac4c-699b-4ab9-888d-0b9d534de71a/aggregates => generated 235 bytes in 25 msecs (HTTP/1.1 404) 5 headers in 202 bytes (1 switches on core 0)
Aug 25 12:46:54.834270 n-d-852397-7 devstack@placement-api.service[107699]: DEBUG placement.requestlog [None req-209fd52d-eb67-4bda-b111-05b945da2a83 None None] Starting request: 10.222.0.47 "DELETE /placement/resource_providers/d036ac4c-699b-4ab9-888d-0b9d534de71a" {{(pid=107699) __call__ /opt/stack/placement/placement/requestlog.py:55}}
Aug 25 12:46:54.854468 n-d-852397-7 devstack@placement-api.service[107699]: DEBUG placement.wsgi_wrapper [None req-209fd52d-eb67-4bda-b111-05b945da2a83 service placement] Placement API returning an error response: No resource provider with uuid d036ac4c-699b-4ab9-888d-0b9d534de71a found for delete {{(pid=107699) call_func /opt/stack/placement/placement/wsgi_wrapper.py:31}}
Aug 25 12:46:54.855373 n-d-852397-7 devstack@placement-api.service[107699]: INFO placement.requestlog [None req-209fd52d-eb67-4bda-b111-05b945da2a83 service placement] 10.222.0.47 "DELETE /placement/resource_providers/d036ac4c-699b-4ab9-888d-0b9d534de71a" status: 404 len: 246 microversion: 1.1
Aug 25 12:46:54.856137 n-d-852397-7 devstack@placement-api.service[107699]: [pid: 107699|app: 0|req: 413/816] 10.222.0.47 () {60 vars in 1351 bytes} [Thu Aug 25 12:46:54 2022] DELETE /placement/resource_providers/d036ac4c-699b-4ab9-888d-0b9d534de71a => generated 246 bytes in 22 msecs (HTTP/1.1 404) 6 headers in 231 bytes (1 switches on core 0)
Aug 25 12:46:57.150607 n-d-852397-7 devstack@placement-api.service[107698]: DEBUG placement.requestlog [None req-b6a8d52a-0ea2-4b57-96ba-f03ffb0fc1e7 None None] Starting request: 10.222.0.47 "GET /placement/resource_providers/c1d2f655-d13f-48d3-ba7b-59d08b537823/aggregates" {{(pid=107698) __call__ /opt/stack/placement/placement/requestlog.py:55}}
Aug 25 12:46:57.170050 n-d-852397-7 devstack@placement-api.service[107698]: INFO placement.requestlog [None req-b6a8d52a-0ea2-4b57-96ba-f03ffb0fc1e7 service placement] 10.222.0.47 "GET /placement/resource_providers/c1d2f655-d13f-48d3-ba7b-59d08b537823/aggregates" status: 404 len: 235 microversion: 1.1
Aug 25 12:46:57.170718 n-d-852397-7 devstack@placement-api.service[107698]: [pid: 107698|app: 0|req: 404/817] 10.222.0.47 () {58 vars in 1362 bytes} [Thu Aug 25 12:46:57 2022] GET /placement/resource_providers/c1d2f655-d13f-48d3-ba7b-59d08b537823/aggregates => generated 235 bytes in 21 msecs (HTTP/1.1 404) 5 headers in 202 bytes (1 switches on core 0)
Aug 25 12:46:57.208502 n-d-852397-7 devstack@placement-api.service[107699]: DEBUG placement.requestlog [None req-ed60812b-d2cc-4fd6-8580-4292be426918 None None] Starting request: 10.222.0.47 "DELETE /placement/resource_providers/c1d2f655-d13f-48d3-ba7b-59d08b537823" {{(pid=107699) __call__ /opt/stack/placement/placement/requestlog.py:55}}
Aug 25 12:46:57.225055 n-d-852397-7 devstack@placement-api.service[107699]: DEBUG placement.wsgi_wrapper [None req-ed60812b-d2cc-4fd6-8580-4292be426918 service placement] Placement API returning an error response: No resource provider with uuid c1d2f655-d13f-48d3-ba7b-59d08b537823 found for delete {{(pid=107699) call_func /opt/stack/placement/placement/wsgi_wrapper.py:31}}
Aug 25 12:46:57.225821 n-d-852397-7 devstack@placement-api.service[107699]: INFO placement.requestlog [None req-ed60812b-d2cc-4fd6-8580-4292be426918 service placement] 10.222.0.47 "DELETE /placement/resource_providers/c1d2f655-d13f-48d3-ba7b-59d08b537823" status: 404 len: 246 microversion: 1.1
