Aug 24 19:22:38.216501 n-d-852397-6 devstack@placement-api.service[107873]: INFO placement.requestlog [req-20e47133-da60-43fb-9e0e-ced17ed7d8eb req-27c8833b-14ac-4b19-9fb0-6b1db21f26ca service placement] 10.222.0.26 "GET /placement/resource_providers/00f09ea7-36b4-4a08-bcba-698b6660e364/allocations" status: 200 len: 760 microversion: 1.0
Aug 24 19:22:38.218786 n-d-852397-6 devstack@placement-api.service[107873]: [pid: 107873|app: 0|req: 296/592] 10.222.0.26 () {58 vars in 1390 bytes} [Wed Aug 24 19:22:38 2022] GET /placement/resource_providers/00f09ea7-36b4-4a08-bcba-698b6660e364/allocations => generated 760 bytes in 49 msecs (HTTP/1.1 200) 6 headers in 224 bytes (2 switches on core 0)
Aug 24 19:22:38.219129 n-d-852397-6 devstack@placement-api.service[107872]: INFO placement.requestlog [req-20e47133-da60-43fb-9e0e-ced17ed7d8eb req-3e262a56-32fe-4d90-b60a-fc18d5a87248 service placement] 10.222.0.65 "GET /placement/allocations/14d39214-b53a-426f-95fc-d8533c5f303c" status: 200 len: 259 microversion: 1.28
Aug 24 19:22:38.220008 n-d-852397-6 devstack@placement-api.service[107872]: [pid: 107872|app: 0|req: 297/593] 10.222.0.65 () {60 vars in 1377 bytes} [Wed Aug 24 19:22:38 2022] GET /placement/allocations/14d39214-b53a-426f-95fc-d8533c5f303c => generated 259 bytes in 22 msecs (HTTP/1.1 200) 8 headers in 296 bytes (2 switches on core 0)
Aug 24 19:22:38.226516 n-d-852397-6 devstack@placement-api.service[107872]: DEBUG placement.requestlog [req-20e47133-da60-43fb-9e0e-ced17ed7d8eb req-39642e1d-2888-41e2-a983-cb941f644a34 None None] Starting request: 10.222.0.26 "GET /placement/allocations/8a3b4c14-9cf4-4522-b75d-e378d90fda48" {{(pid=107872) __call__ /opt/stack/placement/placement/requestlog.py:55}}
Aug 24 19:22:38.229511 n-d-852397-6 devstack@placement-api.service[107873]: DEBUG placement.requestlog [req-20e47133-da60-43fb-9e0e-ced17ed7d8eb req-f7201c98-f155-4f98-aeb4-18a47a55fd6f None None] Starting request: 10.222.0.65 "GET /placement/allocations/395eacbd-6b57-4e36-bfde-e8dea6930de3" {{(pid=107873) __call__ /opt/stack/placement/placement/requestlog.py:55}}
Aug 24 19:22:38.248918 n-d-852397-6 devstack@placement-api.service[107872]: INFO placement.requestlog [req-20e47133-da60-43fb-9e0e-ced17ed7d8eb req-39642e1d-2888-41e2-a983-cb941f644a34 service placement] 10.222.0.26 "GET /placement/allocations/8a3b4c14-9cf4-4522-b75d-e378d90fda48" status: 200 len: 259 microversion: 1.28
Aug 24 19:22:38.249437 n-d-852397-6 devstack@placement-api.service[107872]: [pid: 107872|app: 0|req: 298/594] 10.222.0.26 () {60 vars in 1377 bytes} [Wed Aug 24 19:22:38 2022] GET /placement/allocations/8a3b4c14-9cf4-4522-b75d-e378d90fda48 => generated 259 bytes in 23 msecs (HTTP/1.1 200) 8 headers in 296 bytes (1 switches on core 0)
Aug 24 19:22:38.253945 n-d-852397-6 devstack@placement-api.service[107873]: INFO placement.requestlog [req-20e47133-da60-43fb-9e0e-ced17ed7d8eb req-f7201c98-f155-4f98-aeb4-18a47a55fd6f service placement] 10.222.0.65 "GET /placement/allocations/395eacbd-6b57-4e36-bfde-e8dea6930de3" status: 200 len: 259 microversion: 1.28
Aug 24 19:22:38.254614 n-d-852397-6 devstack@placement-api.service[107873]: [pid: 107873|app: 0|req: 297/595] 10.222.0.65 () {60 vars in 1377 bytes} [Wed Aug 24 19:22:38 2022] GET /placement/allocations/395eacbd-6b57-4e36-bfde-e8dea6930de3 => generated 259 bytes in 25 msecs (HTTP/1.1 200) 8 headers in 296 bytes (1 switches on core 0)
Aug 24 19:22:38.263548 n-d-852397-6 devstack@placement-api.service[107872]: DEBUG placement.requestlog [req-20e47133-da60-43fb-9e0e-ced17ed7d8eb req-5444c6c4-78fc-4f31-b019-6d37755dc930 None None] Starting request: 10.222.0.26 "GET /placement/allocations/435f49a2-ad62-41d5-b581-88e8219a7d49" {{(pid=107872) __call__ /opt/stack/placement/placement/requestlog.py:55}}
Aug 24 19:22:38.265936 n-d-852397-6 devstack@placement-api.service[107873]: DEBUG placement.requestlog [req-20e47133-da60-43fb-9e0e-ced17ed7d8eb req-cb2f9439-8a87-4e37-a2ae-f3da77bf06f8 None None] Starting request: 10.222.0.65 "GET /placement/allocations/49f7b5da-3a69-4fcf-a0f4-1e5a41d8f7a6" {{(pid=107873) __call__ /opt/stack/placement/placement/requestlog.py:55}}
Aug 24 19:22:38.287338 n-d-852397-6 devstack@placement-api.service[107873]: INFO placement.requestlog [req-20e47133-da60-43fb-9e0e-ced17ed7d8eb req-cb2f9439-8a87-4e37-a2ae-f3da77bf06f8 service placement] 10.222.0.65 "GET /placement/allocations/49f7b5da-3a69-4fcf-a0f4-1e5a41d8f7a6" status: 200 len: 259 microversion: 1.28
Aug 24 19:22:38.288612 n-d-852397-6 devstack@placement-api.service[107873]: [pid: 107873|app: 0|req: 298/596] 10.222.0.65 () {60 vars in 1377 bytes} [Wed Aug 24 19:22:38 2022] GET /placement/allocations/49f7b5da-3a69-4fcf-a0f4-1e5a41d8f7a6 => generated 259 bytes in 24 msecs (HTTP/1.1 200) 8 headers in 296 bytes (2 switches on core 0)
Aug 24 19:22:38.293502 n-d-852397-6 devstack@placement-api.service[107872]: INFO placement.requestlog [req-20e47133-da60-43fb-9e0e-ced17ed7d8eb req-5444c6c4-78fc-4f31-b019-6d37755dc930 service placement] 10.222.0.26 "GET /placement/allocations/435f49a2-ad62-41d5-b581-88e8219a7d49" status: 200 len: 259 microversion: 1.28
Aug 24 19:22:38.294209 n-d-852397-6 devstack@placement-api.service[107872]: [pid: 107872|app: 0|req: 299/597] 10.222.0.26 () {60 vars in 1377 bytes} [Wed Aug 24 19:22:38 2022] GET /placement/allocations/435f49a2-ad62-41d5-b581-88e8219a7d49 => generated 259 bytes in 32 msecs (HTTP/1.1 200) 8 headers in 296 bytes (2 switches on core 0)
Aug 24 19:22:38.297845 n-d-852397-6 devstack@placement-api.service[107873]: DEBUG placement.requestlog [req-20e47133-da60-43fb-9e0e-ced17ed7d8eb req-8340e9ce-29cf-4214-9102-d102d8cabbdc None None] Starting request: 10.222.0.65 "GET /placement/allocations/0f64d3cc-dc2a-45be-b1b5-1ec4dd009f06" {{(pid=107873) __call__ /opt/stack/placement/placement/requestlog.py:55}}
Aug 24 19:22:38.303315 n-d-852397-6 devstack@placement-api.service[107872]: DEBUG placement.requestlog [req-20e47133-da60-43fb-9e0e-ced17ed7d8eb req-687e9eaf-f8c5-41d5-a745-01b570d35947 None None] Starting request: 10.222.0.26 "GET /placement/allocations/0d7f10ed-a9c1-4aa9-933f-07f3d04cfaae" {{(pid=107872) __call__ /opt/stack/placement/placement/requestlog.py:55}}
Aug 24 19:22:38.318610 n-d-852397-6 devstack@placement-api.service[107873]: INFO placement.requestlog [req-20e47133-da60-43fb-9e0e-ced17ed7d8eb req-8340e9ce-29cf-4214-9102-d102d8cabbdc service placement] 10.222.0.65 "GET /placement/allocations/0f64d3cc-dc2a-45be-b1b5-1ec4dd009f06" status: 200 len: 259 microversion: 1.28
Aug 24 19:22:38.320418 n-d-852397-6 devstack@placement-api.service[107873]: [pid: 107873|app: 0|req: 299/598] 10.222.0.65 () {60 vars in 1377 bytes} [Wed Aug 24 19:22:38 2022] GET /placement/allocations/0f64d3cc-dc2a-45be-b1b5-1ec4dd009f06 => generated 259 bytes in 23 msecs (HTTP/1.1 200) 8 headers in 296 bytes (2 switches on core 0)
Aug 24 19:22:38.323399 n-d-852397-6 devstack@placement-api.service[107872]: INFO placement.requestlog [req-20e47133-da60-43fb-9e0e-ced17ed7d8eb req-687e9eaf-f8c5-41d5-a745-01b570d35947 service placement] 10.222.0.26 "GET /placement/allocations/0d7f10ed-a9c1-4aa9-933f-07f3d04cfaae" status: 200 len: 259 microversion: 1.28
Aug 24 19:22:38.323868 n-d-852397-6 devstack@placement-api.service[107872]: [pid: 107872|app: 0|req: 300/599] 10.222.0.26 () {60 vars in 1377 bytes} [Wed Aug 24 19:22:38 2022] GET /placement/allocations/0d7f10ed-a9c1-4aa9-933f-07f3d04cfaae => generated 259 bytes in 21 msecs (HTTP/1.1 200) 8 headers in 296 bytes (2 switches on core 0)
Aug 24 19:22:38.328503 n-d-852397-6 devstack@placement-api.service[107873]: DEBUG placement.requestlog [req-20e47133-da60-43fb-9e0e-ced17ed7d8eb req-71e56104-0f46-4ee0-ae53-f5cbff5811b0 None None] Starting request: 10.222.0.65 "GET /placement/allocations/eb77800e-7206-42d1-94dc-72c9789af31d" {{(pid=107873) __call__ /opt/stack/placement/placement/requestlog.py:55}}
Aug 24 19:22:38.335079 n-d-852397-6 devstack@placement-api.service[107872]: DEBUG placement.requestlog [req-20e47133-da60-43fb-9e0e-ced17ed7d8eb req-9dd05123-1db4-4ec3-afca-ac7716700178 None None] Starting request: 10.222.0.26 "GET /placement/allocations/d4a5113f-fe87-4ea8-9900-c990ab183a15" {{(pid=107872) __call__ /opt/stack/placement/placement/requestlog.py:55}}
Aug 24 19:22:38.353625 n-d-852397-6 devstack@placement-api.service[107873]: DEBUG dbcounter [-] [107873] Writing DB stats placement:INSERT=8,placement:SELECT=82,placement:DELETE=5,placement:UPDATE=5 {{(pid=107873) stat_writer /usr/local/lib/python3.8/dist-packages/dbcounter.py:114}}
Aug 24 19:22:38.360490 n-d-852397-6 devstack@placement-api.service[107872]: INFO placement.requestlog [req-20e47133-da60-43fb-9e0e-ced17ed7d8eb req-9dd05123-1db4-4ec3-afca-ac7716700178 service placement] 10.222.0.26 "GET /placement/allocations/d4a5113f-fe87-4ea8-9900-c990ab183a15" status: 200 len: 259 microversion: 1.28
Aug 24 19:22:38.363887 n-d-852397-6 devstack@placement-api.service[107873]: INFO placement.requestlog [req-20e47133-da60-43fb-9e0e-ced17ed7d8eb req-71e56104-0f46-4ee0-ae53-f5cbff5811b0 service placement] 10.222.0.65 "GET /placement/allocations/eb77800e-7206-42d1-94dc-72c9789af31d" status: 200 len: 259 microversion: 1.28
Aug 24 19:22:38.364050 n-d-852397-6 devstack@placement-api.service[107872]: [pid: 107872|app: 0|req: 301/600] 10.222.0.26 () {60 vars in 1377 bytes} [Wed Aug 24 19:22:38 2022] GET /placement/allocations/d4a5113f-fe87-4ea8-9900-c990ab183a15 => generated 259 bytes in 28 msecs (HTTP/1.1 200) 8 headers in 296 bytes (1 switches on core 0)
Aug 24 19:22:38.365710 n-d-852397-6 devstack@placement-api.service[107873]: [pid: 107873|app: 0|req: 300/601] 10.222.0.65 () {60 vars in 1377 bytes} [Wed Aug 24 19:22:38 2022] GET /placement/allocations/eb77800e-7206-42d1-94dc-72c9789af31d => generated 259 bytes in 37 msecs (HTTP/1.1 200) 8 headers in 296 bytes (1 switches on core 0)
Aug 24 19:22:38.376178 n-d-852397-6 devstack@placement-api.service[107872]: DEBUG placement.requestlog [req-20e47133-da60-43fb-9e0e-ced17ed7d8eb req-d4126306-14a7-4bd4-9f43-125fb341237c None None] Starting request: 10.222.0.26 "GET /placement/allocations/8ab1f97a-da95-4ab4-8e89-7dfd0b075eb4" {{(pid=107872) __call__ /opt/stack/placement/placement/requestlog.py:55}}
Aug 24 19:22:38.419233 n-d-852397-6 devstack@placement-api.service[107872]: INFO placement.requestlog [req-20e47133-da60-43fb-9e0e-ced17ed7d8eb req-d4126306-14a7-4bd4-9f43-125fb341237c service placement] 10.222.0.26 "GET /placement/allocations/8ab1f97a-da95-4ab4-8e89-7dfd0b075eb4" status: 200 len: 259 microversion: 1.28
Aug 24 19:22:38.419960 n-d-852397-6 devstack@placement-api.service[107872]: [pid: 107872|app: 0|req: 302/602] 10.222.0.26 () {60 vars in 1377 bytes} [Wed Aug 24 19:22:38 2022] GET /placement/allocations/8ab1f97a-da95-4ab4-8e89-7dfd0b075eb4 => generated 259 bytes in 44 msecs (HTTP/1.1 200) 8 headers in 296 bytes (1 switches on core 0)
Aug 24 19:22:38.431462 n-d-852397-6 devstack@placement-api.service[107873]: DEBUG placement.requestlog [req-20e47133-da60-43fb-9e0e-ced17ed7d8eb req-3efc5a69-103a-4dae-a2c6-a1488f44fcb5 None None] Starting request: 10.222.0.26 "GET /placement/allocations/9c0856d7-713a-4d3e-b5d2-572ba06b6d01" {{(pid=107873) __call__ /opt/stack/placement/placement/requestlog.py:55}}
Aug 24 19:22:38.449453 n-d-852397-6 devstack@placement-api.service[107873]: INFO placement.requestlog [req-20e47133-da60-43fb-9e0e-ced17ed7d8eb req-3efc5a69-103a-4dae-a2c6-a1488f44fcb5 service placement] 10.222.0.26 "GET /placement/allocations/9c0856d7-713a-4d3e-b5d2-572ba06b6d01" status: 200 len: 259 microversion: 1.28
Aug 24 19:22:38.450185 n-d-852397-6 devstack@placement-api.service[107873]: [pid: 107873|app: 0|req: 301/603] 10.222.0.26 () {60 vars in 1377 bytes} [Wed Aug 24 19:22:38 2022] GET /placement/allocations/9c0856d7-713a-4d3e-b5d2-572ba06b6d01 => generated 259 bytes in 19 msecs (HTTP/1.1 200) 8 headers in 296 bytes (2 switches on core 0)
Aug 24 19:22:38.469147 n-d-852397-6 devstack@placement-api.service[107872]: DEBUG placement.requestlog [req-20e47133-da60-43fb-9e0e-ced17ed7d8eb req-7f8626c9-bfce-4329-a2e5-f40b45e6b97f None None] Starting request: 10.222.0.26 "GET /placement/allocations/92977073-d694-423b-b996-c951ee8a65c6" {{(pid=107872) __call__ /opt/stack/placement/placement/requestlog.py:55}}
Aug 24 19:22:38.480288 n-d-852397-6 devstack@placement-api.service[107872]: DEBUG dbcounter [-] [107872] Writing DB stats placement:SELECT=84,placement:INSERT=8,placement:DELETE=4,placement:UPDATE=4 {{(pid=107872) stat_writer /usr/local/lib/python3.8/dist-packages/dbcounter.py:114}}
Aug 24 19:22:38.490839 n-d-852397-6 devstack@placement-api.service[107872]: INFO placement.requestlog [req-20e47133-da60-43fb-9e0e-ced17ed7d8eb req-7f8626c9-bfce-4329-a2e5-f40b45e6b97f service placement] 10.222.0.26 "GET /placement/allocations/92977073-d694-423b-b996-c951ee8a65c6" status: 200 len: 259 microversion: 1.28
Aug 24 19:22:38.491955 n-d-852397-6 devstack@placement-api.service[107872]: [pid: 107872|app: 0|req: 303/604] 10.222.0.26 () {60 vars in 1377 bytes} [Wed Aug 24 19:22:38 2022] GET /placement/allocations/92977073-d694-423b-b996-c951ee8a65c6 => generated 259 bytes in 24 msecs (HTTP/1.1 200) 8 headers in 296 bytes (1 switches on core 0)
Aug 24 19:22:45.776043 n-d-852397-6 devstack@placement-api.service[107873]: DEBUG placement.requestlog [req-7529f046-ba29-4f19-9b37-bf70adaf0931 req-fa3474c3-86e0-4c69-ae39-b802cccc5139 None None] Starting request: 10.222.0.40 "GET /placement/allocation_candidates?limit=1000&resources=DISK_GB%3A1%2CMEMORY_MB%3A1024%2CVCPU%3A1&root_required=%21COMPUTE_STATUS_DISABLED" {{(pid=107873) __call__ /opt/stack/placement/placement/requestlog.py:55}}
Aug 24 19:22:45.937084 n-d-852397-6 devstack@placement-api.service[107873]: DEBUG placement.objects.research_context [req-7529f046-ba29-4f19-9b37-bf70adaf0931 req-fa3474c3-86e0-4c69-ae39-b802cccc5139 service placement] getting providers with 1 DISK_GB {{(pid=107873) __init__ /opt/stack/placement/placement/objects/research_context.py:136}}
Aug 24 19:22:45.942701 n-d-852397-6 devstack@placement-api.service[107873]: DEBUG placement.objects.research_context [req-7529f046-ba29-4f19-9b37-bf70adaf0931 req-fa3474c3-86e0-4c69-ae39-b802cccc5139 service placement] getting providers with 1024 MEMORY_MB {{(pid=107873) __init__ /opt/stack/placement/placement/objects/research_context.py:136}}
Aug 24 19:22:45.948041 n-d-852397-6 devstack@placement-api.service[107873]: DEBUG placement.objects.research_context [req-7529f046-ba29-4f19-9b37-bf70adaf0931 req-fa3474c3-86e0-4c69-ae39-b802cccc5139 service placement] getting providers with 1 VCPU {{(pid=107873) __init__ /opt/stack/placement/placement/objects/research_context.py:136}}
Aug 24 19:22:45.954129 n-d-852397-6 devstack@placement-api.service[107873]: DEBUG placement.objects.research_context [req-7529f046-ba29-4f19-9b37-bf70adaf0931 req-fa3474c3-86e0-4c69-ae39-b802cccc5139 service placement] found 2 providers with available 1 DISK_GB {{(pid=107873) get_provider_ids_matching /opt/stack/placement/placement/objects/research_context.py:563}}
Aug 24 19:22:45.954435 n-d-852397-6 devstack@placement-api.service[107873]: DEBUG placement.objects.research_context [req-7529f046-ba29-4f19-9b37-bf70adaf0931 req-fa3474c3-86e0-4c69-ae39-b802cccc5139 service placement] found 2 providers with available 1024 MEMORY_MB {{(pid=107873) get_provider_ids_matching /opt/stack/placement/placement/objects/research_context.py:563}}
Aug 24 19:22:45.954711 n-d-852397-6 devstack@placement-api.service[107873]: DEBUG placement.objects.research_context [req-7529f046-ba29-4f19-9b37-bf70adaf0931 req-fa3474c3-86e0-4c69-ae39-b802cccc5139 service placement] found 2 providers after filtering by previous result {{(pid=107873) get_provider_ids_matching /opt/stack/placement/placement/objects/research_context.py:594}}
Aug 24 19:22:45.954968 n-d-852397-6 devstack@placement-api.service[107873]: DEBUG placement.objects.research_context [req-7529f046-ba29-4f19-9b37-bf70adaf0931 req-fa3474c3-86e0-4c69-ae39-b802cccc5139 service placement] found 2 providers with available 1 VCPU {{(pid=107873) get_provider_ids_matching /opt/stack/placement/placement/objects/research_context.py:563}}
Aug 24 19:22:45.955227 n-d-852397-6 devstack@placement-api.service[107873]: DEBUG placement.objects.research_context [req-7529f046-ba29-4f19-9b37-bf70adaf0931 req-fa3474c3-86e0-4c69-ae39-b802cccc5139 service placement] found 2 providers after filtering by previous result {{(pid=107873) get_provider_ids_matching /opt/stack/placement/placement/objects/research_context.py:594}}
Aug 24 19:22:45.965990 n-d-852397-6 devstack@placement-api.service[107873]: DEBUG placement.objects.allocation_candidate [req-7529f046-ba29-4f19-9b37-bf70adaf0931 req-fa3474c3-86e0-4c69-ae39-b802cccc5139 service placement] RequestGroup(use_same_provider=False, resources={DISK_GB:1, MEMORY_MB:1024, VCPU:1}, traits=(), aggregates=[]) (suffix '') returned 2 matches {{(pid=107873) _get_by_requests /opt/stack/placement/placement/objects/allocation_candidate.py:156}}
Aug 24 19:22:45.966391 n-d-852397-6 devstack@placement-api.service[107873]: DEBUG placement.objects.allocation_candidate [req-7529f046-ba29-4f19-9b37-bf70adaf0931 req-fa3474c3-86e0-4c69-ae39-b802cccc5139 service placement] Merging candidates yields 2 allocation requests and 2 provider summaries {{(pid=107873) _merge_candidates /opt/stack/placement/placement/objects/allocation_candidate.py:809}}
Aug 24 19:22:45.968916 n-d-852397-6 devstack@placement-api.service[107873]: INFO placement.requestlog [req-7529f046-ba29-4f19-9b37-bf70adaf0931 req-fa3474c3-86e0-4c69-ae39-b802cccc5139 service placement] 10.222.0.40 "GET /placement/allocation_candidates?limit=1000&resources=DISK_GB%3A1%2CMEMORY_MB%3A1024%2CVCPU%3A1&root_required=%21COMPUTE_STATUS_DISABLED" status: 200 len: 1309 microversion: 1.36
Aug 24 19:22:45.969271 n-d-852397-6 devstack@placement-api.service[107873]: [pid: 107873|app: 0|req: 302/605] 10.222.0.40 () {60 vars in 1506 bytes} [Wed Aug 24 19:22:45 2022] GET /placement/allocation_candidates?limit=1000&resources=DISK_GB%3A1%2CMEMORY_MB%3A1024%2CVCPU%3A1&root_required=%21COMPUTE_STATUS_DISABLED => generated 1309 bytes in 193 msecs (HTTP/1.1 200) 8 headers in 297 bytes (1 switches on core 0)
Aug 24 19:22:46.033589 n-d-852397-6 devstack@placement-api.service[107872]: DEBUG placement.requestlog [req-7529f046-ba29-4f19-9b37-bf70adaf0931 req-04f42067-1c03-4beb-b3d2-9fb372187aca None None] Starting request: 10.222.0.40 "GET /placement/allocations/f2c6ff71-06c0-4252-851a-002babfc24aa" {{(pid=107872) __call__ /opt/stack/placement/placement/requestlog.py:55}}
Aug 24 19:22:46.045096 n-d-852397-6 devstack@placement-api.service[107872]: INFO placement.requestlog [req-7529f046-ba29-4f19-9b37-bf70adaf0931 req-04f42067-1c03-4beb-b3d2-9fb372187aca service placement] 10.222.0.40 "GET /placement/allocations/f2c6ff71-06c0-4252-851a-002babfc24aa" status: 200 len: 19 microversion: 1.28
Aug 24 19:22:46.045490 n-d-852397-6 devstack@placement-api.service[107872]: [pid: 107872|app: 0|req: 304/606] 10.222.0.40 () {60 vars in 1380 bytes} [Wed Aug 24 19:22:46 2022] GET /placement/allocations/f2c6ff71-06c0-4252-851a-002babfc24aa => generated 19 bytes in 12 msecs (HTTP/1.1 200) 8 headers in 295 bytes (1 switches on core 0)
Aug 24 19:22:46.051592 n-d-852397-6 devstack@placement-api.service[107873]: DEBUG placement.requestlog [req-7529f046-ba29-4f19-9b37-bf70adaf0931 req-cea6bdaf-2b3b-44ae-84d7-809af92951ac None None] Starting request: 10.222.0.40 "PUT /placement/allocations/f2c6ff71-06c0-4252-851a-002babfc24aa" {{(pid=107873) __call__ /opt/stack/placement/placement/requestlog.py:55}}
Aug 24 19:22:46.114167 n-d-852397-6 devstack@placement-api.service[107873]: DEBUG placement.handlers.allocation [req-7529f046-ba29-4f19-9b37-bf70adaf0931 req-cea6bdaf-2b3b-44ae-84d7-809af92951ac service placement] Successfully wrote allocations [, , ] {{(pid=107873) _update_consumers_and_create_allocations /opt/stack/placement/placement/handlers/allocation.py:462}}
Aug 24 19:22:46.117551 n-d-852397-6 devstack@placement-api.service[107873]: INFO placement.requestlog [req-7529f046-ba29-4f19-9b37-bf70adaf0931 req-cea6bdaf-2b3b-44ae-84d7-809af92951ac service placement] 10.222.0.40 "PUT /placement/allocations/f2c6ff71-06c0-4252-851a-002babfc24aa" status: 204 len: 0 microversion: 1.36
Aug 24 19:22:46.117924 n-d-852397-6 devstack@placement-api.service[107873]: [pid: 107873|app: 0|req: 303/607] 10.222.0.40 () {64 vars in 1433 bytes} [Wed Aug 24 19:22:46 2022] PUT /placement/allocations/f2c6ff71-06c0-4252-851a-002babfc24aa => generated 0 bytes in 67 msecs (HTTP/1.1 204) 5 headers in 199 bytes (1 switches on core 0)
Aug 24 19:22:47.746772 n-d-852397-6 devstack@placement-api.service[107872]: DEBUG placement.requestlog [req-7529f046-ba29-4f19-9b37-bf70adaf0931 req-88446f2e-ecc1-486c-a6cd-bc0720e119cf None None] Starting request: 10.222.0.65 "GET /placement/allocations/f2c6ff71-06c0-4252-851a-002babfc24aa" {{(pid=107872) __call__ /opt/stack/placement/placement/requestlog.py:55}}
Aug 24 19:22:47.766914 n-d-852397-6 devstack@placement-api.service[107872]: INFO placement.requestlog [req-7529f046-ba29-4f19-9b37-bf70adaf0931 req-88446f2e-ecc1-486c-a6cd-bc0720e119cf service placement] 10.222.0.65 "GET /placement/allocations/f2c6ff71-06c0-4252-851a-002babfc24aa" status: 200 len: 259 microversion: 1.28
Aug 24 19:22:47.767377 n-d-852397-6 devstack@placement-api.service[107872]: [pid: 107872|app: 0|req: 305/608] 10.222.0.65 () {60 vars in 1377 bytes} [Wed Aug 24 19:22:47 2022] GET /placement/allocations/f2c6ff71-06c0-4252-851a-002babfc24aa => generated 259 bytes in 21 msecs (HTTP/1.1 200) 8 headers in 296 bytes (1 switches on core 0)
Aug 24 19:22:47.907215 n-d-852397-6 devstack@placement-api.service[107873]: DEBUG placement.requestlog [req-7529f046-ba29-4f19-9b37-bf70adaf0931 req-390f167a-def5-464f-af8e-63697e88dbe2 None None] Starting request: 10.222.0.65 "GET /placement/resource_providers/121eb7a5-e42f-4185-b232-8b730ea24f9e/allocations" {{(pid=107873) __call__ /opt/stack/placement/placement/requestlog.py:55}}
Aug 24 19:22:47.932936 n-d-852397-6 devstack@placement-api.service[107873]: INFO placement.requestlog [req-7529f046-ba29-4f19-9b37-bf70adaf0931 req-390f167a-def5-464f-af8e-63697e88dbe2 service placement] 10.222.0.65 "GET /placement/resource_providers/121eb7a5-e42f-4185-b232-8b730ea24f9e/allocations" status: 200 len: 962 microversion: 1.0
Aug 24 19:22:47.933685 n-d-852397-6 devstack@placement-api.service[107873]: [pid: 107873|app: 0|req: 304/609] 10.222.0.65 () {58 vars in 1390 bytes} [Wed Aug 24 19:22:47 2022] GET /placement/resource_providers/121eb7a5-e42f-4185-b232-8b730ea24f9e/allocations => generated 962 bytes in 27 msecs (HTTP/1.1 200) 6 headers in 224 bytes (1 switches on core 0)
Aug 24 19:22:47.942742 n-d-852397-6 devstack@placement-api.service[107872]: DEBUG placement.requestlog [req-7529f046-ba29-4f19-9b37-bf70adaf0931 req-15e0030c-3f5b-4e3d-9190-1ae52f19c186 None None] Starting request: 10.222.0.65 "GET /placement/allocations/f2c6ff71-06c0-4252-851a-002babfc24aa" {{(pid=107872) __call__ /opt/stack/placement/placement/requestlog.py:55}}
Aug 24 19:22:47.963138 n-d-852397-6 devstack@placement-api.service[107872]: INFO placement.requestlog [req-7529f046-ba29-4f19-9b37-bf70adaf0931 req-15e0030c-3f5b-4e3d-9190-1ae52f19c186 service placement] 10.222.0.65 "GET /placement/allocations/f2c6ff71-06c0-4252-851a-002babfc24aa" status: 200 len: 259 microversion: 1.28
Aug 24 19:22:47.963693 n-d-852397-6 devstack@placement-api.service[107872]: [pid: 107872|app: 0|req: 306/610] 10.222.0.65 () {60 vars in 1377 bytes} [Wed Aug 24 19:22:47 2022] GET /placement/allocations/f2c6ff71-06c0-4252-851a-002babfc24aa => generated 259 bytes in 21 msecs (HTTP/1.1 200) 8 headers in 296 bytes (1 switches on core 0)
Aug 24 19:22:47.973154 n-d-852397-6 devstack@placement-api.service[107873]: DEBUG placement.requestlog [req-7529f046-ba29-4f19-9b37-bf70adaf0931 req-eecbd640-c4b4-4593-ad04-3f85fdabbbae None None] Starting request: 10.222.0.65 "GET /placement/allocations/22acc1cd-728a-4ec1-a624-32ce48204d71" {{(pid=107873) __call__ /opt/stack/placement/placement/requestlog.py:55}}
Aug 24 19:22:47.991959 n-d-852397-6 devstack@placement-api.service[107873]: INFO placement.requestlog [req-7529f046-ba29-4f19-9b37-bf70adaf0931 req-eecbd640-c4b4-4593-ad04-3f85fdabbbae service placement] 10.222.0.65 "GET /placement/allocations/22acc1cd-728a-4ec1-a624-32ce48204d71" status: 200 len: 259 microversion: 1.28
Aug 24 19:22:47.992680 n-d-852397-6 devstack@placement-api.service[107873]: [pid: 107873|app: 0|req: 305/611] 10.222.0.65 () {60 vars in 1377 bytes} [Wed Aug 24 19:22:47 2022] GET /placement/allocations/22acc1cd-728a-4ec1-a624-32ce48204d71 => generated 259 bytes in 20 msecs (HTTP/1.1 200) 8 headers in 296 bytes (1 switches on core 0)
Aug 24 19:22:48.000622 n-d-852397-6 devstack@placement-api.service[107872]: DEBUG placement.requestlog [req-7529f046-ba29-4f19-9b37-bf70adaf0931 req-58e4417f-8c62-4ca1-8e8e-608fa7ceff85 None None] Starting request: 10.222.0.65 "GET /placement/allocations/896398ab-9ade-4d3f-9bb1-8429c1e23974" {{(pid=107872) __call__ /opt/stack/placement/placement/requestlog.py:55}}
Aug 24 19:22:48.017439 n-d-852397-6 devstack@placement-api.service[107872]: INFO placement.requestlog [req-7529f046-ba29-4f19-9b37-bf70adaf0931 req-58e4417f-8c62-4ca1-8e8e-608fa7ceff85 service placement] 10.222.0.65 "GET /placement/allocations/896398ab-9ade-4d3f-9bb1-8429c1e23974" status: 200 len: 259 microversion: 1.28
Aug 24 19:22:48.018955 n-d-852397-6 devstack@placement-api.service[107872]: [pid: 107872|app: 0|req: 307/612] 10.222.0.65 () {60 vars in 1377 bytes} [Wed Aug 24 19:22:47 2022] GET /placement/allocations/896398ab-9ade-4d3f-9bb1-8429c1e23974 => generated 259 bytes in 18 msecs (HTTP/1.1 200) 8 headers in 296 bytes (1 switches on core 0)
Aug 24 19:22:48.042869 n-d-852397-6 devstack@placement-api.service[107873]: DEBUG placement.requestlog [req-7529f046-ba29-4f19-9b37-bf70adaf0931 req-e2fe80d2-216e-434d-a2cd-08538532cd9f None None] Starting request: 10.222.0.65 "GET /placement/allocations/ce4a9d37-8dc1-4800-9bce-2bb6ca788391" {{(pid=107873) __call__ /opt/stack/placement/placement/requestlog.py:55}}
Aug 24 19:22:48.059612 n-d-852397-6 devstack@placement-api.service[107873]: INFO placement.requestlog [req-7529f046-ba29-4f19-9b37-bf70adaf0931 req-e2fe80d2-216e-434d-a2cd-08538532cd9f service placement] 10.222.0.65 "GET /placement/allocations/ce4a9d37-8dc1-4800-9bce-2bb6ca788391" status: 200 len: 259 microversion: 1.28
Aug 24 19:22:48.060102 n-d-852397-6 devstack@placement-api.service[107873]: [pid: 107873|app: 0|req: 306/613] 10.222.0.65 () {60 vars in 1377 bytes} [Wed Aug 24 19:22:48 2022] GET /placement/allocations/ce4a9d37-8dc1-4800-9bce-2bb6ca788391 => generated 259 bytes in 18 msecs (HTTP/1.1 200) 8 headers in 296 bytes (1 switches on core 0)
Aug 24 19:22:48.070764 n-d-852397-6 devstack@placement-api.service[107872]: DEBUG placement.requestlog [req-7529f046-ba29-4f19-9b37-bf70adaf0931 req-81a62941-87b8-4bda-bdef-925869baf42e None None] Starting request: 10.222.0.65 "GET /placement/allocations/14d39214-b53a-426f-95fc-d8533c5f303c" {{(pid=107872) __call__ /opt/stack/placement/placement/requestlog.py:55}}
Aug 24 19:22:48.089422 n-d-852397-6 devstack@placement-api.service[107872]: INFO placement.requestlog [req-7529f046-ba29-4f19-9b37-bf70adaf0931 req-81a62941-87b8-4bda-bdef-925869baf42e service placement] 10.222.0.65 "GET /placement/allocations/14d39214-b53a-426f-95fc-d8533c5f303c" status: 200 len: 259 microversion: 1.28
Aug 24 19:22:48.090187 n-d-852397-6 devstack@placement-api.service[107872]: [pid: 107872|app: 0|req: 308/614] 10.222.0.65 () {60 vars in 1377 bytes} [Wed Aug 24 19:22:48 2022] GET /placement/allocations/14d39214-b53a-426f-95fc-d8533c5f303c => generated 259 bytes in 20 msecs (HTTP/1.1 200) 8 headers in 296 bytes (1 switches on core 0)
Aug 24 19:22:48.098410 n-d-852397-6 devstack@placement-api.service[107873]: DEBUG placement.requestlog [req-7529f046-ba29-4f19-9b37-bf70adaf0931 req-703ffdb9-3f4d-4752-ab57-d22f908a1c8a None None] Starting request: 10.222.0.65 "GET /placement/allocations/395eacbd-6b57-4e36-bfde-e8dea6930de3" {{(pid=107873) __call__ /opt/stack/placement/placement/requestlog.py:55}}
Aug 24 19:22:48.117772 n-d-852397-6 devstack@placement-api.service[107873]: INFO placement.requestlog [req-7529f046-ba29-4f19-9b37-bf70adaf0931 req-703ffdb9-3f4d-4752-ab57-d22f908a1c8a service placement] 10.222.0.65 "GET /placement/allocations/395eacbd-6b57-4e36-bfde-e8dea6930de3" status: 200 len: 259 microversion: 1.28
Aug 24 19:22:48.118638 n-d-852397-6 devstack@placement-api.service[107873]: [pid: 107873|app: 0|req: 307/615] 10.222.0.65 () {60 vars in 1377 bytes} [Wed Aug 24 19:22:48 2022] GET /placement/allocations/395eacbd-6b57-4e36-bfde-e8dea6930de3 => generated 259 bytes in 20 msecs (HTTP/1.1 200) 8 headers in 296 bytes (1 switches on core 0)
Aug 24 19:22:48.141892 n-d-852397-6 devstack@placement-api.service[107872]: DEBUG placement.requestlog [req-7529f046-ba29-4f19-9b37-bf70adaf0931 req-dc08a135-1b9c-46dd-b047-91ffbd6f1985 None None] Starting request: 10.222.0.65 "GET /placement/allocations/49f7b5da-3a69-4fcf-a0f4-1e5a41d8f7a6" {{(pid=107872) __call__ /opt/stack/placement/placement/requestlog.py:55}}
Aug 24 19:22:48.159171 n-d-852397-6 devstack@placement-api.service[107872]: INFO placement.requestlog [req-7529f046-ba29-4f19-9b37-bf70adaf0931 req-dc08a135-1b9c-46dd-b047-91ffbd6f1985 service placement] 10.222.0.65 "GET /placement/allocations/49f7b5da-3a69-4fcf-a0f4-1e5a41d8f7a6" status: 200 len: 259 microversion: 1.28
Aug 24 19:22:48.159540 n-d-852397-6 devstack@placement-api.service[107872]: [pid: 107872|app: 0|req: 309/616] 10.222.0.65 () {60 vars in 1377 bytes} [Wed Aug 24 19:22:48 2022] GET /placement/allocations/49f7b5da-3a69-4fcf-a0f4-1e5a41d8f7a6 => generated 259 bytes in 18 msecs (HTTP/1.1 200) 8 headers in 296 bytes (2 switches on core 0)
Aug 24 19:22:48.182738 n-d-852397-6 devstack@placement-api.service[107873]: DEBUG placement.requestlog [req-7529f046-ba29-4f19-9b37-bf70adaf0931 req-23796264-e095-4ddb-91a3-0635ae5b65c2 None None] Starting request: 10.222.0.65 "GET /placement/allocations/0f64d3cc-dc2a-45be-b1b5-1ec4dd009f06" {{(pid=107873) __call__ /opt/stack/placement/placement/requestlog.py:55}}
Aug 24 19:22:48.199544 n-d-852397-6 devstack@placement-api.service[107873]: INFO placement.requestlog [req-7529f046-ba29-4f19-9b37-bf70adaf0931 req-23796264-e095-4ddb-91a3-0635ae5b65c2 service placement] 10.222.0.65 "GET /placement/allocations/0f64d3cc-dc2a-45be-b1b5-1ec4dd009f06" status: 200 len: 259 microversion: 1.28
Aug 24 19:22:48.200059 n-d-852397-6 devstack@placement-api.service[107873]: [pid: 107873|app: 0|req: 308/617] 10.222.0.65 () {60 vars in 1377 bytes} [Wed Aug 24 19:22:48 2022] GET /placement/allocations/0f64d3cc-dc2a-45be-b1b5-1ec4dd009f06 => generated 259 bytes in 17 msecs (HTTP/1.1 200) 8 headers in 296 bytes (2 switches on core 0)
Aug 24 19:22:48.208117 n-d-852397-6 devstack@placement-api.service[107872]: DEBUG placement.requestlog [req-7529f046-ba29-4f19-9b37-bf70adaf0931 req-3ba65047-b15a-46ff-92f7-f1310acaa34a None None] Starting request: 10.222.0.65 "GET /placement/allocations/eb77800e-7206-42d1-94dc-72c9789af31d" {{(pid=107872) __call__ /opt/stack/placement/placement/requestlog.py:55}}
Aug 24 19:22:48.223394 n-d-852397-6 devstack@placement-api.service[107872]: INFO placement.requestlog [req-7529f046-ba29-4f19-9b37-bf70adaf0931 req-3ba65047-b15a-46ff-92f7-f1310acaa34a service placement] 10.222.0.65 "GET /placement/allocations/eb77800e-7206-42d1-94dc-72c9789af31d" status: 200 len: 259 microversion: 1.28
Aug 24 19:22:48.224014 n-d-852397-6 devstack@placement-api.service[107872]: [pid: 107872|app: 0|req: 310/618] 10.222.0.65 () {60 vars in 1377 bytes} [Wed Aug 24 19:22:48 2022] GET /placement/allocations/eb77800e-7206-42d1-94dc-72c9789af31d => generated 259 bytes in 16 msecs (HTTP/1.1 200) 8 headers in 296 bytes (1 switches on core 0)
Aug 24 19:22:57.395108 n-d-852397-6 devstack@placement-api.service[107873]: DEBUG placement.requestlog [req-03812e23-b52d-4dc6-aa74-8fcab1db2188 req-69f72ebc-4006-4688-b347-599f3ff404bf None None] Starting request: 10.222.0.26 "GET /placement/resource_providers/00f09ea7-36b4-4a08-bcba-698b6660e364/allocations" {{(pid=107873) __call__ /opt/stack/placement/placement/requestlog.py:55}}
Aug 24 19:22:57.443546 n-d-852397-6 devstack@placement-api.service[107873]: INFO placement.requestlog [req-03812e23-b52d-4dc6-aa74-8fcab1db2188 req-69f72ebc-4006-4688-b347-599f3ff404bf service placement] 10.222.0.26 "GET /placement/resource_providers/00f09ea7-36b4-4a08-bcba-698b6660e364/allocations" status: 200 len: 760 microversion: 1.0
Aug 24 19:22:57.444350 n-d-852397-6 devstack@placement-api.service[107873]: [pid: 107873|app: 0|req: 309/619] 10.222.0.26 () {58 vars in 1390 bytes} [Wed Aug 24 19:22:57 2022] GET /placement/resource_providers/00f09ea7-36b4-4a08-bcba-698b6660e364/allocations => generated 760 bytes in 49 msecs (HTTP/1.1 200) 6 headers in 224 bytes (1 switches on core 0)
Aug 24 19:22:58.151597 n-d-852397-6 devstack@placement-api.service[107872]: DEBUG placement.requestlog [req-03812e23-b52d-4dc6-aa74-8fcab1db2188 req-90d23ca7-8544-43ae-8f15-1b5a158f37d8 None None] Starting request: 10.222.0.26 "GET /placement/resource_providers/00f09ea7-36b4-4a08-bcba-698b6660e364/allocations" {{(pid=107872) __call__ /opt/stack/placement/placement/requestlog.py:55}}
Aug 24 19:22:58.191916 n-d-852397-6 devstack@placement-api.service[107872]: INFO placement.requestlog [req-03812e23-b52d-4dc6-aa74-8fcab1db2188 req-90d23ca7-8544-43ae-8f15-1b5a158f37d8 service placement] 10.222.0.26 "GET /placement/resource_providers/00f09ea7-36b4-4a08-bcba-698b6660e364/allocations" status: 200 len: 760 microversion: 1.0
Aug 24 19:22:58.192856 n-d-852397-6 devstack@placement-api.service[107872]: [pid: 107872|app: 0|req: 311/620] 10.222.0.26 () {58 vars in 1390 bytes} [Wed Aug 24 19:22:58 2022] GET /placement/resource_providers/00f09ea7-36b4-4a08-bcba-698b6660e364/allocations => generated 760 bytes in 42 msecs (HTTP/1.1 200) 6 headers in 224 bytes (1 switches on core 0)
Aug 24 19:22:58.986643 n-d-852397-6 devstack@placement-api.service[107873]: DEBUG placement.requestlog [req-03812e23-b52d-4dc6-aa74-8fcab1db2188 req-0666fa86-7950-4ac0-8265-e2a8bbd5b6ac None None] Starting request: 10.222.0.26 "GET /placement/allocations/8a3b4c14-9cf4-4522-b75d-e378d90fda48" {{(pid=107873) __call__ /opt/stack/placement/placement/requestlog.py:55}}
Aug 24 19:22:59.023666 n-d-852397-6 devstack@placement-api.service[107873]: INFO placement.requestlog [req-03812e23-b52d-4dc6-aa74-8fcab1db2188 req-0666fa86-7950-4ac0-8265-e2a8bbd5b6ac service placement] 10.222.0.26 "GET /placement/allocations/8a3b4c14-9cf4-4522-b75d-e378d90fda48" status: 200 len: 259 microversion: 1.28
Aug 24 19:22:59.024889 n-d-852397-6 devstack@placement-api.service[107873]: [pid: 107873|app: 0|req: 310/621] 10.222.0.26 () {60 vars in 1377 bytes} [Wed Aug 24 19:22:58 2022] GET /placement/allocations/8a3b4c14-9cf4-4522-b75d-e378d90fda48 => generated 259 bytes in 39 msecs (HTTP/1.1 200) 8 headers in 296 bytes (2 switches on core 0)
Aug 24 19:22:59.049500 n-d-852397-6 devstack@placement-api.service[107872]: DEBUG placement.requestlog [req-03812e23-b52d-4dc6-aa74-8fcab1db2188 req-bed1b511-702e-4b0a-ae3e-f0816a7c86bc None None] Starting request: 10.222.0.26 "GET /placement/allocations/435f49a2-ad62-41d5-b581-88e8219a7d49" {{(pid=107872) __call__ /opt/stack/placement/placement/requestlog.py:55}}
Aug 24 19:22:59.075865 n-d-852397-6 devstack@placement-api.service[107872]: INFO placement.requestlog [req-03812e23-b52d-4dc6-aa74-8fcab1db2188 req-bed1b511-702e-4b0a-ae3e-f0816a7c86bc service placement] 10.222.0.26 "GET /placement/allocations/435f49a2-ad62-41d5-b581-88e8219a7d49" status: 200 len: 259 microversion: 1.28
Aug 24 19:22:59.077840 n-d-852397-6 devstack@placement-api.service[107872]: [pid: 107872|app: 0|req: 312/622] 10.222.0.26 () {60 vars in 1377 bytes} [Wed Aug 24 19:22:59 2022] GET /placement/allocations/435f49a2-ad62-41d5-b581-88e8219a7d49 => generated 259 bytes in 31 msecs (HTTP/1.1 200) 8 headers in 296 bytes (1 switches on core 0)
Aug 24 19:22:59.091351 n-d-852397-6 devstack@placement-api.service[107873]: DEBUG placement.requestlog [req-03812e23-b52d-4dc6-aa74-8fcab1db2188 req-6b456087-bdc5-4b3b-baae-04bb81a1f146 None None] Starting request: 10.222.0.26 "GET /placement/allocations/0d7f10ed-a9c1-4aa9-933f-07f3d04cfaae" {{(pid=107873) __call__ /opt/stack/placement/placement/requestlog.py:55}}
Aug 24 19:22:59.134410 n-d-852397-6 devstack@placement-api.service[107873]: INFO placement.requestlog [req-03812e23-b52d-4dc6-aa74-8fcab1db2188 req-6b456087-bdc5-4b3b-baae-04bb81a1f146 service placement] 10.222.0.26 "GET /placement/allocations/0d7f10ed-a9c1-4aa9-933f-07f3d04cfaae" status: 200 len: 259 microversion: 1.28
Aug 24 19:22:59.135151 n-d-852397-6 devstack@placement-api.service[107873]: [pid: 107873|app: 0|req: 311/623] 10.222.0.26 () {60 vars in 1377 bytes} [Wed Aug 24 19:22:59 2022] GET /placement/allocations/0d7f10ed-a9c1-4aa9-933f-07f3d04cfaae => generated 259 bytes in 45 msecs (HTTP/1.1 200) 8 headers in 296 bytes (1 switches on core 0)
Aug 24 19:22:59.176813 n-d-852397-6 devstack@placement-api.service[107872]: DEBUG placement.requestlog [req-03812e23-b52d-4dc6-aa74-8fcab1db2188 req-05e1aa9c-86cb-4162-943e-6037540eca39 None None] Starting request: 10.222.0.26 "GET /placement/allocations/d4a5113f-fe87-4ea8-9900-c990ab183a15" {{(pid=107872) __call__ /opt/stack/placement/placement/requestlog.py:55}}
Aug 24 19:22:59.205194 n-d-852397-6 devstack@placement-api.service[107872]: INFO placement.requestlog [req-03812e23-b52d-4dc6-aa74-8fcab1db2188 req-05e1aa9c-86cb-4162-943e-6037540eca39 service placement] 10.222.0.26 "GET /placement/allocations/d4a5113f-fe87-4ea8-9900-c990ab183a15" status: 200 len: 259 microversion: 1.28
Aug 24 19:22:59.210205 n-d-852397-6 devstack@placement-api.service[107872]: [pid: 107872|app: 0|req: 313/624] 10.222.0.26 () {60 vars in 1377 bytes} [Wed Aug 24 19:22:59 2022] GET /placement/allocations/d4a5113f-fe87-4ea8-9900-c990ab183a15 => generated 259 bytes in 32 msecs (HTTP/1.1 200) 8 headers in 296 bytes (1 switches on core 0)
Aug 24 19:22:59.215298 n-d-852397-6 devstack@placement-api.service[107873]: DEBUG placement.requestlog [req-03812e23-b52d-4dc6-aa74-8fcab1db2188 req-f28ad0aa-d90c-4480-8eb5-c0d4ff015c40 None None] Starting request: 10.222.0.26 "GET /placement/allocations/8ab1f97a-da95-4ab4-8e89-7dfd0b075eb4" {{(pid=107873) __call__ /opt/stack/placement/placement/requestlog.py:55}}
Aug 24 19:22:59.269111 n-d-852397-6 devstack@placement-api.service[107873]: INFO placement.requestlog [req-03812e23-b52d-4dc6-aa74-8fcab1db2188 req-f28ad0aa-d90c-4480-8eb5-c0d4ff015c40 service placement] 10.222.0.26 "GET /placement/allocations/8ab1f97a-da95-4ab4-8e89-7dfd0b075eb4" status: 200 len: 259 microversion: 1.28
Aug 24 19:22:59.270211 n-d-852397-6 devstack@placement-api.service[107873]: [pid: 107873|app: 0|req: 312/625] 10.222.0.26 () {60 vars in 1377 bytes} [Wed Aug 24 19:22:59 2022] GET /placement/allocations/8ab1f97a-da95-4ab4-8e89-7dfd0b075eb4 => generated 259 bytes in 56 msecs (HTTP/1.1 200) 8 headers in 296 bytes (2 switches on core 0)
Aug 24 19:22:59.472388 n-d-852397-6 devstack@placement-api.service[107872]: DEBUG placement.requestlog [req-03812e23-b52d-4dc6-aa74-8fcab1db2188 req-c27a1edd-472b-4b4e-a6f5-0b4692c1cb2c None None] Starting request: 10.222.0.26 "GET /placement/allocations/9c0856d7-713a-4d3e-b5d2-572ba06b6d01" {{(pid=107872) __call__ /opt/stack/placement/placement/requestlog.py:55}}
Aug 24 19:22:59.510718 n-d-852397-6 devstack@placement-api.service[107872]: INFO placement.requestlog [req-03812e23-b52d-4dc6-aa74-8fcab1db2188 req-c27a1edd-472b-4b4e-a6f5-0b4692c1cb2c service placement] 10.222.0.26 "GET /placement/allocations/9c0856d7-713a-4d3e-b5d2-572ba06b6d01" status: 200 len: 259 microversion: 1.28
Aug 24 19:22:59.511556 n-d-852397-6 devstack@placement-api.service[107872]: [pid: 107872|app: 0|req: 314/626] 10.222.0.26 () {60 vars in 1377 bytes} [Wed Aug 24 19:22:59 2022] GET /placement/allocations/9c0856d7-713a-4d3e-b5d2-572ba06b6d01 => generated 259 bytes in 40 msecs (HTTP/1.1 200) 8 headers in 296 bytes (2 switches on core 0)
Aug 24 19:22:59.605360 n-d-852397-6 devstack@placement-api.service[107873]: DEBUG placement.requestlog [req-03812e23-b52d-4dc6-aa74-8fcab1db2188 req-56c9c38b-923e-4dc9-a99a-8396df8773d4 None None] Starting request: 10.222.0.26 "GET /placement/allocations/92977073-d694-423b-b996-c951ee8a65c6" {{(pid=107873) __call__ /opt/stack/placement/placement/requestlog.py:55}}
Aug 24 19:22:59.676570 n-d-852397-6 devstack@placement-api.service[107873]: INFO placement.requestlog [req-03812e23-b52d-4dc6-aa74-8fcab1db2188 req-56c9c38b-923e-4dc9-a99a-8396df8773d4 service placement] 10.222.0.26 "GET /placement/allocations/92977073-d694-423b-b996-c951ee8a65c6" status: 200 len: 259 microversion: 1.28
Aug 24 19:22:59.677700 n-d-852397-6 devstack@placement-api.service[107873]: [pid: 107873|app: 0|req: 313/627] 10.222.0.26 () {60 vars in 1377 bytes} [Wed Aug 24 19:22:59 2022] GET /placement/allocations/92977073-d694-423b-b996-c951ee8a65c6 => generated 259 bytes in 73 msecs (HTTP/1.1 200) 8 headers in 296 bytes (2 switches on core 0)
Aug 24 19:23:00.522523 n-d-852397-6 devstack@placement-api.service[107872]: DEBUG placement.requestlog [req-3388476d-8291-44e6-97d9-b656a95e73dd req-66008e55-7d79-4749-8f83-a5af2903665f None None] Starting request: 10.222.0.26 "GET /placement/resource_providers/00f09ea7-36b4-4a08-bcba-698b6660e364/allocations" {{(pid=107872) __call__ /opt/stack/placement/placement/requestlog.py:55}}
Aug 24 19:23:00.555629 n-d-852397-6 devstack@placement-api.service[107872]: INFO placement.requestlog [req-3388476d-8291-44e6-97d9-b656a95e73dd req-66008e55-7d79-4749-8f83-a5af2903665f service placement] 10.222.0.26 "GET /placement/resource_providers/00f09ea7-36b4-4a08-bcba-698b6660e364/allocations" status: 200 len: 760 microversion: 1.0
Aug 24 19:23:00.556564 n-d-852397-6 devstack@placement-api.service[107872]: [pid: 107872|app: 0|req: 315/628] 10.222.0.26 () {58 vars in 1390 bytes} [Wed Aug 24 19:23:00 2022] GET /placement/resource_providers/00f09ea7-36b4-4a08-bcba-698b6660e364/allocations => generated 760 bytes in 35 msecs (HTTP/1.1 200) 6 headers in 224 bytes (2 switches on core 0)
Aug 24 19:23:00.575261 n-d-852397-6 devstack@placement-api.service[107873]: DEBUG placement.requestlog [req-3388476d-8291-44e6-97d9-b656a95e73dd req-0aff2793-e3b6-47ac-a74f-7e639f4a0ef6 None None] Starting request: 10.222.0.26 "GET /placement/allocations/8a3b4c14-9cf4-4522-b75d-e378d90fda48" {{(pid=107873) __call__ /opt/stack/placement/placement/requestlog.py:55}}
Aug 24 19:23:00.610065 n-d-852397-6 devstack@placement-api.service[107873]: INFO placement.requestlog [req-3388476d-8291-44e6-97d9-b656a95e73dd req-0aff2793-e3b6-47ac-a74f-7e639f4a0ef6 service placement] 10.222.0.26 "GET /placement/allocations/8a3b4c14-9cf4-4522-b75d-e378d90fda48" status: 200 len: 259 microversion: 1.28
Aug 24 19:23:00.610627 n-d-852397-6 devstack@placement-api.service[107873]: [pid: 107873|app: 0|req: 314/629] 10.222.0.26 () {60 vars in 1377 bytes} [Wed Aug 24 19:23:00 2022] GET /placement/allocations/8a3b4c14-9cf4-4522-b75d-e378d90fda48 => generated 259 bytes in 36 msecs (HTTP/1.1 200) 8 headers in 296 bytes (2 switches on core 0)
Aug 24 19:23:00.621773 n-d-852397-6 devstack@placement-api.service[107872]: DEBUG placement.requestlog [req-3388476d-8291-44e6-97d9-b656a95e73dd req-130ab6a5-3e77-4dc9-8a6f-0f41622a39c9 None None] Starting request: 10.222.0.26 "GET /placement/allocations/435f49a2-ad62-41d5-b581-88e8219a7d49" {{(pid=107872) __call__ /opt/stack/placement/placement/requestlog.py:55}}
Aug 24 19:23:00.642008 n-d-852397-6 devstack@placement-api.service[107872]: INFO placement.requestlog [req-3388476d-8291-44e6-97d9-b656a95e73dd req-130ab6a5-3e77-4dc9-8a6f-0f41622a39c9 service placement] 10.222.0.26 "GET /placement/allocations/435f49a2-ad62-41d5-b581-88e8219a7d49" status: 200 len: 259 microversion: 1.28
Aug 24 19:23:00.643269 n-d-852397-6 devstack@placement-api.service[107872]: [pid: 107872|app: 0|req: 316/630] 10.222.0.26 () {60 vars in 1377 bytes} [Wed Aug 24 19:23:00 2022] GET /placement/allocations/435f49a2-ad62-41d5-b581-88e8219a7d49 => generated 259 bytes in 22 msecs (HTTP/1.1 200) 8 headers in 296 bytes (1 switches on core 0)
Aug 24 19:23:00.655453 n-d-852397-6 devstack@placement-api.service[107873]: DEBUG placement.requestlog [req-3388476d-8291-44e6-97d9-b656a95e73dd req-2e26fe62-dcab-43e7-8640-c84c53496c83 None None] Starting request: 10.222.0.26 "GET /placement/allocations/0d7f10ed-a9c1-4aa9-933f-07f3d04cfaae" {{(pid=107873) __call__ /opt/stack/placement/placement/requestlog.py:55}}
Aug 24 19:23:00.684502 n-d-852397-6 devstack@placement-api.service[107873]: INFO placement.requestlog [req-3388476d-8291-44e6-97d9-b656a95e73dd req-2e26fe62-dcab-43e7-8640-c84c53496c83 service placement] 10.222.0.26 "GET /placement/allocations/0d7f10ed-a9c1-4aa9-933f-07f3d04cfaae" status: 200 len: 259 microversion: 1.28
Aug 24 19:23:00.685801 n-d-852397-6 devstack@placement-api.service[107873]: [pid: 107873|app: 0|req: 315/631] 10.222.0.26 () {60 vars in 1377 bytes} [Wed Aug 24 19:23:00 2022] GET /placement/allocations/0d7f10ed-a9c1-4aa9-933f-07f3d04cfaae => generated 259 bytes in 31 msecs (HTTP/1.1 200) 8 headers in 296 bytes (1 switches on core 0)
Aug 24 19:23:00.694498 n-d-852397-6 devstack@placement-api.service[107872]: DEBUG placement.requestlog [req-3388476d-8291-44e6-97d9-b656a95e73dd req-05f7286a-7f36-4d8a-bb7e-694c997552a8 None None] Starting request: 10.222.0.26 "GET /placement/allocations/d4a5113f-fe87-4ea8-9900-c990ab183a15" {{(pid=107872) __call__ /opt/stack/placement/placement/requestlog.py:55}}
Aug 24 19:23:00.731628 n-d-852397-6 devstack@placement-api.service[107872]: INFO placement.requestlog [req-3388476d-8291-44e6-97d9-b656a95e73dd req-05f7286a-7f36-4d8a-bb7e-694c997552a8 service placement] 10.222.0.26 "GET /placement/allocations/d4a5113f-fe87-4ea8-9900-c990ab183a15" status: 200 len: 259 microversion: 1.28
Aug 24 19:23:00.732903 n-d-852397-6 devstack@placement-api.service[107872]: [pid: 107872|app: 0|req: 317/632] 10.222.0.26 () {60 vars in 1377 bytes} [Wed Aug 24 19:23:00 2022] GET /placement/allocations/d4a5113f-fe87-4ea8-9900-c990ab183a15 => generated 259 bytes in 39 msecs (HTTP/1.1 200) 8 headers in 296 bytes (1 switches on core 0)
Aug 24 19:23:00.743582 n-d-852397-6 devstack@placement-api.service[107873]: DEBUG placement.requestlog [req-3388476d-8291-44e6-97d9-b656a95e73dd req-8d7f3cee-8476-4e99-ac39-44e1c00cc049 None None] Starting request: 10.222.0.26 "GET /placement/allocations/8ab1f97a-da95-4ab4-8e89-7dfd0b075eb4" {{(pid=107873) __call__ /opt/stack/placement/placement/requestlog.py:55}}
Aug 24 19:23:00.784668 n-d-852397-6 devstack@placement-api.service[107873]: INFO placement.requestlog [req-3388476d-8291-44e6-97d9-b656a95e73dd req-8d7f3cee-8476-4e99-ac39-44e1c00cc049 service placement] 10.222.0.26 "GET /placement/allocations/8ab1f97a-da95-4ab4-8e89-7dfd0b075eb4" status: 200 len: 259 microversion: 1.28
Aug 24 19:23:00.785989 n-d-852397-6 devstack@placement-api.service[107873]: [pid: 107873|app: 0|req: 316/633] 10.222.0.26 () {60 vars in 1377 bytes} [Wed Aug 24 19:23:00 2022] GET /placement/allocations/8ab1f97a-da95-4ab4-8e89-7dfd0b075eb4 => generated 259 bytes in 42 msecs (HTTP/1.1 200) 8 headers in 296 bytes (1 switches on core 0)
Aug 24 19:23:00.805660 n-d-852397-6 devstack@placement-api.service[107872]: DEBUG placement.requestlog [req-3388476d-8291-44e6-97d9-b656a95e73dd req-debdad86-161e-4fff-91c4-6bdd0d62dbc6 None None] Starting request: 10.222.0.26 "GET /placement/allocations/9c0856d7-713a-4d3e-b5d2-572ba06b6d01" {{(pid=107872) __call__ /opt/stack/placement/placement/requestlog.py:55}}
Aug 24 19:23:00.836300 n-d-852397-6 devstack@placement-api.service[107872]: INFO placement.requestlog [req-3388476d-8291-44e6-97d9-b656a95e73dd req-debdad86-161e-4fff-91c4-6bdd0d62dbc6 service placement] 10.222.0.26 "GET /placement/allocations/9c0856d7-713a-4d3e-b5d2-572ba06b6d01" status: 200 len: 259 microversion: 1.28
Aug 24 19:23:00.837187 n-d-852397-6 devstack@placement-api.service[107872]: [pid: 107872|app: 0|req: 318/634] 10.222.0.26 () {60 vars in 1377 bytes} [Wed Aug 24 19:23:00 2022] GET /placement/allocations/9c0856d7-713a-4d3e-b5d2-572ba06b6d01 => generated 259 bytes in 32 msecs (HTTP/1.1 200) 8 headers in 296 bytes (1 switches on core 0)
Aug 24 19:23:00.871353 n-d-852397-6 devstack@placement-api.service[107873]: DEBUG placement.requestlog [req-3388476d-8291-44e6-97d9-b656a95e73dd req-77580888-bdc8-4565-be79-28d280a1b6ce None None] Starting request: 10.222.0.26 "GET /placement/allocations/92977073-d694-423b-b996-c951ee8a65c6" {{(pid=107873) __call__ /opt/stack/placement/placement/requestlog.py:55}}
Aug 24 19:23:00.903900 n-d-852397-6 devstack@placement-api.service[107873]: INFO placement.requestlog [req-3388476d-8291-44e6-97d9-b656a95e73dd req-77580888-bdc8-4565-be79-28d280a1b6ce service placement] 10.222.0.26 "GET /placement/allocations/92977073-d694-423b-b996-c951ee8a65c6" status: 200 len: 259 microversion: 1.28
Aug 24 19:23:00.904760 n-d-852397-6 devstack@placement-api.service[107873]: [pid: 107873|app: 0|req: 317/635] 10.222.0.26 () {60 vars in 1377 bytes} [Wed Aug 24 19:23:00 2022] GET /placement/allocations/92977073-d694-423b-b996-c951ee8a65c6 => generated 259 bytes in 33 msecs (HTTP/1.1 200) 8 headers in 296 bytes (1 switches on core 0)
Aug 24 19:23:01.478651 n-d-852397-6 devstack@placement-api.service[107872]: DEBUG placement.requestlog [req-3388476d-8291-44e6-97d9-b656a95e73dd req-3ef103a8-ce90-4599-ba3b-3705de759025 None None] Starting request: 10.222.0.26 "DELETE /placement/allocations/8a3b4c14-9cf4-4522-b75d-e378d90fda48" {{(pid=107872) __call__ /opt/stack/placement/placement/requestlog.py:55}}
