Aug 23 17:39:36.405976 n-d-852397-5 devstack@placement-api.service[107683]: [pid: 107683|app: 0|req: 706/1408] 10.222.0.79 () {64 vars in 1433 bytes} [Tue Aug 23 17:39:36 2022] PUT /placement/allocations/ef061aad-949a-4ef5-b413-144bb9d2b835 => generated 0 bytes in 87 msecs (HTTP/1.1 204) 5 headers in 199 bytes (1 switches on core 0)
Aug 23 17:39:36.988445 n-d-852397-5 devstack@placement-api.service[107682]: DEBUG placement.requestlog [req-ac7f7843-81db-42ed-be8f-2461d06e92e8 req-f067874a-663d-4880-98d3-84048839108e None None] Starting request: 10.222.0.83 "GET /placement/allocations/ef061aad-949a-4ef5-b413-144bb9d2b835" {{(pid=107682) __call__ /opt/stack/placement/placement/requestlog.py:55}}
Aug 23 17:39:37.016670 n-d-852397-5 devstack@placement-api.service[107682]: INFO placement.requestlog [req-ac7f7843-81db-42ed-be8f-2461d06e92e8 req-f067874a-663d-4880-98d3-84048839108e service placement] 10.222.0.83 "GET /placement/allocations/ef061aad-949a-4ef5-b413-144bb9d2b835" status: 200 len: 259 microversion: 1.28
Aug 23 17:39:37.017294 n-d-852397-5 devstack@placement-api.service[107682]: [pid: 107682|app: 0|req: 703/1409] 10.222.0.83 () {60 vars in 1377 bytes} [Tue Aug 23 17:39:36 2022] GET /placement/allocations/ef061aad-949a-4ef5-b413-144bb9d2b835 => generated 259 bytes in 29 msecs (HTTP/1.1 200) 8 headers in 296 bytes (1 switches on core 0)
Aug 23 17:39:37.217875 n-d-852397-5 devstack@placement-api.service[107683]: DEBUG placement.requestlog [req-ac7f7843-81db-42ed-be8f-2461d06e92e8 req-bf348c12-6f3b-4465-94d9-59ea09486306 None None] Starting request: 10.222.0.83 "GET /placement/resource_providers/d2468ae7-1baa-4741-a8b1-3534e2fe804d/allocations" {{(pid=107683) __call__ /opt/stack/placement/placement/requestlog.py:55}}
Aug 23 17:39:37.274792 n-d-852397-5 devstack@placement-api.service[107683]: INFO placement.requestlog [req-ac7f7843-81db-42ed-be8f-2461d06e92e8 req-bf348c12-6f3b-4465-94d9-59ea09486306 service placement] 10.222.0.83 "GET /placement/resource_providers/d2468ae7-1baa-4741-a8b1-3534e2fe804d/allocations" status: 200 len: 443 microversion: 1.0
Aug 23 17:39:37.276240 n-d-852397-5 devstack@placement-api.service[107683]: [pid: 107683|app: 0|req: 707/1410] 10.222.0.83 () {58 vars in 1390 bytes} [Tue Aug 23 17:39:37 2022] GET /placement/resource_providers/d2468ae7-1baa-4741-a8b1-3534e2fe804d/allocations => generated 443 bytes in 60 msecs (HTTP/1.1 200) 6 headers in 224 bytes (1 switches on core 0)
Aug 23 17:39:37.286437 n-d-852397-5 devstack@placement-api.service[107682]: DEBUG placement.requestlog [None req-22b995d6-f641-4b3c-a2a7-8d4a5fcdf2ac None None] Starting request: 10.222.0.79 "GET /placement/resource_providers/dd522a3f-eb59-41d8-b825-3112aa5cfa81/aggregates" {{(pid=107682) __call__ /opt/stack/placement/placement/requestlog.py:55}}
Aug 23 17:39:37.291550 n-d-852397-5 devstack@placement-api.service[107683]: DEBUG placement.requestlog [req-ac7f7843-81db-42ed-be8f-2461d06e92e8 req-ec531b0f-bdf4-44f7-ac17-0a1ac1a9a3b2 None None] Starting request: 10.222.0.83 "GET /placement/allocations/0fa05240-98e3-4020-a6cb-1c627750508a" {{(pid=107683) __call__ /opt/stack/placement/placement/requestlog.py:55}}
Aug 23 17:39:37.321728 n-d-852397-5 devstack@placement-api.service[107683]: INFO placement.requestlog [req-ac7f7843-81db-42ed-be8f-2461d06e92e8 req-ec531b0f-bdf4-44f7-ac17-0a1ac1a9a3b2 service placement] 10.222.0.83 "GET /placement/allocations/0fa05240-98e3-4020-a6cb-1c627750508a" status: 200 len: 259 microversion: 1.28
Aug 23 17:39:37.323430 n-d-852397-5 devstack@placement-api.service[107683]: [pid: 107683|app: 0|req: 708/1411] 10.222.0.83 () {60 vars in 1377 bytes} [Tue Aug 23 17:39:37 2022] GET /placement/allocations/0fa05240-98e3-4020-a6cb-1c627750508a => generated 259 bytes in 32 msecs (HTTP/1.1 200) 8 headers in 296 bytes (2 switches on core 0)
Aug 23 17:39:37.333287 n-d-852397-5 devstack@placement-api.service[107682]: INFO placement.requestlog [None req-22b995d6-f641-4b3c-a2a7-8d4a5fcdf2ac service placement] 10.222.0.79 "GET /placement/resource_providers/dd522a3f-eb59-41d8-b825-3112aa5cfa81/aggregates" status: 404 len: 235 microversion: 1.1
Aug 23 17:39:37.334430 n-d-852397-5 devstack@placement-api.service[107682]: [pid: 107682|app: 0|req: 704/1412] 10.222.0.79 () {58 vars in 1362 bytes} [Tue Aug 23 17:39:37 2022] GET /placement/resource_providers/dd522a3f-eb59-41d8-b825-3112aa5cfa81/aggregates => generated 235 bytes in 48 msecs (HTTP/1.1 404) 5 headers in 202 bytes (1 switches on core 0)
Aug 23 17:39:37.354302 n-d-852397-5 devstack@placement-api.service[107683]: DEBUG placement.requestlog [req-ac7f7843-81db-42ed-be8f-2461d06e92e8 req-5088afe2-5868-40a2-8a30-55df41712860 None None] Starting request: 10.222.0.83 "GET /placement/allocations/ef061aad-949a-4ef5-b413-144bb9d2b835" {{(pid=107683) __call__ /opt/stack/placement/placement/requestlog.py:55}}
Aug 23 17:39:37.384669 n-d-852397-5 devstack@placement-api.service[107683]: INFO placement.requestlog [req-ac7f7843-81db-42ed-be8f-2461d06e92e8 req-5088afe2-5868-40a2-8a30-55df41712860 service placement] 10.222.0.83 "GET /placement/allocations/ef061aad-949a-4ef5-b413-144bb9d2b835" status: 200 len: 259 microversion: 1.28
Aug 23 17:39:37.388133 n-d-852397-5 devstack@placement-api.service[107683]: [pid: 107683|app: 0|req: 709/1413] 10.222.0.83 () {60 vars in 1377 bytes} [Tue Aug 23 17:39:37 2022] GET /placement/allocations/ef061aad-949a-4ef5-b413-144bb9d2b835 => generated 259 bytes in 34 msecs (HTTP/1.1 200) 8 headers in 296 bytes (1 switches on core 0)
Aug 23 17:39:37.396555 n-d-852397-5 devstack@placement-api.service[107682]: DEBUG placement.requestlog [req-ac7f7843-81db-42ed-be8f-2461d06e92e8 req-a5369c79-657e-437b-98aa-eccf00c8032f None None] Starting request: 10.222.0.83 "GET /placement/allocations/83e7e452-38ad-4d6d-ba04-d141d28a776f" {{(pid=107682) __call__ /opt/stack/placement/placement/requestlog.py:55}}
Aug 23 17:39:37.438135 n-d-852397-5 devstack@placement-api.service[107682]: INFO placement.requestlog [req-ac7f7843-81db-42ed-be8f-2461d06e92e8 req-a5369c79-657e-437b-98aa-eccf00c8032f service placement] 10.222.0.83 "GET /placement/allocations/83e7e452-38ad-4d6d-ba04-d141d28a776f" status: 200 len: 259 microversion: 1.28
Aug 23 17:39:37.438814 n-d-852397-5 devstack@placement-api.service[107682]: [pid: 107682|app: 0|req: 705/1414] 10.222.0.83 () {60 vars in 1377 bytes} [Tue Aug 23 17:39:37 2022] GET /placement/allocations/83e7e452-38ad-4d6d-ba04-d141d28a776f => generated 259 bytes in 42 msecs (HTTP/1.1 200) 8 headers in 296 bytes (1 switches on core 0)
Aug 23 17:39:37.458587 n-d-852397-5 devstack@placement-api.service[107683]: DEBUG placement.requestlog [req-ac7f7843-81db-42ed-be8f-2461d06e92e8 req-3555195c-0513-4135-907d-88e49bb221d6 None None] Starting request: 10.222.0.83 "GET /placement/allocations/0426569a-ef03-4ff1-ad2a-ee304d1da337" {{(pid=107683) __call__ /opt/stack/placement/placement/requestlog.py:55}}
Aug 23 17:39:37.458732 n-d-852397-5 devstack@placement-api.service[107682]: DEBUG placement.requestlog [None req-0daf6802-a365-4220-a039-b9bd6b863bef None None] Starting request: 10.222.0.79 "DELETE /placement/resource_providers/dd522a3f-eb59-41d8-b825-3112aa5cfa81" {{(pid=107682) __call__ /opt/stack/placement/placement/requestlog.py:55}}
Aug 23 17:39:37.485341 n-d-852397-5 devstack@placement-api.service[107683]: INFO placement.requestlog [req-ac7f7843-81db-42ed-be8f-2461d06e92e8 req-3555195c-0513-4135-907d-88e49bb221d6 service placement] 10.222.0.83 "GET /placement/allocations/0426569a-ef03-4ff1-ad2a-ee304d1da337" status: 200 len: 245 microversion: 1.28
Aug 23 17:39:37.485916 n-d-852397-5 devstack@placement-api.service[107682]: DEBUG placement.wsgi_wrapper [None req-0daf6802-a365-4220-a039-b9bd6b863bef service placement] Placement API returning an error response: No resource provider with uuid dd522a3f-eb59-41d8-b825-3112aa5cfa81 found for delete {{(pid=107682) call_func /opt/stack/placement/placement/wsgi_wrapper.py:31}}
Aug 23 17:39:37.486708 n-d-852397-5 devstack@placement-api.service[107682]: INFO placement.requestlog [None req-0daf6802-a365-4220-a039-b9bd6b863bef service placement] 10.222.0.79 "DELETE /placement/resource_providers/dd522a3f-eb59-41d8-b825-3112aa5cfa81" status: 404 len: 246 microversion: 1.1
Aug 23 17:39:37.487065 n-d-852397-5 devstack@placement-api.service[107682]: [pid: 107682|app: 0|req: 706/1415] 10.222.0.79 () {60 vars in 1351 bytes} [Tue Aug 23 17:39:37 2022] DELETE /placement/resource_providers/dd522a3f-eb59-41d8-b825-3112aa5cfa81 => generated 246 bytes in 29 msecs (HTTP/1.1 404) 6 headers in 231 bytes (1 switches on core 0)
Aug 23 17:39:37.488147 n-d-852397-5 devstack@placement-api.service[107683]: [pid: 107683|app: 0|req: 710/1416] 10.222.0.83 () {60 vars in 1377 bytes} [Tue Aug 23 17:39:37 2022] GET /placement/allocations/0426569a-ef03-4ff1-ad2a-ee304d1da337 => generated 245 bytes in 30 msecs (HTTP/1.1 200) 8 headers in 296 bytes (1 switches on core 0)
Aug 23 17:39:38.204637 n-d-852397-5 devstack@placement-api.service[107682]: DEBUG placement.requestlog [req-ded97883-615f-415f-98db-86f9a20d7281 req-db7d9fd6-d96d-42af-87f7-13296956bbf6 None None] Starting request: 10.222.0.83 "GET /placement/resource_providers/d2468ae7-1baa-4741-a8b1-3534e2fe804d/allocations" {{(pid=107682) __call__ /opt/stack/placement/placement/requestlog.py:55}}
Aug 23 17:39:38.238425 n-d-852397-5 devstack@placement-api.service[107682]: INFO placement.requestlog [req-ded97883-615f-415f-98db-86f9a20d7281 req-db7d9fd6-d96d-42af-87f7-13296956bbf6 service placement] 10.222.0.83 "GET /placement/resource_providers/d2468ae7-1baa-4741-a8b1-3534e2fe804d/allocations" status: 200 len: 443 microversion: 1.0
Aug 23 17:39:38.239074 n-d-852397-5 devstack@placement-api.service[107682]: [pid: 107682|app: 0|req: 707/1417] 10.222.0.83 () {58 vars in 1390 bytes} [Tue Aug 23 17:39:38 2022] GET /placement/resource_providers/d2468ae7-1baa-4741-a8b1-3534e2fe804d/allocations => generated 443 bytes in 35 msecs (HTTP/1.1 200) 6 headers in 224 bytes (1 switches on core 0)
Aug 23 17:39:38.260550 n-d-852397-5 devstack@placement-api.service[107683]: DEBUG placement.requestlog [req-ded97883-615f-415f-98db-86f9a20d7281 req-188c6097-fe6b-44bd-a91a-cb759789f05a None None] Starting request: 10.222.0.83 "GET /placement/allocations/0fa05240-98e3-4020-a6cb-1c627750508a" {{(pid=107683) __call__ /opt/stack/placement/placement/requestlog.py:55}}
Aug 23 17:39:38.306434 n-d-852397-5 devstack@placement-api.service[107683]: INFO placement.requestlog [req-ded97883-615f-415f-98db-86f9a20d7281 req-188c6097-fe6b-44bd-a91a-cb759789f05a service placement] 10.222.0.83 "GET /placement/allocations/0fa05240-98e3-4020-a6cb-1c627750508a" status: 200 len: 259 microversion: 1.28
Aug 23 17:39:38.310012 n-d-852397-5 devstack@placement-api.service[107683]: [pid: 107683|app: 0|req: 711/1418] 10.222.0.83 () {60 vars in 1377 bytes} [Tue Aug 23 17:39:38 2022] GET /placement/allocations/0fa05240-98e3-4020-a6cb-1c627750508a => generated 259 bytes in 48 msecs (HTTP/1.1 200) 8 headers in 296 bytes (1 switches on core 0)
Aug 23 17:39:38.318843 n-d-852397-5 devstack@placement-api.service[107682]: DEBUG placement.requestlog [req-ded97883-615f-415f-98db-86f9a20d7281 req-c5062ca8-cb2f-4198-811d-9e9264479d86 None None] Starting request: 10.222.0.83 "GET /placement/allocations/ef061aad-949a-4ef5-b413-144bb9d2b835" {{(pid=107682) __call__ /opt/stack/placement/placement/requestlog.py:55}}
Aug 23 17:39:38.342030 n-d-852397-5 devstack@placement-api.service[107682]: INFO placement.requestlog [req-ded97883-615f-415f-98db-86f9a20d7281 req-c5062ca8-cb2f-4198-811d-9e9264479d86 service placement] 10.222.0.83 "GET /placement/allocations/ef061aad-949a-4ef5-b413-144bb9d2b835" status: 200 len: 259 microversion: 1.28
Aug 23 17:39:38.342910 n-d-852397-5 devstack@placement-api.service[107682]: [pid: 107682|app: 0|req: 708/1419] 10.222.0.83 () {60 vars in 1377 bytes} [Tue Aug 23 17:39:38 2022] GET /placement/allocations/ef061aad-949a-4ef5-b413-144bb9d2b835 => generated 259 bytes in 24 msecs (HTTP/1.1 200) 8 headers in 296 bytes (1 switches on core 0)
Aug 23 17:39:38.370327 n-d-852397-5 devstack@placement-api.service[107683]: DEBUG placement.requestlog [req-ded97883-615f-415f-98db-86f9a20d7281 req-d44450f7-d57e-4340-9eb2-4bda4784c603 None None] Starting request: 10.222.0.83 "GET /placement/allocations/83e7e452-38ad-4d6d-ba04-d141d28a776f" {{(pid=107683) __call__ /opt/stack/placement/placement/requestlog.py:55}}
Aug 23 17:39:38.404760 n-d-852397-5 devstack@placement-api.service[107683]: INFO placement.requestlog [req-ded97883-615f-415f-98db-86f9a20d7281 req-d44450f7-d57e-4340-9eb2-4bda4784c603 service placement] 10.222.0.83 "GET /placement/allocations/83e7e452-38ad-4d6d-ba04-d141d28a776f" status: 200 len: 259 microversion: 1.28
Aug 23 17:39:38.405685 n-d-852397-5 devstack@placement-api.service[107683]: [pid: 107683|app: 0|req: 712/1420] 10.222.0.83 () {60 vars in 1377 bytes} [Tue Aug 23 17:39:38 2022] GET /placement/allocations/83e7e452-38ad-4d6d-ba04-d141d28a776f => generated 259 bytes in 36 msecs (HTTP/1.1 200) 8 headers in 296 bytes (2 switches on core 0)
Aug 23 17:39:38.426488 n-d-852397-5 devstack@placement-api.service[107682]: DEBUG placement.requestlog [req-ded97883-615f-415f-98db-86f9a20d7281 req-a72ffd41-3b01-47ec-968e-58c5903f1100 None None] Starting request: 10.222.0.83 "GET /placement/allocations/0426569a-ef03-4ff1-ad2a-ee304d1da337" {{(pid=107682) __call__ /opt/stack/placement/placement/requestlog.py:55}}
Aug 23 17:39:38.480417 n-d-852397-5 devstack@placement-api.service[107682]: INFO placement.requestlog [req-ded97883-615f-415f-98db-86f9a20d7281 req-a72ffd41-3b01-47ec-968e-58c5903f1100 service placement] 10.222.0.83 "GET /placement/allocations/0426569a-ef03-4ff1-ad2a-ee304d1da337" status: 200 len: 245 microversion: 1.28
Aug 23 17:39:38.481496 n-d-852397-5 devstack@placement-api.service[107682]: [pid: 107682|app: 0|req: 709/1421] 10.222.0.83 () {60 vars in 1377 bytes} [Tue Aug 23 17:39:38 2022] GET /placement/allocations/0426569a-ef03-4ff1-ad2a-ee304d1da337 => generated 245 bytes in 55 msecs (HTTP/1.1 200) 8 headers in 296 bytes (1 switches on core 0)
Aug 23 17:39:38.760376 n-d-852397-5 devstack@placement-api.service[107683]: DEBUG placement.requestlog [req-ded97883-615f-415f-98db-86f9a20d7281 req-2b082560-e8cd-46d9-9e92-ff1378a8a15d None None] Starting request: 10.222.0.83 "DELETE /placement/allocations/83e7e452-38ad-4d6d-ba04-d141d28a776f" {{(pid=107683) __call__ /opt/stack/placement/placement/requestlog.py:55}}
Aug 23 17:39:38.816945 n-d-852397-5 devstack@placement-api.service[107683]: DEBUG placement.handlers.allocation [req-ded97883-615f-415f-98db-86f9a20d7281 req-2b082560-e8cd-46d9-9e92-ff1378a8a15d service placement] Successfully deleted allocations [, , ] {{(pid=107683) delete_allocations /opt/stack/placement/placement/handlers/allocation.py:627}}
Aug 23 17:39:38.819948 n-d-852397-5 devstack@placement-api.service[107683]: INFO placement.requestlog [req-ded97883-615f-415f-98db-86f9a20d7281 req-2b082560-e8cd-46d9-9e92-ff1378a8a15d service placement] 10.222.0.83 "DELETE /placement/allocations/83e7e452-38ad-4d6d-ba04-d141d28a776f" status: 204 len: 0 microversion: 1.0
Aug 23 17:39:38.821533 n-d-852397-5 devstack@placement-api.service[107683]: [pid: 107683|app: 0|req: 713/1422] 10.222.0.83 () {60 vars in 1355 bytes} [Tue Aug 23 17:39:38 2022] DELETE /placement/allocations/83e7e452-38ad-4d6d-ba04-d141d28a776f => generated 0 bytes in 61 msecs (HTTP/1.1 204) 5 headers in 198 bytes (1 switches on core 0)
Aug 23 17:39:41.539622 n-d-852397-5 devstack@placement-api.service[107682]: DEBUG placement.requestlog [req-bb9453e7-e803-4ca8-a166-5042d1ddcfac req-91d2ab75-2323-4644-90ce-adea2a064f36 None None] Starting request: 10.222.0.79 "GET /placement/allocation_candidates?resources=DISK_GB%3A1%2CMEMORY_MB%3A1024%2CVCPU%3A1&root_required=%21COMPUTE_STATUS_DISABLED" {{(pid=107682) __call__ /opt/stack/placement/placement/requestlog.py:55}}
Aug 23 17:39:41.697491 n-d-852397-5 devstack@placement-api.service[107682]: DEBUG placement.objects.research_context [req-bb9453e7-e803-4ca8-a166-5042d1ddcfac req-91d2ab75-2323-4644-90ce-adea2a064f36 service placement] getting providers with 1 DISK_GB {{(pid=107682) __init__ /opt/stack/placement/placement/objects/research_context.py:136}}
Aug 23 17:39:41.713822 n-d-852397-5 devstack@placement-api.service[107682]: DEBUG placement.objects.research_context [req-bb9453e7-e803-4ca8-a166-5042d1ddcfac req-91d2ab75-2323-4644-90ce-adea2a064f36 service placement] getting providers with 1024 MEMORY_MB {{(pid=107682) __init__ /opt/stack/placement/placement/objects/research_context.py:136}}
Aug 23 17:39:41.726361 n-d-852397-5 devstack@placement-api.service[107683]: DEBUG placement.requestlog [req-53fef136-04d2-4dde-b794-a2c34eb7fb3e req-e4254279-9e43-4a7d-8285-9fad2ea2606b None None] Starting request: 10.222.0.49 "GET /placement/resource_providers/04e33018-c7c3-4482-afac-7ccb5400f833/allocations" {{(pid=107683) __call__ /opt/stack/placement/placement/requestlog.py:55}}
Aug 23 17:39:41.730405 n-d-852397-5 devstack@placement-api.service[107682]: DEBUG placement.objects.research_context [req-bb9453e7-e803-4ca8-a166-5042d1ddcfac req-91d2ab75-2323-4644-90ce-adea2a064f36 service placement] getting providers with 1 VCPU {{(pid=107682) __init__ /opt/stack/placement/placement/objects/research_context.py:136}}
Aug 23 17:39:41.746051 n-d-852397-5 devstack@placement-api.service[107682]: DEBUG placement.objects.research_context [req-bb9453e7-e803-4ca8-a166-5042d1ddcfac req-91d2ab75-2323-4644-90ce-adea2a064f36 service placement] found 2 providers with available 1 DISK_GB {{(pid=107682) get_provider_ids_matching /opt/stack/placement/placement/objects/research_context.py:563}}
Aug 23 17:39:41.746650 n-d-852397-5 devstack@placement-api.service[107682]: DEBUG placement.objects.research_context [req-bb9453e7-e803-4ca8-a166-5042d1ddcfac req-91d2ab75-2323-4644-90ce-adea2a064f36 service placement] found 2 providers with available 1024 MEMORY_MB {{(pid=107682) get_provider_ids_matching /opt/stack/placement/placement/objects/research_context.py:563}}
Aug 23 17:39:41.747086 n-d-852397-5 devstack@placement-api.service[107682]: DEBUG placement.objects.research_context [req-bb9453e7-e803-4ca8-a166-5042d1ddcfac req-91d2ab75-2323-4644-90ce-adea2a064f36 service placement] found 2 providers after filtering by previous result {{(pid=107682) get_provider_ids_matching /opt/stack/placement/placement/objects/research_context.py:594}}
Aug 23 17:39:41.749830 n-d-852397-5 devstack@placement-api.service[107682]: DEBUG placement.objects.research_context [req-bb9453e7-e803-4ca8-a166-5042d1ddcfac req-91d2ab75-2323-4644-90ce-adea2a064f36 service placement] found 2 providers with available 1 VCPU {{(pid=107682) get_provider_ids_matching /opt/stack/placement/placement/objects/research_context.py:563}}
Aug 23 17:39:41.750288 n-d-852397-5 devstack@placement-api.service[107682]: DEBUG placement.objects.research_context [req-bb9453e7-e803-4ca8-a166-5042d1ddcfac req-91d2ab75-2323-4644-90ce-adea2a064f36 service placement] found 2 providers after filtering by previous result {{(pid=107682) get_provider_ids_matching /opt/stack/placement/placement/objects/research_context.py:594}}
Aug 23 17:39:41.776530 n-d-852397-5 devstack@placement-api.service[107682]: DEBUG placement.objects.allocation_candidate [req-bb9453e7-e803-4ca8-a166-5042d1ddcfac req-91d2ab75-2323-4644-90ce-adea2a064f36 service placement] RequestGroup(use_same_provider=False, resources={DISK_GB:1, MEMORY_MB:1024, VCPU:1}, traits=(), aggregates=[]) (suffix '') returned 2 matches {{(pid=107682) _get_by_requests /opt/stack/placement/placement/objects/allocation_candidate.py:156}}
Aug 23 17:39:41.776839 n-d-852397-5 devstack@placement-api.service[107682]: DEBUG placement.objects.allocation_candidate [req-bb9453e7-e803-4ca8-a166-5042d1ddcfac req-91d2ab75-2323-4644-90ce-adea2a064f36 service placement] Merging candidates yields 2 allocation requests and 2 provider summaries {{(pid=107682) _merge_candidates /opt/stack/placement/placement/objects/allocation_candidate.py:809}}
Aug 23 17:39:41.781119 n-d-852397-5 devstack@placement-api.service[107682]: INFO placement.requestlog [req-bb9453e7-e803-4ca8-a166-5042d1ddcfac req-91d2ab75-2323-4644-90ce-adea2a064f36 service placement] 10.222.0.79 "GET /placement/allocation_candidates?resources=DISK_GB%3A1%2CMEMORY_MB%3A1024%2CVCPU%3A1&root_required=%21COMPUTE_STATUS_DISABLED" status: 200 len: 1309 microversion: 1.36
Aug 23 17:39:41.781819 n-d-852397-5 devstack@placement-api.service[107682]: [pid: 107682|app: 0|req: 710/1423] 10.222.0.79 () {60 vars in 1484 bytes} [Tue Aug 23 17:39:41 2022] GET /placement/allocation_candidates?resources=DISK_GB%3A1%2CMEMORY_MB%3A1024%2CVCPU%3A1&root_required=%21COMPUTE_STATUS_DISABLED => generated 1309 bytes in 242 msecs (HTTP/1.1 200) 8 headers in 297 bytes (1 switches on core 0)
Aug 23 17:39:41.792322 n-d-852397-5 devstack@placement-api.service[107683]: INFO placement.requestlog [req-53fef136-04d2-4dde-b794-a2c34eb7fb3e req-e4254279-9e43-4a7d-8285-9fad2ea2606b service placement] 10.222.0.49 "GET /placement/resource_providers/04e33018-c7c3-4482-afac-7ccb5400f833/allocations" status: 200 len: 558 microversion: 1.0
Aug 23 17:39:41.792694 n-d-852397-5 devstack@placement-api.service[107683]: [pid: 107683|app: 0|req: 714/1424] 10.222.0.49 () {58 vars in 1390 bytes} [Tue Aug 23 17:39:41 2022] GET /placement/resource_providers/04e33018-c7c3-4482-afac-7ccb5400f833/allocations => generated 558 bytes in 67 msecs (HTTP/1.1 200) 6 headers in 224 bytes (1 switches on core 0)
Aug 23 17:39:41.801503 n-d-852397-5 devstack@placement-api.service[107682]: DEBUG placement.requestlog [req-53fef136-04d2-4dde-b794-a2c34eb7fb3e req-15df7045-714a-4845-a6b2-4626da2d5ad9 None None] Starting request: 10.222.0.49 "GET /placement/allocations/95cf2725-4f53-4e21-aae9-42306f81fb43" {{(pid=107682) __call__ /opt/stack/placement/placement/requestlog.py:55}}
Aug 23 17:39:41.823833 n-d-852397-5 devstack@placement-api.service[107682]: INFO placement.requestlog [req-53fef136-04d2-4dde-b794-a2c34eb7fb3e req-15df7045-714a-4845-a6b2-4626da2d5ad9 service placement] 10.222.0.49 "GET /placement/allocations/95cf2725-4f53-4e21-aae9-42306f81fb43" status: 200 len: 259 microversion: 1.28
Aug 23 17:39:41.828011 n-d-852397-5 devstack@placement-api.service[107682]: [pid: 107682|app: 0|req: 711/1425] 10.222.0.49 () {60 vars in 1377 bytes} [Tue Aug 23 17:39:41 2022] GET /placement/allocations/95cf2725-4f53-4e21-aae9-42306f81fb43 => generated 259 bytes in 27 msecs (HTTP/1.1 200) 8 headers in 296 bytes (1 switches on core 0)
Aug 23 17:39:41.837326 n-d-852397-5 devstack@placement-api.service[107683]: DEBUG placement.requestlog [req-53fef136-04d2-4dde-b794-a2c34eb7fb3e req-0d04a071-cd7d-46b4-bca8-f8d8cf5dec70 None None] Starting request: 10.222.0.49 "GET /placement/allocations/8fcd6080-352f-4c37-9af9-f3bb09c43cde" {{(pid=107683) __call__ /opt/stack/placement/placement/requestlog.py:55}}
Aug 23 17:39:41.860969 n-d-852397-5 devstack@placement-api.service[107683]: INFO placement.requestlog [req-53fef136-04d2-4dde-b794-a2c34eb7fb3e req-0d04a071-cd7d-46b4-bca8-f8d8cf5dec70 service placement] 10.222.0.49 "GET /placement/allocations/8fcd6080-352f-4c37-9af9-f3bb09c43cde" status: 200 len: 259 microversion: 1.28
Aug 23 17:39:41.862056 n-d-852397-5 devstack@placement-api.service[107683]: [pid: 107683|app: 0|req: 715/1426] 10.222.0.49 () {60 vars in 1377 bytes} [Tue Aug 23 17:39:41 2022] GET /placement/allocations/8fcd6080-352f-4c37-9af9-f3bb09c43cde => generated 259 bytes in 25 msecs (HTTP/1.1 200) 8 headers in 296 bytes (1 switches on core 0)
Aug 23 17:39:41.868041 n-d-852397-5 devstack@placement-api.service[107682]: DEBUG placement.requestlog [req-53fef136-04d2-4dde-b794-a2c34eb7fb3e req-935e2795-d27a-4360-bf30-4b595a81e542 None None] Starting request: 10.222.0.49 "GET /placement/allocations/c978ffb8-9499-4e1f-a624-fe993628bac3" {{(pid=107682) __call__ /opt/stack/placement/placement/requestlog.py:55}}
Aug 23 17:39:41.915307 n-d-852397-5 devstack@placement-api.service[107682]: INFO placement.requestlog [req-53fef136-04d2-4dde-b794-a2c34eb7fb3e req-935e2795-d27a-4360-bf30-4b595a81e542 service placement] 10.222.0.49 "GET /placement/allocations/c978ffb8-9499-4e1f-a624-fe993628bac3" status: 200 len: 259 microversion: 1.28
Aug 23 17:39:41.915714 n-d-852397-5 devstack@placement-api.service[107682]: [pid: 107682|app: 0|req: 712/1427] 10.222.0.49 () {60 vars in 1377 bytes} [Tue Aug 23 17:39:41 2022] GET /placement/allocations/c978ffb8-9499-4e1f-a624-fe993628bac3 => generated 259 bytes in 48 msecs (HTTP/1.1 200) 8 headers in 296 bytes (1 switches on core 0)
Aug 23 17:39:41.922361 n-d-852397-5 devstack@placement-api.service[107683]: DEBUG placement.requestlog [req-bb9453e7-e803-4ca8-a166-5042d1ddcfac req-bca978d9-8582-413b-8b21-6ac74318ec65 None None] Starting request: 10.222.0.79 "GET /placement/allocations/2a780bee-5cf7-4d4e-8e08-f9d1dd2ef2c7" {{(pid=107683) __call__ /opt/stack/placement/placement/requestlog.py:55}}
Aug 23 17:39:41.930089 n-d-852397-5 devstack@placement-api.service[107682]: DEBUG placement.requestlog [req-53fef136-04d2-4dde-b794-a2c34eb7fb3e req-e792ddac-5312-4aba-ad50-d57e5f3ac0f4 None None] Starting request: 10.222.0.49 "GET /placement/allocations/7fd46593-1302-405d-832f-bf187815ce4e" {{(pid=107682) __call__ /opt/stack/placement/placement/requestlog.py:55}}
Aug 23 17:39:41.941479 n-d-852397-5 devstack@placement-api.service[107683]: INFO placement.requestlog [req-bb9453e7-e803-4ca8-a166-5042d1ddcfac req-bca978d9-8582-413b-8b21-6ac74318ec65 service placement] 10.222.0.79 "GET /placement/allocations/2a780bee-5cf7-4d4e-8e08-f9d1dd2ef2c7" status: 200 len: 19 microversion: 1.28
Aug 23 17:39:41.942492 n-d-852397-5 devstack@placement-api.service[107683]: [pid: 107683|app: 0|req: 716/1428] 10.222.0.79 () {60 vars in 1380 bytes} [Tue Aug 23 17:39:41 2022] GET /placement/allocations/2a780bee-5cf7-4d4e-8e08-f9d1dd2ef2c7 => generated 19 bytes in 20 msecs (HTTP/1.1 200) 8 headers in 295 bytes (1 switches on core 0)
Aug 23 17:39:41.948636 n-d-852397-5 devstack@placement-api.service[107683]: DEBUG placement.requestlog [req-bb9453e7-e803-4ca8-a166-5042d1ddcfac req-64720bc8-c9c2-45f1-8d3b-650ed4c00dbc None None] Starting request: 10.222.0.79 "PUT /placement/allocations/2a780bee-5cf7-4d4e-8e08-f9d1dd2ef2c7" {{(pid=107683) __call__ /opt/stack/placement/placement/requestlog.py:55}}
Aug 23 17:39:41.979800 n-d-852397-5 devstack@placement-api.service[107682]: INFO placement.requestlog [req-53fef136-04d2-4dde-b794-a2c34eb7fb3e req-e792ddac-5312-4aba-ad50-d57e5f3ac0f4 service placement] 10.222.0.49 "GET /placement/allocations/7fd46593-1302-405d-832f-bf187815ce4e" status: 200 len: 259 microversion: 1.28
Aug 23 17:39:41.982057 n-d-852397-5 devstack@placement-api.service[107682]: [pid: 107682|app: 0|req: 713/1429] 10.222.0.49 () {60 vars in 1377 bytes} [Tue Aug 23 17:39:41 2022] GET /placement/allocations/7fd46593-1302-405d-832f-bf187815ce4e => generated 259 bytes in 58 msecs (HTTP/1.1 200) 8 headers in 296 bytes (1 switches on core 0)
Aug 23 17:39:41.989760 n-d-852397-5 devstack@placement-api.service[107682]: DEBUG placement.requestlog [req-53fef136-04d2-4dde-b794-a2c34eb7fb3e req-d32fee1d-ba4b-406c-a228-ba3c64a02495 None None] Starting request: 10.222.0.49 "GET /placement/allocations/46d4969d-65e4-46d0-9c6e-87575ba74e7e" {{(pid=107682) __call__ /opt/stack/placement/placement/requestlog.py:55}}
Aug 23 17:39:42.024914 n-d-852397-5 devstack@placement-api.service[107682]: INFO placement.requestlog [req-53fef136-04d2-4dde-b794-a2c34eb7fb3e req-d32fee1d-ba4b-406c-a228-ba3c64a02495 service placement] 10.222.0.49 "GET /placement/allocations/46d4969d-65e4-46d0-9c6e-87575ba74e7e" status: 200 len: 259 microversion: 1.28
Aug 23 17:39:42.025315 n-d-852397-5 devstack@placement-api.service[107682]: [pid: 107682|app: 0|req: 714/1430] 10.222.0.49 () {60 vars in 1377 bytes} [Tue Aug 23 17:39:41 2022] GET /placement/allocations/46d4969d-65e4-46d0-9c6e-87575ba74e7e => generated 259 bytes in 36 msecs (HTTP/1.1 200) 8 headers in 296 bytes (1 switches on core 0)
Aug 23 17:39:42.081592 n-d-852397-5 devstack@placement-api.service[107683]: DEBUG dbcounter [-] [107683] Writing DB stats placement:SELECT=83,placement:INSERT=8,placement:DELETE=5,placement:UPDATE=4 {{(pid=107683) stat_writer /usr/local/lib/python3.8/dist-packages/dbcounter.py:114}}
Aug 23 17:39:42.084303 n-d-852397-5 devstack@placement-api.service[107683]: DEBUG placement.handlers.allocation [req-bb9453e7-e803-4ca8-a166-5042d1ddcfac req-64720bc8-c9c2-45f1-8d3b-650ed4c00dbc service placement] Successfully wrote allocations [, , ] {{(pid=107683) _update_consumers_and_create_allocations /opt/stack/placement/placement/handlers/allocation.py:462}}
Aug 23 17:39:42.095757 n-d-852397-5 devstack@placement-api.service[107683]: INFO placement.requestlog [req-bb9453e7-e803-4ca8-a166-5042d1ddcfac req-64720bc8-c9c2-45f1-8d3b-650ed4c00dbc service placement] 10.222.0.79 "PUT /placement/allocations/2a780bee-5cf7-4d4e-8e08-f9d1dd2ef2c7" status: 204 len: 0 microversion: 1.36
Aug 23 17:39:42.096791 n-d-852397-5 devstack@placement-api.service[107683]: [pid: 107683|app: 0|req: 717/1431] 10.222.0.79 () {64 vars in 1433 bytes} [Tue Aug 23 17:39:41 2022] PUT /placement/allocations/2a780bee-5cf7-4d4e-8e08-f9d1dd2ef2c7 => generated 0 bytes in 148 msecs (HTTP/1.1 204) 5 headers in 199 bytes (2 switches on core 0)
Aug 23 17:39:42.252884 n-d-852397-5 devstack@placement-api.service[107682]: DEBUG placement.requestlog [req-53fef136-04d2-4dde-b794-a2c34eb7fb3e req-29e7c5a8-ad5d-43ac-9632-0eb1c65a3ada None None] Starting request: 10.222.0.49 "DELETE /placement/allocations/95cf2725-4f53-4e21-aae9-42306f81fb43" {{(pid=107682) __call__ /opt/stack/placement/placement/requestlog.py:55}}
Aug 23 17:39:42.326775 n-d-852397-5 devstack@placement-api.service[107682]: DEBUG placement.handlers.allocation [req-53fef136-04d2-4dde-b794-a2c34eb7fb3e req-29e7c5a8-ad5d-43ac-9632-0eb1c65a3ada service placement] Successfully deleted allocations [, , ] {{(pid=107682) delete_allocations /opt/stack/placement/placement/handlers/allocation.py:627}}
Aug 23 17:39:42.327658 n-d-852397-5 devstack@placement-api.service[107682]: INFO placement.requestlog [req-53fef136-04d2-4dde-b794-a2c34eb7fb3e req-29e7c5a8-ad5d-43ac-9632-0eb1c65a3ada service placement] 10.222.0.49 "DELETE /placement/allocations/95cf2725-4f53-4e21-aae9-42306f81fb43" status: 204 len: 0 microversion: 1.0
Aug 23 17:39:42.328351 n-d-852397-5 devstack@placement-api.service[107682]: [pid: 107682|app: 0|req: 715/1432] 10.222.0.49 () {60 vars in 1355 bytes} [Tue Aug 23 17:39:42 2022] DELETE /placement/allocations/95cf2725-4f53-4e21-aae9-42306f81fb43 => generated 0 bytes in 76 msecs (HTTP/1.1 204) 5 headers in 198 bytes (1 switches on core 0)
Aug 23 17:39:42.733033 n-d-852397-5 devstack@placement-api.service[107683]: DEBUG placement.requestlog [req-bb9453e7-e803-4ca8-a166-5042d1ddcfac req-0468e955-52d3-423b-bc75-6d1ad8849aa2 None None] Starting request: 10.222.0.49 "GET /placement/allocations/2a780bee-5cf7-4d4e-8e08-f9d1dd2ef2c7" {{(pid=107683) __call__ /opt/stack/placement/placement/requestlog.py:55}}
Aug 23 17:39:42.760973 n-d-852397-5 devstack@placement-api.service[107683]: INFO placement.requestlog [req-bb9453e7-e803-4ca8-a166-5042d1ddcfac req-0468e955-52d3-423b-bc75-6d1ad8849aa2 service placement] 10.222.0.49 "GET /placement/allocations/2a780bee-5cf7-4d4e-8e08-f9d1dd2ef2c7" status: 200 len: 259 microversion: 1.28
Aug 23 17:39:42.761912 n-d-852397-5 devstack@placement-api.service[107683]: [pid: 107683|app: 0|req: 718/1433] 10.222.0.49 () {60 vars in 1377 bytes} [Tue Aug 23 17:39:42 2022] GET /placement/allocations/2a780bee-5cf7-4d4e-8e08-f9d1dd2ef2c7 => generated 259 bytes in 29 msecs (HTTP/1.1 200) 8 headers in 296 bytes (1 switches on core 0)
Aug 23 17:39:42.947008 n-d-852397-5 devstack@placement-api.service[107682]: DEBUG placement.requestlog [req-bb9453e7-e803-4ca8-a166-5042d1ddcfac req-6f6bcbf0-44e8-42ab-9c34-cd2c3de3d247 None None] Starting request: 10.222.0.49 "GET /placement/resource_providers/04e33018-c7c3-4482-afac-7ccb5400f833/allocations" {{(pid=107682) __call__ /opt/stack/placement/placement/requestlog.py:55}}
Aug 23 17:39:42.986185 n-d-852397-5 devstack@placement-api.service[107682]: INFO placement.requestlog [req-bb9453e7-e803-4ca8-a166-5042d1ddcfac req-6f6bcbf0-44e8-42ab-9c34-cd2c3de3d247 service placement] 10.222.0.49 "GET /placement/resource_providers/04e33018-c7c3-4482-afac-7ccb5400f833/allocations" status: 200 len: 558 microversion: 1.0
Aug 23 17:39:42.986837 n-d-852397-5 devstack@placement-api.service[107682]: [pid: 107682|app: 0|req: 716/1434] 10.222.0.49 () {58 vars in 1390 bytes} [Tue Aug 23 17:39:42 2022] GET /placement/resource_providers/04e33018-c7c3-4482-afac-7ccb5400f833/allocations => generated 558 bytes in 40 msecs (HTTP/1.1 200) 6 headers in 224 bytes (1 switches on core 0)
Aug 23 17:39:42.993980 n-d-852397-5 devstack@placement-api.service[107683]: DEBUG placement.requestlog [req-bb9453e7-e803-4ca8-a166-5042d1ddcfac req-023678aa-b297-4a54-9fb7-80e75f74f63d None None] Starting request: 10.222.0.49 "GET /placement/allocations/2a780bee-5cf7-4d4e-8e08-f9d1dd2ef2c7" {{(pid=107683) __call__ /opt/stack/placement/placement/requestlog.py:55}}
Aug 23 17:39:43.020381 n-d-852397-5 devstack@placement-api.service[107683]: INFO placement.requestlog [req-bb9453e7-e803-4ca8-a166-5042d1ddcfac req-023678aa-b297-4a54-9fb7-80e75f74f63d service placement] 10.222.0.49 "GET /placement/allocations/2a780bee-5cf7-4d4e-8e08-f9d1dd2ef2c7" status: 200 len: 259 microversion: 1.28
Aug 23 17:39:43.021798 n-d-852397-5 devstack@placement-api.service[107683]: [pid: 107683|app: 0|req: 719/1435] 10.222.0.49 () {60 vars in 1377 bytes} [Tue Aug 23 17:39:42 2022] GET /placement/allocations/2a780bee-5cf7-4d4e-8e08-f9d1dd2ef2c7 => generated 259 bytes in 28 msecs (HTTP/1.1 200) 8 headers in 296 bytes (1 switches on core 0)
Aug 23 17:39:43.033276 n-d-852397-5 devstack@placement-api.service[107682]: DEBUG placement.requestlog [req-bb9453e7-e803-4ca8-a166-5042d1ddcfac req-b1824a83-b897-4db1-a951-726468740fed None None] Starting request: 10.222.0.49 "GET /placement/allocations/8fcd6080-352f-4c37-9af9-f3bb09c43cde" {{(pid=107682) __call__ /opt/stack/placement/placement/requestlog.py:55}}
Aug 23 17:39:43.060992 n-d-852397-5 devstack@placement-api.service[107682]: INFO placement.requestlog [req-bb9453e7-e803-4ca8-a166-5042d1ddcfac req-b1824a83-b897-4db1-a951-726468740fed service placement] 10.222.0.49 "GET /placement/allocations/8fcd6080-352f-4c37-9af9-f3bb09c43cde" status: 200 len: 259 microversion: 1.28
Aug 23 17:39:43.061379 n-d-852397-5 devstack@placement-api.service[107682]: [pid: 107682|app: 0|req: 717/1436] 10.222.0.49 () {60 vars in 1377 bytes} [Tue Aug 23 17:39:43 2022] GET /placement/allocations/8fcd6080-352f-4c37-9af9-f3bb09c43cde => generated 259 bytes in 33 msecs (HTTP/1.1 200) 8 headers in 296 bytes (1 switches on core 0)
Aug 23 17:39:43.071568 n-d-852397-5 devstack@placement-api.service[107683]: DEBUG placement.requestlog [req-bb9453e7-e803-4ca8-a166-5042d1ddcfac req-e54c7825-7d31-4933-8557-f8fbca839eb9 None None] Starting request: 10.222.0.49 "GET /placement/allocations/c978ffb8-9499-4e1f-a624-fe993628bac3" {{(pid=107683) __call__ /opt/stack/placement/placement/requestlog.py:55}}
Aug 23 17:39:43.188101 n-d-852397-5 devstack@placement-api.service[107683]: INFO placement.requestlog [req-bb9453e7-e803-4ca8-a166-5042d1ddcfac req-e54c7825-7d31-4933-8557-f8fbca839eb9 service placement] 10.222.0.49 "GET /placement/allocations/c978ffb8-9499-4e1f-a624-fe993628bac3" status: 200 len: 259 microversion: 1.28
Aug 23 17:39:43.189067 n-d-852397-5 devstack@placement-api.service[107683]: [pid: 107683|app: 0|req: 720/1437] 10.222.0.49 () {60 vars in 1377 bytes} [Tue Aug 23 17:39:43 2022] GET /placement/allocations/c978ffb8-9499-4e1f-a624-fe993628bac3 => generated 259 bytes in 118 msecs (HTTP/1.1 200) 8 headers in 296 bytes (1 switches on core 0)
Aug 23 17:39:43.195860 n-d-852397-5 devstack@placement-api.service[107682]: DEBUG placement.requestlog [req-bb9453e7-e803-4ca8-a166-5042d1ddcfac req-f7012735-1896-4c36-ae70-96772cec5a2b None None] Starting request: 10.222.0.49 "GET /placement/allocations/7fd46593-1302-405d-832f-bf187815ce4e" {{(pid=107682) __call__ /opt/stack/placement/placement/requestlog.py:55}}
Aug 23 17:39:43.230583 n-d-852397-5 devstack@placement-api.service[107682]: INFO placement.requestlog [req-bb9453e7-e803-4ca8-a166-5042d1ddcfac req-f7012735-1896-4c36-ae70-96772cec5a2b service placement] 10.222.0.49 "GET /placement/allocations/7fd46593-1302-405d-832f-bf187815ce4e" status: 200 len: 259 microversion: 1.28
Aug 23 17:39:43.231248 n-d-852397-5 devstack@placement-api.service[107682]: [pid: 107682|app: 0|req: 718/1438] 10.222.0.49 () {60 vars in 1377 bytes} [Tue Aug 23 17:39:43 2022] GET /placement/allocations/7fd46593-1302-405d-832f-bf187815ce4e => generated 259 bytes in 36 msecs (HTTP/1.1 200) 8 headers in 296 bytes (1 switches on core 0)
Aug 23 17:39:43.240196 n-d-852397-5 devstack@placement-api.service[107683]: DEBUG placement.requestlog [req-bb9453e7-e803-4ca8-a166-5042d1ddcfac req-f021cc20-ec2a-4b3d-a140-fdd90d4f8f44 None None] Starting request: 10.222.0.49 "GET /placement/allocations/46d4969d-65e4-46d0-9c6e-87575ba74e7e" {{(pid=107683) __call__ /opt/stack/placement/placement/requestlog.py:55}}
Aug 23 17:39:43.258375 n-d-852397-5 devstack@placement-api.service[107683]: INFO placement.requestlog [req-bb9453e7-e803-4ca8-a166-5042d1ddcfac req-f021cc20-ec2a-4b3d-a140-fdd90d4f8f44 service placement] 10.222.0.49 "GET /placement/allocations/46d4969d-65e4-46d0-9c6e-87575ba74e7e" status: 200 len: 259 microversion: 1.28
Aug 23 17:39:43.258736 n-d-852397-5 devstack@placement-api.service[107683]: [pid: 107683|app: 0|req: 721/1439] 10.222.0.49 () {60 vars in 1377 bytes} [Tue Aug 23 17:39:43 2022] GET /placement/allocations/46d4969d-65e4-46d0-9c6e-87575ba74e7e => generated 259 bytes in 19 msecs (HTTP/1.1 200) 8 headers in 296 bytes (1 switches on core 0)
Aug 23 17:39:49.138009 n-d-852397-5 devstack@placement-api.service[107682]: DEBUG placement.requestlog [req-5ed4c4ed-add6-441a-8a40-4cc0345afcf8 req-e5363a74-519e-4911-be33-31a27e014bde None None] Starting request: 10.222.0.49 "GET /placement/resource_providers/04e33018-c7c3-4482-afac-7ccb5400f833/allocations" {{(pid=107682) __call__ /opt/stack/placement/placement/requestlog.py:55}}
Aug 23 17:39:49.204827 n-d-852397-5 devstack@placement-api.service[107682]: INFO placement.requestlog [req-5ed4c4ed-add6-441a-8a40-4cc0345afcf8 req-e5363a74-519e-4911-be33-31a27e014bde service placement] 10.222.0.49 "GET /placement/resource_providers/04e33018-c7c3-4482-afac-7ccb5400f833/allocations" status: 200 len: 558 microversion: 1.0
Aug 23 17:39:49.205718 n-d-852397-5 devstack@placement-api.service[107682]: [pid: 107682|app: 0|req: 719/1440] 10.222.0.49 () {58 vars in 1390 bytes} [Tue Aug 23 17:39:49 2022] GET /placement/resource_providers/04e33018-c7c3-4482-afac-7ccb5400f833/allocations => generated 558 bytes in 68 msecs (HTTP/1.1 200) 6 headers in 224 bytes (1 switches on core 0)
Aug 23 17:39:49.214719 n-d-852397-5 devstack@placement-api.service[107683]: DEBUG placement.requestlog [req-5ed4c4ed-add6-441a-8a40-4cc0345afcf8 req-ab6ef0d5-7c9d-4ca5-a1b8-fde0ea602402 None None] Starting request: 10.222.0.49 "GET /placement/allocations/2a780bee-5cf7-4d4e-8e08-f9d1dd2ef2c7" {{(pid=107683) __call__ /opt/stack/placement/placement/requestlog.py:55}}
Aug 23 17:39:49.227196 n-d-852397-5 devstack@placement-api.service[107682]: DEBUG placement.requestlog [req-7cf46d03-7adb-47f9-9ed8-c230eb5642fc req-20edc510-bf62-4b7d-b510-b7083535e99a None None] Starting request: 10.222.0.79 "GET /placement/allocation_candidates?limit=1000&resources=DISK_GB%3A1%2CMEMORY_MB%3A1024%2CVCPU%3A1&root_required=%21COMPUTE_STATUS_DISABLED" {{(pid=107682) __call__ /opt/stack/placement/placement/requestlog.py:55}}
Aug 23 17:39:49.264323 n-d-852397-5 devstack@placement-api.service[107683]: INFO placement.requestlog [req-5ed4c4ed-add6-441a-8a40-4cc0345afcf8 req-ab6ef0d5-7c9d-4ca5-a1b8-fde0ea602402 service placement] 10.222.0.49 "GET /placement/allocations/2a780bee-5cf7-4d4e-8e08-f9d1dd2ef2c7" status: 200 len: 259 microversion: 1.28
Aug 23 17:39:49.264994 n-d-852397-5 devstack@placement-api.service[107683]: [pid: 107683|app: 0|req: 722/1441] 10.222.0.49 () {60 vars in 1377 bytes} [Tue Aug 23 17:39:49 2022] GET /placement/allocations/2a780bee-5cf7-4d4e-8e08-f9d1dd2ef2c7 => generated 259 bytes in 50 msecs (HTTP/1.1 200) 8 headers in 296 bytes (1 switches on core 0)
Aug 23 17:39:49.276329 n-d-852397-5 devstack@placement-api.service[107683]: DEBUG placement.requestlog [req-5ed4c4ed-add6-441a-8a40-4cc0345afcf8 req-4cd13ae0-22c6-4ba5-bc37-aa889682e9ce None None] Starting request: 10.222.0.49 "GET /placement/allocations/8fcd6080-352f-4c37-9af9-f3bb09c43cde" {{(pid=107683) __call__ /opt/stack/placement/placement/requestlog.py:55}}
Aug 23 17:39:49.342484 n-d-852397-5 devstack@placement-api.service[107683]: INFO placement.requestlog [req-5ed4c4ed-add6-441a-8a40-4cc0345afcf8 req-4cd13ae0-22c6-4ba5-bc37-aa889682e9ce service placement] 10.222.0.49 "GET /placement/allocations/8fcd6080-352f-4c37-9af9-f3bb09c43cde" status: 200 len: 259 microversion: 1.28
Aug 23 17:39:49.343111 n-d-852397-5 devstack@placement-api.service[107683]: [pid: 107683|app: 0|req: 723/1442] 10.222.0.49 () {60 vars in 1377 bytes} [Tue Aug 23 17:39:49 2022] GET /placement/allocations/8fcd6080-352f-4c37-9af9-f3bb09c43cde => generated 259 bytes in 68 msecs (HTTP/1.1 200) 8 headers in 296 bytes (2 switches on core 0)
Aug 23 17:39:49.353440 n-d-852397-5 devstack@placement-api.service[107683]: DEBUG placement.requestlog [req-5ed4c4ed-add6-441a-8a40-4cc0345afcf8 req-69afaf31-d34b-44a6-bdfc-e11c8fca56a6 None None] Starting request: 10.222.0.49 "GET /placement/allocations/c978ffb8-9499-4e1f-a624-fe993628bac3" {{(pid=107683) __call__ /opt/stack/placement/placement/requestlog.py:55}}
Aug 23 17:39:49.396197 n-d-852397-5 devstack@placement-api.service[107683]: INFO placement.requestlog [req-5ed4c4ed-add6-441a-8a40-4cc0345afcf8 req-69afaf31-d34b-44a6-bdfc-e11c8fca56a6 service placement] 10.222.0.49 "GET /placement/allocations/c978ffb8-9499-4e1f-a624-fe993628bac3" status: 200 len: 259 microversion: 1.28
Aug 23 17:39:49.398696 n-d-852397-5 devstack@placement-api.service[107683]: [pid: 107683|app: 0|req: 724/1443] 10.222.0.49 () {60 vars in 1377 bytes} [Tue Aug 23 17:39:49 2022] GET /placement/allocations/c978ffb8-9499-4e1f-a624-fe993628bac3 => generated 259 bytes in 45 msecs (HTTP/1.1 200) 8 headers in 296 bytes (1 switches on core 0)
Aug 23 17:39:49.399431 n-d-852397-5 devstack@placement-api.service[107682]: DEBUG placement.objects.research_context [req-7cf46d03-7adb-47f9-9ed8-c230eb5642fc req-20edc510-bf62-4b7d-b510-b7083535e99a service placement] getting providers with 1 DISK_GB {{(pid=107682) __init__ /opt/stack/placement/placement/objects/research_context.py:136}}
Aug 23 17:39:49.407416 n-d-852397-5 devstack@placement-api.service[107683]: DEBUG placement.requestlog [req-5ed4c4ed-add6-441a-8a40-4cc0345afcf8 req-c6697c57-c504-422a-b811-f224ec1c5e0d None None] Starting request: 10.222.0.49 "GET /placement/allocations/7fd46593-1302-405d-832f-bf187815ce4e" {{(pid=107683) __call__ /opt/stack/placement/placement/requestlog.py:55}}
Aug 23 17:39:49.422639 n-d-852397-5 devstack@placement-api.service[107682]: DEBUG placement.objects.research_context [req-7cf46d03-7adb-47f9-9ed8-c230eb5642fc req-20edc510-bf62-4b7d-b510-b7083535e99a service placement] getting providers with 1024 MEMORY_MB {{(pid=107682) __init__ /opt/stack/placement/placement/objects/research_context.py:136}}
Aug 23 17:39:49.445623 n-d-852397-5 devstack@placement-api.service[107682]: DEBUG placement.objects.research_context [req-7cf46d03-7adb-47f9-9ed8-c230eb5642fc req-20edc510-bf62-4b7d-b510-b7083535e99a service placement] getting providers with 1 VCPU {{(pid=107682) __init__ /opt/stack/placement/placement/objects/research_context.py:136}}
Aug 23 17:39:49.455310 n-d-852397-5 devstack@placement-api.service[107683]: INFO placement.requestlog [req-5ed4c4ed-add6-441a-8a40-4cc0345afcf8 req-c6697c57-c504-422a-b811-f224ec1c5e0d service placement] 10.222.0.49 "GET /placement/allocations/7fd46593-1302-405d-832f-bf187815ce4e" status: 200 len: 259 microversion: 1.28
Aug 23 17:39:49.455904 n-d-852397-5 devstack@placement-api.service[107683]: [pid: 107683|app: 0|req: 725/1444] 10.222.0.49 () {60 vars in 1377 bytes} [Tue Aug 23 17:39:49 2022] GET /placement/allocations/7fd46593-1302-405d-832f-bf187815ce4e => generated 259 bytes in 49 msecs (HTTP/1.1 200) 8 headers in 296 bytes (1 switches on core 0)
Aug 23 17:39:49.460798 n-d-852397-5 devstack@placement-api.service[107682]: DEBUG placement.objects.research_context [req-7cf46d03-7adb-47f9-9ed8-c230eb5642fc req-20edc510-bf62-4b7d-b510-b7083535e99a service placement] found 2 providers with available 1 DISK_GB {{(pid=107682) get_provider_ids_matching /opt/stack/placement/placement/objects/research_context.py:563}}
Aug 23 17:39:49.461302 n-d-852397-5 devstack@placement-api.service[107682]: DEBUG placement.objects.research_context [req-7cf46d03-7adb-47f9-9ed8-c230eb5642fc req-20edc510-bf62-4b7d-b510-b7083535e99a service placement] found 2 providers with available 1024 MEMORY_MB {{(pid=107682) get_provider_ids_matching /opt/stack/placement/placement/objects/research_context.py:563}}
Aug 23 17:39:49.461851 n-d-852397-5 devstack@placement-api.service[107682]: DEBUG placement.objects.research_context [req-7cf46d03-7adb-47f9-9ed8-c230eb5642fc req-20edc510-bf62-4b7d-b510-b7083535e99a service placement] found 2 providers after filtering by previous result {{(pid=107682) get_provider_ids_matching /opt/stack/placement/placement/objects/research_context.py:594}}
Aug 23 17:39:49.462372 n-d-852397-5 devstack@placement-api.service[107682]: DEBUG placement.objects.research_context [req-7cf46d03-7adb-47f9-9ed8-c230eb5642fc req-20edc510-bf62-4b7d-b510-b7083535e99a service placement] found 2 providers with available 1 VCPU {{(pid=107682) get_provider_ids_matching /opt/stack/placement/placement/objects/research_context.py:563}}
Aug 23 17:39:49.469551 n-d-852397-5 devstack@placement-api.service[107682]: DEBUG placement.objects.research_context [req-7cf46d03-7adb-47f9-9ed8-c230eb5642fc req-20edc510-bf62-4b7d-b510-b7083535e99a service placement] found 2 providers after filtering by previous result {{(pid=107682) get_provider_ids_matching /opt/stack/placement/placement/objects/research_context.py:594}}
Aug 23 17:39:49.483984 n-d-852397-5 devstack@placement-api.service[107683]: DEBUG placement.requestlog [req-5ed4c4ed-add6-441a-8a40-4cc0345afcf8 req-3fa55ed5-59ca-45f6-b1e4-1ff464470146 None None] Starting request: 10.222.0.49 "GET /placement/allocations/46d4969d-65e4-46d0-9c6e-87575ba74e7e" {{(pid=107683) __call__ /opt/stack/placement/placement/requestlog.py:55}}
Aug 23 17:39:49.500917 n-d-852397-5 devstack@placement-api.service[107682]: DEBUG placement.objects.allocation_candidate [req-7cf46d03-7adb-47f9-9ed8-c230eb5642fc req-20edc510-bf62-4b7d-b510-b7083535e99a service placement] RequestGroup(use_same_provider=False, resources={DISK_GB:1, MEMORY_MB:1024, VCPU:1}, traits=(), aggregates=[]) (suffix '') returned 2 matches {{(pid=107682) _get_by_requests /opt/stack/placement/placement/objects/allocation_candidate.py:156}}
Aug 23 17:39:49.501302 n-d-852397-5 devstack@placement-api.service[107682]: DEBUG placement.objects.allocation_candidate [req-7cf46d03-7adb-47f9-9ed8-c230eb5642fc req-20edc510-bf62-4b7d-b510-b7083535e99a service placement] Merging candidates yields 2 allocation requests and 2 provider summaries {{(pid=107682) _merge_candidates /opt/stack/placement/placement/objects/allocation_candidate.py:809}}
Aug 23 17:39:49.507646 n-d-852397-5 devstack@placement-api.service[107682]: INFO placement.requestlog [req-7cf46d03-7adb-47f9-9ed8-c230eb5642fc req-20edc510-bf62-4b7d-b510-b7083535e99a service placement] 10.222.0.79 "GET /placement/allocation_candidates?limit=1000&resources=DISK_GB%3A1%2CMEMORY_MB%3A1024%2CVCPU%3A1&root_required=%21COMPUTE_STATUS_DISABLED" status: 200 len: 1309 microversion: 1.36
Aug 23 17:39:49.510025 n-d-852397-5 devstack@placement-api.service[107682]: [pid: 107682|app: 0|req: 720/1445] 10.222.0.79 () {60 vars in 1506 bytes} [Tue Aug 23 17:39:49 2022] GET /placement/allocation_candidates?limit=1000&resources=DISK_GB%3A1%2CMEMORY_MB%3A1024%2CVCPU%3A1&root_required=%21COMPUTE_STATUS_DISABLED => generated 1309 bytes in 283 msecs (HTTP/1.1 200) 8 headers in 297 bytes (1 switches on core 0)
Aug 23 17:39:49.513295 n-d-852397-5 devstack@placement-api.service[107683]: INFO placement.requestlog [req-5ed4c4ed-add6-441a-8a40-4cc0345afcf8 req-3fa55ed5-59ca-45f6-b1e4-1ff464470146 service placement] 10.222.0.49 "GET /placement/allocations/46d4969d-65e4-46d0-9c6e-87575ba74e7e" status: 200 len: 259 microversion: 1.28
Aug 23 17:39:49.513795 n-d-852397-5 devstack@placement-api.service[107683]: [pid: 107683|app: 0|req: 726/1446] 10.222.0.49 () {60 vars in 1377 bytes} [Tue Aug 23 17:39:49 2022] GET /placement/allocations/46d4969d-65e4-46d0-9c6e-87575ba74e7e => generated 259 bytes in 30 msecs (HTTP/1.1 200) 8 headers in 296 bytes (2 switches on core 0)
Aug 23 17:39:49.723639 n-d-852397-5 devstack@placement-api.service[107682]: DEBUG placement.requestlog [req-7cf46d03-7adb-47f9-9ed8-c230eb5642fc req-72667bec-eca3-4974-a56e-74019c049603 None None] Starting request: 10.222.0.79 "GET /placement/allocations/1a6f29b2-40c5-477a-a17c-4cc27c990e83" {{(pid=107682) __call__ /opt/stack/placement/placement/requestlog.py:55}}
Aug 23 17:39:49.743649 n-d-852397-5 devstack@placement-api.service[107682]: INFO placement.requestlog [req-7cf46d03-7adb-47f9-9ed8-c230eb5642fc req-72667bec-eca3-4974-a56e-74019c049603 service placement] 10.222.0.79 "GET /placement/allocations/1a6f29b2-40c5-477a-a17c-4cc27c990e83" status: 200 len: 19 microversion: 1.28
