Aug 10 23:15:59.373834 n-d-852397-3 devstack@placement-api.service[114753]: [pid: 114753|app: 0|req: 380/761] 10.222.0.17 () {64 vars in 1433 bytes} [Wed Aug 10 23:15:58 2022] PUT /placement/allocations/b5cafa27-40d0-4aac-9b55-2e766a2f81e4 => generated 0 bytes in 474 msecs (HTTP/1.1 204) 5 headers in 199 bytes (2 switches on core 0)
Aug 10 23:16:00.767332 n-d-852397-3 devstack@placement-api.service[114754]: DEBUG placement.requestlog [req-5c1388bd-f6c5-43c8-891b-39d88b11a745 req-7e540c69-8162-40a2-b2ee-c56e020c78dc None None] Starting request: 10.222.0.36 "GET /placement/allocations/b5cafa27-40d0-4aac-9b55-2e766a2f81e4" {{(pid=114754) __call__ /opt/stack/placement/placement/requestlog.py:55}}
Aug 10 23:16:00.775309 n-d-852397-3 devstack@placement-api.service[114754]: DEBUG dbcounter [-] [114754] Writing DB stats placement:SELECT=53,placement:INSERT=4,placement:DELETE=4,placement:UPDATE=2 {{(pid=114754) stat_writer /usr/local/lib/python3.8/dist-packages/dbcounter.py:114}}
Aug 10 23:16:00.793409 n-d-852397-3 devstack@placement-api.service[114754]: INFO placement.requestlog [req-5c1388bd-f6c5-43c8-891b-39d88b11a745 req-7e540c69-8162-40a2-b2ee-c56e020c78dc service placement] 10.222.0.36 "GET /placement/allocations/b5cafa27-40d0-4aac-9b55-2e766a2f81e4" status: 200 len: 259 microversion: 1.28
Aug 10 23:16:00.794329 n-d-852397-3 devstack@placement-api.service[114754]: [pid: 114754|app: 0|req: 382/762] 10.222.0.36 () {60 vars in 1377 bytes} [Wed Aug 10 23:16:00 2022] GET /placement/allocations/b5cafa27-40d0-4aac-9b55-2e766a2f81e4 => generated 259 bytes in 30 msecs (HTTP/1.1 200) 8 headers in 296 bytes (1 switches on core 0)
Aug 10 23:16:03.404884 n-d-852397-3 devstack@placement-api.service[114753]: DEBUG placement.requestlog [req-5f029dc0-cfb9-44e8-9796-6ae49c8c0760 req-36868dae-42c7-40d0-9039-c420d4cf826d None None] Starting request: 10.222.0.16 "DELETE /placement/allocations/52249814-03ec-4779-9b27-e6ba8881c5e7" {{(pid=114753) __call__ /opt/stack/placement/placement/requestlog.py:55}}
Aug 10 23:16:03.707728 n-d-852397-3 devstack@placement-api.service[114753]: DEBUG placement.handlers.allocation [req-5f029dc0-cfb9-44e8-9796-6ae49c8c0760 req-36868dae-42c7-40d0-9039-c420d4cf826d service placement] Successfully deleted allocations [, , ] {{(pid=114753) delete_allocations /opt/stack/placement/placement/handlers/allocation.py:627}}
Aug 10 23:16:03.709110 n-d-852397-3 devstack@placement-api.service[114753]: INFO placement.requestlog [req-5f029dc0-cfb9-44e8-9796-6ae49c8c0760 req-36868dae-42c7-40d0-9039-c420d4cf826d service placement] 10.222.0.16 "DELETE /placement/allocations/52249814-03ec-4779-9b27-e6ba8881c5e7" status: 204 len: 0 microversion: 1.0
Aug 10 23:16:03.709765 n-d-852397-3 devstack@placement-api.service[114753]: [pid: 114753|app: 0|req: 381/763] 10.222.0.16 () {60 vars in 1355 bytes} [Wed Aug 10 23:16:03 2022] DELETE /placement/allocations/52249814-03ec-4779-9b27-e6ba8881c5e7 => generated 0 bytes in 305 msecs (HTTP/1.1 204) 5 headers in 198 bytes (2 switches on core 0)
Aug 10 23:16:06.069308 n-d-852397-3 devstack@placement-api.service[114754]: DEBUG placement.requestlog [None req-b9c1a45e-f356-4dfd-abef-1cfd358ddf0d None None] Starting request: 10.222.0.17 "GET /placement/resource_providers/f0d2f273-6b68-4615-b35a-fd660e6eab50/aggregates" {{(pid=114754) __call__ /opt/stack/placement/placement/requestlog.py:55}}
Aug 10 23:16:06.240830 n-d-852397-3 devstack@placement-api.service[114754]: INFO placement.requestlog [None req-b9c1a45e-f356-4dfd-abef-1cfd358ddf0d service placement] 10.222.0.17 "GET /placement/resource_providers/f0d2f273-6b68-4615-b35a-fd660e6eab50/aggregates" status: 404 len: 235 microversion: 1.1
Aug 10 23:16:06.249245 n-d-852397-3 devstack@placement-api.service[114754]: [pid: 114754|app: 0|req: 383/764] 10.222.0.17 () {58 vars in 1362 bytes} [Wed Aug 10 23:16:06 2022] GET /placement/resource_providers/f0d2f273-6b68-4615-b35a-fd660e6eab50/aggregates => generated 235 bytes in 178 msecs (HTTP/1.1 404) 5 headers in 202 bytes (1 switches on core 0)
Aug 10 23:16:06.250062 n-d-852397-3 devstack@placement-api.service[114753]: DEBUG placement.requestlog [None req-76222058-f84c-4937-91ad-d6ab020ef342 None None] Starting request: 10.222.0.17 "DELETE /placement/resource_providers/f0d2f273-6b68-4615-b35a-fd660e6eab50" {{(pid=114753) __call__ /opt/stack/placement/placement/requestlog.py:55}}
Aug 10 23:16:06.261980 n-d-852397-3 devstack@placement-api.service[114753]: DEBUG placement.wsgi_wrapper [None req-76222058-f84c-4937-91ad-d6ab020ef342 service placement] Placement API returning an error response: No resource provider with uuid f0d2f273-6b68-4615-b35a-fd660e6eab50 found for delete {{(pid=114753) call_func /opt/stack/placement/placement/wsgi_wrapper.py:31}}
Aug 10 23:16:06.263463 n-d-852397-3 devstack@placement-api.service[114753]: INFO placement.requestlog [None req-76222058-f84c-4937-91ad-d6ab020ef342 service placement] 10.222.0.17 "DELETE /placement/resource_providers/f0d2f273-6b68-4615-b35a-fd660e6eab50" status: 404 len: 246 microversion: 1.1
Aug 10 23:16:06.266723 n-d-852397-3 devstack@placement-api.service[114753]: [pid: 114753|app: 0|req: 382/765] 10.222.0.17 () {60 vars in 1351 bytes} [Wed Aug 10 23:16:06 2022] DELETE /placement/resource_providers/f0d2f273-6b68-4615-b35a-fd660e6eab50 => generated 246 bytes in 18 msecs (HTTP/1.1 404) 6 headers in 231 bytes (1 switches on core 0)
Aug 10 23:16:08.280190 n-d-852397-3 devstack@placement-api.service[114754]: DEBUG placement.requestlog [None req-5c0f7732-2ae5-4b47-a963-9c7b239b627c None None] Starting request: 10.222.0.17 "GET /placement/resource_providers/47f993f2-4098-4f05-bcd9-0bbc7ed70081/aggregates" {{(pid=114754) __call__ /opt/stack/placement/placement/requestlog.py:55}}
Aug 10 23:16:08.293409 n-d-852397-3 devstack@placement-api.service[114754]: INFO placement.requestlog [None req-5c0f7732-2ae5-4b47-a963-9c7b239b627c service placement] 10.222.0.17 "GET /placement/resource_providers/47f993f2-4098-4f05-bcd9-0bbc7ed70081/aggregates" status: 404 len: 235 microversion: 1.1
Aug 10 23:16:08.293764 n-d-852397-3 devstack@placement-api.service[114754]: [pid: 114754|app: 0|req: 384/766] 10.222.0.17 () {58 vars in 1362 bytes} [Wed Aug 10 23:16:08 2022] GET /placement/resource_providers/47f993f2-4098-4f05-bcd9-0bbc7ed70081/aggregates => generated 235 bytes in 14 msecs (HTTP/1.1 404) 5 headers in 202 bytes (1 switches on core 0)
Aug 10 23:16:08.316915 n-d-852397-3 devstack@placement-api.service[114753]: DEBUG placement.requestlog [None req-6c76b745-6e3b-4752-82d0-3f6bf981b668 None None] Starting request: 10.222.0.17 "DELETE /placement/resource_providers/47f993f2-4098-4f05-bcd9-0bbc7ed70081" {{(pid=114753) __call__ /opt/stack/placement/placement/requestlog.py:55}}
Aug 10 23:16:08.334941 n-d-852397-3 devstack@placement-api.service[114753]: DEBUG placement.wsgi_wrapper [None req-6c76b745-6e3b-4752-82d0-3f6bf981b668 service placement] Placement API returning an error response: No resource provider with uuid 47f993f2-4098-4f05-bcd9-0bbc7ed70081 found for delete {{(pid=114753) call_func /opt/stack/placement/placement/wsgi_wrapper.py:31}}
Aug 10 23:16:08.336545 n-d-852397-3 devstack@placement-api.service[114753]: INFO placement.requestlog [None req-6c76b745-6e3b-4752-82d0-3f6bf981b668 service placement] 10.222.0.17 "DELETE /placement/resource_providers/47f993f2-4098-4f05-bcd9-0bbc7ed70081" status: 404 len: 246 microversion: 1.1
Aug 10 23:16:08.337258 n-d-852397-3 devstack@placement-api.service[114753]: [pid: 114753|app: 0|req: 383/767] 10.222.0.17 () {60 vars in 1351 bytes} [Wed Aug 10 23:16:08 2022] DELETE /placement/resource_providers/47f993f2-4098-4f05-bcd9-0bbc7ed70081 => generated 246 bytes in 27 msecs (HTTP/1.1 404) 6 headers in 231 bytes (1 switches on core 0)
Aug 10 23:16:10.056295 n-d-852397-3 devstack@placement-api.service[114754]: DEBUG placement.requestlog [None req-a8e3880d-d4c6-4cec-a6f2-cf4dfe30c4d2 None None] Starting request: 10.222.0.17 "GET /placement/resource_providers/02913106-57a0-416f-8a3c-8524b7fb7dfe/aggregates" {{(pid=114754) __call__ /opt/stack/placement/placement/requestlog.py:55}}
Aug 10 23:16:10.229621 n-d-852397-3 devstack@placement-api.service[114754]: INFO placement.requestlog [None req-a8e3880d-d4c6-4cec-a6f2-cf4dfe30c4d2 service placement] 10.222.0.17 "GET /placement/resource_providers/02913106-57a0-416f-8a3c-8524b7fb7dfe/aggregates" status: 404 len: 235 microversion: 1.1
Aug 10 23:16:10.231521 n-d-852397-3 devstack@placement-api.service[114754]: [pid: 114754|app: 0|req: 385/768] 10.222.0.17 () {58 vars in 1362 bytes} [Wed Aug 10 23:16:10 2022] GET /placement/resource_providers/02913106-57a0-416f-8a3c-8524b7fb7dfe/aggregates => generated 235 bytes in 175 msecs (HTTP/1.1 404) 5 headers in 202 bytes (2 switches on core 0)
Aug 10 23:16:10.251191 n-d-852397-3 devstack@placement-api.service[114753]: DEBUG placement.requestlog [None req-a28993c4-6628-4910-811d-60831ffd8203 None None] Starting request: 10.222.0.17 "DELETE /placement/resource_providers/02913106-57a0-416f-8a3c-8524b7fb7dfe" {{(pid=114753) __call__ /opt/stack/placement/placement/requestlog.py:55}}
Aug 10 23:16:10.267712 n-d-852397-3 devstack@placement-api.service[114753]: DEBUG placement.wsgi_wrapper [None req-a28993c4-6628-4910-811d-60831ffd8203 service placement] Placement API returning an error response: No resource provider with uuid 02913106-57a0-416f-8a3c-8524b7fb7dfe found for delete {{(pid=114753) call_func /opt/stack/placement/placement/wsgi_wrapper.py:31}}
Aug 10 23:16:10.270234 n-d-852397-3 devstack@placement-api.service[114753]: INFO placement.requestlog [None req-a28993c4-6628-4910-811d-60831ffd8203 service placement] 10.222.0.17 "DELETE /placement/resource_providers/02913106-57a0-416f-8a3c-8524b7fb7dfe" status: 404 len: 246 microversion: 1.1
Aug 10 23:16:10.270234 n-d-852397-3 devstack@placement-api.service[114753]: [pid: 114753|app: 0|req: 384/769] 10.222.0.17 () {60 vars in 1351 bytes} [Wed Aug 10 23:16:10 2022] DELETE /placement/resource_providers/02913106-57a0-416f-8a3c-8524b7fb7dfe => generated 246 bytes in 19 msecs (HTTP/1.1 404) 6 headers in 231 bytes (1 switches on core 0)
Aug 10 23:16:10.360653 n-d-852397-3 devstack@placement-api.service[114754]: DEBUG placement.requestlog [None req-11e9139a-41d1-44b6-a0ab-4af2229a1175 None None] Starting request: 10.222.0.17 "GET /placement/resource_providers/db4da3c7-ef40-4df5-a4b6-0c2aecb8a67b/aggregates" {{(pid=114754) __call__ /opt/stack/placement/placement/requestlog.py:55}}
Aug 10 23:16:10.373247 n-d-852397-3 devstack@placement-api.service[114754]: INFO placement.requestlog [None req-11e9139a-41d1-44b6-a0ab-4af2229a1175 service placement] 10.222.0.17 "GET /placement/resource_providers/db4da3c7-ef40-4df5-a4b6-0c2aecb8a67b/aggregates" status: 404 len: 235 microversion: 1.1
Aug 10 23:16:10.374335 n-d-852397-3 devstack@placement-api.service[114754]: [pid: 114754|app: 0|req: 386/770] 10.222.0.17 () {58 vars in 1362 bytes} [Wed Aug 10 23:16:10 2022] GET /placement/resource_providers/db4da3c7-ef40-4df5-a4b6-0c2aecb8a67b/aggregates => generated 235 bytes in 15 msecs (HTTP/1.1 404) 5 headers in 202 bytes (1 switches on core 0)
Aug 10 23:16:10.402101 n-d-852397-3 devstack@placement-api.service[114753]: DEBUG placement.requestlog [None req-599f72a7-6f78-454c-aa7e-a495c4268682 None None] Starting request: 10.222.0.17 "DELETE /placement/resource_providers/db4da3c7-ef40-4df5-a4b6-0c2aecb8a67b" {{(pid=114753) __call__ /opt/stack/placement/placement/requestlog.py:55}}
Aug 10 23:16:10.415500 n-d-852397-3 devstack@placement-api.service[114753]: DEBUG placement.wsgi_wrapper [None req-599f72a7-6f78-454c-aa7e-a495c4268682 service placement] Placement API returning an error response: No resource provider with uuid db4da3c7-ef40-4df5-a4b6-0c2aecb8a67b found for delete {{(pid=114753) call_func /opt/stack/placement/placement/wsgi_wrapper.py:31}}
Aug 10 23:16:10.416893 n-d-852397-3 devstack@placement-api.service[114753]: INFO placement.requestlog [None req-599f72a7-6f78-454c-aa7e-a495c4268682 service placement] 10.222.0.17 "DELETE /placement/resource_providers/db4da3c7-ef40-4df5-a4b6-0c2aecb8a67b" status: 404 len: 246 microversion: 1.1
Aug 10 23:16:10.418488 n-d-852397-3 devstack@placement-api.service[114753]: [pid: 114753|app: 0|req: 385/771] 10.222.0.17 () {60 vars in 1351 bytes} [Wed Aug 10 23:16:10 2022] DELETE /placement/resource_providers/db4da3c7-ef40-4df5-a4b6-0c2aecb8a67b => generated 246 bytes in 17 msecs (HTTP/1.1 404) 6 headers in 231 bytes (1 switches on core 0)
Aug 10 23:16:13.878112 n-d-852397-3 devstack@placement-api.service[114754]: DEBUG placement.requestlog [req-d71207fd-f80d-4fdc-a3fc-858d18072a08 req-8aa4cde2-1c0d-44dc-a41b-4a9eb7e66e91 None None] Starting request: 10.222.0.17 "GET /placement/allocation_candidates?limit=1000&resources=DISK_GB%3A1%2CMEMORY_MB%3A1024%2CVCPU%3A1&root_required=%21COMPUTE_STATUS_DISABLED" {{(pid=114754) __call__ /opt/stack/placement/placement/requestlog.py:55}}
Aug 10 23:16:13.978686 n-d-852397-3 devstack@placement-api.service[114754]: DEBUG placement.objects.research_context [req-d71207fd-f80d-4fdc-a3fc-858d18072a08 req-8aa4cde2-1c0d-44dc-a41b-4a9eb7e66e91 service placement] getting providers with 1 DISK_GB {{(pid=114754) __init__ /opt/stack/placement/placement/objects/research_context.py:136}}
Aug 10 23:16:13.987435 n-d-852397-3 devstack@placement-api.service[114754]: DEBUG placement.objects.research_context [req-d71207fd-f80d-4fdc-a3fc-858d18072a08 req-8aa4cde2-1c0d-44dc-a41b-4a9eb7e66e91 service placement] getting providers with 1024 MEMORY_MB {{(pid=114754) __init__ /opt/stack/placement/placement/objects/research_context.py:136}}
Aug 10 23:16:13.997465 n-d-852397-3 devstack@placement-api.service[114754]: DEBUG placement.objects.research_context [req-d71207fd-f80d-4fdc-a3fc-858d18072a08 req-8aa4cde2-1c0d-44dc-a41b-4a9eb7e66e91 service placement] getting providers with 1 VCPU {{(pid=114754) __init__ /opt/stack/placement/placement/objects/research_context.py:136}}
Aug 10 23:16:14.008389 n-d-852397-3 devstack@placement-api.service[114754]: DEBUG placement.objects.research_context [req-d71207fd-f80d-4fdc-a3fc-858d18072a08 req-8aa4cde2-1c0d-44dc-a41b-4a9eb7e66e91 service placement] found 2 providers with available 1 DISK_GB {{(pid=114754) get_provider_ids_matching /opt/stack/placement/placement/objects/research_context.py:563}}
Aug 10 23:16:14.008957 n-d-852397-3 devstack@placement-api.service[114754]: DEBUG placement.objects.research_context [req-d71207fd-f80d-4fdc-a3fc-858d18072a08 req-8aa4cde2-1c0d-44dc-a41b-4a9eb7e66e91 service placement] found 2 providers with available 1024 MEMORY_MB {{(pid=114754) get_provider_ids_matching /opt/stack/placement/placement/objects/research_context.py:563}}
Aug 10 23:16:14.009447 n-d-852397-3 devstack@placement-api.service[114754]: DEBUG placement.objects.research_context [req-d71207fd-f80d-4fdc-a3fc-858d18072a08 req-8aa4cde2-1c0d-44dc-a41b-4a9eb7e66e91 service placement] found 2 providers after filtering by previous result {{(pid=114754) get_provider_ids_matching /opt/stack/placement/placement/objects/research_context.py:594}}
Aug 10 23:16:14.009919 n-d-852397-3 devstack@placement-api.service[114754]: DEBUG placement.objects.research_context [req-d71207fd-f80d-4fdc-a3fc-858d18072a08 req-8aa4cde2-1c0d-44dc-a41b-4a9eb7e66e91 service placement] found 2 providers with available 1 VCPU {{(pid=114754) get_provider_ids_matching /opt/stack/placement/placement/objects/research_context.py:563}}
Aug 10 23:16:14.010381 n-d-852397-3 devstack@placement-api.service[114754]: DEBUG placement.objects.research_context [req-d71207fd-f80d-4fdc-a3fc-858d18072a08 req-8aa4cde2-1c0d-44dc-a41b-4a9eb7e66e91 service placement] found 2 providers after filtering by previous result {{(pid=114754) get_provider_ids_matching /opt/stack/placement/placement/objects/research_context.py:594}}
Aug 10 23:16:14.039329 n-d-852397-3 devstack@placement-api.service[114754]: DEBUG placement.objects.allocation_candidate [req-d71207fd-f80d-4fdc-a3fc-858d18072a08 req-8aa4cde2-1c0d-44dc-a41b-4a9eb7e66e91 service placement] RequestGroup(use_same_provider=False, resources={DISK_GB:1, MEMORY_MB:1024, VCPU:1}, traits=(), aggregates=[]) (suffix '') returned 2 matches {{(pid=114754) _get_by_requests /opt/stack/placement/placement/objects/allocation_candidate.py:156}}
Aug 10 23:16:14.039810 n-d-852397-3 devstack@placement-api.service[114754]: DEBUG placement.objects.allocation_candidate [req-d71207fd-f80d-4fdc-a3fc-858d18072a08 req-8aa4cde2-1c0d-44dc-a41b-4a9eb7e66e91 service placement] Merging candidates yields 2 allocation requests and 2 provider summaries {{(pid=114754) _merge_candidates /opt/stack/placement/placement/objects/allocation_candidate.py:809}}
Aug 10 23:16:14.044620 n-d-852397-3 devstack@placement-api.service[114754]: INFO placement.requestlog [req-d71207fd-f80d-4fdc-a3fc-858d18072a08 req-8aa4cde2-1c0d-44dc-a41b-4a9eb7e66e91 service placement] 10.222.0.17 "GET /placement/allocation_candidates?limit=1000&resources=DISK_GB%3A1%2CMEMORY_MB%3A1024%2CVCPU%3A1&root_required=%21COMPUTE_STATUS_DISABLED" status: 200 len: 1309 microversion: 1.36
Aug 10 23:16:14.047856 n-d-852397-3 devstack@placement-api.service[114754]: [pid: 114754|app: 0|req: 387/772] 10.222.0.17 () {60 vars in 1506 bytes} [Wed Aug 10 23:16:13 2022] GET /placement/allocation_candidates?limit=1000&resources=DISK_GB%3A1%2CMEMORY_MB%3A1024%2CVCPU%3A1&root_required=%21COMPUTE_STATUS_DISABLED => generated 1309 bytes in 170 msecs (HTTP/1.1 200) 8 headers in 297 bytes (1 switches on core 0)
Aug 10 23:16:14.196528 n-d-852397-3 devstack@placement-api.service[114753]: DEBUG placement.requestlog [req-d71207fd-f80d-4fdc-a3fc-858d18072a08 req-894d986c-2015-4900-94b8-7e803dd8e9bc None None] Starting request: 10.222.0.17 "GET /placement/allocations/e7c4b037-9cc7-472c-bb07-befe77bc3f81" {{(pid=114753) __call__ /opt/stack/placement/placement/requestlog.py:55}}
Aug 10 23:16:14.208932 n-d-852397-3 devstack@placement-api.service[114753]: DEBUG dbcounter [-] [114753] Writing DB stats placement:SELECT=75,placement:INSERT=10,placement:DELETE=8,placement:UPDATE=4 {{(pid=114753) stat_writer /usr/local/lib/python3.8/dist-packages/dbcounter.py:114}}
Aug 10 23:16:14.216263 n-d-852397-3 devstack@placement-api.service[114753]: INFO placement.requestlog [req-d71207fd-f80d-4fdc-a3fc-858d18072a08 req-894d986c-2015-4900-94b8-7e803dd8e9bc service placement] 10.222.0.17 "GET /placement/allocations/e7c4b037-9cc7-472c-bb07-befe77bc3f81" status: 200 len: 19 microversion: 1.28
Aug 10 23:16:14.223162 n-d-852397-3 devstack@placement-api.service[114753]: [pid: 114753|app: 0|req: 386/773] 10.222.0.17 () {60 vars in 1380 bytes} [Wed Aug 10 23:16:14 2022] GET /placement/allocations/e7c4b037-9cc7-472c-bb07-befe77bc3f81 => generated 19 bytes in 27 msecs (HTTP/1.1 200) 8 headers in 295 bytes (1 switches on core 0)
Aug 10 23:16:14.226254 n-d-852397-3 devstack@placement-api.service[114754]: DEBUG placement.requestlog [req-d71207fd-f80d-4fdc-a3fc-858d18072a08 req-94ed7304-42df-4641-833e-f7881fe365bd None None] Starting request: 10.222.0.17 "PUT /placement/allocations/e7c4b037-9cc7-472c-bb07-befe77bc3f81" {{(pid=114754) __call__ /opt/stack/placement/placement/requestlog.py:55}}
Aug 10 23:16:14.607702 n-d-852397-3 devstack@placement-api.service[114754]: DEBUG placement.handlers.allocation [req-d71207fd-f80d-4fdc-a3fc-858d18072a08 req-94ed7304-42df-4641-833e-f7881fe365bd service placement] Successfully wrote allocations [, , ] {{(pid=114754) _update_consumers_and_create_allocations /opt/stack/placement/placement/handlers/allocation.py:462}}
Aug 10 23:16:14.748043 n-d-852397-3 devstack@placement-api.service[114754]: INFO placement.requestlog [req-d71207fd-f80d-4fdc-a3fc-858d18072a08 req-94ed7304-42df-4641-833e-f7881fe365bd service placement] 10.222.0.17 "PUT /placement/allocations/e7c4b037-9cc7-472c-bb07-befe77bc3f81" status: 204 len: 0 microversion: 1.36
Aug 10 23:16:14.751167 n-d-852397-3 devstack@placement-api.service[114754]: [pid: 114754|app: 0|req: 388/774] 10.222.0.17 () {64 vars in 1433 bytes} [Wed Aug 10 23:16:14 2022] PUT /placement/allocations/e7c4b037-9cc7-472c-bb07-befe77bc3f81 => generated 0 bytes in 523 msecs (HTTP/1.1 204) 5 headers in 199 bytes (2 switches on core 0)
Aug 10 23:16:16.150624 n-d-852397-3 devstack@placement-api.service[114753]: DEBUG placement.requestlog [req-d71207fd-f80d-4fdc-a3fc-858d18072a08 req-96098fa4-5309-4209-b5c8-0d18eb397cde None None] Starting request: 10.222.0.16 "GET /placement/allocations/e7c4b037-9cc7-472c-bb07-befe77bc3f81" {{(pid=114753) __call__ /opt/stack/placement/placement/requestlog.py:55}}
Aug 10 23:16:16.168124 n-d-852397-3 devstack@placement-api.service[114753]: INFO placement.requestlog [req-d71207fd-f80d-4fdc-a3fc-858d18072a08 req-96098fa4-5309-4209-b5c8-0d18eb397cde service placement] 10.222.0.16 "GET /placement/allocations/e7c4b037-9cc7-472c-bb07-befe77bc3f81" status: 200 len: 259 microversion: 1.28
Aug 10 23:16:16.169085 n-d-852397-3 devstack@placement-api.service[114753]: [pid: 114753|app: 0|req: 387/775] 10.222.0.16 () {60 vars in 1377 bytes} [Wed Aug 10 23:16:16 2022] GET /placement/allocations/e7c4b037-9cc7-472c-bb07-befe77bc3f81 => generated 259 bytes in 19 msecs (HTTP/1.1 200) 8 headers in 296 bytes (1 switches on core 0)
Aug 10 23:16:20.738807 n-d-852397-3 devstack@placement-api.service[114754]: DEBUG placement.requestlog [None req-76b1515e-d31c-44c1-9ece-3a0e89f5e38a None None] Starting request: 10.222.0.17 "GET /placement/resource_providers/2be67961-09f5-423e-a1c4-f8dd3408b808/aggregates" {{(pid=114754) __call__ /opt/stack/placement/placement/requestlog.py:55}}
Aug 10 23:16:20.766439 n-d-852397-3 devstack@placement-api.service[114754]: INFO placement.requestlog [None req-76b1515e-d31c-44c1-9ece-3a0e89f5e38a service placement] 10.222.0.17 "GET /placement/resource_providers/2be67961-09f5-423e-a1c4-f8dd3408b808/aggregates" status: 404 len: 235 microversion: 1.1
Aug 10 23:16:20.768703 n-d-852397-3 devstack@placement-api.service[114754]: [pid: 114754|app: 0|req: 389/776] 10.222.0.17 () {58 vars in 1362 bytes} [Wed Aug 10 23:16:20 2022] GET /placement/resource_providers/2be67961-09f5-423e-a1c4-f8dd3408b808/aggregates => generated 235 bytes in 28 msecs (HTTP/1.1 404) 5 headers in 202 bytes (1 switches on core 0)
Aug 10 23:16:20.803103 n-d-852397-3 devstack@placement-api.service[114753]: DEBUG placement.requestlog [None req-2c22c3ac-01da-48af-a4ac-d983838c200d None None] Starting request: 10.222.0.17 "DELETE /placement/resource_providers/2be67961-09f5-423e-a1c4-f8dd3408b808" {{(pid=114753) __call__ /opt/stack/placement/placement/requestlog.py:55}}
Aug 10 23:16:20.815417 n-d-852397-3 devstack@placement-api.service[114753]: DEBUG placement.wsgi_wrapper [None req-2c22c3ac-01da-48af-a4ac-d983838c200d service placement] Placement API returning an error response: No resource provider with uuid 2be67961-09f5-423e-a1c4-f8dd3408b808 found for delete {{(pid=114753) call_func /opt/stack/placement/placement/wsgi_wrapper.py:31}}
Aug 10 23:16:20.816362 n-d-852397-3 devstack@placement-api.service[114753]: INFO placement.requestlog [None req-2c22c3ac-01da-48af-a4ac-d983838c200d service placement] 10.222.0.17 "DELETE /placement/resource_providers/2be67961-09f5-423e-a1c4-f8dd3408b808" status: 404 len: 246 microversion: 1.1
Aug 10 23:16:20.817111 n-d-852397-3 devstack@placement-api.service[114753]: [pid: 114753|app: 0|req: 388/777] 10.222.0.17 () {60 vars in 1351 bytes} [Wed Aug 10 23:16:20 2022] DELETE /placement/resource_providers/2be67961-09f5-423e-a1c4-f8dd3408b808 => generated 246 bytes in 15 msecs (HTTP/1.1 404) 6 headers in 231 bytes (2 switches on core 0)
Aug 10 23:16:23.783670 n-d-852397-3 devstack@placement-api.service[114754]: DEBUG placement.requestlog [req-10f34154-fd36-4ec3-890f-d8bfbdac247a req-9e0983c3-6f23-4158-b9f9-828b88542cd6 None None] Starting request: 10.222.0.36 "DELETE /placement/allocations/b5cafa27-40d0-4aac-9b55-2e766a2f81e4" {{(pid=114754) __call__ /opt/stack/placement/placement/requestlog.py:55}}
Aug 10 23:16:24.039564 n-d-852397-3 devstack@placement-api.service[114754]: DEBUG placement.handlers.allocation [req-10f34154-fd36-4ec3-890f-d8bfbdac247a req-9e0983c3-6f23-4158-b9f9-828b88542cd6 service placement] Successfully deleted allocations [, , ] {{(pid=114754) delete_allocations /opt/stack/placement/placement/handlers/allocation.py:627}}
Aug 10 23:16:24.043546 n-d-852397-3 devstack@placement-api.service[114754]: INFO placement.requestlog [req-10f34154-fd36-4ec3-890f-d8bfbdac247a req-9e0983c3-6f23-4158-b9f9-828b88542cd6 service placement] 10.222.0.36 "DELETE /placement/allocations/b5cafa27-40d0-4aac-9b55-2e766a2f81e4" status: 204 len: 0 microversion: 1.0
Aug 10 23:16:24.043546 n-d-852397-3 devstack@placement-api.service[114754]: [pid: 114754|app: 0|req: 390/778] 10.222.0.36 () {60 vars in 1355 bytes} [Wed Aug 10 23:16:23 2022] DELETE /placement/allocations/b5cafa27-40d0-4aac-9b55-2e766a2f81e4 => generated 0 bytes in 258 msecs (HTTP/1.1 204) 5 headers in 198 bytes (1 switches on core 0)
Aug 10 23:16:24.987829 n-d-852397-3 devstack@placement-api.service[114753]: DEBUG placement.requestlog [req-f5b4bba4-f6a1-4e33-bc4d-f88516ecf807 req-b259d305-8b26-4679-8aaa-c8e67c51533e None None] Starting request: 10.222.0.17 "GET /placement/allocation_candidates?limit=1000&resources=DISK_GB%3A1%2CMEMORY_MB%3A1024%2CVCPU%3A1&root_required=%21COMPUTE_STATUS_DISABLED" {{(pid=114753) __call__ /opt/stack/placement/placement/requestlog.py:55}}
Aug 10 23:16:25.065252 n-d-852397-3 devstack@placement-api.service[114753]: DEBUG placement.objects.research_context [req-f5b4bba4-f6a1-4e33-bc4d-f88516ecf807 req-b259d305-8b26-4679-8aaa-c8e67c51533e service placement] getting providers with 1 DISK_GB {{(pid=114753) __init__ /opt/stack/placement/placement/objects/research_context.py:136}}
Aug 10 23:16:25.085734 n-d-852397-3 devstack@placement-api.service[114753]: DEBUG placement.objects.research_context [req-f5b4bba4-f6a1-4e33-bc4d-f88516ecf807 req-b259d305-8b26-4679-8aaa-c8e67c51533e service placement] getting providers with 1024 MEMORY_MB {{(pid=114753) __init__ /opt/stack/placement/placement/objects/research_context.py:136}}
Aug 10 23:16:25.099535 n-d-852397-3 devstack@placement-api.service[114753]: DEBUG placement.objects.research_context [req-f5b4bba4-f6a1-4e33-bc4d-f88516ecf807 req-b259d305-8b26-4679-8aaa-c8e67c51533e service placement] getting providers with 1 VCPU {{(pid=114753) __init__ /opt/stack/placement/placement/objects/research_context.py:136}}
Aug 10 23:16:25.109054 n-d-852397-3 devstack@placement-api.service[114753]: DEBUG placement.objects.research_context [req-f5b4bba4-f6a1-4e33-bc4d-f88516ecf807 req-b259d305-8b26-4679-8aaa-c8e67c51533e service placement] found 2 providers with available 1 DISK_GB {{(pid=114753) get_provider_ids_matching /opt/stack/placement/placement/objects/research_context.py:563}}
Aug 10 23:16:25.109432 n-d-852397-3 devstack@placement-api.service[114753]: DEBUG placement.objects.research_context [req-f5b4bba4-f6a1-4e33-bc4d-f88516ecf807 req-b259d305-8b26-4679-8aaa-c8e67c51533e service placement] found 2 providers with available 1024 MEMORY_MB {{(pid=114753) get_provider_ids_matching /opt/stack/placement/placement/objects/research_context.py:563}}
Aug 10 23:16:25.109726 n-d-852397-3 devstack@placement-api.service[114753]: DEBUG placement.objects.research_context [req-f5b4bba4-f6a1-4e33-bc4d-f88516ecf807 req-b259d305-8b26-4679-8aaa-c8e67c51533e service placement] found 2 providers after filtering by previous result {{(pid=114753) get_provider_ids_matching /opt/stack/placement/placement/objects/research_context.py:594}}
Aug 10 23:16:25.109989 n-d-852397-3 devstack@placement-api.service[114753]: DEBUG placement.objects.research_context [req-f5b4bba4-f6a1-4e33-bc4d-f88516ecf807 req-b259d305-8b26-4679-8aaa-c8e67c51533e service placement] found 2 providers with available 1 VCPU {{(pid=114753) get_provider_ids_matching /opt/stack/placement/placement/objects/research_context.py:563}}
Aug 10 23:16:25.110295 n-d-852397-3 devstack@placement-api.service[114753]: DEBUG placement.objects.research_context [req-f5b4bba4-f6a1-4e33-bc4d-f88516ecf807 req-b259d305-8b26-4679-8aaa-c8e67c51533e service placement] found 2 providers after filtering by previous result {{(pid=114753) get_provider_ids_matching /opt/stack/placement/placement/objects/research_context.py:594}}
Aug 10 23:16:25.124771 n-d-852397-3 devstack@placement-api.service[114753]: DEBUG placement.objects.allocation_candidate [req-f5b4bba4-f6a1-4e33-bc4d-f88516ecf807 req-b259d305-8b26-4679-8aaa-c8e67c51533e service placement] RequestGroup(use_same_provider=False, resources={DISK_GB:1, MEMORY_MB:1024, VCPU:1}, traits=(), aggregates=[]) (suffix '') returned 2 matches {{(pid=114753) _get_by_requests /opt/stack/placement/placement/objects/allocation_candidate.py:156}}
Aug 10 23:16:25.125149 n-d-852397-3 devstack@placement-api.service[114753]: DEBUG placement.objects.allocation_candidate [req-f5b4bba4-f6a1-4e33-bc4d-f88516ecf807 req-b259d305-8b26-4679-8aaa-c8e67c51533e service placement] Merging candidates yields 2 allocation requests and 2 provider summaries {{(pid=114753) _merge_candidates /opt/stack/placement/placement/objects/allocation_candidate.py:809}}
Aug 10 23:16:25.126754 n-d-852397-3 devstack@placement-api.service[114753]: INFO placement.requestlog [req-f5b4bba4-f6a1-4e33-bc4d-f88516ecf807 req-b259d305-8b26-4679-8aaa-c8e67c51533e service placement] 10.222.0.17 "GET /placement/allocation_candidates?limit=1000&resources=DISK_GB%3A1%2CMEMORY_MB%3A1024%2CVCPU%3A1&root_required=%21COMPUTE_STATUS_DISABLED" status: 200 len: 1309 microversion: 1.36
Aug 10 23:16:25.127536 n-d-852397-3 devstack@placement-api.service[114753]: [pid: 114753|app: 0|req: 389/779] 10.222.0.17 () {60 vars in 1506 bytes} [Wed Aug 10 23:16:24 2022] GET /placement/allocation_candidates?limit=1000&resources=DISK_GB%3A1%2CMEMORY_MB%3A1024%2CVCPU%3A1&root_required=%21COMPUTE_STATUS_DISABLED => generated 1309 bytes in 140 msecs (HTTP/1.1 200) 8 headers in 297 bytes (1 switches on core 0)
Aug 10 23:16:25.276473 n-d-852397-3 devstack@placement-api.service[114754]: DEBUG placement.requestlog [req-f5b4bba4-f6a1-4e33-bc4d-f88516ecf807 req-c1cd8c0c-8173-4d60-b21d-ef3e4ee63457 None None] Starting request: 10.222.0.17 "GET /placement/allocations/4b52e24a-e536-40ec-ad2e-b364523dae1d" {{(pid=114754) __call__ /opt/stack/placement/placement/requestlog.py:55}}
Aug 10 23:16:25.290216 n-d-852397-3 devstack@placement-api.service[114754]: INFO placement.requestlog [req-f5b4bba4-f6a1-4e33-bc4d-f88516ecf807 req-c1cd8c0c-8173-4d60-b21d-ef3e4ee63457 service placement] 10.222.0.17 "GET /placement/allocations/4b52e24a-e536-40ec-ad2e-b364523dae1d" status: 200 len: 19 microversion: 1.28
Aug 10 23:16:25.291618 n-d-852397-3 devstack@placement-api.service[114754]: [pid: 114754|app: 0|req: 391/780] 10.222.0.17 () {60 vars in 1380 bytes} [Wed Aug 10 23:16:25 2022] GET /placement/allocations/4b52e24a-e536-40ec-ad2e-b364523dae1d => generated 19 bytes in 15 msecs (HTTP/1.1 200) 8 headers in 295 bytes (1 switches on core 0)
Aug 10 23:16:25.298318 n-d-852397-3 devstack@placement-api.service[114753]: DEBUG placement.requestlog [req-f5b4bba4-f6a1-4e33-bc4d-f88516ecf807 req-d1f100ab-a819-40ad-b123-685bb5d17c89 None None] Starting request: 10.222.0.17 "PUT /placement/allocations/4b52e24a-e536-40ec-ad2e-b364523dae1d" {{(pid=114753) __call__ /opt/stack/placement/placement/requestlog.py:55}}
Aug 10 23:16:25.642040 n-d-852397-3 devstack@placement-api.service[114753]: DEBUG placement.handlers.allocation [req-f5b4bba4-f6a1-4e33-bc4d-f88516ecf807 req-d1f100ab-a819-40ad-b123-685bb5d17c89 service placement] Successfully wrote allocations [, , ] {{(pid=114753) _update_consumers_and_create_allocations /opt/stack/placement/placement/handlers/allocation.py:462}}
Aug 10 23:16:25.774249 n-d-852397-3 devstack@placement-api.service[114753]: INFO placement.requestlog [req-f5b4bba4-f6a1-4e33-bc4d-f88516ecf807 req-d1f100ab-a819-40ad-b123-685bb5d17c89 service placement] 10.222.0.17 "PUT /placement/allocations/4b52e24a-e536-40ec-ad2e-b364523dae1d" status: 204 len: 0 microversion: 1.36
Aug 10 23:16:25.774977 n-d-852397-3 devstack@placement-api.service[114753]: [pid: 114753|app: 0|req: 390/781] 10.222.0.17 () {64 vars in 1433 bytes} [Wed Aug 10 23:16:25 2022] PUT /placement/allocations/4b52e24a-e536-40ec-ad2e-b364523dae1d => generated 0 bytes in 477 msecs (HTTP/1.1 204) 5 headers in 199 bytes (2 switches on core 0)
Aug 10 23:16:27.015793 n-d-852397-3 devstack@placement-api.service[114754]: DEBUG placement.requestlog [req-f5b4bba4-f6a1-4e33-bc4d-f88516ecf807 req-4bfef990-ac31-4566-a7c3-ae01663abb04 None None] Starting request: 10.222.0.36 "GET /placement/allocations/4b52e24a-e536-40ec-ad2e-b364523dae1d" {{(pid=114754) __call__ /opt/stack/placement/placement/requestlog.py:55}}
Aug 10 23:16:27.035598 n-d-852397-3 devstack@placement-api.service[114754]: INFO placement.requestlog [req-f5b4bba4-f6a1-4e33-bc4d-f88516ecf807 req-4bfef990-ac31-4566-a7c3-ae01663abb04 service placement] 10.222.0.36 "GET /placement/allocations/4b52e24a-e536-40ec-ad2e-b364523dae1d" status: 200 len: 259 microversion: 1.28
Aug 10 23:16:27.036394 n-d-852397-3 devstack@placement-api.service[114754]: [pid: 114754|app: 0|req: 392/782] 10.222.0.36 () {60 vars in 1377 bytes} [Wed Aug 10 23:16:27 2022] GET /placement/allocations/4b52e24a-e536-40ec-ad2e-b364523dae1d => generated 259 bytes in 22 msecs (HTTP/1.1 200) 8 headers in 296 bytes (2 switches on core 0)
Aug 10 23:16:28.142479 n-d-852397-3 devstack@placement-api.service[114753]: DEBUG placement.requestlog [req-f666ca9f-3bc4-457d-8b71-7f4eaa9163eb req-0f69434e-6536-46bc-8b75-780fc4825627 None None] Starting request: 10.222.0.17 "GET /placement/allocation_candidates?limit=1000&resources=DISK_GB%3A1%2CMEMORY_MB%3A1024%2CVCPU%3A1&root_required=%21COMPUTE_STATUS_DISABLED" {{(pid=114753) __call__ /opt/stack/placement/placement/requestlog.py:55}}
Aug 10 23:16:28.194657 n-d-852397-3 devstack@placement-api.service[114753]: DEBUG placement.objects.research_context [req-f666ca9f-3bc4-457d-8b71-7f4eaa9163eb req-0f69434e-6536-46bc-8b75-780fc4825627 service placement] getting providers with 1 DISK_GB {{(pid=114753) __init__ /opt/stack/placement/placement/objects/research_context.py:136}}
Aug 10 23:16:28.200702 n-d-852397-3 devstack@placement-api.service[114753]: DEBUG placement.objects.research_context [req-f666ca9f-3bc4-457d-8b71-7f4eaa9163eb req-0f69434e-6536-46bc-8b75-780fc4825627 service placement] getting providers with 1024 MEMORY_MB {{(pid=114753) __init__ /opt/stack/placement/placement/objects/research_context.py:136}}
Aug 10 23:16:28.207087 n-d-852397-3 devstack@placement-api.service[114753]: DEBUG placement.objects.research_context [req-f666ca9f-3bc4-457d-8b71-7f4eaa9163eb req-0f69434e-6536-46bc-8b75-780fc4825627 service placement] getting providers with 1 VCPU {{(pid=114753) __init__ /opt/stack/placement/placement/objects/research_context.py:136}}
Aug 10 23:16:28.213133 n-d-852397-3 devstack@placement-api.service[114753]: DEBUG placement.objects.research_context [req-f666ca9f-3bc4-457d-8b71-7f4eaa9163eb req-0f69434e-6536-46bc-8b75-780fc4825627 service placement] found 2 providers with available 1 DISK_GB {{(pid=114753) get_provider_ids_matching /opt/stack/placement/placement/objects/research_context.py:563}}
Aug 10 23:16:28.213739 n-d-852397-3 devstack@placement-api.service[114753]: DEBUG placement.objects.research_context [req-f666ca9f-3bc4-457d-8b71-7f4eaa9163eb req-0f69434e-6536-46bc-8b75-780fc4825627 service placement] found 2 providers with available 1024 MEMORY_MB {{(pid=114753) get_provider_ids_matching /opt/stack/placement/placement/objects/research_context.py:563}}
Aug 10 23:16:28.214301 n-d-852397-3 devstack@placement-api.service[114753]: DEBUG placement.objects.research_context [req-f666ca9f-3bc4-457d-8b71-7f4eaa9163eb req-0f69434e-6536-46bc-8b75-780fc4825627 service placement] found 2 providers after filtering by previous result {{(pid=114753) get_provider_ids_matching /opt/stack/placement/placement/objects/research_context.py:594}}
Aug 10 23:16:28.214975 n-d-852397-3 devstack@placement-api.service[114753]: DEBUG placement.objects.research_context [req-f666ca9f-3bc4-457d-8b71-7f4eaa9163eb req-0f69434e-6536-46bc-8b75-780fc4825627 service placement] found 2 providers with available 1 VCPU {{(pid=114753) get_provider_ids_matching /opt/stack/placement/placement/objects/research_context.py:563}}
Aug 10 23:16:28.215382 n-d-852397-3 devstack@placement-api.service[114753]: DEBUG placement.objects.research_context [req-f666ca9f-3bc4-457d-8b71-7f4eaa9163eb req-0f69434e-6536-46bc-8b75-780fc4825627 service placement] found 2 providers after filtering by previous result {{(pid=114753) get_provider_ids_matching /opt/stack/placement/placement/objects/research_context.py:594}}
Aug 10 23:16:28.229623 n-d-852397-3 devstack@placement-api.service[114753]: DEBUG placement.objects.allocation_candidate [req-f666ca9f-3bc4-457d-8b71-7f4eaa9163eb req-0f69434e-6536-46bc-8b75-780fc4825627 service placement] RequestGroup(use_same_provider=False, resources={DISK_GB:1, MEMORY_MB:1024, VCPU:1}, traits=(), aggregates=[]) (suffix '') returned 2 matches {{(pid=114753) _get_by_requests /opt/stack/placement/placement/objects/allocation_candidate.py:156}}
Aug 10 23:16:28.230086 n-d-852397-3 devstack@placement-api.service[114753]: DEBUG placement.objects.allocation_candidate [req-f666ca9f-3bc4-457d-8b71-7f4eaa9163eb req-0f69434e-6536-46bc-8b75-780fc4825627 service placement] Merging candidates yields 2 allocation requests and 2 provider summaries {{(pid=114753) _merge_candidates /opt/stack/placement/placement/objects/allocation_candidate.py:809}}
Aug 10 23:16:28.231884 n-d-852397-3 devstack@placement-api.service[114753]: INFO placement.requestlog [req-f666ca9f-3bc4-457d-8b71-7f4eaa9163eb req-0f69434e-6536-46bc-8b75-780fc4825627 service placement] 10.222.0.17 "GET /placement/allocation_candidates?limit=1000&resources=DISK_GB%3A1%2CMEMORY_MB%3A1024%2CVCPU%3A1&root_required=%21COMPUTE_STATUS_DISABLED" status: 200 len: 1309 microversion: 1.36
Aug 10 23:16:28.232272 n-d-852397-3 devstack@placement-api.service[114753]: [pid: 114753|app: 0|req: 391/783] 10.222.0.17 () {60 vars in 1506 bytes} [Wed Aug 10 23:16:28 2022] GET /placement/allocation_candidates?limit=1000&resources=DISK_GB%3A1%2CMEMORY_MB%3A1024%2CVCPU%3A1&root_required=%21COMPUTE_STATUS_DISABLED => generated 1309 bytes in 92 msecs (HTTP/1.1 200) 8 headers in 297 bytes (1 switches on core 0)
Aug 10 23:16:28.399898 n-d-852397-3 devstack@placement-api.service[114754]: DEBUG placement.requestlog [req-f666ca9f-3bc4-457d-8b71-7f4eaa9163eb req-6d39e6ff-65fb-41cc-99a0-72c26972b1d3 None None] Starting request: 10.222.0.17 "GET /placement/allocations/747d67b0-0e31-439d-bea2-ffcc2b4b5743" {{(pid=114754) __call__ /opt/stack/placement/placement/requestlog.py:55}}
Aug 10 23:16:28.414221 n-d-852397-3 devstack@placement-api.service[114754]: INFO placement.requestlog [req-f666ca9f-3bc4-457d-8b71-7f4eaa9163eb req-6d39e6ff-65fb-41cc-99a0-72c26972b1d3 service placement] 10.222.0.17 "GET /placement/allocations/747d67b0-0e31-439d-bea2-ffcc2b4b5743" status: 200 len: 19 microversion: 1.28
Aug 10 23:16:28.421744 n-d-852397-3 devstack@placement-api.service[114754]: [pid: 114754|app: 0|req: 393/784] 10.222.0.17 () {60 vars in 1380 bytes} [Wed Aug 10 23:16:28 2022] GET /placement/allocations/747d67b0-0e31-439d-bea2-ffcc2b4b5743 => generated 19 bytes in 20 msecs (HTTP/1.1 200) 8 headers in 295 bytes (1 switches on core 0)
Aug 10 23:16:28.428251 n-d-852397-3 devstack@placement-api.service[114753]: DEBUG placement.requestlog [req-f666ca9f-3bc4-457d-8b71-7f4eaa9163eb req-a8b36e22-503c-48b2-8539-a48cfd9f9062 None None] Starting request: 10.222.0.17 "PUT /placement/allocations/747d67b0-0e31-439d-bea2-ffcc2b4b5743" {{(pid=114753) __call__ /opt/stack/placement/placement/requestlog.py:55}}
Aug 10 23:16:28.857995 n-d-852397-3 devstack@placement-api.service[114753]: DEBUG placement.handlers.allocation [req-f666ca9f-3bc4-457d-8b71-7f4eaa9163eb req-a8b36e22-503c-48b2-8539-a48cfd9f9062 service placement] Successfully wrote allocations [, , ] {{(pid=114753) _update_consumers_and_create_allocations /opt/stack/placement/placement/handlers/allocation.py:462}}
Aug 10 23:16:28.959703 n-d-852397-3 devstack@placement-api.service[114753]: INFO placement.requestlog [req-f666ca9f-3bc4-457d-8b71-7f4eaa9163eb req-a8b36e22-503c-48b2-8539-a48cfd9f9062 service placement] 10.222.0.17 "PUT /placement/allocations/747d67b0-0e31-439d-bea2-ffcc2b4b5743" status: 204 len: 0 microversion: 1.36
Aug 10 23:16:28.960664 n-d-852397-3 devstack@placement-api.service[114753]: [pid: 114753|app: 0|req: 392/785] 10.222.0.17 () {64 vars in 1433 bytes} [Wed Aug 10 23:16:28 2022] PUT /placement/allocations/747d67b0-0e31-439d-bea2-ffcc2b4b5743 => generated 0 bytes in 533 msecs (HTTP/1.1 204) 5 headers in 199 bytes (1 switches on core 0)
Aug 10 23:16:30.325944 n-d-852397-3 devstack@placement-api.service[114754]: DEBUG placement.requestlog [req-c1d6bfb9-b407-44f0-8212-9fcbb9276106 req-ee4057d6-383c-432a-bacb-8e1c5a4dde6d None None] Starting request: 10.222.0.17 "GET /placement/allocation_candidates?limit=1000&resources=DISK_GB%3A1%2CMEMORY_MB%3A1024%2CVCPU%3A1&root_required=%21COMPUTE_STATUS_DISABLED" {{(pid=114754) __call__ /opt/stack/placement/placement/requestlog.py:55}}
Aug 10 23:16:30.438641 n-d-852397-3 devstack@placement-api.service[114754]: DEBUG placement.objects.research_context [req-c1d6bfb9-b407-44f0-8212-9fcbb9276106 req-ee4057d6-383c-432a-bacb-8e1c5a4dde6d service placement] getting providers with 1 DISK_GB {{(pid=114754) __init__ /opt/stack/placement/placement/objects/research_context.py:136}}
Aug 10 23:16:30.447074 n-d-852397-3 devstack@placement-api.service[114754]: DEBUG placement.objects.research_context [req-c1d6bfb9-b407-44f0-8212-9fcbb9276106 req-ee4057d6-383c-432a-bacb-8e1c5a4dde6d service placement] getting providers with 1024 MEMORY_MB {{(pid=114754) __init__ /opt/stack/placement/placement/objects/research_context.py:136}}
Aug 10 23:16:30.465210 n-d-852397-3 devstack@placement-api.service[114754]: DEBUG placement.objects.research_context [req-c1d6bfb9-b407-44f0-8212-9fcbb9276106 req-ee4057d6-383c-432a-bacb-8e1c5a4dde6d service placement] getting providers with 1 VCPU {{(pid=114754) __init__ /opt/stack/placement/placement/objects/research_context.py:136}}
Aug 10 23:16:30.473550 n-d-852397-3 devstack@placement-api.service[114754]: DEBUG placement.objects.research_context [req-c1d6bfb9-b407-44f0-8212-9fcbb9276106 req-ee4057d6-383c-432a-bacb-8e1c5a4dde6d service placement] found 2 providers with available 1 DISK_GB {{(pid=114754) get_provider_ids_matching /opt/stack/placement/placement/objects/research_context.py:563}}
Aug 10 23:16:30.474113 n-d-852397-3 devstack@placement-api.service[114754]: DEBUG placement.objects.research_context [req-c1d6bfb9-b407-44f0-8212-9fcbb9276106 req-ee4057d6-383c-432a-bacb-8e1c5a4dde6d service placement] found 2 providers with available 1024 MEMORY_MB {{(pid=114754) get_provider_ids_matching /opt/stack/placement/placement/objects/research_context.py:563}}
Aug 10 23:16:30.474396 n-d-852397-3 devstack@placement-api.service[114754]: DEBUG placement.objects.research_context [req-c1d6bfb9-b407-44f0-8212-9fcbb9276106 req-ee4057d6-383c-432a-bacb-8e1c5a4dde6d service placement] found 2 providers after filtering by previous result {{(pid=114754) get_provider_ids_matching /opt/stack/placement/placement/objects/research_context.py:594}}
Aug 10 23:16:30.474681 n-d-852397-3 devstack@placement-api.service[114754]: DEBUG placement.objects.research_context [req-c1d6bfb9-b407-44f0-8212-9fcbb9276106 req-ee4057d6-383c-432a-bacb-8e1c5a4dde6d service placement] found 2 providers with available 1 VCPU {{(pid=114754) get_provider_ids_matching /opt/stack/placement/placement/objects/research_context.py:563}}
Aug 10 23:16:30.474965 n-d-852397-3 devstack@placement-api.service[114754]: DEBUG placement.objects.research_context [req-c1d6bfb9-b407-44f0-8212-9fcbb9276106 req-ee4057d6-383c-432a-bacb-8e1c5a4dde6d service placement] found 2 providers after filtering by previous result {{(pid=114754) get_provider_ids_matching /opt/stack/placement/placement/objects/research_context.py:594}}
Aug 10 23:16:30.478140 n-d-852397-3 devstack@placement-api.service[114753]: DEBUG placement.requestlog [req-f666ca9f-3bc4-457d-8b71-7f4eaa9163eb req-36397cad-63d3-4015-b3ed-5aa981babe24 None None] Starting request: 10.222.0.36 "GET /placement/allocations/747d67b0-0e31-439d-bea2-ffcc2b4b5743" {{(pid=114753) __call__ /opt/stack/placement/placement/requestlog.py:55}}
Aug 10 23:16:30.521470 n-d-852397-3 devstack@placement-api.service[114754]: DEBUG placement.objects.allocation_candidate [req-c1d6bfb9-b407-44f0-8212-9fcbb9276106 req-ee4057d6-383c-432a-bacb-8e1c5a4dde6d service placement] RequestGroup(use_same_provider=False, resources={DISK_GB:1, MEMORY_MB:1024, VCPU:1}, traits=(), aggregates=[]) (suffix '') returned 2 matches {{(pid=114754) _get_by_requests /opt/stack/placement/placement/objects/allocation_candidate.py:156}}
Aug 10 23:16:30.522156 n-d-852397-3 devstack@placement-api.service[114754]: DEBUG placement.objects.allocation_candidate [req-c1d6bfb9-b407-44f0-8212-9fcbb9276106 req-ee4057d6-383c-432a-bacb-8e1c5a4dde6d service placement] Merging candidates yields 2 allocation requests and 2 provider summaries {{(pid=114754) _merge_candidates /opt/stack/placement/placement/objects/allocation_candidate.py:809}}
Aug 10 23:16:30.524267 n-d-852397-3 devstack@placement-api.service[114754]: INFO placement.requestlog [req-c1d6bfb9-b407-44f0-8212-9fcbb9276106 req-ee4057d6-383c-432a-bacb-8e1c5a4dde6d service placement] 10.222.0.17 "GET /placement/allocation_candidates?limit=1000&resources=DISK_GB%3A1%2CMEMORY_MB%3A1024%2CVCPU%3A1&root_required=%21COMPUTE_STATUS_DISABLED" status: 200 len: 1309 microversion: 1.36
Aug 10 23:16:30.525137 n-d-852397-3 devstack@placement-api.service[114754]: [pid: 114754|app: 0|req: 394/786] 10.222.0.17 () {60 vars in 1506 bytes} [Wed Aug 10 23:16:30 2022] GET /placement/allocation_candidates?limit=1000&resources=DISK_GB%3A1%2CMEMORY_MB%3A1024%2CVCPU%3A1&root_required=%21COMPUTE_STATUS_DISABLED => generated 1309 bytes in 199 msecs (HTTP/1.1 200) 8 headers in 297 bytes (1 switches on core 0)
Aug 10 23:16:30.535337 n-d-852397-3 devstack@placement-api.service[114753]: INFO placement.requestlog [req-f666ca9f-3bc4-457d-8b71-7f4eaa9163eb req-36397cad-63d3-4015-b3ed-5aa981babe24 service placement] 10.222.0.36 "GET /placement/allocations/747d67b0-0e31-439d-bea2-ffcc2b4b5743" status: 200 len: 259 microversion: 1.28
Aug 10 23:16:30.550484 n-d-852397-3 devstack@placement-api.service[114753]: [pid: 114753|app: 0|req: 393/787] 10.222.0.36 () {60 vars in 1377 bytes} [Wed Aug 10 23:16:30 2022] GET /placement/allocations/747d67b0-0e31-439d-bea2-ffcc2b4b5743 => generated 259 bytes in 57 msecs (HTTP/1.1 200) 8 headers in 296 bytes (2 switches on core 0)
Aug 10 23:16:30.743908 n-d-852397-3 devstack@placement-api.service[114754]: DEBUG placement.requestlog [req-c1d6bfb9-b407-44f0-8212-9fcbb9276106 req-b3da0667-fd14-49e5-af27-c6ea7e6e40ba None None] Starting request: 10.222.0.17 "GET /placement/allocations/2487e43b-1d8d-4ef2-a8cd-c3c4bbb6268e" {{(pid=114754) __call__ /opt/stack/placement/placement/requestlog.py:55}}
Aug 10 23:16:30.766544 n-d-852397-3 devstack@placement-api.service[114754]: INFO placement.requestlog [req-c1d6bfb9-b407-44f0-8212-9fcbb9276106 req-b3da0667-fd14-49e5-af27-c6ea7e6e40ba service placement] 10.222.0.17 "GET /placement/allocations/2487e43b-1d8d-4ef2-a8cd-c3c4bbb6268e" status: 200 len: 19 microversion: 1.28
Aug 10 23:16:30.766961 n-d-852397-3 devstack@placement-api.service[114754]: [pid: 114754|app: 0|req: 395/788] 10.222.0.17 () {60 vars in 1380 bytes} [Wed Aug 10 23:16:30 2022] GET /placement/allocations/2487e43b-1d8d-4ef2-a8cd-c3c4bbb6268e => generated 19 bytes in 23 msecs (HTTP/1.1 200) 8 headers in 295 bytes (1 switches on core 0)
Aug 10 23:16:30.773496 n-d-852397-3 devstack@placement-api.service[114753]: DEBUG placement.requestlog [req-c1d6bfb9-b407-44f0-8212-9fcbb9276106 req-1ffbeb3e-7530-4fe1-adf8-cd1e1205d363 None None] Starting request: 10.222.0.17 "PUT /placement/allocations/2487e43b-1d8d-4ef2-a8cd-c3c4bbb6268e" {{(pid=114753) __call__ /opt/stack/placement/placement/requestlog.py:55}}
Aug 10 23:16:30.947374 n-d-852397-3 devstack@placement-api.service[114753]: DEBUG dbcounter [-] [114753] Writing DB stats placement:SELECT=77,placement:INSERT=14,placement:DELETE=5,placement:UPDATE=4 {{(pid=114753) stat_writer /usr/local/lib/python3.8/dist-packages/dbcounter.py:114}}
Aug 10 23:16:30.965571 n-d-852397-3 devstack@placement-api.service[114753]: DEBUG placement.handlers.allocation [req-c1d6bfb9-b407-44f0-8212-9fcbb9276106 req-1ffbeb3e-7530-4fe1-adf8-cd1e1205d363 service placement] Successfully wrote allocations [, , ] {{(pid=114753) _update_consumers_and_create_allocations /opt/stack/placement/placement/handlers/allocation.py:462}}
Aug 10 23:16:31.083589 n-d-852397-3 devstack@placement-api.service[114753]: INFO placement.requestlog [req-c1d6bfb9-b407-44f0-8212-9fcbb9276106 req-1ffbeb3e-7530-4fe1-adf8-cd1e1205d363 service placement] 10.222.0.17 "PUT /placement/allocations/2487e43b-1d8d-4ef2-a8cd-c3c4bbb6268e" status: 204 len: 0 microversion: 1.36
Aug 10 23:16:31.085037 n-d-852397-3 devstack@placement-api.service[114753]: [pid: 114753|app: 0|req: 394/789] 10.222.0.17 () {64 vars in 1433 bytes} [Wed Aug 10 23:16:30 2022] PUT /placement/allocations/2487e43b-1d8d-4ef2-a8cd-c3c4bbb6268e => generated 0 bytes in 312 msecs (HTTP/1.1 204) 5 headers in 199 bytes (1 switches on core 0)
