Aug 08 16:12:06.251066 n-d-852396-1 devstack@placement-api.service[105413]: DEBUG placement.objects.research_context [req-614fa2f6-2c81-42be-9b68-971c4567b4bc req-95dbfa3b-902e-4e7b-b333-3359078a6a22 service placement] found 2 providers after filtering by previous result {{(pid=105413) get_provider_ids_matching /opt/stack/placement/placement/objects/research_context.py:594}}
Aug 08 16:12:06.275329 n-d-852396-1 devstack@placement-api.service[105413]: DEBUG placement.objects.allocation_candidate [req-614fa2f6-2c81-42be-9b68-971c4567b4bc req-95dbfa3b-902e-4e7b-b333-3359078a6a22 service placement] RequestGroup(use_same_provider=False, resources={DISK_GB:1, MEMORY_MB:1024, VCPU:1}, traits=(), aggregates=[]) (suffix '') returned 2 matches {{(pid=105413) _get_by_requests /opt/stack/placement/placement/objects/allocation_candidate.py:156}}
Aug 08 16:12:06.275763 n-d-852396-1 devstack@placement-api.service[105413]: DEBUG placement.objects.allocation_candidate [req-614fa2f6-2c81-42be-9b68-971c4567b4bc req-95dbfa3b-902e-4e7b-b333-3359078a6a22 service placement] Merging candidates yields 2 allocation requests and 2 provider summaries {{(pid=105413) _merge_candidates /opt/stack/placement/placement/objects/allocation_candidate.py:809}}
Aug 08 16:12:06.280363 n-d-852396-1 devstack@placement-api.service[105413]: INFO placement.requestlog [req-614fa2f6-2c81-42be-9b68-971c4567b4bc req-95dbfa3b-902e-4e7b-b333-3359078a6a22 service placement] 10.222.0.17 "GET /placement/allocation_candidates?limit=1000&resources=DISK_GB%3A1%2CMEMORY_MB%3A1024%2CVCPU%3A1&root_required=%21COMPUTE_STATUS_DISABLED" status: 200 len: 1309 microversion: 1.36
Aug 08 16:12:06.281061 n-d-852396-1 devstack@placement-api.service[105413]: [pid: 105413|app: 0|req: 387/786] 10.222.0.17 () {60 vars in 1506 bytes} [Mon Aug 8 16:12:06 2022] GET /placement/allocation_candidates?limit=1000&resources=DISK_GB%3A1%2CMEMORY_MB%3A1024%2CVCPU%3A1&root_required=%21COMPUTE_STATUS_DISABLED => generated 1309 bytes in 152 msecs (HTTP/1.1 200) 8 headers in 297 bytes (1 switches on core 0)
Aug 08 16:12:06.431870 n-d-852396-1 devstack@placement-api.service[105414]: DEBUG placement.requestlog [req-614fa2f6-2c81-42be-9b68-971c4567b4bc req-4570501f-e531-4ebf-9724-1700391e4723 None None] Starting request: 10.222.0.17 "GET /placement/allocations/cd8ee86b-e7ca-4675-9858-56e777582c19" {{(pid=105414) __call__ /opt/stack/placement/placement/requestlog.py:55}}
Aug 08 16:12:06.446176 n-d-852396-1 devstack@placement-api.service[105414]: INFO placement.requestlog [req-614fa2f6-2c81-42be-9b68-971c4567b4bc req-4570501f-e531-4ebf-9724-1700391e4723 service placement] 10.222.0.17 "GET /placement/allocations/cd8ee86b-e7ca-4675-9858-56e777582c19" status: 200 len: 19 microversion: 1.28
Aug 08 16:12:06.447056 n-d-852396-1 devstack@placement-api.service[105414]: [pid: 105414|app: 0|req: 400/787] 10.222.0.17 () {60 vars in 1380 bytes} [Mon Aug 8 16:12:06 2022] GET /placement/allocations/cd8ee86b-e7ca-4675-9858-56e777582c19 => generated 19 bytes in 15 msecs (HTTP/1.1 200) 8 headers in 295 bytes (1 switches on core 0)
Aug 08 16:12:06.454518 n-d-852396-1 devstack@placement-api.service[105413]: DEBUG placement.requestlog [req-614fa2f6-2c81-42be-9b68-971c4567b4bc req-f559cfec-55bc-456e-9b5e-d14d7ac65ab0 None None] Starting request: 10.222.0.17 "PUT /placement/allocations/cd8ee86b-e7ca-4675-9858-56e777582c19" {{(pid=105413) __call__ /opt/stack/placement/placement/requestlog.py:55}}
Aug 08 16:12:06.574229 n-d-852396-1 devstack@placement-api.service[105413]: DEBUG placement.handlers.allocation [req-614fa2f6-2c81-42be-9b68-971c4567b4bc req-f559cfec-55bc-456e-9b5e-d14d7ac65ab0 service placement] Successfully wrote allocations [, , ] {{(pid=105413) _update_consumers_and_create_allocations /opt/stack/placement/placement/handlers/allocation.py:462}}
Aug 08 16:12:06.581639 n-d-852396-1 devstack@placement-api.service[105413]: INFO placement.requestlog [req-614fa2f6-2c81-42be-9b68-971c4567b4bc req-f559cfec-55bc-456e-9b5e-d14d7ac65ab0 service placement] 10.222.0.17 "PUT /placement/allocations/cd8ee86b-e7ca-4675-9858-56e777582c19" status: 204 len: 0 microversion: 1.36
Aug 08 16:12:06.583375 n-d-852396-1 devstack@placement-api.service[105413]: [pid: 105413|app: 0|req: 388/788] 10.222.0.17 () {64 vars in 1433 bytes} [Mon Aug 8 16:12:06 2022] PUT /placement/allocations/cd8ee86b-e7ca-4675-9858-56e777582c19 => generated 0 bytes in 129 msecs (HTTP/1.1 204) 5 headers in 199 bytes (1 switches on core 0)
Aug 08 16:12:06.961546 n-d-852396-1 devstack@placement-api.service[105414]: DEBUG placement.requestlog [req-614fa2f6-2c81-42be-9b68-971c4567b4bc req-add1562a-183f-4e45-8aad-f1228b075fcb None None] Starting request: 10.222.0.33 "GET /placement/allocations/cd8ee86b-e7ca-4675-9858-56e777582c19" {{(pid=105414) __call__ /opt/stack/placement/placement/requestlog.py:55}}
Aug 08 16:12:06.983252 n-d-852396-1 devstack@placement-api.service[105414]: INFO placement.requestlog [req-614fa2f6-2c81-42be-9b68-971c4567b4bc req-add1562a-183f-4e45-8aad-f1228b075fcb service placement] 10.222.0.33 "GET /placement/allocations/cd8ee86b-e7ca-4675-9858-56e777582c19" status: 200 len: 259 microversion: 1.28
Aug 08 16:12:06.984485 n-d-852396-1 devstack@placement-api.service[105414]: [pid: 105414|app: 0|req: 401/789] 10.222.0.33 () {60 vars in 1377 bytes} [Mon Aug 8 16:12:06 2022] GET /placement/allocations/cd8ee86b-e7ca-4675-9858-56e777582c19 => generated 259 bytes in 23 msecs (HTTP/1.1 200) 8 headers in 296 bytes (1 switches on core 0)
Aug 08 16:12:07.171866 n-d-852396-1 devstack@placement-api.service[105413]: DEBUG placement.requestlog [req-614fa2f6-2c81-42be-9b68-971c4567b4bc req-d32caaa3-41da-4200-b878-e811659b0bec None None] Starting request: 10.222.0.33 "GET /placement/resource_providers/e90ec3ac-df6b-41f2-9c68-4d5fac7fcfcc/allocations" {{(pid=105413) __call__ /opt/stack/placement/placement/requestlog.py:55}}
Aug 08 16:12:07.229723 n-d-852396-1 devstack@placement-api.service[105413]: INFO placement.requestlog [req-614fa2f6-2c81-42be-9b68-971c4567b4bc req-d32caaa3-41da-4200-b878-e811659b0bec service placement] 10.222.0.33 "GET /placement/resource_providers/e90ec3ac-df6b-41f2-9c68-4d5fac7fcfcc/allocations" status: 200 len: 960 microversion: 1.0
Aug 08 16:12:07.230915 n-d-852396-1 devstack@placement-api.service[105413]: [pid: 105413|app: 0|req: 389/790] 10.222.0.33 () {58 vars in 1390 bytes} [Mon Aug 8 16:12:07 2022] GET /placement/resource_providers/e90ec3ac-df6b-41f2-9c68-4d5fac7fcfcc/allocations => generated 960 bytes in 62 msecs (HTTP/1.1 200) 6 headers in 224 bytes (1 switches on core 0)
Aug 08 16:12:07.240751 n-d-852396-1 devstack@placement-api.service[105414]: DEBUG placement.requestlog [req-614fa2f6-2c81-42be-9b68-971c4567b4bc req-97a137d0-55b4-4a1e-8577-0ceac3047629 None None] Starting request: 10.222.0.33 "GET /placement/allocations/e48de4cc-df44-420a-9821-affcb4eb721d" {{(pid=105414) __call__ /opt/stack/placement/placement/requestlog.py:55}}
Aug 08 16:12:07.270964 n-d-852396-1 devstack@placement-api.service[105414]: INFO placement.requestlog [req-614fa2f6-2c81-42be-9b68-971c4567b4bc req-97a137d0-55b4-4a1e-8577-0ceac3047629 service placement] 10.222.0.33 "GET /placement/allocations/e48de4cc-df44-420a-9821-affcb4eb721d" status: 200 len: 259 microversion: 1.28
Aug 08 16:12:07.272872 n-d-852396-1 devstack@placement-api.service[105414]: [pid: 105414|app: 0|req: 402/791] 10.222.0.33 () {60 vars in 1377 bytes} [Mon Aug 8 16:12:07 2022] GET /placement/allocations/e48de4cc-df44-420a-9821-affcb4eb721d => generated 259 bytes in 33 msecs (HTTP/1.1 200) 8 headers in 296 bytes (1 switches on core 0)
Aug 08 16:12:07.281339 n-d-852396-1 devstack@placement-api.service[105413]: DEBUG placement.requestlog [req-614fa2f6-2c81-42be-9b68-971c4567b4bc req-143fb6d0-4ea6-4159-b0b0-677cabfbb170 None None] Starting request: 10.222.0.33 "GET /placement/allocations/7b2ae8e8-b529-43d3-8f5a-430f80cb4fde" {{(pid=105413) __call__ /opt/stack/placement/placement/requestlog.py:55}}
Aug 08 16:12:07.318074 n-d-852396-1 devstack@placement-api.service[105413]: INFO placement.requestlog [req-614fa2f6-2c81-42be-9b68-971c4567b4bc req-143fb6d0-4ea6-4159-b0b0-677cabfbb170 service placement] 10.222.0.33 "GET /placement/allocations/7b2ae8e8-b529-43d3-8f5a-430f80cb4fde" status: 200 len: 259 microversion: 1.28
Aug 08 16:12:07.318984 n-d-852396-1 devstack@placement-api.service[105413]: [pid: 105413|app: 0|req: 390/792] 10.222.0.33 () {60 vars in 1377 bytes} [Mon Aug 8 16:12:07 2022] GET /placement/allocations/7b2ae8e8-b529-43d3-8f5a-430f80cb4fde => generated 259 bytes in 38 msecs (HTTP/1.1 200) 8 headers in 296 bytes (1 switches on core 0)
Aug 08 16:12:07.328913 n-d-852396-1 devstack@placement-api.service[105414]: DEBUG placement.requestlog [req-614fa2f6-2c81-42be-9b68-971c4567b4bc req-0f456602-a3fa-466a-9f09-028d265e5c31 None None] Starting request: 10.222.0.33 "GET /placement/allocations/a8818d47-2d1d-4968-a66e-d8f3e49374a7" {{(pid=105414) __call__ /opt/stack/placement/placement/requestlog.py:55}}
Aug 08 16:12:07.346142 n-d-852396-1 devstack@placement-api.service[105414]: INFO placement.requestlog [req-614fa2f6-2c81-42be-9b68-971c4567b4bc req-0f456602-a3fa-466a-9f09-028d265e5c31 service placement] 10.222.0.33 "GET /placement/allocations/a8818d47-2d1d-4968-a66e-d8f3e49374a7" status: 200 len: 259 microversion: 1.28
Aug 08 16:12:07.347206 n-d-852396-1 devstack@placement-api.service[105414]: [pid: 105414|app: 0|req: 403/793] 10.222.0.33 () {60 vars in 1377 bytes} [Mon Aug 8 16:12:07 2022] GET /placement/allocations/a8818d47-2d1d-4968-a66e-d8f3e49374a7 => generated 259 bytes in 18 msecs (HTTP/1.1 200) 8 headers in 296 bytes (1 switches on core 0)
Aug 08 16:12:07.359136 n-d-852396-1 devstack@placement-api.service[105413]: DEBUG placement.requestlog [req-614fa2f6-2c81-42be-9b68-971c4567b4bc req-a8f36c62-9888-4332-8dd8-4019f80310df None None] Starting request: 10.222.0.33 "GET /placement/allocations/19089d79-691f-4da8-9bef-0469a5bb490f" {{(pid=105413) __call__ /opt/stack/placement/placement/requestlog.py:55}}
Aug 08 16:12:07.381583 n-d-852396-1 devstack@placement-api.service[105413]: INFO placement.requestlog [req-614fa2f6-2c81-42be-9b68-971c4567b4bc req-a8f36c62-9888-4332-8dd8-4019f80310df service placement] 10.222.0.33 "GET /placement/allocations/19089d79-691f-4da8-9bef-0469a5bb490f" status: 200 len: 258 microversion: 1.28
Aug 08 16:12:07.382401 n-d-852396-1 devstack@placement-api.service[105413]: [pid: 105413|app: 0|req: 391/794] 10.222.0.33 () {60 vars in 1377 bytes} [Mon Aug 8 16:12:07 2022] GET /placement/allocations/19089d79-691f-4da8-9bef-0469a5bb490f => generated 258 bytes in 23 msecs (HTTP/1.1 200) 8 headers in 296 bytes (1 switches on core 0)
Aug 08 16:12:07.391984 n-d-852396-1 devstack@placement-api.service[105414]: DEBUG placement.requestlog [req-614fa2f6-2c81-42be-9b68-971c4567b4bc req-b3fb05fe-e5b2-4f0c-907b-8f696326509e None None] Starting request: 10.222.0.33 "GET /placement/allocations/42130a3c-e416-4744-be2a-a6eda486e223" {{(pid=105414) __call__ /opt/stack/placement/placement/requestlog.py:55}}
Aug 08 16:12:07.427472 n-d-852396-1 devstack@placement-api.service[105414]: INFO placement.requestlog [req-614fa2f6-2c81-42be-9b68-971c4567b4bc req-b3fb05fe-e5b2-4f0c-907b-8f696326509e service placement] 10.222.0.33 "GET /placement/allocations/42130a3c-e416-4744-be2a-a6eda486e223" status: 200 len: 259 microversion: 1.28
Aug 08 16:12:07.431262 n-d-852396-1 devstack@placement-api.service[105414]: [pid: 105414|app: 0|req: 404/795] 10.222.0.33 () {60 vars in 1377 bytes} [Mon Aug 8 16:12:07 2022] GET /placement/allocations/42130a3c-e416-4744-be2a-a6eda486e223 => generated 259 bytes in 39 msecs (HTTP/1.1 200) 8 headers in 296 bytes (1 switches on core 0)
Aug 08 16:12:07.440424 n-d-852396-1 devstack@placement-api.service[105413]: DEBUG placement.requestlog [req-614fa2f6-2c81-42be-9b68-971c4567b4bc req-04db7f32-b293-4663-828e-bb4123608ecf None None] Starting request: 10.222.0.33 "GET /placement/allocations/cd8ee86b-e7ca-4675-9858-56e777582c19" {{(pid=105413) __call__ /opt/stack/placement/placement/requestlog.py:55}}
Aug 08 16:12:07.461881 n-d-852396-1 devstack@placement-api.service[105413]: INFO placement.requestlog [req-614fa2f6-2c81-42be-9b68-971c4567b4bc req-04db7f32-b293-4663-828e-bb4123608ecf service placement] 10.222.0.33 "GET /placement/allocations/cd8ee86b-e7ca-4675-9858-56e777582c19" status: 200 len: 259 microversion: 1.28
Aug 08 16:12:07.462642 n-d-852396-1 devstack@placement-api.service[105413]: [pid: 105413|app: 0|req: 392/796] 10.222.0.33 () {60 vars in 1377 bytes} [Mon Aug 8 16:12:07 2022] GET /placement/allocations/cd8ee86b-e7ca-4675-9858-56e777582c19 => generated 259 bytes in 24 msecs (HTTP/1.1 200) 8 headers in 296 bytes (2 switches on core 0)
Aug 08 16:12:07.482457 n-d-852396-1 devstack@placement-api.service[105414]: DEBUG placement.requestlog [req-614fa2f6-2c81-42be-9b68-971c4567b4bc req-07e77e50-dbe4-4de1-8a3c-93fd16022e8e None None] Starting request: 10.222.0.33 "GET /placement/allocations/84a258e4-c5ab-4a44-bc07-2f829c31c77d" {{(pid=105414) __call__ /opt/stack/placement/placement/requestlog.py:55}}
Aug 08 16:12:07.503970 n-d-852396-1 devstack@placement-api.service[105414]: INFO placement.requestlog [req-614fa2f6-2c81-42be-9b68-971c4567b4bc req-07e77e50-dbe4-4de1-8a3c-93fd16022e8e service placement] 10.222.0.33 "GET /placement/allocations/84a258e4-c5ab-4a44-bc07-2f829c31c77d" status: 200 len: 259 microversion: 1.28
Aug 08 16:12:07.504958 n-d-852396-1 devstack@placement-api.service[105414]: [pid: 105414|app: 0|req: 405/797] 10.222.0.33 () {60 vars in 1377 bytes} [Mon Aug 8 16:12:07 2022] GET /placement/allocations/84a258e4-c5ab-4a44-bc07-2f829c31c77d => generated 259 bytes in 22 msecs (HTTP/1.1 200) 8 headers in 296 bytes (1 switches on core 0)
Aug 08 16:12:07.512632 n-d-852396-1 devstack@placement-api.service[105413]: DEBUG placement.requestlog [req-614fa2f6-2c81-42be-9b68-971c4567b4bc req-3f0e48b0-7150-4af0-8942-d14c24f2d48a None None] Starting request: 10.222.0.33 "GET /placement/allocations/05bb8e40-285b-40c0-b60a-08cc14487498" {{(pid=105413) __call__ /opt/stack/placement/placement/requestlog.py:55}}
Aug 08 16:12:07.547003 n-d-852396-1 devstack@placement-api.service[105413]: INFO placement.requestlog [req-614fa2f6-2c81-42be-9b68-971c4567b4bc req-3f0e48b0-7150-4af0-8942-d14c24f2d48a service placement] 10.222.0.33 "GET /placement/allocations/05bb8e40-285b-40c0-b60a-08cc14487498" status: 200 len: 259 microversion: 1.28
Aug 08 16:12:07.547737 n-d-852396-1 devstack@placement-api.service[105413]: [pid: 105413|app: 0|req: 393/798] 10.222.0.33 () {60 vars in 1377 bytes} [Mon Aug 8 16:12:07 2022] GET /placement/allocations/05bb8e40-285b-40c0-b60a-08cc14487498 => generated 259 bytes in 35 msecs (HTTP/1.1 200) 8 headers in 296 bytes (1 switches on core 0)
Aug 08 16:12:07.562305 n-d-852396-1 devstack@placement-api.service[105414]: DEBUG placement.requestlog [req-614fa2f6-2c81-42be-9b68-971c4567b4bc req-e1b5a91a-b98b-4fd5-bd6b-26c88b66e7cf None None] Starting request: 10.222.0.33 "GET /placement/allocations/ca46d62a-be5e-412a-ae11-b8300e4a710b" {{(pid=105414) __call__ /opt/stack/placement/placement/requestlog.py:55}}
Aug 08 16:12:07.608559 n-d-852396-1 devstack@placement-api.service[105414]: INFO placement.requestlog [req-614fa2f6-2c81-42be-9b68-971c4567b4bc req-e1b5a91a-b98b-4fd5-bd6b-26c88b66e7cf service placement] 10.222.0.33 "GET /placement/allocations/ca46d62a-be5e-412a-ae11-b8300e4a710b" status: 200 len: 258 microversion: 1.28
Aug 08 16:12:07.609762 n-d-852396-1 devstack@placement-api.service[105414]: [pid: 105414|app: 0|req: 406/799] 10.222.0.33 () {60 vars in 1377 bytes} [Mon Aug 8 16:12:07 2022] GET /placement/allocations/ca46d62a-be5e-412a-ae11-b8300e4a710b => generated 258 bytes in 54 msecs (HTTP/1.1 200) 8 headers in 296 bytes (1 switches on core 0)
Aug 08 16:12:17.536967 n-d-852396-1 devstack@placement-api.service[105413]: DEBUG dbcounter [-] [105413] Writing DB stats placement:SELECT=67,placement:INSERT=6,placement:DELETE=2,placement:UPDATE=2 {{(pid=105413) stat_writer /usr/local/lib/python3.8/dist-packages/dbcounter.py:114}}
Aug 08 16:12:17.605790 n-d-852396-1 devstack@placement-api.service[105414]: DEBUG dbcounter [-] [105414] Writing DB stats placement:SELECT=52 {{(pid=105414) stat_writer /usr/local/lib/python3.8/dist-packages/dbcounter.py:114}}
Aug 08 16:12:20.742071 n-d-852396-1 devstack@placement-api.service[105413]: DEBUG placement.requestlog [req-4ea5cce5-04ec-447c-89bc-504a7aaeeb6d req-777c1baa-891f-4041-83a5-40773de361ce None None] Starting request: 10.222.0.33 "GET /placement/allocations/19089d79-691f-4da8-9bef-0469a5bb490f" {{(pid=105413) __call__ /opt/stack/placement/placement/requestlog.py:55}}
Aug 08 16:12:20.759719 n-d-852396-1 devstack@placement-api.service[105413]: INFO placement.requestlog [req-4ea5cce5-04ec-447c-89bc-504a7aaeeb6d req-777c1baa-891f-4041-83a5-40773de361ce service placement] 10.222.0.33 "GET /placement/allocations/19089d79-691f-4da8-9bef-0469a5bb490f" status: 200 len: 258 microversion: 1.28
Aug 08 16:12:20.760596 n-d-852396-1 devstack@placement-api.service[105413]: [pid: 105413|app: 0|req: 394/800] 10.222.0.33 () {60 vars in 1377 bytes} [Mon Aug 8 16:12:20 2022] GET /placement/allocations/19089d79-691f-4da8-9bef-0469a5bb490f => generated 258 bytes in 19 msecs (HTTP/1.1 200) 8 headers in 296 bytes (1 switches on core 0)
Aug 08 16:12:25.891851 n-d-852396-1 devstack@placement-api.service[105414]: DEBUG placement.requestlog [req-98f66fd7-cf80-458d-a6d0-693a98c09c0e req-639037d6-028e-421d-81a0-c21ae5505466 None None] Starting request: 10.222.0.17 "GET /placement/allocation_candidates?limit=1000&resources=DISK_GB%3A1%2CMEMORY_MB%3A1024%2CVCPU%3A1&root_required=%21COMPUTE_STATUS_DISABLED" {{(pid=105414) __call__ /opt/stack/placement/placement/requestlog.py:55}}
Aug 08 16:12:25.936859 n-d-852396-1 devstack@placement-api.service[105414]: DEBUG placement.objects.research_context [req-98f66fd7-cf80-458d-a6d0-693a98c09c0e req-639037d6-028e-421d-81a0-c21ae5505466 service placement] getting providers with 1 DISK_GB {{(pid=105414) __init__ /opt/stack/placement/placement/objects/research_context.py:136}}
Aug 08 16:12:25.945151 n-d-852396-1 devstack@placement-api.service[105414]: DEBUG placement.objects.research_context [req-98f66fd7-cf80-458d-a6d0-693a98c09c0e req-639037d6-028e-421d-81a0-c21ae5505466 service placement] getting providers with 1024 MEMORY_MB {{(pid=105414) __init__ /opt/stack/placement/placement/objects/research_context.py:136}}
Aug 08 16:12:25.950107 n-d-852396-1 devstack@placement-api.service[105414]: DEBUG placement.objects.research_context [req-98f66fd7-cf80-458d-a6d0-693a98c09c0e req-639037d6-028e-421d-81a0-c21ae5505466 service placement] getting providers with 1 VCPU {{(pid=105414) __init__ /opt/stack/placement/placement/objects/research_context.py:136}}
Aug 08 16:12:25.955440 n-d-852396-1 devstack@placement-api.service[105414]: DEBUG placement.objects.research_context [req-98f66fd7-cf80-458d-a6d0-693a98c09c0e req-639037d6-028e-421d-81a0-c21ae5505466 service placement] found 2 providers with available 1 DISK_GB {{(pid=105414) get_provider_ids_matching /opt/stack/placement/placement/objects/research_context.py:563}}
Aug 08 16:12:25.955704 n-d-852396-1 devstack@placement-api.service[105414]: DEBUG placement.objects.research_context [req-98f66fd7-cf80-458d-a6d0-693a98c09c0e req-639037d6-028e-421d-81a0-c21ae5505466 service placement] found 2 providers with available 1024 MEMORY_MB {{(pid=105414) get_provider_ids_matching /opt/stack/placement/placement/objects/research_context.py:563}}
Aug 08 16:12:25.955971 n-d-852396-1 devstack@placement-api.service[105414]: DEBUG placement.objects.research_context [req-98f66fd7-cf80-458d-a6d0-693a98c09c0e req-639037d6-028e-421d-81a0-c21ae5505466 service placement] found 2 providers after filtering by previous result {{(pid=105414) get_provider_ids_matching /opt/stack/placement/placement/objects/research_context.py:594}}
Aug 08 16:12:25.956225 n-d-852396-1 devstack@placement-api.service[105414]: DEBUG placement.objects.research_context [req-98f66fd7-cf80-458d-a6d0-693a98c09c0e req-639037d6-028e-421d-81a0-c21ae5505466 service placement] found 2 providers with available 1 VCPU {{(pid=105414) get_provider_ids_matching /opt/stack/placement/placement/objects/research_context.py:563}}
Aug 08 16:12:25.956482 n-d-852396-1 devstack@placement-api.service[105414]: DEBUG placement.objects.research_context [req-98f66fd7-cf80-458d-a6d0-693a98c09c0e req-639037d6-028e-421d-81a0-c21ae5505466 service placement] found 2 providers after filtering by previous result {{(pid=105414) get_provider_ids_matching /opt/stack/placement/placement/objects/research_context.py:594}}
Aug 08 16:12:25.967756 n-d-852396-1 devstack@placement-api.service[105414]: DEBUG placement.objects.allocation_candidate [req-98f66fd7-cf80-458d-a6d0-693a98c09c0e req-639037d6-028e-421d-81a0-c21ae5505466 service placement] RequestGroup(use_same_provider=False, resources={DISK_GB:1, MEMORY_MB:1024, VCPU:1}, traits=(), aggregates=[]) (suffix '') returned 2 matches {{(pid=105414) _get_by_requests /opt/stack/placement/placement/objects/allocation_candidate.py:156}}
Aug 08 16:12:25.968146 n-d-852396-1 devstack@placement-api.service[105414]: DEBUG placement.objects.allocation_candidate [req-98f66fd7-cf80-458d-a6d0-693a98c09c0e req-639037d6-028e-421d-81a0-c21ae5505466 service placement] Merging candidates yields 2 allocation requests and 2 provider summaries {{(pid=105414) _merge_candidates /opt/stack/placement/placement/objects/allocation_candidate.py:809}}
Aug 08 16:12:25.969659 n-d-852396-1 devstack@placement-api.service[105414]: INFO placement.requestlog [req-98f66fd7-cf80-458d-a6d0-693a98c09c0e req-639037d6-028e-421d-81a0-c21ae5505466 service placement] 10.222.0.17 "GET /placement/allocation_candidates?limit=1000&resources=DISK_GB%3A1%2CMEMORY_MB%3A1024%2CVCPU%3A1&root_required=%21COMPUTE_STATUS_DISABLED" status: 200 len: 1309 microversion: 1.36
Aug 08 16:12:25.970062 n-d-852396-1 devstack@placement-api.service[105414]: [pid: 105414|app: 0|req: 407/801] 10.222.0.17 () {60 vars in 1506 bytes} [Mon Aug 8 16:12:25 2022] GET /placement/allocation_candidates?limit=1000&resources=DISK_GB%3A1%2CMEMORY_MB%3A1024%2CVCPU%3A1&root_required=%21COMPUTE_STATUS_DISABLED => generated 1309 bytes in 78 msecs (HTTP/1.1 200) 8 headers in 297 bytes (1 switches on core 0)
Aug 08 16:12:26.028185 n-d-852396-1 devstack@placement-api.service[105413]: DEBUG placement.requestlog [req-98f66fd7-cf80-458d-a6d0-693a98c09c0e req-9f4b100e-96d6-4d66-bc74-7af557e76e00 None None] Starting request: 10.222.0.17 "GET /placement/allocations/337f535e-8fc6-4594-8c76-0a590777c233" {{(pid=105413) __call__ /opt/stack/placement/placement/requestlog.py:55}}
Aug 08 16:12:26.039582 n-d-852396-1 devstack@placement-api.service[105413]: INFO placement.requestlog [req-98f66fd7-cf80-458d-a6d0-693a98c09c0e req-9f4b100e-96d6-4d66-bc74-7af557e76e00 service placement] 10.222.0.17 "GET /placement/allocations/337f535e-8fc6-4594-8c76-0a590777c233" status: 200 len: 19 microversion: 1.28
Aug 08 16:12:26.039914 n-d-852396-1 devstack@placement-api.service[105413]: [pid: 105413|app: 0|req: 395/802] 10.222.0.17 () {60 vars in 1380 bytes} [Mon Aug 8 16:12:26 2022] GET /placement/allocations/337f535e-8fc6-4594-8c76-0a590777c233 => generated 19 bytes in 12 msecs (HTTP/1.1 200) 8 headers in 295 bytes (1 switches on core 0)
Aug 08 16:12:26.046249 n-d-852396-1 devstack@placement-api.service[105414]: DEBUG placement.requestlog [req-98f66fd7-cf80-458d-a6d0-693a98c09c0e req-483b8ea4-0c8e-469a-b9de-4f1f5b25a2bf None None] Starting request: 10.222.0.17 "PUT /placement/allocations/337f535e-8fc6-4594-8c76-0a590777c233" {{(pid=105414) __call__ /opt/stack/placement/placement/requestlog.py:55}}
Aug 08 16:12:26.105025 n-d-852396-1 devstack@placement-api.service[105414]: DEBUG placement.handlers.allocation [req-98f66fd7-cf80-458d-a6d0-693a98c09c0e req-483b8ea4-0c8e-469a-b9de-4f1f5b25a2bf service placement] Successfully wrote allocations [, , ] {{(pid=105414) _update_consumers_and_create_allocations /opt/stack/placement/placement/handlers/allocation.py:462}}
Aug 08 16:12:26.108825 n-d-852396-1 devstack@placement-api.service[105414]: INFO placement.requestlog [req-98f66fd7-cf80-458d-a6d0-693a98c09c0e req-483b8ea4-0c8e-469a-b9de-4f1f5b25a2bf service placement] 10.222.0.17 "PUT /placement/allocations/337f535e-8fc6-4594-8c76-0a590777c233" status: 204 len: 0 microversion: 1.36
Aug 08 16:12:26.109232 n-d-852396-1 devstack@placement-api.service[105414]: [pid: 105414|app: 0|req: 408/803] 10.222.0.17 () {64 vars in 1433 bytes} [Mon Aug 8 16:12:26 2022] PUT /placement/allocations/337f535e-8fc6-4594-8c76-0a590777c233 => generated 0 bytes in 63 msecs (HTTP/1.1 204) 5 headers in 199 bytes (1 switches on core 0)
Aug 08 16:12:26.611617 n-d-852396-1 devstack@placement-api.service[105413]: DEBUG placement.requestlog [req-98f66fd7-cf80-458d-a6d0-693a98c09c0e req-20b61cf1-98e1-4677-b791-2b57a4b87acb None None] Starting request: 10.222.0.18 "GET /placement/allocations/337f535e-8fc6-4594-8c76-0a590777c233" {{(pid=105413) __call__ /opt/stack/placement/placement/requestlog.py:55}}
Aug 08 16:12:26.632992 n-d-852396-1 devstack@placement-api.service[105413]: INFO placement.requestlog [req-98f66fd7-cf80-458d-a6d0-693a98c09c0e req-20b61cf1-98e1-4677-b791-2b57a4b87acb service placement] 10.222.0.18 "GET /placement/allocations/337f535e-8fc6-4594-8c76-0a590777c233" status: 200 len: 259 microversion: 1.28
Aug 08 16:12:26.633398 n-d-852396-1 devstack@placement-api.service[105413]: [pid: 105413|app: 0|req: 396/804] 10.222.0.18 () {60 vars in 1377 bytes} [Mon Aug 8 16:12:26 2022] GET /placement/allocations/337f535e-8fc6-4594-8c76-0a590777c233 => generated 259 bytes in 22 msecs (HTTP/1.1 200) 8 headers in 296 bytes (1 switches on core 0)
Aug 08 16:12:26.690663 n-d-852396-1 devstack@placement-api.service[105414]: DEBUG placement.requestlog [req-e8634874-1857-47f7-bd9e-d9a755136413 req-8f892da9-5b83-4c27-9a4f-e98aa05de7da None None] Starting request: 10.222.0.33 "GET /placement/resource_providers/e90ec3ac-df6b-41f2-9c68-4d5fac7fcfcc/allocations" {{(pid=105414) __call__ /opt/stack/placement/placement/requestlog.py:55}}
Aug 08 16:12:26.715366 n-d-852396-1 devstack@placement-api.service[105414]: INFO placement.requestlog [req-e8634874-1857-47f7-bd9e-d9a755136413 req-8f892da9-5b83-4c27-9a4f-e98aa05de7da service placement] 10.222.0.33 "GET /placement/resource_providers/e90ec3ac-df6b-41f2-9c68-4d5fac7fcfcc/allocations" status: 200 len: 960 microversion: 1.0
Aug 08 16:12:26.715797 n-d-852396-1 devstack@placement-api.service[105414]: [pid: 105414|app: 0|req: 409/805] 10.222.0.33 () {58 vars in 1390 bytes} [Mon Aug 8 16:12:26 2022] GET /placement/resource_providers/e90ec3ac-df6b-41f2-9c68-4d5fac7fcfcc/allocations => generated 960 bytes in 25 msecs (HTTP/1.1 200) 6 headers in 224 bytes (2 switches on core 0)
Aug 08 16:12:26.727071 n-d-852396-1 devstack@placement-api.service[105413]: DEBUG placement.requestlog [req-e8634874-1857-47f7-bd9e-d9a755136413 req-4f0dbec2-ab04-467c-8ab0-381ba45e98da None None] Starting request: 10.222.0.33 "GET /placement/allocations/e48de4cc-df44-420a-9821-affcb4eb721d" {{(pid=105413) __call__ /opt/stack/placement/placement/requestlog.py:55}}
Aug 08 16:12:26.752428 n-d-852396-1 devstack@placement-api.service[105413]: INFO placement.requestlog [req-e8634874-1857-47f7-bd9e-d9a755136413 req-4f0dbec2-ab04-467c-8ab0-381ba45e98da service placement] 10.222.0.33 "GET /placement/allocations/e48de4cc-df44-420a-9821-affcb4eb721d" status: 200 len: 259 microversion: 1.28
Aug 08 16:12:26.752805 n-d-852396-1 devstack@placement-api.service[105413]: [pid: 105413|app: 0|req: 397/806] 10.222.0.33 () {60 vars in 1377 bytes} [Mon Aug 8 16:12:26 2022] GET /placement/allocations/e48de4cc-df44-420a-9821-affcb4eb721d => generated 259 bytes in 26 msecs (HTTP/1.1 200) 8 headers in 296 bytes (2 switches on core 0)
Aug 08 16:12:26.777304 n-d-852396-1 devstack@placement-api.service[105414]: DEBUG placement.requestlog [req-e8634874-1857-47f7-bd9e-d9a755136413 req-4ded873e-c895-4f1b-a54e-376f7b3bb818 None None] Starting request: 10.222.0.33 "GET /placement/allocations/7b2ae8e8-b529-43d3-8f5a-430f80cb4fde" {{(pid=105414) __call__ /opt/stack/placement/placement/requestlog.py:55}}
Aug 08 16:12:26.781636 n-d-852396-1 devstack@placement-api.service[105413]: DEBUG placement.requestlog [req-98f66fd7-cf80-458d-a6d0-693a98c09c0e req-5589b594-edaa-47f7-9a10-90a13892f61b None None] Starting request: 10.222.0.18 "GET /placement/resource_providers/c47dc35c-8b1b-4a7c-a2b2-12cfc6d927e4/allocations" {{(pid=105413) __call__ /opt/stack/placement/placement/requestlog.py:55}}
Aug 08 16:12:26.808637 n-d-852396-1 devstack@placement-api.service[105414]: INFO placement.requestlog [req-e8634874-1857-47f7-bd9e-d9a755136413 req-4ded873e-c895-4f1b-a54e-376f7b3bb818 service placement] 10.222.0.33 "GET /placement/allocations/7b2ae8e8-b529-43d3-8f5a-430f80cb4fde" status: 200 len: 259 microversion: 1.28
Aug 08 16:12:26.809138 n-d-852396-1 devstack@placement-api.service[105414]: [pid: 105414|app: 0|req: 410/807] 10.222.0.33 () {60 vars in 1377 bytes} [Mon Aug 8 16:12:26 2022] GET /placement/allocations/7b2ae8e8-b529-43d3-8f5a-430f80cb4fde => generated 259 bytes in 32 msecs (HTTP/1.1 200) 8 headers in 296 bytes (1 switches on core 0)
Aug 08 16:12:26.823546 n-d-852396-1 devstack@placement-api.service[105414]: DEBUG placement.requestlog [req-e8634874-1857-47f7-bd9e-d9a755136413 req-d41828fd-77ed-4237-beba-be4b68153ff4 None None] Starting request: 10.222.0.33 "GET /placement/allocations/a8818d47-2d1d-4968-a66e-d8f3e49374a7" {{(pid=105414) __call__ /opt/stack/placement/placement/requestlog.py:55}}
Aug 08 16:12:26.830006 n-d-852396-1 devstack@placement-api.service[105413]: INFO placement.requestlog [req-98f66fd7-cf80-458d-a6d0-693a98c09c0e req-5589b594-edaa-47f7-9a10-90a13892f61b service placement] 10.222.0.18 "GET /placement/resource_providers/c47dc35c-8b1b-4a7c-a2b2-12cfc6d927e4/allocations" status: 200 len: 962 microversion: 1.0
Aug 08 16:12:26.830739 n-d-852396-1 devstack@placement-api.service[105413]: [pid: 105413|app: 0|req: 398/808] 10.222.0.18 () {58 vars in 1390 bytes} [Mon Aug 8 16:12:26 2022] GET /placement/resource_providers/c47dc35c-8b1b-4a7c-a2b2-12cfc6d927e4/allocations => generated 962 bytes in 49 msecs (HTTP/1.1 200) 6 headers in 224 bytes (2 switches on core 0)
Aug 08 16:12:26.839721 n-d-852396-1 devstack@placement-api.service[105413]: DEBUG placement.requestlog [req-98f66fd7-cf80-458d-a6d0-693a98c09c0e req-5e2a2ef2-ede3-49ea-a6bd-4313adde62d2 None None] Starting request: 10.222.0.18 "GET /placement/allocations/40415bb0-a00f-468d-ae7b-b116f3cf3d3f" {{(pid=105413) __call__ /opt/stack/placement/placement/requestlog.py:55}}
Aug 08 16:12:26.848637 n-d-852396-1 devstack@placement-api.service[105414]: INFO placement.requestlog [req-e8634874-1857-47f7-bd9e-d9a755136413 req-d41828fd-77ed-4237-beba-be4b68153ff4 service placement] 10.222.0.33 "GET /placement/allocations/a8818d47-2d1d-4968-a66e-d8f3e49374a7" status: 200 len: 259 microversion: 1.28
Aug 08 16:12:26.848637 n-d-852396-1 devstack@placement-api.service[105414]: [pid: 105414|app: 0|req: 411/809] 10.222.0.33 () {60 vars in 1377 bytes} [Mon Aug 8 16:12:26 2022] GET /placement/allocations/a8818d47-2d1d-4968-a66e-d8f3e49374a7 => generated 259 bytes in 27 msecs (HTTP/1.1 200) 8 headers in 296 bytes (1 switches on core 0)
Aug 08 16:12:26.860366 n-d-852396-1 devstack@placement-api.service[105414]: DEBUG placement.requestlog [req-e8634874-1857-47f7-bd9e-d9a755136413 req-eb9cd834-7692-4122-bf66-e7057bceb905 None None] Starting request: 10.222.0.33 "GET /placement/allocations/19089d79-691f-4da8-9bef-0469a5bb490f" {{(pid=105414) __call__ /opt/stack/placement/placement/requestlog.py:55}}
Aug 08 16:12:26.866695 n-d-852396-1 devstack@placement-api.service[105413]: INFO placement.requestlog [req-98f66fd7-cf80-458d-a6d0-693a98c09c0e req-5e2a2ef2-ede3-49ea-a6bd-4313adde62d2 service placement] 10.222.0.18 "GET /placement/allocations/40415bb0-a00f-468d-ae7b-b116f3cf3d3f" status: 200 len: 259 microversion: 1.28
Aug 08 16:12:26.869773 n-d-852396-1 devstack@placement-api.service[105413]: [pid: 105413|app: 0|req: 399/810] 10.222.0.18 () {60 vars in 1377 bytes} [Mon Aug 8 16:12:26 2022] GET /placement/allocations/40415bb0-a00f-468d-ae7b-b116f3cf3d3f => generated 259 bytes in 30 msecs (HTTP/1.1 200) 8 headers in 296 bytes (1 switches on core 0)
Aug 08 16:12:26.876550 n-d-852396-1 devstack@placement-api.service[105413]: DEBUG placement.requestlog [req-98f66fd7-cf80-458d-a6d0-693a98c09c0e req-a24be031-7a1b-4168-b887-ff8d8429ec01 None None] Starting request: 10.222.0.18 "GET /placement/allocations/6b4c293a-cb09-421d-a8b4-1b088be2c054" {{(pid=105413) __call__ /opt/stack/placement/placement/requestlog.py:55}}
Aug 08 16:12:26.878289 n-d-852396-1 devstack@placement-api.service[105414]: INFO placement.requestlog [req-e8634874-1857-47f7-bd9e-d9a755136413 req-eb9cd834-7692-4122-bf66-e7057bceb905 service placement] 10.222.0.33 "GET /placement/allocations/19089d79-691f-4da8-9bef-0469a5bb490f" status: 200 len: 258 microversion: 1.28
Aug 08 16:12:26.878841 n-d-852396-1 devstack@placement-api.service[105414]: [pid: 105414|app: 0|req: 412/811] 10.222.0.33 () {60 vars in 1377 bytes} [Mon Aug 8 16:12:26 2022] GET /placement/allocations/19089d79-691f-4da8-9bef-0469a5bb490f => generated 258 bytes in 19 msecs (HTTP/1.1 200) 8 headers in 296 bytes (2 switches on core 0)
Aug 08 16:12:26.893650 n-d-852396-1 devstack@placement-api.service[105413]: INFO placement.requestlog [req-98f66fd7-cf80-458d-a6d0-693a98c09c0e req-a24be031-7a1b-4168-b887-ff8d8429ec01 service placement] 10.222.0.18 "GET /placement/allocations/6b4c293a-cb09-421d-a8b4-1b088be2c054" status: 200 len: 259 microversion: 1.28
Aug 08 16:12:26.894071 n-d-852396-1 devstack@placement-api.service[105413]: [pid: 105413|app: 0|req: 400/812] 10.222.0.18 () {60 vars in 1377 bytes} [Mon Aug 8 16:12:26 2022] GET /placement/allocations/6b4c293a-cb09-421d-a8b4-1b088be2c054 => generated 259 bytes in 18 msecs (HTTP/1.1 200) 8 headers in 296 bytes (2 switches on core 0)
Aug 08 16:12:26.902401 n-d-852396-1 devstack@placement-api.service[105414]: DEBUG placement.requestlog [req-98f66fd7-cf80-458d-a6d0-693a98c09c0e req-61ec1623-282c-4ae5-8b1a-0aa1414fbb23 None None] Starting request: 10.222.0.18 "GET /placement/allocations/78407603-4e71-4608-a67b-14c3a269f958" {{(pid=105414) __call__ /opt/stack/placement/placement/requestlog.py:55}}
Aug 08 16:12:26.902889 n-d-852396-1 devstack@placement-api.service[105413]: DEBUG placement.requestlog [req-e8634874-1857-47f7-bd9e-d9a755136413 req-f47f67f9-64e3-4d68-87da-1d0da7e080f1 None None] Starting request: 10.222.0.33 "GET /placement/allocations/42130a3c-e416-4744-be2a-a6eda486e223" {{(pid=105413) __call__ /opt/stack/placement/placement/requestlog.py:55}}
Aug 08 16:12:26.918871 n-d-852396-1 devstack@placement-api.service[105413]: INFO placement.requestlog [req-e8634874-1857-47f7-bd9e-d9a755136413 req-f47f67f9-64e3-4d68-87da-1d0da7e080f1 service placement] 10.222.0.33 "GET /placement/allocations/42130a3c-e416-4744-be2a-a6eda486e223" status: 200 len: 259 microversion: 1.28
Aug 08 16:12:26.919273 n-d-852396-1 devstack@placement-api.service[105414]: INFO placement.requestlog [req-98f66fd7-cf80-458d-a6d0-693a98c09c0e req-61ec1623-282c-4ae5-8b1a-0aa1414fbb23 service placement] 10.222.0.18 "GET /placement/allocations/78407603-4e71-4608-a67b-14c3a269f958" status: 200 len: 259 microversion: 1.28
Aug 08 16:12:26.919519 n-d-852396-1 devstack@placement-api.service[105413]: [pid: 105413|app: 0|req: 401/813] 10.222.0.33 () {60 vars in 1377 bytes} [Mon Aug 8 16:12:26 2022] GET /placement/allocations/42130a3c-e416-4744-be2a-a6eda486e223 => generated 259 bytes in 17 msecs (HTTP/1.1 200) 8 headers in 296 bytes (2 switches on core 0)
Aug 08 16:12:26.919958 n-d-852396-1 devstack@placement-api.service[105414]: [pid: 105414|app: 0|req: 413/814] 10.222.0.18 () {60 vars in 1377 bytes} [Mon Aug 8 16:12:26 2022] GET /placement/allocations/78407603-4e71-4608-a67b-14c3a269f958 => generated 259 bytes in 18 msecs (HTTP/1.1 200) 8 headers in 296 bytes (1 switches on core 0)
Aug 08 16:12:26.927529 n-d-852396-1 devstack@placement-api.service[105413]: DEBUG placement.requestlog [req-98f66fd7-cf80-458d-a6d0-693a98c09c0e req-49bd0362-cb2b-4fb5-a44a-32ac7c09be91 None None] Starting request: 10.222.0.18 "GET /placement/allocations/fb83439d-cc4e-4b8d-805e-f1b452be2879" {{(pid=105413) __call__ /opt/stack/placement/placement/requestlog.py:55}}
Aug 08 16:12:26.927684 n-d-852396-1 devstack@placement-api.service[105414]: DEBUG placement.requestlog [req-e8634874-1857-47f7-bd9e-d9a755136413 req-10b3c04b-ae7d-4f61-af8b-738b8a024d76 None None] Starting request: 10.222.0.33 "GET /placement/allocations/cd8ee86b-e7ca-4675-9858-56e777582c19" {{(pid=105414) __call__ /opt/stack/placement/placement/requestlog.py:55}}
Aug 08 16:12:26.944237 n-d-852396-1 devstack@placement-api.service[105413]: INFO placement.requestlog [req-98f66fd7-cf80-458d-a6d0-693a98c09c0e req-49bd0362-cb2b-4fb5-a44a-32ac7c09be91 service placement] 10.222.0.18 "GET /placement/allocations/fb83439d-cc4e-4b8d-805e-f1b452be2879" status: 200 len: 259 microversion: 1.28
Aug 08 16:12:26.945105 n-d-852396-1 devstack@placement-api.service[105413]: [pid: 105413|app: 0|req: 402/815] 10.222.0.18 () {60 vars in 1377 bytes} [Mon Aug 8 16:12:26 2022] GET /placement/allocations/fb83439d-cc4e-4b8d-805e-f1b452be2879 => generated 259 bytes in 18 msecs (HTTP/1.1 200) 8 headers in 296 bytes (1 switches on core 0)
Aug 08 16:12:26.948418 n-d-852396-1 devstack@placement-api.service[105414]: INFO placement.requestlog [req-e8634874-1857-47f7-bd9e-d9a755136413 req-10b3c04b-ae7d-4f61-af8b-738b8a024d76 service placement] 10.222.0.33 "GET /placement/allocations/cd8ee86b-e7ca-4675-9858-56e777582c19" status: 200 len: 259 microversion: 1.28
Aug 08 16:12:26.948772 n-d-852396-1 devstack@placement-api.service[105414]: [pid: 105414|app: 0|req: 414/816] 10.222.0.33 () {60 vars in 1377 bytes} [Mon Aug 8 16:12:26 2022] GET /placement/allocations/cd8ee86b-e7ca-4675-9858-56e777582c19 => generated 259 bytes in 21 msecs (HTTP/1.1 200) 8 headers in 296 bytes (2 switches on core 0)
Aug 08 16:12:26.950832 n-d-852396-1 devstack@placement-api.service[105413]: DEBUG placement.requestlog [req-98f66fd7-cf80-458d-a6d0-693a98c09c0e req-2724193a-7cfe-43cb-996b-7769f3583515 None None] Starting request: 10.222.0.18 "GET /placement/allocations/337f535e-8fc6-4594-8c76-0a590777c233" {{(pid=105413) __call__ /opt/stack/placement/placement/requestlog.py:55}}
Aug 08 16:12:26.956642 n-d-852396-1 devstack@placement-api.service[105414]: DEBUG placement.requestlog [req-e8634874-1857-47f7-bd9e-d9a755136413 req-2699ff05-6ad8-4489-bcc9-e56c36ebf33b None None] Starting request: 10.222.0.33 "GET /placement/allocations/84a258e4-c5ab-4a44-bc07-2f829c31c77d" {{(pid=105414) __call__ /opt/stack/placement/placement/requestlog.py:55}}
Aug 08 16:12:26.970418 n-d-852396-1 devstack@placement-api.service[105413]: INFO placement.requestlog [req-98f66fd7-cf80-458d-a6d0-693a98c09c0e req-2724193a-7cfe-43cb-996b-7769f3583515 service placement] 10.222.0.18 "GET /placement/allocations/337f535e-8fc6-4594-8c76-0a590777c233" status: 200 len: 259 microversion: 1.28
Aug 08 16:12:26.971154 n-d-852396-1 devstack@placement-api.service[105413]: [pid: 105413|app: 0|req: 403/817] 10.222.0.18 () {60 vars in 1377 bytes} [Mon Aug 8 16:12:26 2022] GET /placement/allocations/337f535e-8fc6-4594-8c76-0a590777c233 => generated 259 bytes in 20 msecs (HTTP/1.1 200) 8 headers in 296 bytes (1 switches on core 0)
Aug 08 16:12:26.974093 n-d-852396-1 devstack@placement-api.service[105414]: INFO placement.requestlog [req-e8634874-1857-47f7-bd9e-d9a755136413 req-2699ff05-6ad8-4489-bcc9-e56c36ebf33b service placement] 10.222.0.33 "GET /placement/allocations/84a258e4-c5ab-4a44-bc07-2f829c31c77d" status: 200 len: 259 microversion: 1.28
Aug 08 16:12:26.974648 n-d-852396-1 devstack@placement-api.service[105414]: [pid: 105414|app: 0|req: 415/818] 10.222.0.33 () {60 vars in 1377 bytes} [Mon Aug 8 16:12:26 2022] GET /placement/allocations/84a258e4-c5ab-4a44-bc07-2f829c31c77d => generated 259 bytes in 19 msecs (HTTP/1.1 200) 8 headers in 296 bytes (2 switches on core 0)
Aug 08 16:12:26.979278 n-d-852396-1 devstack@placement-api.service[105413]: DEBUG placement.requestlog [req-98f66fd7-cf80-458d-a6d0-693a98c09c0e req-e2496335-d84b-4c9c-8a54-06fcee16f24a None None] Starting request: 10.222.0.18 "GET /placement/allocations/f6e4704e-2d09-4dfe-93e6-ba6ebe500029" {{(pid=105413) __call__ /opt/stack/placement/placement/requestlog.py:55}}
Aug 08 16:12:26.986048 n-d-852396-1 devstack@placement-api.service[105414]: DEBUG placement.requestlog [req-e8634874-1857-47f7-bd9e-d9a755136413 req-c8334c96-39cd-4dc9-9d57-b80ce8673fe2 None None] Starting request: 10.222.0.33 "GET /placement/allocations/05bb8e40-285b-40c0-b60a-08cc14487498" {{(pid=105414) __call__ /opt/stack/placement/placement/requestlog.py:55}}
Aug 08 16:12:27.006888 n-d-852396-1 devstack@placement-api.service[105413]: INFO placement.requestlog [req-98f66fd7-cf80-458d-a6d0-693a98c09c0e req-e2496335-d84b-4c9c-8a54-06fcee16f24a service placement] 10.222.0.18 "GET /placement/allocations/f6e4704e-2d09-4dfe-93e6-ba6ebe500029" status: 200 len: 259 microversion: 1.28
Aug 08 16:12:27.009731 n-d-852396-1 devstack@placement-api.service[105413]: [pid: 105413|app: 0|req: 404/819] 10.222.0.18 () {60 vars in 1377 bytes} [Mon Aug 8 16:12:26 2022] GET /placement/allocations/f6e4704e-2d09-4dfe-93e6-ba6ebe500029 => generated 259 bytes in 31 msecs (HTTP/1.1 200) 8 headers in 296 bytes (1 switches on core 0)
Aug 08 16:12:27.013326 n-d-852396-1 devstack@placement-api.service[105414]: INFO placement.requestlog [req-e8634874-1857-47f7-bd9e-d9a755136413 req-c8334c96-39cd-4dc9-9d57-b80ce8673fe2 service placement] 10.222.0.33 "GET /placement/allocations/05bb8e40-285b-40c0-b60a-08cc14487498" status: 200 len: 259 microversion: 1.28
Aug 08 16:12:27.013836 n-d-852396-1 devstack@placement-api.service[105414]: [pid: 105414|app: 0|req: 416/820] 10.222.0.33 () {60 vars in 1377 bytes} [Mon Aug 8 16:12:26 2022] GET /placement/allocations/05bb8e40-285b-40c0-b60a-08cc14487498 => generated 259 bytes in 28 msecs (HTTP/1.1 200) 8 headers in 296 bytes (2 switches on core 0)
Aug 08 16:12:27.015664 n-d-852396-1 devstack@placement-api.service[105413]: DEBUG placement.requestlog [req-98f66fd7-cf80-458d-a6d0-693a98c09c0e req-47f5f06c-7774-4a0d-b304-853758a81a83 None None] Starting request: 10.222.0.18 "GET /placement/allocations/1603078f-3335-4e6a-9e15-d283cb18410b" {{(pid=105413) __call__ /opt/stack/placement/placement/requestlog.py:55}}
Aug 08 16:12:27.031651 n-d-852396-1 devstack@placement-api.service[105413]: INFO placement.requestlog [req-98f66fd7-cf80-458d-a6d0-693a98c09c0e req-47f5f06c-7774-4a0d-b304-853758a81a83 service placement] 10.222.0.18 "GET /placement/allocations/1603078f-3335-4e6a-9e15-d283cb18410b" status: 200 len: 259 microversion: 1.28
Aug 08 16:12:27.032474 n-d-852396-1 devstack@placement-api.service[105414]: DEBUG placement.requestlog [req-e8634874-1857-47f7-bd9e-d9a755136413 req-6f188b36-1e2d-4e83-8eb2-79928019d8b0 None None] Starting request: 10.222.0.33 "GET /placement/allocations/ca46d62a-be5e-412a-ae11-b8300e4a710b" {{(pid=105414) __call__ /opt/stack/placement/placement/requestlog.py:55}}
Aug 08 16:12:27.038988 n-d-852396-1 devstack@placement-api.service[105413]: [pid: 105413|app: 0|req: 405/821] 10.222.0.18 () {60 vars in 1377 bytes} [Mon Aug 8 16:12:27 2022] GET /placement/allocations/1603078f-3335-4e6a-9e15-d283cb18410b => generated 259 bytes in 23 msecs (HTTP/1.1 200) 8 headers in 296 bytes (1 switches on core 0)
Aug 08 16:12:27.045784 n-d-852396-1 devstack@placement-api.service[105413]: DEBUG placement.requestlog [req-98f66fd7-cf80-458d-a6d0-693a98c09c0e req-21ca9a23-b8da-4dd1-b125-8f6a9c999cef None None] Starting request: 10.222.0.18 "GET /placement/allocations/7f7f9c3a-6944-48d1-907d-4a62112aed3d" {{(pid=105413) __call__ /opt/stack/placement/placement/requestlog.py:55}}
Aug 08 16:12:27.050742 n-d-852396-1 devstack@placement-api.service[105414]: INFO placement.requestlog [req-e8634874-1857-47f7-bd9e-d9a755136413 req-6f188b36-1e2d-4e83-8eb2-79928019d8b0 service placement] 10.222.0.33 "GET /placement/allocations/ca46d62a-be5e-412a-ae11-b8300e4a710b" status: 200 len: 258 microversion: 1.28
Aug 08 16:12:27.051354 n-d-852396-1 devstack@placement-api.service[105414]: [pid: 105414|app: 0|req: 417/822] 10.222.0.33 () {60 vars in 1377 bytes} [Mon Aug 8 16:12:27 2022] GET /placement/allocations/ca46d62a-be5e-412a-ae11-b8300e4a710b => generated 258 bytes in 19 msecs (HTTP/1.1 200) 8 headers in 296 bytes (1 switches on core 0)
Aug 08 16:12:27.067891 n-d-852396-1 devstack@placement-api.service[105413]: INFO placement.requestlog [req-98f66fd7-cf80-458d-a6d0-693a98c09c0e req-21ca9a23-b8da-4dd1-b125-8f6a9c999cef service placement] 10.222.0.18 "GET /placement/allocations/7f7f9c3a-6944-48d1-907d-4a62112aed3d" status: 200 len: 259 microversion: 1.28
Aug 08 16:12:27.068914 n-d-852396-1 devstack@placement-api.service[105413]: [pid: 105413|app: 0|req: 406/823] 10.222.0.18 () {60 vars in 1377 bytes} [Mon Aug 8 16:12:27 2022] GET /placement/allocations/7f7f9c3a-6944-48d1-907d-4a62112aed3d => generated 259 bytes in 24 msecs (HTTP/1.1 200) 8 headers in 296 bytes (2 switches on core 0)
Aug 08 16:12:27.081527 n-d-852396-1 devstack@placement-api.service[105414]: DEBUG placement.requestlog [req-98f66fd7-cf80-458d-a6d0-693a98c09c0e req-d36fbe67-15c2-4a27-b94c-f2cc8a32ad7d None None] Starting request: 10.222.0.18 "GET /placement/allocations/73c42b3b-a458-4c14-a494-b711c71d1194" {{(pid=105414) __call__ /opt/stack/placement/placement/requestlog.py:55}}
Aug 08 16:12:27.098003 n-d-852396-1 devstack@placement-api.service[105414]: INFO placement.requestlog [req-98f66fd7-cf80-458d-a6d0-693a98c09c0e req-d36fbe67-15c2-4a27-b94c-f2cc8a32ad7d service placement] 10.222.0.18 "GET /placement/allocations/73c42b3b-a458-4c14-a494-b711c71d1194" status: 200 len: 259 microversion: 1.28
Aug 08 16:12:27.098254 n-d-852396-1 devstack@placement-api.service[105414]: [pid: 105414|app: 0|req: 418/824] 10.222.0.18 () {60 vars in 1377 bytes} [Mon Aug 8 16:12:27 2022] GET /placement/allocations/73c42b3b-a458-4c14-a494-b711c71d1194 => generated 259 bytes in 17 msecs (HTTP/1.1 200) 8 headers in 296 bytes (1 switches on core 0)
Aug 08 16:12:27.951718 n-d-852396-1 devstack@placement-api.service[105413]: DEBUG placement.requestlog [req-e8634874-1857-47f7-bd9e-d9a755136413 req-a9357aa9-ab7b-4d7b-902f-136e929c2e07 None None] Starting request: 10.222.0.18 "GET /placement/allocations/fb83439d-cc4e-4b8d-805e-f1b452be2879" {{(pid=105413) __call__ /opt/stack/placement/placement/requestlog.py:55}}
Aug 08 16:12:27.991059 n-d-852396-1 devstack@placement-api.service[105413]: INFO placement.requestlog [req-e8634874-1857-47f7-bd9e-d9a755136413 req-a9357aa9-ab7b-4d7b-902f-136e929c2e07 service placement] 10.222.0.18 "GET /placement/allocations/fb83439d-cc4e-4b8d-805e-f1b452be2879" status: 200 len: 259 microversion: 1.28
Aug 08 16:12:27.991793 n-d-852396-1 devstack@placement-api.service[105413]: [pid: 105413|app: 0|req: 407/825] 10.222.0.18 () {60 vars in 1377 bytes} [Mon Aug 8 16:12:27 2022] GET /placement/allocations/fb83439d-cc4e-4b8d-805e-f1b452be2879 => generated 259 bytes in 40 msecs (HTTP/1.1 200) 8 headers in 296 bytes (1 switches on core 0)
Aug 08 16:12:28.066332 n-d-852396-1 devstack@placement-api.service[105414]: DEBUG placement.requestlog [req-e8634874-1857-47f7-bd9e-d9a755136413 req-80c384cd-673c-439c-a8d0-cc3f65342810 None None] Starting request: 10.222.0.18 "GET /placement/allocations/fb83439d-cc4e-4b8d-805e-f1b452be2879" {{(pid=105414) __call__ /opt/stack/placement/placement/requestlog.py:55}}
Aug 08 16:12:28.109329 n-d-852396-1 devstack@placement-api.service[105414]: INFO placement.requestlog [req-e8634874-1857-47f7-bd9e-d9a755136413 req-80c384cd-673c-439c-a8d0-cc3f65342810 service placement] 10.222.0.18 "GET /placement/allocations/fb83439d-cc4e-4b8d-805e-f1b452be2879" status: 200 len: 259 microversion: 1.28
Aug 08 16:12:28.110221 n-d-852396-1 devstack@placement-api.service[105414]: [pid: 105414|app: 0|req: 419/826] 10.222.0.18 () {60 vars in 1377 bytes} [Mon Aug 8 16:12:28 2022] GET /placement/allocations/fb83439d-cc4e-4b8d-805e-f1b452be2879 => generated 259 bytes in 44 msecs (HTTP/1.1 200) 8 headers in 296 bytes (1 switches on core 0)
Aug 08 16:12:28.119515 n-d-852396-1 devstack@placement-api.service[105413]: DEBUG placement.requestlog [req-e8634874-1857-47f7-bd9e-d9a755136413 req-8f4a337f-89e9-40c1-8897-38323d3834f1 None None] Starting request: 10.222.0.18 "GET /placement/allocations/19089d79-691f-4da8-9bef-0469a5bb490f" {{(pid=105413) __call__ /opt/stack/placement/placement/requestlog.py:55}}
Aug 08 16:12:28.157804 n-d-852396-1 devstack@placement-api.service[105413]: INFO placement.requestlog [req-e8634874-1857-47f7-bd9e-d9a755136413 req-8f4a337f-89e9-40c1-8897-38323d3834f1 service placement] 10.222.0.18 "GET /placement/allocations/19089d79-691f-4da8-9bef-0469a5bb490f" status: 200 len: 258 microversion: 1.28
Aug 08 16:12:28.158317 n-d-852396-1 devstack@placement-api.service[105413]: [pid: 105413|app: 0|req: 408/827] 10.222.0.18 () {60 vars in 1377 bytes} [Mon Aug 8 16:12:28 2022] GET /placement/allocations/19089d79-691f-4da8-9bef-0469a5bb490f => generated 258 bytes in 39 msecs (HTTP/1.1 200) 8 headers in 296 bytes (1 switches on core 0)
Aug 08 16:12:28.172813 n-d-852396-1 devstack@placement-api.service[105414]: DEBUG placement.requestlog [req-e8634874-1857-47f7-bd9e-d9a755136413 req-bc14db08-cf3c-4a39-9e54-6e9cd0ee6583 None None] Starting request: 10.222.0.18 "POST /placement/allocations" {{(pid=105414) __call__ /opt/stack/placement/placement/requestlog.py:55}}
