Aug 10 17:38:10.317205 n-d-852296-2 devstack@n-api.service[113418]: DEBUG oslo_concurrency.lockutils [None req-fc6ea5f7-62da-4299-8bec-268fdbcab875 None None] Lock "00000000-0000-0000-0000-000000000000" "released" by "nova.context.set_target_cell..get_or_set_cached_cell_and_set_connections" :: held 0.002s {{(pid=113418) inner /usr/local/lib/python3.8/dist-packages/oslo_concurrency/lockutils.py:404}}
Aug 10 17:38:10.317931 n-d-852296-2 devstack@n-api.service[113418]: DEBUG oslo_concurrency.lockutils [None req-fc6ea5f7-62da-4299-8bec-268fdbcab875 None None] Acquiring lock "eb80cdf1-5ac7-4611-abc6-59802fe86dfd" by "nova.context.set_target_cell..get_or_set_cached_cell_and_set_connections" {{(pid=113418) inner /usr/local/lib/python3.8/dist-packages/oslo_concurrency/lockutils.py:385}}
Aug 10 17:38:10.318371 n-d-852296-2 devstack@n-api.service[113418]: DEBUG oslo_concurrency.lockutils [None req-fc6ea5f7-62da-4299-8bec-268fdbcab875 None None] Lock "eb80cdf1-5ac7-4611-abc6-59802fe86dfd" acquired by "nova.context.set_target_cell..get_or_set_cached_cell_and_set_connections" :: waited 0.000s {{(pid=113418) inner /usr/local/lib/python3.8/dist-packages/oslo_concurrency/lockutils.py:390}}
Aug 10 17:38:10.320375 n-d-852296-2 devstack@n-api.service[113418]: DEBUG oslo_concurrency.lockutils [None req-fc6ea5f7-62da-4299-8bec-268fdbcab875 None None] Lock "eb80cdf1-5ac7-4611-abc6-59802fe86dfd" "released" by "nova.context.set_target_cell..get_or_set_cached_cell_and_set_connections" :: held 0.002s {{(pid=113418) inner /usr/local/lib/python3.8/dist-packages/oslo_concurrency/lockutils.py:404}}
Aug 10 17:38:10.320993 n-d-852296-2 devstack@n-api.service[113419]: DEBUG nova.context [None req-72166c2c-971b-4ee0-889b-68fc9d4aa1c5 None None] Found 2 cells: 00000000-0000-0000-0000-000000000000(cell0),eb80cdf1-5ac7-4611-abc6-59802fe86dfd(cell1) {{(pid=113419) load_cells /opt/stack/nova/nova/context.py:464}}
Aug 10 17:38:10.322469 n-d-852296-2 devstack@n-api.service[113418]: INFO dbcounter [None req-fc6ea5f7-62da-4299-8bec-268fdbcab875 None None] Registered counter for database nova_cell0
Aug 10 17:38:10.324995 n-d-852296-2 devstack@n-api.service[113419]: DEBUG oslo_concurrency.lockutils [None req-72166c2c-971b-4ee0-889b-68fc9d4aa1c5 None None] Acquiring lock "00000000-0000-0000-0000-000000000000" by "nova.context.set_target_cell..get_or_set_cached_cell_and_set_connections" {{(pid=113419) inner /usr/local/lib/python3.8/dist-packages/oslo_concurrency/lockutils.py:385}}
Aug 10 17:38:10.325474 n-d-852296-2 devstack@n-api.service[113419]: DEBUG oslo_concurrency.lockutils [None req-72166c2c-971b-4ee0-889b-68fc9d4aa1c5 None None] Lock "00000000-0000-0000-0000-000000000000" acquired by "nova.context.set_target_cell..get_or_set_cached_cell_and_set_connections" :: waited 0.001s {{(pid=113419) inner /usr/local/lib/python3.8/dist-packages/oslo_concurrency/lockutils.py:390}}
Aug 10 17:38:10.327153 n-d-852296-2 devstack@n-api.service[113419]: DEBUG oslo_concurrency.lockutils [None req-72166c2c-971b-4ee0-889b-68fc9d4aa1c5 None None] Lock "00000000-0000-0000-0000-000000000000" "released" by "nova.context.set_target_cell..get_or_set_cached_cell_and_set_connections" :: held 0.002s {{(pid=113419) inner /usr/local/lib/python3.8/dist-packages/oslo_concurrency/lockutils.py:404}}
Aug 10 17:38:10.327883 n-d-852296-2 devstack@n-api.service[113419]: DEBUG oslo_concurrency.lockutils [None req-72166c2c-971b-4ee0-889b-68fc9d4aa1c5 None None] Acquiring lock "eb80cdf1-5ac7-4611-abc6-59802fe86dfd" by "nova.context.set_target_cell..get_or_set_cached_cell_and_set_connections" {{(pid=113419) inner /usr/local/lib/python3.8/dist-packages/oslo_concurrency/lockutils.py:385}}
Aug 10 17:38:10.327984 n-d-852296-2 devstack@n-api.service[113418]: INFO dbcounter [None req-fc6ea5f7-62da-4299-8bec-268fdbcab875 None None] Registered counter for database nova_cell1
Aug 10 17:38:10.328390 n-d-852296-2 devstack@n-api.service[113419]: DEBUG oslo_concurrency.lockutils [None req-72166c2c-971b-4ee0-889b-68fc9d4aa1c5 None None] Lock "eb80cdf1-5ac7-4611-abc6-59802fe86dfd" acquired by "nova.context.set_target_cell..get_or_set_cached_cell_and_set_connections" :: waited 0.000s {{(pid=113419) inner /usr/local/lib/python3.8/dist-packages/oslo_concurrency/lockutils.py:390}}
Aug 10 17:38:10.330790 n-d-852296-2 devstack@n-api.service[113419]: DEBUG oslo_concurrency.lockutils [None req-72166c2c-971b-4ee0-889b-68fc9d4aa1c5 None None] Lock "eb80cdf1-5ac7-4611-abc6-59802fe86dfd" "released" by "nova.context.set_target_cell..get_or_set_cached_cell_and_set_connections" :: held 0.002s {{(pid=113419) inner /usr/local/lib/python3.8/dist-packages/oslo_concurrency/lockutils.py:404}}
Aug 10 17:38:10.332861 n-d-852296-2 devstack@n-api.service[113419]: INFO dbcounter [None req-72166c2c-971b-4ee0-889b-68fc9d4aa1c5 None None] Registered counter for database nova_cell0
Aug 10 17:38:10.335976 n-d-852296-2 devstack@n-api.service[113418]: DEBUG oslo_db.sqlalchemy.engines [None req-fc6ea5f7-62da-4299-8bec-268fdbcab875 None None] MySQL server mode set to STRICT_TRANS_TABLES,STRICT_ALL_TABLES,NO_ZERO_IN_DATE,NO_ZERO_DATE,ERROR_FOR_DIVISION_BY_ZERO,TRADITIONAL,NO_ENGINE_SUBSTITUTION {{(pid=113418) _check_effective_sql_mode /usr/local/lib/python3.8/dist-packages/oslo_db/sqlalchemy/engines.py:314}}
Aug 10 17:38:10.337775 n-d-852296-2 devstack@n-api.service[113418]: DEBUG oslo_db.sqlalchemy.engines [None req-fc6ea5f7-62da-4299-8bec-268fdbcab875 None None] MySQL server mode set to STRICT_TRANS_TABLES,STRICT_ALL_TABLES,NO_ZERO_IN_DATE,NO_ZERO_DATE,ERROR_FOR_DIVISION_BY_ZERO,TRADITIONAL,NO_ENGINE_SUBSTITUTION {{(pid=113418) _check_effective_sql_mode /usr/local/lib/python3.8/dist-packages/oslo_db/sqlalchemy/engines.py:314}}
Aug 10 17:38:10.338754 n-d-852296-2 devstack@n-api.service[113419]: INFO dbcounter [None req-72166c2c-971b-4ee0-889b-68fc9d4aa1c5 None None] Registered counter for database nova_cell1
Aug 10 17:38:10.343259 n-d-852296-2 devstack@n-api.service[113418]: DEBUG dbcounter [-] [113418] Writer thread running {{(pid=113418) stat_writer /usr/local/lib/python3.8/dist-packages/dbcounter.py:99}}
Aug 10 17:38:10.347220 n-d-852296-2 devstack@n-api.service[113419]: DEBUG oslo_db.sqlalchemy.engines [None req-72166c2c-971b-4ee0-889b-68fc9d4aa1c5 None None] MySQL server mode set to STRICT_TRANS_TABLES,STRICT_ALL_TABLES,NO_ZERO_IN_DATE,NO_ZERO_DATE,ERROR_FOR_DIVISION_BY_ZERO,TRADITIONAL,NO_ENGINE_SUBSTITUTION {{(pid=113419) _check_effective_sql_mode /usr/local/lib/python3.8/dist-packages/oslo_db/sqlalchemy/engines.py:314}}
Aug 10 17:38:10.349004 n-d-852296-2 devstack@n-api.service[113418]: DEBUG dbcounter [-] [113418] Writer thread running {{(pid=113418) stat_writer /usr/local/lib/python3.8/dist-packages/dbcounter.py:99}}
Aug 10 17:38:10.349677 n-d-852296-2 devstack@n-api.service[113419]: DEBUG oslo_db.sqlalchemy.engines [None req-72166c2c-971b-4ee0-889b-68fc9d4aa1c5 None None] MySQL server mode set to STRICT_TRANS_TABLES,STRICT_ALL_TABLES,NO_ZERO_IN_DATE,NO_ZERO_DATE,ERROR_FOR_DIVISION_BY_ZERO,TRADITIONAL,NO_ENGINE_SUBSTITUTION {{(pid=113419) _check_effective_sql_mode /usr/local/lib/python3.8/dist-packages/oslo_db/sqlalchemy/engines.py:314}}
Aug 10 17:38:10.354255 n-d-852296-2 devstack@n-api.service[113419]: DEBUG dbcounter [-] [113419] Writer thread running {{(pid=113419) stat_writer /usr/local/lib/python3.8/dist-packages/dbcounter.py:99}}
Aug 10 17:38:10.489898 n-d-852296-2 devstack@n-api.service[113418]: INFO dbcounter [None req-fc6ea5f7-62da-4299-8bec-268fdbcab875 None None] Registered counter for database nova_cell0
Aug 10 17:38:10.493422 n-d-852296-2 devstack@n-api.service[113419]: DEBUG dbcounter [-] [113419] Writer thread running {{(pid=113419) stat_writer /usr/local/lib/python3.8/dist-packages/dbcounter.py:99}}
Aug 10 17:38:10.499256 n-d-852296-2 devstack@n-api.service[113418]: DEBUG oslo_db.sqlalchemy.engines [None req-fc6ea5f7-62da-4299-8bec-268fdbcab875 None None] MySQL server mode set to STRICT_TRANS_TABLES,STRICT_ALL_TABLES,NO_ZERO_IN_DATE,NO_ZERO_DATE,ERROR_FOR_DIVISION_BY_ZERO,TRADITIONAL,NO_ENGINE_SUBSTITUTION {{(pid=113418) _check_effective_sql_mode /usr/local/lib/python3.8/dist-packages/oslo_db/sqlalchemy/engines.py:314}}
Aug 10 17:38:10.504480 n-d-852296-2 devstack@n-api.service[113419]: INFO dbcounter [None req-72166c2c-971b-4ee0-889b-68fc9d4aa1c5 None None] Registered counter for database nova_cell0
Aug 10 17:38:10.507349 n-d-852296-2 devstack@n-api.service[113418]: DEBUG dbcounter [-] [113418] Writer thread running {{(pid=113418) stat_writer /usr/local/lib/python3.8/dist-packages/dbcounter.py:99}}
Aug 10 17:38:10.513840 n-d-852296-2 devstack@n-api.service[113419]: DEBUG oslo_db.sqlalchemy.engines [None req-72166c2c-971b-4ee0-889b-68fc9d4aa1c5 None None] MySQL server mode set to STRICT_TRANS_TABLES,STRICT_ALL_TABLES,NO_ZERO_IN_DATE,NO_ZERO_DATE,ERROR_FOR_DIVISION_BY_ZERO,TRADITIONAL,NO_ENGINE_SUBSTITUTION {{(pid=113419) _check_effective_sql_mode /usr/local/lib/python3.8/dist-packages/oslo_db/sqlalchemy/engines.py:314}}
Aug 10 17:38:10.518691 n-d-852296-2 devstack@n-api.service[113419]: DEBUG dbcounter [-] [113419] Writer thread running {{(pid=113419) stat_writer /usr/local/lib/python3.8/dist-packages/dbcounter.py:99}}
Aug 10 17:38:10.958971 n-d-852296-2 devstack@n-api.service[113418]: WARNING keystonemiddleware.auth_token [None req-fc6ea5f7-62da-4299-8bec-268fdbcab875 None None] AuthToken middleware is set with keystone_authtoken.service_token_roles_required set to False. This is backwards compatible but deprecated behaviour. Please set this to True.
Aug 10 17:38:10.961898 n-d-852296-2 devstack@n-api.service[113419]: WARNING keystonemiddleware.auth_token [None req-72166c2c-971b-4ee0-889b-68fc9d4aa1c5 None None] AuthToken middleware is set with keystone_authtoken.service_token_roles_required set to False. This is backwards compatible but deprecated behaviour. Please set this to True.
Aug 10 17:38:10.966395 n-d-852296-2 devstack@n-api.service[113418]: WARNING keystonemiddleware.auth_token [None req-fc6ea5f7-62da-4299-8bec-268fdbcab875 None None] Configuring www_authenticate_uri to point to the public identity endpoint is required; clients may not be able to authenticate against an admin endpoint
Aug 10 17:38:10.969048 n-d-852296-2 devstack@n-api.service[113419]: WARNING keystonemiddleware.auth_token [None req-72166c2c-971b-4ee0-889b-68fc9d4aa1c5 None None] Configuring www_authenticate_uri to point to the public identity endpoint is required; clients may not be able to authenticate against an admin endpoint
Aug 10 17:38:11.308036 n-d-852296-2 devstack@n-api.service[113419]: WARNING keystonemiddleware.auth_token [None req-72166c2c-971b-4ee0-889b-68fc9d4aa1c5 None None] AuthToken middleware is set with keystone_authtoken.service_token_roles_required set to False. This is backwards compatible but deprecated behaviour. Please set this to True.
Aug 10 17:38:11.315773 n-d-852296-2 devstack@n-api.service[113419]: WARNING keystonemiddleware.auth_token [None req-72166c2c-971b-4ee0-889b-68fc9d4aa1c5 None None] Configuring www_authenticate_uri to point to the public identity endpoint is required; clients may not be able to authenticate against an admin endpoint
Aug 10 17:38:11.317387 n-d-852296-2 devstack@n-api.service[113418]: WARNING keystonemiddleware.auth_token [None req-fc6ea5f7-62da-4299-8bec-268fdbcab875 None None] AuthToken middleware is set with keystone_authtoken.service_token_roles_required set to False. This is backwards compatible but deprecated behaviour. Please set this to True.
Aug 10 17:38:11.321012 n-d-852296-2 devstack@n-api.service[113419]: WSGI app 0 (mountpoint='') ready in 6 seconds on interpreter 0x56547872a9c0 pid: 113419 (default app)
Aug 10 17:38:11.323088 n-d-852296-2 devstack@n-api.service[113419]: DEBUG nova.api.openstack.wsgi [None req-72166c2c-971b-4ee0-889b-68fc9d4aa1c5 None None] Calling method '>' {{(pid=113419) _process_stack /opt/stack/nova/nova/api/openstack/wsgi.py:513}}
Aug 10 17:38:11.323475 n-d-852296-2 devstack@n-api.service[113418]: WARNING keystonemiddleware.auth_token [None req-fc6ea5f7-62da-4299-8bec-268fdbcab875 None None] Configuring www_authenticate_uri to point to the public identity endpoint is required; clients may not be able to authenticate against an admin endpoint
Aug 10 17:38:11.324305 n-d-852296-2 devstack@n-api.service[113419]: INFO nova.api.openstack.requestlog [None req-72166c2c-971b-4ee0-889b-68fc9d4aa1c5 None None] 10.222.0.50 "GET /compute/v2.1/" status: 200 len: 388 microversion: 2.1 time: 0.001722
Aug 10 17:38:11.324710 n-d-852296-2 devstack@n-api.service[113419]: [pid: 113419|app: 0|req: 1/1] 10.222.0.50 () {50 vars in 788 bytes} [Wed Aug 10 17:38:11 2022] GET /compute/v2.1/ => generated 388 bytes in 3 msecs (HTTP/1.1 200) 9 headers in 357 bytes (1 switches on core 0)
Aug 10 17:38:11.328821 n-d-852296-2 devstack@n-api.service[113418]: WSGI app 0 (mountpoint='') ready in 6 seconds on interpreter 0x56547872a9c0 pid: 113418 (default app)
Aug 10 17:39:33.376029 n-d-852296-2 devstack@n-api.service[113419]: DEBUG nova.api.openstack.wsgi [None req-72166c2c-971b-4ee0-889b-68fc9d4aa1c5 None None] Calling method '>' {{(pid=113419) _process_stack /opt/stack/nova/nova/api/openstack/wsgi.py:513}}
Aug 10 17:39:33.377705 n-d-852296-2 devstack@n-api.service[113419]: INFO nova.api.openstack.requestlog [None req-72166c2c-971b-4ee0-889b-68fc9d4aa1c5 None None] 10.222.0.50 "GET /compute/v2.1" status: 200 len: 388 microversion: 2.1 time: 0.002017
Aug 10 17:39:33.378936 n-d-852296-2 devstack@n-api.service[113419]: [pid: 113419|app: 0|req: 2/2] 10.222.0.50 () {54 vars in 931 bytes} [Wed Aug 10 17:39:33 2022] GET /compute/v2.1 => generated 388 bytes in 3 msecs (HTTP/1.1 200) 9 headers in 357 bytes (1 switches on core 0)
Aug 10 17:39:33.396988 n-d-852296-2 devstack@n-api.service[113418]: DEBUG dbcounter [-] [113418] Writing DB stats nova_api:SELECT=3 {{(pid=113418) stat_writer /usr/local/lib/python3.8/dist-packages/dbcounter.py:114}}
Aug 10 17:39:33.397944 n-d-852296-2 devstack@n-api.service[113418]: DEBUG dbcounter [-] [113418] Writing DB stats nova_cell1:SELECT=3 {{(pid=113418) stat_writer /usr/local/lib/python3.8/dist-packages/dbcounter.py:114}}
Aug 10 17:39:33.398858 n-d-852296-2 devstack@n-api.service[113418]: DEBUG dbcounter [-] [113418] Writing DB stats nova_cell0:SELECT=3 {{(pid=113418) stat_writer /usr/local/lib/python3.8/dist-packages/dbcounter.py:114}}
Aug 10 17:39:33.399881 n-d-852296-2 devstack@n-api.service[113418]: DEBUG dbcounter [-] [113418] Writing DB stats nova_cell0:SELECT=6,nova_cell0:INSERT=1 {{(pid=113418) stat_writer /usr/local/lib/python3.8/dist-packages/dbcounter.py:114}}
Aug 10 17:39:34.280150 n-d-852296-2 devstack@n-api.service[113418]: DEBUG nova.api.openstack.wsgi [None req-24bc2380-eb1d-48c9-8366-05ad90146a3d admin admin] Calling method '>' {{(pid=113418) _process_stack /opt/stack/nova/nova/api/openstack/wsgi.py:513}}
Aug 10 17:39:34.312863 n-d-852296-2 devstack@n-api.service[113418]: INFO nova.api.openstack.requestlog [None req-24bc2380-eb1d-48c9-8366-05ad90146a3d admin admin] 10.222.0.50 "GET /compute/v2.1/flavors/detail?is_public=True" status: 200 len: 15 microversion: 2.61 time: 0.926396
Aug 10 17:39:34.324307 n-d-852296-2 devstack@n-api.service[113418]: [pid: 113418|app: 0|req: 1/3] 10.222.0.50 () {60 vars in 1292 bytes} [Wed Aug 10 17:39:33 2022] GET /compute/v2.1/flavors/detail?is_public=True => generated 15 bytes in 929 msecs (HTTP/1.1 200) 9 headers in 358 bytes (1 switches on core 0)
Aug 10 17:39:36.542056 n-d-852296-2 devstack@n-api.service[113419]: DEBUG nova.api.openstack.wsgi [None req-72166c2c-971b-4ee0-889b-68fc9d4aa1c5 None None] Calling method '>' {{(pid=113419) _process_stack /opt/stack/nova/nova/api/openstack/wsgi.py:513}}
Aug 10 17:39:36.543202 n-d-852296-2 devstack@n-api.service[113419]: INFO nova.api.openstack.requestlog [None req-72166c2c-971b-4ee0-889b-68fc9d4aa1c5 None None] 10.222.0.50 "GET /compute/v2.1" status: 200 len: 388 microversion: 2.1 time: 0.001570
Aug 10 17:39:36.543853 n-d-852296-2 devstack@n-api.service[113419]: [pid: 113419|app: 0|req: 3/4] 10.222.0.50 () {54 vars in 931 bytes} [Wed Aug 10 17:39:36 2022] GET /compute/v2.1 => generated 388 bytes in 3 msecs (HTTP/1.1 200) 9 headers in 357 bytes (1 switches on core 0)
Aug 10 17:39:36.996829 n-d-852296-2 devstack@n-api.service[113418]: DEBUG nova.api.openstack.wsgi [None req-e271b8e3-6b8b-47df-911c-57fc192ef308 admin admin] Action: 'create', calling method: >, body: {"flavor": {"swap": 0, "disk": 1, "ram": 256, "OS-FLV-EXT-DATA:ephemeral": 0, "os-flavor-access:is_public": true, "rxtx_factor": 1.0, "vcpus": 1, "id": "c1", "name": "cirros256"}} {{(pid=113418) _process_stack /opt/stack/nova/nova/api/openstack/wsgi.py:511}}
Aug 10 17:39:37.025042 n-d-852296-2 devstack@n-api.service[113418]: /usr/local/lib/python3.8/dist-packages/oslo_policy/policy.py:1129: UserWarning: Policy "os_compute_api:os-flavor-manage:create": "rule:context_is_admin" failed scope check. The token used to make the request was project scoped but the policy requires ['system'] scope. This behavior may change in the future where using the intended scope is required
Aug 10 17:39:37.025042 n-d-852296-2 devstack@n-api.service[113418]: warnings.warn(msg)
Aug 10 17:39:37.179015 n-d-852296-2 devstack@n-api.service[113418]: INFO nova.api.openstack.requestlog [None req-e271b8e3-6b8b-47df-911c-57fc192ef308 admin admin] 10.222.0.50 "POST /compute/v2.1/flavors" status: 200 len: 407 microversion: 2.61 time: 0.627568
Aug 10 17:39:37.179778 n-d-852296-2 devstack@n-api.service[113418]: [pid: 113418|app: 0|req: 2/5] 10.222.0.50 () {64 vars in 1283 bytes} [Wed Aug 10 17:39:36 2022] POST /compute/v2.1/flavors => generated 407 bytes in 629 msecs (HTTP/1.1 200) 9 headers in 359 bytes (1 switches on core 0)
Aug 10 17:39:37.410537 n-d-852296-2 devstack@n-api.service[113419]: DEBUG nova.api.openstack.wsgi [None req-59888849-eb69-4f2f-a4de-064b821457d2 admin admin] Action: 'create', calling method: >, body: {"extra_specs": {"hw_rng:allowed": "True"}} {{(pid=113419) _process_stack /opt/stack/nova/nova/api/openstack/wsgi.py:511}}
Aug 10 17:39:37.414952 n-d-852296-2 devstack@n-api.service[113419]: /usr/local/lib/python3.8/dist-packages/oslo_policy/policy.py:1129: UserWarning: Policy "os_compute_api:os-flavor-extra-specs:create": "rule:context_is_admin" failed scope check. The token used to make the request was project scoped but the policy requires ['system'] scope. This behavior may change in the future where using the intended scope is required
Aug 10 17:39:37.414952 n-d-852296-2 devstack@n-api.service[113419]: warnings.warn(msg)
Aug 10 17:39:37.417638 n-d-852296-2 devstack@n-api.service[113419]: DEBUG dbcounter [-] [113419] Writing DB stats nova_api:SELECT=3 {{(pid=113419) stat_writer /usr/local/lib/python3.8/dist-packages/dbcounter.py:114}}
Aug 10 17:39:37.418439 n-d-852296-2 devstack@n-api.service[113419]: DEBUG dbcounter [-] [113419] Writing DB stats nova_cell0:SELECT=3 {{(pid=113419) stat_writer /usr/local/lib/python3.8/dist-packages/dbcounter.py:114}}
Aug 10 17:39:37.419402 n-d-852296-2 devstack@n-api.service[113419]: DEBUG dbcounter [-] [113419] Writing DB stats nova_cell1:SELECT=3 {{(pid=113419) stat_writer /usr/local/lib/python3.8/dist-packages/dbcounter.py:114}}
Aug 10 17:39:37.420950 n-d-852296-2 devstack@n-api.service[113419]: DEBUG dbcounter [-] [113419] Writing DB stats nova_cell0:SELECT=6,nova_cell0:INSERT=1 {{(pid=113419) stat_writer /usr/local/lib/python3.8/dist-packages/dbcounter.py:114}}
Aug 10 17:39:37.655370 n-d-852296-2 devstack@n-api.service[113419]: INFO nova.api.openstack.requestlog [None req-59888849-eb69-4f2f-a4de-064b821457d2 admin admin] 10.222.0.50 "POST /compute/v2.1/flavors/c1/os-extra_specs" status: 200 len: 43 microversion: 2.61 time: 0.465017
Aug 10 17:39:37.656558 n-d-852296-2 devstack@n-api.service[113419]: [pid: 113419|app: 0|req: 4/6] 10.222.0.50 () {64 vars in 1336 bytes} [Wed Aug 10 17:39:37 2022] POST /compute/v2.1/flavors/c1/os-extra_specs => generated 43 bytes in 467 msecs (HTTP/1.1 200) 9 headers in 358 bytes (1 switches on core 0)
Aug 10 17:39:39.965854 n-d-852296-2 devstack@n-api.service[113418]: DEBUG nova.api.openstack.wsgi [None req-e271b8e3-6b8b-47df-911c-57fc192ef308 admin admin] Calling method '>' {{(pid=113418) _process_stack /opt/stack/nova/nova/api/openstack/wsgi.py:513}}
Aug 10 17:39:39.966956 n-d-852296-2 devstack@n-api.service[113418]: INFO nova.api.openstack.requestlog [None req-e271b8e3-6b8b-47df-911c-57fc192ef308 admin admin] 10.222.0.50 "GET /compute/v2.1" status: 200 len: 388 microversion: 2.1 time: 0.001551
Aug 10 17:39:39.967991 n-d-852296-2 devstack@n-api.service[113418]: [pid: 113418|app: 0|req: 3/7] 10.222.0.50 () {54 vars in 931 bytes} [Wed Aug 10 17:39:39 2022] GET /compute/v2.1 => generated 388 bytes in 3 msecs (HTTP/1.1 200) 9 headers in 357 bytes (1 switches on core 0)
Aug 10 17:39:40.713008 n-d-852296-2 devstack@n-api.service[113419]: DEBUG nova.api.openstack.wsgi [None req-4378bcbf-92e9-4223-88e4-559cc74ffb7f admin admin] Action: 'create', calling method: >, body: {"flavor": {"id": "d1", "vcpus": 1, "rxtx_factor": 1.0, "os-flavor-access:is_public": true, "name": "ds512M", "ram": 512, "swap": 0, "disk": 5, "OS-FLV-EXT-DATA:ephemeral": 0}} {{(pid=113419) _process_stack /opt/stack/nova/nova/api/openstack/wsgi.py:511}}
Aug 10 17:39:40.732639 n-d-852296-2 devstack@n-api.service[113419]: /usr/local/lib/python3.8/dist-packages/oslo_policy/policy.py:1129: UserWarning: Policy "os_compute_api:os-flavor-manage:create": "rule:context_is_admin" failed scope check. The token used to make the request was project scoped but the policy requires ['system'] scope. This behavior may change in the future where using the intended scope is required
Aug 10 17:39:40.732639 n-d-852296-2 devstack@n-api.service[113419]: warnings.warn(msg)
Aug 10 17:39:40.815586 n-d-852296-2 devstack@n-api.service[113419]: INFO nova.api.openstack.requestlog [None req-4378bcbf-92e9-4223-88e4-559cc74ffb7f admin admin] 10.222.0.50 "POST /compute/v2.1/flavors" status: 200 len: 404 microversion: 2.61 time: 0.840496
Aug 10 17:39:40.830292 n-d-852296-2 devstack@n-api.service[113418]: DEBUG nova.api.openstack.wsgi [None req-dc3772ac-6925-4e8a-bc94-bf1a0ae72782 admin admin] Action: 'create', calling method: >, body: {"extra_specs": {"hw_rng:allowed": "True"}} {{(pid=113418) _process_stack /opt/stack/nova/nova/api/openstack/wsgi.py:511}}
Aug 10 17:39:40.833857 n-d-852296-2 devstack@n-api.service[113418]: /usr/local/lib/python3.8/dist-packages/oslo_policy/policy.py:1129: UserWarning: Policy "os_compute_api:os-flavor-extra-specs:create": "rule:context_is_admin" failed scope check. The token used to make the request was project scoped but the policy requires ['system'] scope. This behavior may change in the future where using the intended scope is required
Aug 10 17:39:40.833857 n-d-852296-2 devstack@n-api.service[113418]: warnings.warn(msg)
Aug 10 17:39:40.835243 n-d-852296-2 devstack@n-api.service[113419]: [pid: 113419|app: 0|req: 5/8] 10.222.0.50 () {64 vars in 1283 bytes} [Wed Aug 10 17:39:39 2022] POST /compute/v2.1/flavors => generated 404 bytes in 861 msecs (HTTP/1.1 200) 9 headers in 359 bytes (1 switches on core 0)
Aug 10 17:39:40.925224 n-d-852296-2 devstack@n-api.service[113418]: INFO nova.api.openstack.requestlog [None req-dc3772ac-6925-4e8a-bc94-bf1a0ae72782 admin admin] 10.222.0.50 "POST /compute/v2.1/flavors/d1/os-extra_specs" status: 200 len: 43 microversion: 2.61 time: 0.099636
Aug 10 17:39:40.935425 n-d-852296-2 devstack@n-api.service[113418]: [pid: 113418|app: 0|req: 4/9] 10.222.0.50 () {64 vars in 1336 bytes} [Wed Aug 10 17:39:40 2022] POST /compute/v2.1/flavors/d1/os-extra_specs => generated 43 bytes in 102 msecs (HTTP/1.1 200) 9 headers in 358 bytes (1 switches on core 0)
Aug 10 17:39:43.425616 n-d-852296-2 devstack@n-api.service[113419]: DEBUG nova.api.openstack.wsgi [None req-4378bcbf-92e9-4223-88e4-559cc74ffb7f admin admin] Calling method '>' {{(pid=113419) _process_stack /opt/stack/nova/nova/api/openstack/wsgi.py:513}}
Aug 10 17:39:43.430031 n-d-852296-2 devstack@n-api.service[113419]: INFO nova.api.openstack.requestlog [None req-4378bcbf-92e9-4223-88e4-559cc74ffb7f admin admin] 10.222.0.50 "GET /compute/v2.1" status: 200 len: 388 microversion: 2.1 time: 0.001476
Aug 10 17:39:43.430031 n-d-852296-2 devstack@n-api.service[113419]: [pid: 113419|app: 0|req: 6/10] 10.222.0.50 () {54 vars in 931 bytes} [Wed Aug 10 17:39:43 2022] GET /compute/v2.1 => generated 388 bytes in 3 msecs (HTTP/1.1 200) 9 headers in 357 bytes (1 switches on core 0)
Aug 10 17:39:43.934124 n-d-852296-2 devstack@n-api.service[113418]: DEBUG nova.api.openstack.wsgi [None req-1d56b372-8d6e-4d6c-b043-b2c27cf3702b admin admin] Action: 'create', calling method: >, body: {"flavor": {"rxtx_factor": 1.0, "disk": 10, "os-flavor-access:is_public": true, "name": "ds1G", "OS-FLV-EXT-DATA:ephemeral": 0, "ram": 1024, "id": "d2", "vcpus": 1, "swap": 0}} {{(pid=113418) _process_stack /opt/stack/nova/nova/api/openstack/wsgi.py:511}}
Aug 10 17:39:44.038389 n-d-852296-2 devstack@n-api.service[113418]: INFO nova.api.openstack.requestlog [None req-1d56b372-8d6e-4d6c-b043-b2c27cf3702b admin admin] 10.222.0.50 "POST /compute/v2.1/flavors" status: 200 len: 404 microversion: 2.61 time: 0.604921
Aug 10 17:39:44.039651 n-d-852296-2 devstack@n-api.service[113418]: [pid: 113418|app: 0|req: 5/11] 10.222.0.50 () {64 vars in 1283 bytes} [Wed Aug 10 17:39:43 2022] POST /compute/v2.1/flavors => generated 404 bytes in 607 msecs (HTTP/1.1 200) 9 headers in 359 bytes (1 switches on core 0)
Aug 10 17:39:44.051847 n-d-852296-2 devstack@n-api.service[113419]: DEBUG nova.api.openstack.wsgi [None req-2af914b9-6d31-416e-b402-0f84fcddc46d admin admin] Action: 'create', calling method: >, body: {"extra_specs": {"hw_rng:allowed": "True"}} {{(pid=113419) _process_stack /opt/stack/nova/nova/api/openstack/wsgi.py:511}}
Aug 10 17:39:44.139266 n-d-852296-2 devstack@n-api.service[113419]: INFO nova.api.openstack.requestlog [None req-2af914b9-6d31-416e-b402-0f84fcddc46d admin admin] 10.222.0.50 "POST /compute/v2.1/flavors/d2/os-extra_specs" status: 200 len: 43 microversion: 2.61 time: 0.090118
Aug 10 17:39:44.149175 n-d-852296-2 devstack@n-api.service[113419]: [pid: 113419|app: 0|req: 7/12] 10.222.0.50 () {64 vars in 1336 bytes} [Wed Aug 10 17:39:44 2022] POST /compute/v2.1/flavors/d2/os-extra_specs => generated 43 bytes in 101 msecs (HTTP/1.1 200) 9 headers in 358 bytes (1 switches on core 0)
Aug 10 17:39:46.580202 n-d-852296-2 devstack@n-api.service[113418]: DEBUG nova.api.openstack.wsgi [None req-1d56b372-8d6e-4d6c-b043-b2c27cf3702b admin admin] Calling method '>' {{(pid=113418) _process_stack /opt/stack/nova/nova/api/openstack/wsgi.py:513}}
Aug 10 17:39:46.581237 n-d-852296-2 devstack@n-api.service[113418]: INFO nova.api.openstack.requestlog [None req-1d56b372-8d6e-4d6c-b043-b2c27cf3702b admin admin] 10.222.0.50 "GET /compute/v2.1" status: 200 len: 388 microversion: 2.1 time: 0.001499
Aug 10 17:39:46.581647 n-d-852296-2 devstack@n-api.service[113418]: [pid: 113418|app: 0|req: 6/13] 10.222.0.50 () {54 vars in 931 bytes} [Wed Aug 10 17:39:46 2022] GET /compute/v2.1 => generated 388 bytes in 2 msecs (HTTP/1.1 200) 9 headers in 357 bytes (2 switches on core 0)
Aug 10 17:39:46.974531 n-d-852296-2 devstack@n-api.service[113419]: DEBUG nova.api.openstack.wsgi [None req-3a51779e-9d33-4448-a6df-a3ed0692384b admin admin] Action: 'create', calling method: >, body: {"flavor": {"name": "ds2G", "id": "d3", "rxtx_factor": 1.0, "swap": 0, "vcpus": 2, "os-flavor-access:is_public": true, "disk": 10, "OS-FLV-EXT-DATA:ephemeral": 0, "ram": 2048}} {{(pid=113419) _process_stack /opt/stack/nova/nova/api/openstack/wsgi.py:511}}
Aug 10 17:39:47.040415 n-d-852296-2 devstack@n-api.service[113419]: INFO nova.api.openstack.requestlog [None req-3a51779e-9d33-4448-a6df-a3ed0692384b admin admin] 10.222.0.50 "POST /compute/v2.1/flavors" status: 200 len: 404 microversion: 2.61 time: 0.452326
Aug 10 17:39:47.040898 n-d-852296-2 devstack@n-api.service[113419]: [pid: 113419|app: 0|req: 8/14] 10.222.0.50 () {64 vars in 1283 bytes} [Wed Aug 10 17:39:46 2022] POST /compute/v2.1/flavors => generated 404 bytes in 454 msecs (HTTP/1.1 200) 9 headers in 359 bytes (1 switches on core 0)
Aug 10 17:39:47.053684 n-d-852296-2 devstack@n-api.service[113418]: DEBUG nova.api.openstack.wsgi [None req-37928790-c068-498a-8d7c-6e7b8ca06377 admin admin] Action: 'create', calling method: >, body: {"extra_specs": {"hw_rng:allowed": "True"}} {{(pid=113418) _process_stack /opt/stack/nova/nova/api/openstack/wsgi.py:511}}
Aug 10 17:39:47.172936 n-d-852296-2 devstack@n-api.service[113418]: INFO nova.api.openstack.requestlog [None req-37928790-c068-498a-8d7c-6e7b8ca06377 admin admin] 10.222.0.50 "POST /compute/v2.1/flavors/d3/os-extra_specs" status: 200 len: 43 microversion: 2.61 time: 0.119857
Aug 10 17:39:47.172936 n-d-852296-2 devstack@n-api.service[113418]: [pid: 113418|app: 0|req: 7/15] 10.222.0.50 () {64 vars in 1336 bytes} [Wed Aug 10 17:39:47 2022] POST /compute/v2.1/flavors/d3/os-extra_specs => generated 43 bytes in 122 msecs (HTTP/1.1 200) 9 headers in 358 bytes (1 switches on core 0)
Aug 10 17:39:49.512105 n-d-852296-2 devstack@n-api.service[113419]: DEBUG nova.api.openstack.wsgi [None req-3a51779e-9d33-4448-a6df-a3ed0692384b admin admin] Calling method '>' {{(pid=113419) _process_stack /opt/stack/nova/nova/api/openstack/wsgi.py:513}}
Aug 10 17:39:49.513207 n-d-852296-2 devstack@n-api.service[113419]: INFO nova.api.openstack.requestlog [None req-3a51779e-9d33-4448-a6df-a3ed0692384b admin admin] 10.222.0.50 "GET /compute/v2.1" status: 200 len: 388 microversion: 2.1 time: 0.001563
Aug 10 17:39:49.514199 n-d-852296-2 devstack@n-api.service[113419]: [pid: 113419|app: 0|req: 9/16] 10.222.0.50 () {54 vars in 931 bytes} [Wed Aug 10 17:39:49 2022] GET /compute/v2.1 => generated 388 bytes in 3 msecs (HTTP/1.1 200) 9 headers in 357 bytes (1 switches on core 0)
Aug 10 17:39:50.061683 n-d-852296-2 devstack@n-api.service[113418]: DEBUG nova.api.openstack.wsgi [None req-cd962d6a-1e97-4005-a98d-f4053a49eff6 admin admin] Action: 'create', calling method: >, body: {"flavor": {"vcpus": 4, "name": "ds4G", "rxtx_factor": 1.0, "OS-FLV-EXT-DATA:ephemeral": 0, "os-flavor-access:is_public": true, "disk": 20, "ram": 4096, "id": "d4", "swap": 0}} {{(pid=113418) _process_stack /opt/stack/nova/nova/api/openstack/wsgi.py:511}}
Aug 10 17:39:50.138350 n-d-852296-2 devstack@n-api.service[113418]: INFO nova.api.openstack.requestlog [None req-cd962d6a-1e97-4005-a98d-f4053a49eff6 admin admin] 10.222.0.50 "POST /compute/v2.1/flavors" status: 200 len: 404 microversion: 2.61 time: 0.617882
Aug 10 17:39:50.139085 n-d-852296-2 devstack@n-api.service[113418]: [pid: 113418|app: 0|req: 8/17] 10.222.0.50 () {64 vars in 1283 bytes} [Wed Aug 10 17:39:49 2022] POST /compute/v2.1/flavors => generated 404 bytes in 619 msecs (HTTP/1.1 200) 9 headers in 359 bytes (1 switches on core 0)
Aug 10 17:39:50.150971 n-d-852296-2 devstack@n-api.service[113419]: DEBUG nova.api.openstack.wsgi [None req-1e3daced-e130-459b-b157-2a5df6c68add admin admin] Action: 'create', calling method: >, body: {"extra_specs": {"hw_rng:allowed": "True"}} {{(pid=113419) _process_stack /opt/stack/nova/nova/api/openstack/wsgi.py:511}}
Aug 10 17:39:50.221956 n-d-852296-2 devstack@n-api.service[113419]: INFO nova.api.openstack.requestlog [None req-1e3daced-e130-459b-b157-2a5df6c68add admin admin] 10.222.0.50 "POST /compute/v2.1/flavors/d4/os-extra_specs" status: 200 len: 43 microversion: 2.61 time: 0.074565
Aug 10 17:39:50.222537 n-d-852296-2 devstack@n-api.service[113419]: [pid: 113419|app: 0|req: 10/18] 10.222.0.50 () {64 vars in 1336 bytes} [Wed Aug 10 17:39:50 2022] POST /compute/v2.1/flavors/d4/os-extra_specs => generated 43 bytes in 76 msecs (HTTP/1.1 200) 9 headers in 358 bytes (1 switches on core 0)
Aug 10 17:39:52.545778 n-d-852296-2 devstack@n-api.service[113418]: DEBUG nova.api.openstack.wsgi [None req-cd962d6a-1e97-4005-a98d-f4053a49eff6 admin admin] Calling method '>' {{(pid=113418) _process_stack /opt/stack/nova/nova/api/openstack/wsgi.py:513}}
Aug 10 17:39:52.547475 n-d-852296-2 devstack@n-api.service[113418]: INFO nova.api.openstack.requestlog [None req-cd962d6a-1e97-4005-a98d-f4053a49eff6 admin admin] 10.222.0.50 "GET /compute/v2.1" status: 200 len: 388 microversion: 2.1 time: 0.002392
Aug 10 17:39:52.553485 n-d-852296-2 devstack@n-api.service[113418]: [pid: 113418|app: 0|req: 9/19] 10.222.0.50 () {54 vars in 931 bytes} [Wed Aug 10 17:39:52 2022] GET /compute/v2.1 => generated 388 bytes in 4 msecs (HTTP/1.1 200) 9 headers in 357 bytes (1 switches on core 0)
Aug 10 17:39:53.098631 n-d-852296-2 devstack@n-api.service[113419]: DEBUG nova.api.openstack.wsgi [None req-8fc3367c-7dc0-4904-a9ee-872899904151 admin admin] Calling method '>' {{(pid=113419) _process_stack /opt/stack/nova/nova/api/openstack/wsgi.py:513}}
Aug 10 17:39:53.125623 n-d-852296-2 devstack@n-api.service[113419]: INFO nova.api.openstack.requestlog [None req-8fc3367c-7dc0-4904-a9ee-872899904151 admin admin] 10.222.0.50 "GET /compute/v2.1/flavors/detail?is_public=True" status: 200 len: 2106 microversion: 2.61 time: 0.570200
Aug 10 17:39:53.140955 n-d-852296-2 devstack@n-api.service[113419]: [pid: 113419|app: 0|req: 11/20] 10.222.0.50 () {60 vars in 1292 bytes} [Wed Aug 10 17:39:52 2022] GET /compute/v2.1/flavors/detail?is_public=True => generated 2106 bytes in 586 msecs (HTTP/1.1 200) 9 headers in 360 bytes (2 switches on core 0)
Aug 10 17:39:55.391691 n-d-852296-2 devstack@n-api.service[113418]: DEBUG nova.api.openstack.wsgi [None req-cd962d6a-1e97-4005-a98d-f4053a49eff6 admin admin] Calling method '>' {{(pid=113418) _process_stack /opt/stack/nova/nova/api/openstack/wsgi.py:513}}
Aug 10 17:39:55.392725 n-d-852296-2 devstack@n-api.service[113418]: INFO nova.api.openstack.requestlog [None req-cd962d6a-1e97-4005-a98d-f4053a49eff6 admin admin] 10.222.0.50 "GET /compute/v2.1" status: 200 len: 388 microversion: 2.1 time: 0.001474
Aug 10 17:39:55.393127 n-d-852296-2 devstack@n-api.service[113418]: [pid: 113418|app: 0|req: 10/21] 10.222.0.50 () {54 vars in 931 bytes} [Wed Aug 10 17:39:55 2022] GET /compute/v2.1 => generated 388 bytes in 2 msecs (HTTP/1.1 200) 9 headers in 357 bytes (1 switches on core 0)
Aug 10 17:39:55.856391 n-d-852296-2 devstack@n-api.service[113419]: DEBUG nova.api.openstack.wsgi [None req-43b0186a-6468-42e8-9e11-30d3d4686128 admin admin] Action: 'create', calling method: >, body: {"flavor": {"disk": 1, "ram": 512, "OS-FLV-EXT-DATA:ephemeral": 0, "rxtx_factor": 1.0, "name": "m1.tiny", "swap": 0, "os-flavor-access:is_public": true, "vcpus": 1, "id": "1"}} {{(pid=113419) _process_stack /opt/stack/nova/nova/api/openstack/wsgi.py:511}}
Aug 10 17:39:55.944040 n-d-852296-2 devstack@n-api.service[113419]: INFO nova.api.openstack.requestlog [None req-43b0186a-6468-42e8-9e11-30d3d4686128 admin admin] 10.222.0.50 "POST /compute/v2.1/flavors" status: 200 len: 402 microversion: 2.61 time: 0.542840
Aug 10 17:39:55.944702 n-d-852296-2 devstack@n-api.service[113419]: [pid: 113419|app: 0|req: 12/22] 10.222.0.50 () {64 vars in 1283 bytes} [Wed Aug 10 17:39:55 2022] POST /compute/v2.1/flavors => generated 402 bytes in 544 msecs (HTTP/1.1 200) 9 headers in 359 bytes (1 switches on core 0)
Aug 10 17:39:55.958490 n-d-852296-2 devstack@n-api.service[113418]: DEBUG nova.api.openstack.wsgi [None req-0137d9cb-bfc1-4347-b857-7859b309f3d5 admin admin] Action: 'create', calling method: >, body: {"extra_specs": {"hw_rng:allowed": "True"}} {{(pid=113418) _process_stack /opt/stack/nova/nova/api/openstack/wsgi.py:511}}
Aug 10 17:39:56.050598 n-d-852296-2 devstack@n-api.service[113418]: INFO nova.api.openstack.requestlog [None req-0137d9cb-bfc1-4347-b857-7859b309f3d5 admin admin] 10.222.0.50 "POST /compute/v2.1/flavors/1/os-extra_specs" status: 200 len: 43 microversion: 2.61 time: 0.096164
Aug 10 17:39:56.051049 n-d-852296-2 devstack@n-api.service[113418]: [pid: 113418|app: 0|req: 11/23] 10.222.0.50 () {64 vars in 1333 bytes} [Wed Aug 10 17:39:55 2022] POST /compute/v2.1/flavors/1/os-extra_specs => generated 43 bytes in 97 msecs (HTTP/1.1 200) 9 headers in 358 bytes (1 switches on core 0)
Aug 10 17:39:58.311805 n-d-852296-2 devstack@n-api.service[113419]: DEBUG nova.api.openstack.wsgi [None req-43b0186a-6468-42e8-9e11-30d3d4686128 admin admin] Calling method '>' {{(pid=113419) _process_stack /opt/stack/nova/nova/api/openstack/wsgi.py:513}}
Aug 10 17:39:58.312870 n-d-852296-2 devstack@n-api.service[113419]: INFO nova.api.openstack.requestlog [None req-43b0186a-6468-42e8-9e11-30d3d4686128 admin admin] 10.222.0.50 "GET /compute/v2.1" status: 200 len: 388 microversion: 2.1 time: 0.002023
Aug 10 17:39:58.313272 n-d-852296-2 devstack@n-api.service[113419]: [pid: 113419|app: 0|req: 13/24] 10.222.0.50 () {54 vars in 931 bytes} [Wed Aug 10 17:39:58 2022] GET /compute/v2.1 => generated 388 bytes in 3 msecs (HTTP/1.1 200) 9 headers in 357 bytes (1 switches on core 0)
Aug 10 17:39:58.761298 n-d-852296-2 devstack@n-api.service[113418]: DEBUG nova.api.openstack.wsgi [None req-b8508381-84ef-4060-8491-b2e48770e779 admin admin] Action: 'create', calling method: >, body: {"flavor": {"ram": 2048, "disk": 20, "rxtx_factor": 1.0, "OS-FLV-EXT-DATA:ephemeral": 0, "name": "m1.small", "id": "2", "os-flavor-access:is_public": true, "vcpus": 1, "swap": 0}} {{(pid=113418) _process_stack /opt/stack/nova/nova/api/openstack/wsgi.py:511}}
Aug 10 17:39:58.863409 n-d-852296-2 devstack@n-api.service[113418]: INFO nova.api.openstack.requestlog [None req-b8508381-84ef-4060-8491-b2e48770e779 admin admin] 10.222.0.50 "POST /compute/v2.1/flavors" status: 200 len: 405 microversion: 2.61 time: 0.542709
Aug 10 17:39:58.863990 n-d-852296-2 devstack@n-api.service[113418]: [pid: 113418|app: 0|req: 12/25] 10.222.0.50 () {64 vars in 1283 bytes} [Wed Aug 10 17:39:58 2022] POST /compute/v2.1/flavors => generated 405 bytes in 545 msecs (HTTP/1.1 200) 9 headers in 359 bytes (1 switches on core 0)
Aug 10 17:39:58.877441 n-d-852296-2 devstack@n-api.service[113419]: DEBUG nova.api.openstack.wsgi [None req-625a702a-fd72-4206-9290-fd2d75e89007 admin admin] Action: 'create', calling method: >, body: {"extra_specs": {"hw_rng:allowed": "True"}} {{(pid=113419) _process_stack /opt/stack/nova/nova/api/openstack/wsgi.py:511}}
Aug 10 17:39:58.980803 n-d-852296-2 devstack@n-api.service[113419]: INFO nova.api.openstack.requestlog [None req-625a702a-fd72-4206-9290-fd2d75e89007 admin admin] 10.222.0.50 "POST /compute/v2.1/flavors/2/os-extra_specs" status: 200 len: 43 microversion: 2.61 time: 0.108191
Aug 10 17:39:58.981389 n-d-852296-2 devstack@n-api.service[113419]: [pid: 113419|app: 0|req: 14/26] 10.222.0.50 () {64 vars in 1333 bytes} [Wed Aug 10 17:39:58 2022] POST /compute/v2.1/flavors/2/os-extra_specs => generated 43 bytes in 109 msecs (HTTP/1.1 200) 9 headers in 358 bytes (2 switches on core 0)
Aug 10 17:40:01.221295 n-d-852296-2 devstack@n-api.service[113418]: DEBUG nova.api.openstack.wsgi [None req-b8508381-84ef-4060-8491-b2e48770e779 admin admin] Calling method '>' {{(pid=113418) _process_stack /opt/stack/nova/nova/api/openstack/wsgi.py:513}}
Aug 10 17:40:01.222346 n-d-852296-2 devstack@n-api.service[113418]: INFO nova.api.openstack.requestlog [None req-b8508381-84ef-4060-8491-b2e48770e779 admin admin] 10.222.0.50 "GET /compute/v2.1" status: 200 len: 388 microversion: 2.1 time: 0.001500
Aug 10 17:40:01.222759 n-d-852296-2 devstack@n-api.service[113418]: [pid: 113418|app: 0|req: 13/27] 10.222.0.50 () {54 vars in 931 bytes} [Wed Aug 10 17:40:01 2022] GET /compute/v2.1 => generated 388 bytes in 2 msecs (HTTP/1.1 200) 9 headers in 357 bytes (1 switches on core 0)
Aug 10 17:40:01.632644 n-d-852296-2 devstack@n-api.service[113419]: DEBUG nova.api.openstack.wsgi [None req-9b16f260-41d8-4139-ad78-89d19eeb7494 admin admin] Action: 'create', calling method: >, body: {"flavor": {"os-flavor-access:is_public": true, "swap": 0, "name": "m1.medium", "OS-FLV-EXT-DATA:ephemeral": 0, "ram": 4096, "id": "3", "vcpus": 2, "rxtx_factor": 1.0, "disk": 40}} {{(pid=113419) _process_stack /opt/stack/nova/nova/api/openstack/wsgi.py:511}}
Aug 10 17:40:01.721100 n-d-852296-2 devstack@n-api.service[113419]: INFO nova.api.openstack.requestlog [None req-9b16f260-41d8-4139-ad78-89d19eeb7494 admin admin] 10.222.0.50 "POST /compute/v2.1/flavors" status: 200 len: 406 microversion: 2.61 time: 0.491881
Aug 10 17:40:01.721740 n-d-852296-2 devstack@n-api.service[113419]: [pid: 113419|app: 0|req: 15/28] 10.222.0.50 () {64 vars in 1283 bytes} [Wed Aug 10 17:40:01 2022] POST /compute/v2.1/flavors => generated 406 bytes in 493 msecs (HTTP/1.1 200) 9 headers in 359 bytes (2 switches on core 0)
Aug 10 17:40:01.734382 n-d-852296-2 devstack@n-api.service[113418]: DEBUG nova.api.openstack.wsgi [None req-0c816a12-b44d-4498-855f-db4eae70eeeb admin admin] Action: 'create', calling method: >, body: {"extra_specs": {"hw_rng:allowed": "True"}} {{(pid=113418) _process_stack /opt/stack/nova/nova/api/openstack/wsgi.py:511}}
Aug 10 17:40:01.850346 n-d-852296-2 devstack@n-api.service[113418]: INFO nova.api.openstack.requestlog [None req-0c816a12-b44d-4498-855f-db4eae70eeeb admin admin] 10.222.0.50 "POST /compute/v2.1/flavors/3/os-extra_specs" status: 200 len: 43 microversion: 2.61 time: 0.120230
Aug 10 17:40:01.850967 n-d-852296-2 devstack@n-api.service[113418]: [pid: 113418|app: 0|req: 14/29] 10.222.0.50 () {64 vars in 1333 bytes} [Wed Aug 10 17:40:01 2022] POST /compute/v2.1/flavors/3/os-extra_specs => generated 43 bytes in 122 msecs (HTTP/1.1 200) 9 headers in 358 bytes (2 switches on core 0)
Aug 10 17:40:04.135822 n-d-852296-2 devstack@n-api.service[113419]: DEBUG nova.api.openstack.wsgi [None req-9b16f260-41d8-4139-ad78-89d19eeb7494 admin admin] Calling method '>' {{(pid=113419) _process_stack /opt/stack/nova/nova/api/openstack/wsgi.py:513}}
Aug 10 17:40:04.136934 n-d-852296-2 devstack@n-api.service[113419]: INFO nova.api.openstack.requestlog [None req-9b16f260-41d8-4139-ad78-89d19eeb7494 admin admin] 10.222.0.50 "GET /compute/v2.1" status: 200 len: 388 microversion: 2.1 time: 0.001653
Aug 10 17:40:04.137546 n-d-852296-2 devstack@n-api.service[113419]: [pid: 113419|app: 0|req: 16/30] 10.222.0.50 () {54 vars in 931 bytes} [Wed Aug 10 17:40:04 2022] GET /compute/v2.1 => generated 388 bytes in 3 msecs (HTTP/1.1 200) 9 headers in 357 bytes (1 switches on core 0)
Aug 10 17:40:04.567139 n-d-852296-2 devstack@n-api.service[113418]: DEBUG nova.api.openstack.wsgi [None req-86ce1501-1816-4263-8aa3-1006a28aa7ea admin admin] Action: 'create', calling method: >, body: {"flavor": {"OS-FLV-EXT-DATA:ephemeral": 0, "disk": 80, "ram": 8192, "rxtx_factor": 1.0, "name": "m1.large", "os-flavor-access:is_public": true, "id": "4", "vcpus": 4, "swap": 0}} {{(pid=113418) _process_stack /opt/stack/nova/nova/api/openstack/wsgi.py:511}}
Aug 10 17:40:04.572980 n-d-852296-2 devstack@n-api.service[113418]: DEBUG dbcounter [-] [113418] Writing DB stats nova_api:SELECT=39,nova_api:INSERT=8,nova_api:SAVEPOINT=4,nova_api:RELEASE=4 {{(pid=113418) stat_writer /usr/local/lib/python3.8/dist-packages/dbcounter.py:114}}
Aug 10 17:40:04.697538 n-d-852296-2 devstack@n-api.service[113418]: INFO nova.api.openstack.requestlog [None req-86ce1501-1816-4263-8aa3-1006a28aa7ea admin admin] 10.222.0.50 "POST /compute/v2.1/flavors" status: 200 len: 405 microversion: 2.61 time: 0.551702
Aug 10 17:40:04.698044 n-d-852296-2 devstack@n-api.service[113418]: [pid: 113418|app: 0|req: 15/31] 10.222.0.50 () {64 vars in 1283 bytes} [Wed Aug 10 17:40:04 2022] POST /compute/v2.1/flavors => generated 405 bytes in 553 msecs (HTTP/1.1 200) 9 headers in 359 bytes (1 switches on core 0)
Aug 10 17:40:04.711347 n-d-852296-2 devstack@n-api.service[113419]: DEBUG nova.api.openstack.wsgi [None req-1a4d0d59-90cd-46bc-a5d8-28d5a90aef2d admin admin] Action: 'create', calling method: >, body: {"extra_specs": {"hw_rng:allowed": "True"}} {{(pid=113419) _process_stack /opt/stack/nova/nova/api/openstack/wsgi.py:511}}
Aug 10 17:40:04.818742 n-d-852296-2 devstack@n-api.service[113419]: INFO nova.api.openstack.requestlog [None req-1a4d0d59-90cd-46bc-a5d8-28d5a90aef2d admin admin] 10.222.0.50 "POST /compute/v2.1/flavors/4/os-extra_specs" status: 200 len: 43 microversion: 2.61 time: 0.111152
Aug 10 17:40:04.819397 n-d-852296-2 devstack@n-api.service[113419]: [pid: 113419|app: 0|req: 17/32] 10.222.0.50 () {64 vars in 1333 bytes} [Wed Aug 10 17:40:04 2022] POST /compute/v2.1/flavors/4/os-extra_specs => generated 43 bytes in 112 msecs (HTTP/1.1 200) 9 headers in 358 bytes (1 switches on core 0)
Aug 10 17:40:07.144468 n-d-852296-2 devstack@n-api.service[113418]: DEBUG nova.api.openstack.wsgi [None req-86ce1501-1816-4263-8aa3-1006a28aa7ea admin admin] Calling method '>' {{(pid=113418) _process_stack /opt/stack/nova/nova/api/openstack/wsgi.py:513}}
Aug 10 17:40:07.144468 n-d-852296-2 devstack@n-api.service[113418]: INFO nova.api.openstack.requestlog [None req-86ce1501-1816-4263-8aa3-1006a28aa7ea admin admin] 10.222.0.50 "GET /compute/v2.1" status: 200 len: 388 microversion: 2.1 time: 0.001542
Aug 10 17:40:07.144468 n-d-852296-2 devstack@n-api.service[113418]: [pid: 113418|app: 0|req: 16/33] 10.222.0.50 () {54 vars in 931 bytes} [Wed Aug 10 17:40:07 2022] GET /compute/v2.1 => generated 388 bytes in 3 msecs (HTTP/1.1 200) 9 headers in 357 bytes (1 switches on core 0)
Aug 10 17:40:07.589765 n-d-852296-2 devstack@n-api.service[113419]: DEBUG nova.api.openstack.wsgi [None req-fbf5c4e1-ab2e-4f2a-a8cb-d2aa98414fd6 admin admin] Action: 'create', calling method: >, body: {"flavor": {"vcpus": 8, "disk": 160, "os-flavor-access:is_public": true, "rxtx_factor": 1.0, "ram": 16384, "OS-FLV-EXT-DATA:ephemeral": 0, "swap": 0, "id": "5", "name": "m1.xlarge"}} {{(pid=113419) _process_stack /opt/stack/nova/nova/api/openstack/wsgi.py:511}}
Aug 10 17:40:07.663711 n-d-852296-2 devstack@n-api.service[113419]: DEBUG dbcounter [-] [113419] Writing DB stats nova_api:SELECT=46,nova_api:SAVEPOINT=5,nova_api:INSERT=10,nova_api:RELEASE=5 {{(pid=113419) stat_writer /usr/local/lib/python3.8/dist-packages/dbcounter.py:114}}
Aug 10 17:40:07.670008 n-d-852296-2 devstack@n-api.service[113419]: INFO nova.api.openstack.requestlog [None req-fbf5c4e1-ab2e-4f2a-a8cb-d2aa98414fd6 admin admin] 10.222.0.50 "POST /compute/v2.1/flavors" status: 200 len: 408 microversion: 2.61 time: 0.518251
Aug 10 17:40:07.670941 n-d-852296-2 devstack@n-api.service[113419]: [pid: 113419|app: 0|req: 18/34] 10.222.0.50 () {64 vars in 1283 bytes} [Wed Aug 10 17:40:07 2022] POST /compute/v2.1/flavors => generated 408 bytes in 520 msecs (HTTP/1.1 200) 9 headers in 359 bytes (2 switches on core 0)
Aug 10 17:40:07.683426 n-d-852296-2 devstack@n-api.service[113418]: DEBUG nova.api.openstack.wsgi [None req-218ccad6-0981-4481-8301-550da3494d6c admin admin] Action: 'create', calling method: >, body: {"extra_specs": {"hw_rng:allowed": "True"}} {{(pid=113418) _process_stack /opt/stack/nova/nova/api/openstack/wsgi.py:511}}
Aug 10 17:40:07.782077 n-d-852296-2 devstack@n-api.service[113418]: INFO nova.api.openstack.requestlog [None req-218ccad6-0981-4481-8301-550da3494d6c admin admin] 10.222.0.50 "POST /compute/v2.1/flavors/5/os-extra_specs" status: 200 len: 43 microversion: 2.61 time: 0.102379
Aug 10 17:40:07.782779 n-d-852296-2 devstack@n-api.service[113418]: [pid: 113418|app: 0|req: 17/35] 10.222.0.50 () {64 vars in 1333 bytes} [Wed Aug 10 17:40:07 2022] POST /compute/v2.1/flavors/5/os-extra_specs => generated 43 bytes in 104 msecs (HTTP/1.1 200) 9 headers in 358 bytes (2 switches on core 0)
Aug 10 17:40:32.758877 n-d-852296-2 devstack@n-api.service[113419]: DEBUG nova.api.openstack.wsgi [None req-fbf5c4e1-ab2e-4f2a-a8cb-d2aa98414fd6 admin admin] Calling method '>' {{(pid=113419) _process_stack /opt/stack/nova/nova/api/openstack/wsgi.py:513}}
Aug 10 17:40:32.764444 n-d-852296-2 devstack@n-api.service[113419]: INFO nova.api.openstack.requestlog [None req-fbf5c4e1-ab2e-4f2a-a8cb-d2aa98414fd6 admin admin] 10.222.0.50 "GET /compute/v2.1" status: 200 len: 388 microversion: 2.1 time: 0.001456
Aug 10 17:40:32.764444 n-d-852296-2 devstack@n-api.service[113419]: [pid: 113419|app: 0|req: 19/36] 10.222.0.50 () {54 vars in 931 bytes} [Wed Aug 10 17:40:32 2022] GET /compute/v2.1 => generated 388 bytes in 2 msecs (HTTP/1.1 200) 9 headers in 357 bytes (1 switches on core 0)
Aug 10 17:40:33.153022 n-d-852296-2 devstack@n-api.service[113418]: DEBUG nova.api.openstack.wsgi [None req-1647709f-cb45-43d6-bc08-64929732b354 admin admin] Calling method '>' {{(pid=113418) _process_stack /opt/stack/nova/nova/api/openstack/wsgi.py:513}}
Aug 10 17:40:33.172354 n-d-852296-2 devstack@n-api.service[113418]: INFO nova.api.openstack.requestlog [None req-1647709f-cb45-43d6-bc08-64929732b354 admin admin] 10.222.0.50 "GET /compute/v2.1/flavors/detail?is_public=True" status: 200 len: 4202 microversion: 2.61 time: 0.405711
Aug 10 17:40:33.172901 n-d-852296-2 devstack@n-api.service[113418]: [pid: 113418|app: 0|req: 18/37] 10.222.0.50 () {60 vars in 1292 bytes} [Wed Aug 10 17:40:32 2022] GET /compute/v2.1/flavors/detail?is_public=True => generated 4202 bytes in 407 msecs (HTTP/1.1 200) 9 headers in 360 bytes (1 switches on core 0)
Aug 10 17:40:34.255307 n-d-852296-2 devstack@n-api.service[113419]: DEBUG nova.api.openstack.wsgi [None req-fbf5c4e1-ab2e-4f2a-a8cb-d2aa98414fd6 admin admin] Calling method '>' {{(pid=113419) _process_stack /opt/stack/nova/nova/api/openstack/wsgi.py:513}}
Aug 10 17:40:34.256352 n-d-852296-2 devstack@n-api.service[113419]: INFO nova.api.openstack.requestlog [None req-fbf5c4e1-ab2e-4f2a-a8cb-d2aa98414fd6 admin admin] 10.222.0.50 "GET /compute/v2.1" status: 200 len: 388 microversion: 2.1 time: 0.001454
Aug 10 17:40:34.256758 n-d-852296-2 devstack@n-api.service[113419]: [pid: 113419|app: 0|req: 20/38] 10.222.0.50 () {56 vars in 1074 bytes} [Wed Aug 10 17:40:34 2022] GET /compute/v2.1 => generated 388 bytes in 2 msecs (HTTP/1.1 200) 9 headers in 357 bytes (1 switches on core 0)
