Aug 10 17:54:39.944943 n-d-852296-2 devstack@g-api.service[123355]: DEBUG glance.api.middleware.version_negotiation [None req-ebfff3b3-9596-42c9-98a9-ad44114e3284 tempest-ImagesTestJSON-338650746 tempest-ImagesTestJSON-338650746-project] Determining version of request: GET /v2/images/a735ff26-463a-4ffe-a981-ab9d9baa494f Accept: */* {{(pid=123355) process_request /opt/stack/glance/glance/api/middleware/version_negotiation.py:44}}
Aug 10 17:54:39.945523 n-d-852296-2 devstack@g-api.service[123355]: DEBUG glance.api.middleware.version_negotiation [None req-ebfff3b3-9596-42c9-98a9-ad44114e3284 tempest-ImagesTestJSON-338650746 tempest-ImagesTestJSON-338650746-project] Using url versioning {{(pid=123355) process_request /opt/stack/glance/glance/api/middleware/version_negotiation.py:57}}
Aug 10 17:54:39.945619 n-d-852296-2 devstack@g-api.service[123355]: DEBUG glance.api.middleware.version_negotiation [None req-ebfff3b3-9596-42c9-98a9-ad44114e3284 tempest-ImagesTestJSON-338650746 tempest-ImagesTestJSON-338650746-project] Matched version: v2 {{(pid=123355) process_request /opt/stack/glance/glance/api/middleware/version_negotiation.py:69}}
Aug 10 17:54:39.945850 n-d-852296-2 devstack@g-api.service[123355]: DEBUG glance.api.middleware.version_negotiation [None req-ebfff3b3-9596-42c9-98a9-ad44114e3284 tempest-ImagesTestJSON-338650746 tempest-ImagesTestJSON-338650746-project] new path /v2/images/a735ff26-463a-4ffe-a981-ab9d9baa494f {{(pid=123355) process_request /opt/stack/glance/glance/api/middleware/version_negotiation.py:70}}
Aug 10 17:54:39.974603 n-d-852296-2 devstack@g-api.service[123355]: [pid: 123355|app: 0|req: 149/305] 127.0.0.1 () {42 vars in 1051 bytes} [Wed Aug 10 17:54:39 2022] GET /v2/images/a735ff26-463a-4ffe-a981-ab9d9baa494f => generated 946 bytes in 30 msecs (HTTP/1.1 200) 4 headers in 157 bytes (1 switches on core 0)
Aug 10 17:54:39.974934 n-d-852296-2 devstack@g-api.service[123357]: DEBUG glance.api.middleware.version_negotiation [None req-ebfff3b3-9596-42c9-98a9-ad44114e3284 tempest-ImagesTestJSON-338650746 tempest-ImagesTestJSON-338650746-project] Determining version of request: GET /v2/schemas/image Accept: */* {{(pid=123357) process_request /opt/stack/glance/glance/api/middleware/version_negotiation.py:44}}
Aug 10 17:54:39.975463 n-d-852296-2 devstack@g-api.service[123357]: DEBUG glance.api.middleware.version_negotiation [None req-ebfff3b3-9596-42c9-98a9-ad44114e3284 tempest-ImagesTestJSON-338650746 tempest-ImagesTestJSON-338650746-project] Using url versioning {{(pid=123357) process_request /opt/stack/glance/glance/api/middleware/version_negotiation.py:57}}
Aug 10 17:54:39.975571 n-d-852296-2 devstack@g-api.service[123357]: DEBUG glance.api.middleware.version_negotiation [None req-ebfff3b3-9596-42c9-98a9-ad44114e3284 tempest-ImagesTestJSON-338650746 tempest-ImagesTestJSON-338650746-project] Matched version: v2 {{(pid=123357) process_request /opt/stack/glance/glance/api/middleware/version_negotiation.py:69}}
Aug 10 17:54:39.975799 n-d-852296-2 devstack@g-api.service[123357]: DEBUG glance.api.middleware.version_negotiation [None req-ebfff3b3-9596-42c9-98a9-ad44114e3284 tempest-ImagesTestJSON-338650746 tempest-ImagesTestJSON-338650746-project] new path /v2/schemas/image {{(pid=123357) process_request /opt/stack/glance/glance/api/middleware/version_negotiation.py:70}}
Aug 10 17:54:39.981391 n-d-852296-2 devstack@g-api.service[123357]: [pid: 123357|app: 0|req: 157/306] 127.0.0.1 () {42 vars in 991 bytes} [Wed Aug 10 17:54:39 2022] GET /v2/schemas/image => generated 6083 bytes in 7 msecs (HTTP/1.1 200) 4 headers in 158 bytes (1 switches on core 0)
Aug 10 17:54:40.426793 n-d-852296-2 devstack@g-api.service[123355]: DEBUG glance.api.middleware.version_negotiation [None req-e2e3b961-4bf3-43e1-9fc4-af8acc27e2a5 tempest-ImagesOneServerTestJSON-1673408554 tempest-ImagesOneServerTestJSON-1673408554-project] Determining version of request: GET /v2/images/a735ff26-463a-4ffe-a981-ab9d9baa494f Accept: */* {{(pid=123355) process_request /opt/stack/glance/glance/api/middleware/version_negotiation.py:44}}
Aug 10 17:54:40.427427 n-d-852296-2 devstack@g-api.service[123355]: DEBUG glance.api.middleware.version_negotiation [None req-e2e3b961-4bf3-43e1-9fc4-af8acc27e2a5 tempest-ImagesOneServerTestJSON-1673408554 tempest-ImagesOneServerTestJSON-1673408554-project] Using url versioning {{(pid=123355) process_request /opt/stack/glance/glance/api/middleware/version_negotiation.py:57}}
Aug 10 17:54:40.428299 n-d-852296-2 devstack@g-api.service[123355]: DEBUG glance.api.middleware.version_negotiation [None req-e2e3b961-4bf3-43e1-9fc4-af8acc27e2a5 tempest-ImagesOneServerTestJSON-1673408554 tempest-ImagesOneServerTestJSON-1673408554-project] Matched version: v2 {{(pid=123355) process_request /opt/stack/glance/glance/api/middleware/version_negotiation.py:69}}
Aug 10 17:54:40.428826 n-d-852296-2 devstack@g-api.service[123355]: DEBUG glance.api.middleware.version_negotiation [None req-e2e3b961-4bf3-43e1-9fc4-af8acc27e2a5 tempest-ImagesOneServerTestJSON-1673408554 tempest-ImagesOneServerTestJSON-1673408554-project] new path /v2/images/a735ff26-463a-4ffe-a981-ab9d9baa494f {{(pid=123355) process_request /opt/stack/glance/glance/api/middleware/version_negotiation.py:70}}
Aug 10 17:54:40.458533 n-d-852296-2 devstack@g-api.service[123355]: [pid: 123355|app: 0|req: 150/307] 127.0.0.1 () {42 vars in 1051 bytes} [Wed Aug 10 17:54:40 2022] GET /v2/images/a735ff26-463a-4ffe-a981-ab9d9baa494f => generated 946 bytes in 32 msecs (HTTP/1.1 200) 4 headers in 157 bytes (1 switches on core 0)
Aug 10 17:54:40.463620 n-d-852296-2 devstack@g-api.service[123357]: DEBUG glance.api.middleware.version_negotiation [None req-e2e3b961-4bf3-43e1-9fc4-af8acc27e2a5 tempest-ImagesOneServerTestJSON-1673408554 tempest-ImagesOneServerTestJSON-1673408554-project] Determining version of request: GET /v2/schemas/image Accept: */* {{(pid=123357) process_request /opt/stack/glance/glance/api/middleware/version_negotiation.py:44}}
Aug 10 17:54:40.464225 n-d-852296-2 devstack@g-api.service[123357]: DEBUG glance.api.middleware.version_negotiation [None req-e2e3b961-4bf3-43e1-9fc4-af8acc27e2a5 tempest-ImagesOneServerTestJSON-1673408554 tempest-ImagesOneServerTestJSON-1673408554-project] Using url versioning {{(pid=123357) process_request /opt/stack/glance/glance/api/middleware/version_negotiation.py:57}}
Aug 10 17:54:40.464845 n-d-852296-2 devstack@g-api.service[123357]: DEBUG glance.api.middleware.version_negotiation [None req-e2e3b961-4bf3-43e1-9fc4-af8acc27e2a5 tempest-ImagesOneServerTestJSON-1673408554 tempest-ImagesOneServerTestJSON-1673408554-project] Matched version: v2 {{(pid=123357) process_request /opt/stack/glance/glance/api/middleware/version_negotiation.py:69}}
Aug 10 17:54:40.465323 n-d-852296-2 devstack@g-api.service[123357]: DEBUG glance.api.middleware.version_negotiation [None req-e2e3b961-4bf3-43e1-9fc4-af8acc27e2a5 tempest-ImagesOneServerTestJSON-1673408554 tempest-ImagesOneServerTestJSON-1673408554-project] new path /v2/schemas/image {{(pid=123357) process_request /opt/stack/glance/glance/api/middleware/version_negotiation.py:70}}
Aug 10 17:54:40.471447 n-d-852296-2 devstack@g-api.service[123357]: [pid: 123357|app: 0|req: 158/308] 127.0.0.1 () {42 vars in 991 bytes} [Wed Aug 10 17:54:40 2022] GET /v2/schemas/image => generated 6083 bytes in 8 msecs (HTTP/1.1 200) 4 headers in 158 bytes (1 switches on core 0)
Aug 10 17:54:42.435620 n-d-852296-2 devstack@g-api.service[123355]: DEBUG glance.api.middleware.version_negotiation [None req-fe1d4273-eed9-4cd8-b169-8c4fb7a30063 tempest-QuotasAdminNegativeTest-217090064 tempest-QuotasAdminNegativeTest-217090064-project] Determining version of request: GET /v2/images/eb634111-773a-4287-a31b-761fbe47c444 Accept: */* {{(pid=123355) process_request /opt/stack/glance/glance/api/middleware/version_negotiation.py:44}}
Aug 10 17:54:42.436595 n-d-852296-2 devstack@g-api.service[123355]: DEBUG glance.api.middleware.version_negotiation [None req-fe1d4273-eed9-4cd8-b169-8c4fb7a30063 tempest-QuotasAdminNegativeTest-217090064 tempest-QuotasAdminNegativeTest-217090064-project] Using url versioning {{(pid=123355) process_request /opt/stack/glance/glance/api/middleware/version_negotiation.py:57}}
Aug 10 17:54:42.436919 n-d-852296-2 devstack@g-api.service[123355]: DEBUG glance.api.middleware.version_negotiation [None req-fe1d4273-eed9-4cd8-b169-8c4fb7a30063 tempest-QuotasAdminNegativeTest-217090064 tempest-QuotasAdminNegativeTest-217090064-project] Matched version: v2 {{(pid=123355) process_request /opt/stack/glance/glance/api/middleware/version_negotiation.py:69}}
Aug 10 17:54:42.437388 n-d-852296-2 devstack@g-api.service[123355]: DEBUG glance.api.middleware.version_negotiation [None req-fe1d4273-eed9-4cd8-b169-8c4fb7a30063 tempest-QuotasAdminNegativeTest-217090064 tempest-QuotasAdminNegativeTest-217090064-project] new path /v2/images/eb634111-773a-4287-a31b-761fbe47c444 {{(pid=123355) process_request /opt/stack/glance/glance/api/middleware/version_negotiation.py:70}}
Aug 10 17:54:42.461839 n-d-852296-2 devstack@g-api.service[123355]: [pid: 123355|app: 0|req: 151/309] 127.0.0.1 () {42 vars in 1051 bytes} [Wed Aug 10 17:54:42 2022] GET /v2/images/eb634111-773a-4287-a31b-761fbe47c444 => generated 859 bytes in 24 msecs (HTTP/1.1 200) 4 headers in 157 bytes (1 switches on core 0)
Aug 10 17:54:42.462026 n-d-852296-2 devstack@g-api.service[123357]: DEBUG glance.api.middleware.version_negotiation [None req-fe1d4273-eed9-4cd8-b169-8c4fb7a30063 tempest-QuotasAdminNegativeTest-217090064 tempest-QuotasAdminNegativeTest-217090064-project] Determining version of request: GET /v2/schemas/image Accept: */* {{(pid=123357) process_request /opt/stack/glance/glance/api/middleware/version_negotiation.py:44}}
Aug 10 17:54:42.462026 n-d-852296-2 devstack@g-api.service[123357]: DEBUG glance.api.middleware.version_negotiation [None req-fe1d4273-eed9-4cd8-b169-8c4fb7a30063 tempest-QuotasAdminNegativeTest-217090064 tempest-QuotasAdminNegativeTest-217090064-project] Using url versioning {{(pid=123357) process_request /opt/stack/glance/glance/api/middleware/version_negotiation.py:57}}
Aug 10 17:54:42.462026 n-d-852296-2 devstack@g-api.service[123357]: DEBUG glance.api.middleware.version_negotiation [None req-fe1d4273-eed9-4cd8-b169-8c4fb7a30063 tempest-QuotasAdminNegativeTest-217090064 tempest-QuotasAdminNegativeTest-217090064-project] Matched version: v2 {{(pid=123357) process_request /opt/stack/glance/glance/api/middleware/version_negotiation.py:69}}
Aug 10 17:54:42.462026 n-d-852296-2 devstack@g-api.service[123357]: DEBUG glance.api.middleware.version_negotiation [None req-fe1d4273-eed9-4cd8-b169-8c4fb7a30063 tempest-QuotasAdminNegativeTest-217090064 tempest-QuotasAdminNegativeTest-217090064-project] new path /v2/schemas/image {{(pid=123357) process_request /opt/stack/glance/glance/api/middleware/version_negotiation.py:70}}
Aug 10 17:54:42.471267 n-d-852296-2 devstack@g-api.service[123357]: [pid: 123357|app: 0|req: 159/310] 127.0.0.1 () {42 vars in 991 bytes} [Wed Aug 10 17:54:42 2022] GET /v2/schemas/image => generated 6083 bytes in 12 msecs (HTTP/1.1 200) 4 headers in 158 bytes (1 switches on core 0)
Aug 10 17:54:42.628197 n-d-852296-2 devstack@g-api.service[123355]: DEBUG glance.api.middleware.version_negotiation [None req-2832010f-d1fa-4662-8d5b-ea6c18081df8 tempest-AttachSCSIVolumeTestJSON-37533962 tempest-AttachSCSIVolumeTestJSON-37533962-project] Determining version of request: GET /v2/images/a735ff26-463a-4ffe-a981-ab9d9baa494f Accept: */* {{(pid=123355) process_request /opt/stack/glance/glance/api/middleware/version_negotiation.py:44}}
Aug 10 17:54:42.628609 n-d-852296-2 devstack@g-api.service[123355]: DEBUG glance.api.middleware.version_negotiation [None req-2832010f-d1fa-4662-8d5b-ea6c18081df8 tempest-AttachSCSIVolumeTestJSON-37533962 tempest-AttachSCSIVolumeTestJSON-37533962-project] Using url versioning {{(pid=123355) process_request /opt/stack/glance/glance/api/middleware/version_negotiation.py:57}}
Aug 10 17:54:42.628989 n-d-852296-2 devstack@g-api.service[123355]: DEBUG glance.api.middleware.version_negotiation [None req-2832010f-d1fa-4662-8d5b-ea6c18081df8 tempest-AttachSCSIVolumeTestJSON-37533962 tempest-AttachSCSIVolumeTestJSON-37533962-project] Matched version: v2 {{(pid=123355) process_request /opt/stack/glance/glance/api/middleware/version_negotiation.py:69}}
Aug 10 17:54:42.629165 n-d-852296-2 devstack@g-api.service[123355]: DEBUG glance.api.middleware.version_negotiation [None req-2832010f-d1fa-4662-8d5b-ea6c18081df8 tempest-AttachSCSIVolumeTestJSON-37533962 tempest-AttachSCSIVolumeTestJSON-37533962-project] new path /v2/images/a735ff26-463a-4ffe-a981-ab9d9baa494f {{(pid=123355) process_request /opt/stack/glance/glance/api/middleware/version_negotiation.py:70}}
Aug 10 17:54:42.658155 n-d-852296-2 devstack@g-api.service[123357]: DEBUG glance.api.middleware.version_negotiation [None req-2832010f-d1fa-4662-8d5b-ea6c18081df8 tempest-AttachSCSIVolumeTestJSON-37533962 tempest-AttachSCSIVolumeTestJSON-37533962-project] Determining version of request: GET /v2/schemas/image Accept: */* {{(pid=123357) process_request /opt/stack/glance/glance/api/middleware/version_negotiation.py:44}}
Aug 10 17:54:42.658486 n-d-852296-2 devstack@g-api.service[123357]: DEBUG glance.api.middleware.version_negotiation [None req-2832010f-d1fa-4662-8d5b-ea6c18081df8 tempest-AttachSCSIVolumeTestJSON-37533962 tempest-AttachSCSIVolumeTestJSON-37533962-project] Using url versioning {{(pid=123357) process_request /opt/stack/glance/glance/api/middleware/version_negotiation.py:57}}
Aug 10 17:54:42.659281 n-d-852296-2 devstack@g-api.service[123357]: DEBUG glance.api.middleware.version_negotiation [None req-2832010f-d1fa-4662-8d5b-ea6c18081df8 tempest-AttachSCSIVolumeTestJSON-37533962 tempest-AttachSCSIVolumeTestJSON-37533962-project] Matched version: v2 {{(pid=123357) process_request /opt/stack/glance/glance/api/middleware/version_negotiation.py:69}}
Aug 10 17:54:42.659726 n-d-852296-2 devstack@g-api.service[123357]: DEBUG glance.api.middleware.version_negotiation [None req-2832010f-d1fa-4662-8d5b-ea6c18081df8 tempest-AttachSCSIVolumeTestJSON-37533962 tempest-AttachSCSIVolumeTestJSON-37533962-project] new path /v2/schemas/image {{(pid=123357) process_request /opt/stack/glance/glance/api/middleware/version_negotiation.py:70}}
Aug 10 17:54:42.665816 n-d-852296-2 devstack@g-api.service[123357]: [pid: 123357|app: 0|req: 160/311] 127.0.0.1 () {42 vars in 991 bytes} [Wed Aug 10 17:54:42 2022] GET /v2/schemas/image => generated 6083 bytes in 8 msecs (HTTP/1.1 200) 4 headers in 158 bytes (1 switches on core 0)
Aug 10 17:54:42.666210 n-d-852296-2 devstack@g-api.service[123355]: [pid: 123355|app: 0|req: 152/312] 127.0.0.1 () {42 vars in 1051 bytes} [Wed Aug 10 17:54:42 2022] GET /v2/images/a735ff26-463a-4ffe-a981-ab9d9baa494f => generated 946 bytes in 38 msecs (HTTP/1.1 200) 4 headers in 157 bytes (1 switches on core 0)
Aug 10 17:54:45.522612 n-d-852296-2 devstack@g-api.service[123357]: DEBUG glance.api.middleware.version_negotiation [None req-8d254d0d-4868-46f2-8b03-821c86a7cc8e tempest-QuotasAdminNegativeTest-217090064 tempest-QuotasAdminNegativeTest-217090064-project] Determining version of request: GET /v2/images/a735ff26-463a-4ffe-a981-ab9d9baa494f Accept: */* {{(pid=123357) process_request /opt/stack/glance/glance/api/middleware/version_negotiation.py:44}}
Aug 10 17:54:45.523165 n-d-852296-2 devstack@g-api.service[123357]: DEBUG glance.api.middleware.version_negotiation [None req-8d254d0d-4868-46f2-8b03-821c86a7cc8e tempest-QuotasAdminNegativeTest-217090064 tempest-QuotasAdminNegativeTest-217090064-project] Using url versioning {{(pid=123357) process_request /opt/stack/glance/glance/api/middleware/version_negotiation.py:57}}
Aug 10 17:54:45.523366 n-d-852296-2 devstack@g-api.service[123357]: DEBUG glance.api.middleware.version_negotiation [None req-8d254d0d-4868-46f2-8b03-821c86a7cc8e tempest-QuotasAdminNegativeTest-217090064 tempest-QuotasAdminNegativeTest-217090064-project] Matched version: v2 {{(pid=123357) process_request /opt/stack/glance/glance/api/middleware/version_negotiation.py:69}}
Aug 10 17:54:45.523711 n-d-852296-2 devstack@g-api.service[123357]: DEBUG glance.api.middleware.version_negotiation [None req-8d254d0d-4868-46f2-8b03-821c86a7cc8e tempest-QuotasAdminNegativeTest-217090064 tempest-QuotasAdminNegativeTest-217090064-project] new path /v2/images/a735ff26-463a-4ffe-a981-ab9d9baa494f {{(pid=123357) process_request /opt/stack/glance/glance/api/middleware/version_negotiation.py:70}}
Aug 10 17:54:45.538327 n-d-852296-2 devstack@g-api.service[123355]: DEBUG glance.api.middleware.version_negotiation [None req-8d254d0d-4868-46f2-8b03-821c86a7cc8e tempest-QuotasAdminNegativeTest-217090064 tempest-QuotasAdminNegativeTest-217090064-project] Determining version of request: DELETE /v2/images/eb634111-773a-4287-a31b-761fbe47c444 Accept: application/json {{(pid=123355) process_request /opt/stack/glance/glance/api/middleware/version_negotiation.py:44}}
Aug 10 17:54:45.538897 n-d-852296-2 devstack@g-api.service[123355]: DEBUG glance.api.middleware.version_negotiation [None req-8d254d0d-4868-46f2-8b03-821c86a7cc8e tempest-QuotasAdminNegativeTest-217090064 tempest-QuotasAdminNegativeTest-217090064-project] Using url versioning {{(pid=123355) process_request /opt/stack/glance/glance/api/middleware/version_negotiation.py:57}}
Aug 10 17:54:45.539017 n-d-852296-2 devstack@g-api.service[123355]: DEBUG glance.api.middleware.version_negotiation [None req-8d254d0d-4868-46f2-8b03-821c86a7cc8e tempest-QuotasAdminNegativeTest-217090064 tempest-QuotasAdminNegativeTest-217090064-project] Matched version: v2 {{(pid=123355) process_request /opt/stack/glance/glance/api/middleware/version_negotiation.py:69}}
Aug 10 17:54:45.539240 n-d-852296-2 devstack@g-api.service[123355]: DEBUG glance.api.middleware.version_negotiation [None req-8d254d0d-4868-46f2-8b03-821c86a7cc8e tempest-QuotasAdminNegativeTest-217090064 tempest-QuotasAdminNegativeTest-217090064-project] new path /v2/images/eb634111-773a-4287-a31b-761fbe47c444 {{(pid=123355) process_request /opt/stack/glance/glance/api/middleware/version_negotiation.py:70}}
Aug 10 17:54:45.567981 n-d-852296-2 devstack@g-api.service[123355]: WARNING glance.api.v2.images [None req-f8433634-47e0-47b8-a222-8df35eca1cc0 tempest-AttachSCSIVolumeTestJSON-425676463 tempest-AttachSCSIVolumeTestJSON-425676463-project-admin] After upload to backend, deletion of staged image data has failed because it cannot be found at /tmp/staging//eb634111-773a-4287-a31b-761fbe47c444
Aug 10 17:54:45.580352 n-d-852296-2 devstack@g-api.service[123357]: [pid: 123357|app: 0|req: 161/313] 127.0.0.1 () {42 vars in 1051 bytes} [Wed Aug 10 17:54:45 2022] GET /v2/images/a735ff26-463a-4ffe-a981-ab9d9baa494f => generated 946 bytes in 43 msecs (HTTP/1.1 200) 4 headers in 157 bytes (1 switches on core 0)
Aug 10 17:54:45.581505 n-d-852296-2 devstack@g-api.service[123357]: DEBUG glance.api.middleware.version_negotiation [None req-1a056222-db2e-43ed-9bbe-7359d8c6ab84 tempest-QuotasAdminNegativeTest-217090064 tempest-QuotasAdminNegativeTest-217090064-project] Determining version of request: GET /v2/schemas/image Accept: */* {{(pid=123357) process_request /opt/stack/glance/glance/api/middleware/version_negotiation.py:44}}
Aug 10 17:54:45.582208 n-d-852296-2 devstack@g-api.service[123355]: DEBUG glance_store.backend [None req-f8433634-47e0-47b8-a222-8df35eca1cc0 tempest-AttachSCSIVolumeTestJSON-425676463 tempest-AttachSCSIVolumeTestJSON-425676463-project-admin] Attempting to import store swift {{(pid=123355) _load_store /usr/local/lib/python3.8/dist-packages/glance_store/backend.py:216}}
Aug 10 17:54:45.582730 n-d-852296-2 devstack@g-api.service[123357]: DEBUG glance.api.middleware.version_negotiation [None req-1a056222-db2e-43ed-9bbe-7359d8c6ab84 tempest-QuotasAdminNegativeTest-217090064 tempest-QuotasAdminNegativeTest-217090064-project] Using url versioning {{(pid=123357) process_request /opt/stack/glance/glance/api/middleware/version_negotiation.py:57}}
Aug 10 17:54:45.583235 n-d-852296-2 devstack@g-api.service[123357]: DEBUG glance.api.middleware.version_negotiation [None req-1a056222-db2e-43ed-9bbe-7359d8c6ab84 tempest-QuotasAdminNegativeTest-217090064 tempest-QuotasAdminNegativeTest-217090064-project] Matched version: v2 {{(pid=123357) process_request /opt/stack/glance/glance/api/middleware/version_negotiation.py:69}}
Aug 10 17:54:45.584795 n-d-852296-2 devstack@g-api.service[123357]: DEBUG glance.api.middleware.version_negotiation [None req-1a056222-db2e-43ed-9bbe-7359d8c6ab84 tempest-QuotasAdminNegativeTest-217090064 tempest-QuotasAdminNegativeTest-217090064-project] new path /v2/schemas/image {{(pid=123357) process_request /opt/stack/glance/glance/api/middleware/version_negotiation.py:70}}
Aug 10 17:54:45.588103 n-d-852296-2 devstack@g-api.service[123355]: DEBUG glance_store.capabilities [None req-f8433634-47e0-47b8-a222-8df35eca1cc0 tempest-AttachSCSIVolumeTestJSON-425676463 tempest-AttachSCSIVolumeTestJSON-425676463-project-admin] Store glance_store._drivers.swift.store.SingleTenantStore doesn't support updating dynamic storage capabilities. Please overwrite 'update_capabilities' method of the store to implement updating logics if needed. {{(pid=123355) update_capabilities /usr/local/lib/python3.8/dist-packages/glance_store/capabilities.py:91}}
Aug 10 17:54:45.592161 n-d-852296-2 devstack@g-api.service[123355]: DEBUG glance_store.driver [None req-f8433634-47e0-47b8-a222-8df35eca1cc0 tempest-AttachSCSIVolumeTestJSON-425676463 tempest-AttachSCSIVolumeTestJSON-425676463-project-admin] Late loading location class glance_store._drivers.swift.store.StoreLocation {{(pid=123355) get_store_location_class /usr/local/lib/python3.8/dist-packages/glance_store/driver.py:116}}
Aug 10 17:54:45.592481 n-d-852296-2 devstack@g-api.service[123355]: DEBUG glance_store.location [None req-f8433634-47e0-47b8-a222-8df35eca1cc0 tempest-AttachSCSIVolumeTestJSON-425676463 tempest-AttachSCSIVolumeTestJSON-425676463-project-admin] Registering scheme swift+https with {'store': , 'location_class': , 'store_entry': 'swift'} {{(pid=123355) register_scheme_map /usr/local/lib/python3.8/dist-packages/glance_store/location.py:146}}
Aug 10 17:54:45.592737 n-d-852296-2 devstack@g-api.service[123355]: DEBUG glance_store.location [None req-f8433634-47e0-47b8-a222-8df35eca1cc0 tempest-AttachSCSIVolumeTestJSON-425676463 tempest-AttachSCSIVolumeTestJSON-425676463-project-admin] Registering scheme swift+https with {'store': , 'location_class': , 'store_entry': 'swift'} {{(pid=123355) register_scheme_map /usr/local/lib/python3.8/dist-packages/glance_store/location.py:146}}
Aug 10 17:54:45.592984 n-d-852296-2 devstack@g-api.service[123355]: DEBUG glance_store.location [None req-f8433634-47e0-47b8-a222-8df35eca1cc0 tempest-AttachSCSIVolumeTestJSON-425676463 tempest-AttachSCSIVolumeTestJSON-425676463-project-admin] Registering scheme swift with {'store': , 'location_class': , 'store_entry': 'swift'} {{(pid=123355) register_scheme_map /usr/local/lib/python3.8/dist-packages/glance_store/location.py:146}}
Aug 10 17:54:45.593256 n-d-852296-2 devstack@g-api.service[123355]: DEBUG glance_store.location [None req-f8433634-47e0-47b8-a222-8df35eca1cc0 tempest-AttachSCSIVolumeTestJSON-425676463 tempest-AttachSCSIVolumeTestJSON-425676463-project-admin] Registering scheme swift+https with {'store': , 'location_class': , 'store_entry': 'swift'} {{(pid=123355) register_scheme_map /usr/local/lib/python3.8/dist-packages/glance_store/location.py:146}}
Aug 10 17:54:45.593498 n-d-852296-2 devstack@g-api.service[123355]: DEBUG glance_store.location [None req-f8433634-47e0-47b8-a222-8df35eca1cc0 tempest-AttachSCSIVolumeTestJSON-425676463 tempest-AttachSCSIVolumeTestJSON-425676463-project-admin] Registering scheme swift with {'store': , 'location_class': , 'store_entry': 'swift'} {{(pid=123355) register_scheme_map /usr/local/lib/python3.8/dist-packages/glance_store/location.py:146}}
Aug 10 17:54:45.593739 n-d-852296-2 devstack@g-api.service[123355]: DEBUG glance_store.location [None req-f8433634-47e0-47b8-a222-8df35eca1cc0 tempest-AttachSCSIVolumeTestJSON-425676463 tempest-AttachSCSIVolumeTestJSON-425676463-project-admin] Registering scheme swift+http with {'store': , 'location_class': , 'store_entry': 'swift'} {{(pid=123355) register_scheme_map /usr/local/lib/python3.8/dist-packages/glance_store/location.py:146}}
Aug 10 17:54:45.593981 n-d-852296-2 devstack@g-api.service[123355]: DEBUG glance_store.location [None req-f8433634-47e0-47b8-a222-8df35eca1cc0 tempest-AttachSCSIVolumeTestJSON-425676463 tempest-AttachSCSIVolumeTestJSON-425676463-project-admin] Registering scheme swift+https with {'store': , 'location_class': , 'store_entry': 'swift'} {{(pid=123355) register_scheme_map /usr/local/lib/python3.8/dist-packages/glance_store/location.py:146}}
Aug 10 17:54:45.594213 n-d-852296-2 devstack@g-api.service[123355]: DEBUG glance_store.location [None req-f8433634-47e0-47b8-a222-8df35eca1cc0 tempest-AttachSCSIVolumeTestJSON-425676463 tempest-AttachSCSIVolumeTestJSON-425676463-project-admin] Registering scheme swift with {'store': , 'location_class': , 'store_entry': 'swift'} {{(pid=123355) register_scheme_map /usr/local/lib/python3.8/dist-packages/glance_store/location.py:146}}
Aug 10 17:54:45.595201 n-d-852296-2 devstack@g-api.service[123357]: [pid: 123357|app: 0|req: 162/314] 127.0.0.1 () {42 vars in 991 bytes} [Wed Aug 10 17:54:45 2022] GET /v2/schemas/image => generated 6083 bytes in 14 msecs (HTTP/1.1 200) 4 headers in 158 bytes (1 switches on core 0)
Aug 10 17:54:45.595666 n-d-852296-2 devstack@g-api.service[123355]: DEBUG glance_store.location [None req-f8433634-47e0-47b8-a222-8df35eca1cc0 tempest-AttachSCSIVolumeTestJSON-425676463 tempest-AttachSCSIVolumeTestJSON-425676463-project-admin] Registering scheme swift+http with {'store': , 'location_class': , 'store_entry': 'swift'} {{(pid=123355) register_scheme_map /usr/local/lib/python3.8/dist-packages/glance_store/location.py:146}}
Aug 10 17:54:45.596121 n-d-852296-2 devstack@g-api.service[123355]: DEBUG glance_store.location [None req-f8433634-47e0-47b8-a222-8df35eca1cc0 tempest-AttachSCSIVolumeTestJSON-425676463 tempest-AttachSCSIVolumeTestJSON-425676463-project-admin] Registering scheme swift+config with {'store': , 'location_class': , 'store_entry': 'swift'} {{(pid=123355) register_scheme_map /usr/local/lib/python3.8/dist-packages/glance_store/location.py:146}}
Aug 10 17:54:45.603741 n-d-852296-2 devstack@g-api.service[123355]: DEBUG keystoneclient.auth.identity.v3.base [None req-f8433634-47e0-47b8-a222-8df35eca1cc0 tempest-AttachSCSIVolumeTestJSON-425676463 tempest-AttachSCSIVolumeTestJSON-425676463-project-admin] Making authentication request to http://10.222.0.50/identity/v3/auth/tokens {{(pid=123355) get_auth_ref /usr/local/lib/python3.8/dist-packages/keystoneclient/auth/identity/v3/base.py:187}}
Aug 10 17:54:45.740235 n-d-852296-2 devstack@g-api.service[123355]: DEBUG keystoneclient.auth.identity.v3.base [None req-f8433634-47e0-47b8-a222-8df35eca1cc0 tempest-AttachSCSIVolumeTestJSON-425676463 tempest-AttachSCSIVolumeTestJSON-425676463-project-admin] {"token": {"methods": ["password"], "user": {"domain": {"id": "default", "name": "Default"}, "id": "59d2cf79c5b741a592e0883b0da4a759", "name": "glance-swift", "password_expires_at": null}, "audit_ids": ["34YSYfv4QY2DIREAFYtyXA"], "expires_at": "2022-08-10T18:54:45.000000Z", "issued_at": "2022-08-10T17:54:45.000000Z", "project": {"domain": {"id": "default", "name": "Default"}, "id": "14402f63dff843978a307c7d4f804e32", "name": "service"}, "is_domain": false, "roles": [{"id": "60ac8ca620d94a84a97aeeb768e29206", "name": "ResellerAdmin"}, {"id": "e3bd20ff5415480d8add8f7d1fc38989", "name": "service"}], "catalog": [{"endpoints": [{"id": "fdd4293b2c084a65b9c9b63d9ce987f4", "interface": "public", "region_id": "RegionOne", "url": "http://10.222.0.50/volume/v3/14402f63dff843978a307c7d4f804e32", "region": "RegionOne"}], "id": "029a8a3e3185435e934e12668210fe15", "type": "block-storage", "name": "cinder"}, {"endpoints": [{"id": "89766848e9f845c89ec4f810c2fe9ded", "interface": "public", "region_id": "RegionOne", "url": "http://10.222.0.50/compute/v2.1", "region": "RegionOne"}], "id": "077c4de4afdc45ff934bda96ea8b8637", "type": "compute", "name": "nova"}, {"endpoints": [{"id": "965e33065ca346c0bd4fe9b73d0467f0", "interface": "public", "region_id": "RegionOne", "url": "http://10.222.0.50:9696/networking", "region": "RegionOne"}], "id": "2bb6c65390c844908448a65f7bced44b", "type": "network", "name": "neutron"}, {"endpoints": [{"id": "3e991cd5e2b54b19a721b9f0c1a49d27", "interface": "public", "region_id": "RegionOne", "url": "http://10.222.0.50/image", "region": "RegionOne"}], "id": "2cab099f3d774cd298aa9e3fcd926f3b", "type": "image", "name": "glance"}, {"endpoints": [{"id": "b793dd342d1c42579e265007da687e8d", "interface": "public", "region_id": "RegionOne", "url": "http://10.222.0.50/compute/v2/14402f63dff843978a307c7d4f804e32", "region": "RegionOne"}], "id": "418d237710b548b8aaec040cb88c7caf", "type": "compute_legacy", "name": "nova_legacy"}, {"endpoints": [{"id": "f4a21e8a7b69429f96f631362f80866a", "interface": "public", "region_id": "RegionOne", "url": "http://10.222.0.50/placement", "region": "RegionOne"}], "id": "784470883b69460fb6a3fba6967d58ff", "type": "placement", "name": "placement"}, {"endpoints": [{"id": "90448185b3a7455d88d7fd2f92320dcc", "interface": "public", "region_id": "RegionOne", "url": "http://10.222.0.50/identity", "region": "RegionOne"}], "id": "a84f124b1da346eeb732ea49503c9206", "type": "identity", "name": "keystone"}, {"endpoints": [{"id": "697de869df7c4652ae67535f8abbef86", "interface": "public", "region_id": "RegionOne", "url": "http://10.222.0.50/volume/v3/14402f63dff843978a307c7d4f804e32", "region": "RegionOne"}], "id": "af7d1049471b4de680ab6e96aca03d92", "type": "volumev3", "name": "cinderv3"}, {"endpoints": [{"id": "1b3afa5a78c54189b3e280c5102260c3", "interface": "public", "region_id": "RegionOne", "url": "http://10.222.0.50:8080/v1/AUTH_14402f63dff843978a307c7d4f804e32", "region": "RegionOne"}, {"id": "1fac8d52be1d429b8d30b60aa6b5bf87", "interface": "admin", "region_id": "RegionOne", "url": "http://10.222.0.50:8080", "region": "RegionOne"}], "id": "b0da8e6a29d548aeb496d2c094a4d759", "type": "object-store", "name": "swift"}]}} {{(pid=123355) get_auth_ref /usr/local/lib/python3.8/dist-packages/keystoneclient/auth/identity/v3/base.py:192}}
Aug 10 17:54:45.745381 n-d-852296-2 devstack@g-api.service[123355]: DEBUG keystoneclient.httpclient [None req-f8433634-47e0-47b8-a222-8df35eca1cc0 tempest-AttachSCSIVolumeTestJSON-425676463 tempest-AttachSCSIVolumeTestJSON-425676463-project-admin] Failed to find endpoint for management url admin endpoint for identity service not found {{(pid=123355) _process_management_url /usr/local/lib/python3.8/dist-packages/keystoneclient/httpclient.py:676}}
Aug 10 17:54:46.283429 n-d-852296-2 devstack@g-api.service[123355]: DEBUG swiftclient [None req-f8433634-47e0-47b8-a222-8df35eca1cc0 tempest-AttachSCSIVolumeTestJSON-425676463 tempest-AttachSCSIVolumeTestJSON-425676463-project-admin] REQ: curl -i http://10.222.0.50:8080/v1/AUTH_14402f63dff843978a307c7d4f804e32/glance/eb634111-773a-4287-a31b-761fbe47c444 -I -H "X-Auth-Token: gAAAAABi8_Dl76Nq..." {{(pid=123355) http_log /usr/local/lib/python3.8/dist-packages/swiftclient/client.py:157}}
Aug 10 17:54:46.283942 n-d-852296-2 devstack@g-api.service[123355]: DEBUG swiftclient [None req-f8433634-47e0-47b8-a222-8df35eca1cc0 tempest-AttachSCSIVolumeTestJSON-425676463 tempest-AttachSCSIVolumeTestJSON-425676463-project-admin] RESP STATUS: 200 OK {{(pid=123355) http_log /usr/local/lib/python3.8/dist-packages/swiftclient/client.py:158}}
Aug 10 17:54:46.284339 n-d-852296-2 devstack@g-api.service[123355]: DEBUG swiftclient [None req-f8433634-47e0-47b8-a222-8df35eca1cc0 tempest-AttachSCSIVolumeTestJSON-425676463 tempest-AttachSCSIVolumeTestJSON-425676463-project-admin] RESP HEADERS: {'Content-Type': 'application/octet-stream', 'X-Object-Manifest': 'glance/eb634111-773a-4287-a31b-761fbe47c444-', 'Last-Modified': 'Wed, 10 Aug 2022 17:54:37 GMT', 'X-Timestamp': '1660154076.38843', 'Accept-Ranges': 'bytes', 'Content-Length': '645922816', 'Etag': '"9226ddb8990fb6831800204290dc2fa9"', 'X-Trans-Id': 'txe7e7c0b78e524a04ae561-0062f3f0e5', 'X-Openstack-Request-Id': 'txe7e7c0b78e524a04ae561-0062f3f0e5', 'Date': 'Wed, 10 Aug 2022 17:54:46 GMT'} {{(pid=123355) http_log /usr/local/lib/python3.8/dist-packages/swiftclient/client.py:159}}
Aug 10 17:54:46.308862 n-d-852296-2 devstack@g-api.service[123355]: DEBUG swiftclient [None req-f8433634-47e0-47b8-a222-8df35eca1cc0 tempest-AttachSCSIVolumeTestJSON-425676463 tempest-AttachSCSIVolumeTestJSON-425676463-project-admin] REQ: curl -i http://10.222.0.50:8080/v1/AUTH_14402f63dff843978a307c7d4f804e32/glance?format=json&prefix=eb634111-773a-4287-a31b-761fbe47c444- -X GET -H "X-Auth-Token: gAAAAABi8_Dl76Nq..." -H "Accept-Encoding: gzip" {{(pid=123355) http_log /usr/local/lib/python3.8/dist-packages/swiftclient/client.py:157}}
Aug 10 17:54:46.316273 n-d-852296-2 devstack@g-api.service[123355]: DEBUG swiftclient [None req-f8433634-47e0-47b8-a222-8df35eca1cc0 tempest-AttachSCSIVolumeTestJSON-425676463 tempest-AttachSCSIVolumeTestJSON-425676463-project-admin] RESP STATUS: 200 OK {{(pid=123355) http_log /usr/local/lib/python3.8/dist-packages/swiftclient/client.py:158}}
Aug 10 17:54:46.316273 n-d-852296-2 devstack@g-api.service[123355]: DEBUG swiftclient [None req-f8433634-47e0-47b8-a222-8df35eca1cc0 tempest-AttachSCSIVolumeTestJSON-425676463 tempest-AttachSCSIVolumeTestJSON-425676463-project-admin] RESP HEADERS: {'Content-Type': 'application/json; charset=utf-8', 'Content-Length': '843', 'X-Container-Object-Count': '6', 'X-Container-Bytes-Used': '1291845632', 'X-Timestamp': '1660153205.59972', 'Last-Modified': 'Wed, 10 Aug 2022 17:40:06 GMT', 'Accept-Ranges': 'bytes', 'X-Storage-Policy': 'Policy-0', 'X-Container-Sharding': 'False', 'X-Trans-Id': 'tx8d183ce829f847d294e34-0062f3f0e6', 'X-Openstack-Request-Id': 'tx8d183ce829f847d294e34-0062f3f0e6', 'Date': 'Wed, 10 Aug 2022 17:54:46 GMT'} {{(pid=123355) http_log /usr/local/lib/python3.8/dist-packages/swiftclient/client.py:159}}
Aug 10 17:54:46.316273 n-d-852296-2 devstack@g-api.service[123355]: DEBUG swiftclient [None req-f8433634-47e0-47b8-a222-8df35eca1cc0 tempest-AttachSCSIVolumeTestJSON-425676463 tempest-AttachSCSIVolumeTestJSON-425676463-project-admin] RESP BODY: b'[{"bytes": 204800000, "hash": "048deade7f6ee243fd159705c19dd024", "name": "eb634111-773a-4287-a31b-761fbe47c444-00001", "content_type": "application/octet-stream", "last_modified": "2022-08-10T17:54:14.209310"}, {"bytes": 204800000, "hash": "0cac3120b17bb1686ec6c5f9aa93c86d", "name": "eb634111-773a-4287-a31b-761fbe47c444-00002", "content_type": "application/octet-stream", "last_modified": "2022-08-10T17:54:22.174030"}, {"bytes": 204800000, "hash": "474c454a7d42aa08dc839c761619c10b", "name": "eb634111-773a-4287-a31b-761fbe47c444-00003", "content_type": "application/octet-stream", "last_modified": "2022-08-10T17:54:30.495660"}, {"bytes": 31522816, "hash": "0be982c76a84f3b50fdfe738452bdba1", "name": "eb634111-773a-4287-a31b-761fbe47c444-00004", "content_type": "application/octet-stream", "last_modified": "2022-08-10T17:54:35.642760"}]' {{(pid=123355) http_log /usr/local/lib/python3.8/dist-packages/swiftclient/client.py:163}}
Aug 10 17:54:46.432416 n-d-852296-2 devstack@g-api.service[123355]: DEBUG swiftclient [None req-f8433634-47e0-47b8-a222-8df35eca1cc0 tempest-AttachSCSIVolumeTestJSON-425676463 tempest-AttachSCSIVolumeTestJSON-425676463-project-admin] REQ: curl -i http://10.222.0.50:8080/v1/AUTH_14402f63dff843978a307c7d4f804e32/glance/eb634111-773a-4287-a31b-761fbe47c444-00001 DELETE -H "X-Auth-Token: gAAAAABi8_Dl76Nq..." {{(pid=123355) http_log /usr/local/lib/python3.8/dist-packages/swiftclient/client.py:157}}
Aug 10 17:54:46.432416 n-d-852296-2 devstack@g-api.service[123355]: DEBUG swiftclient [None req-f8433634-47e0-47b8-a222-8df35eca1cc0 tempest-AttachSCSIVolumeTestJSON-425676463 tempest-AttachSCSIVolumeTestJSON-425676463-project-admin] RESP STATUS: 204 No Content {{(pid=123355) http_log /usr/local/lib/python3.8/dist-packages/swiftclient/client.py:158}}
Aug 10 17:54:46.432416 n-d-852296-2 devstack@g-api.service[123355]: DEBUG swiftclient [None req-f8433634-47e0-47b8-a222-8df35eca1cc0 tempest-AttachSCSIVolumeTestJSON-425676463 tempest-AttachSCSIVolumeTestJSON-425676463-project-admin] RESP HEADERS: {'Content-Type': 'text/html; charset=UTF-8', 'Content-Length': '0', 'X-Trans-Id': 'txd924d1f56428426386eda-0062f3f0e6', 'X-Openstack-Request-Id': 'txd924d1f56428426386eda-0062f3f0e6', 'Date': 'Wed, 10 Aug 2022 17:54:46 GMT'} {{(pid=123355) http_log /usr/local/lib/python3.8/dist-packages/swiftclient/client.py:159}}
Aug 10 17:54:46.592953 n-d-852296-2 devstack@g-api.service[123355]: DEBUG swiftclient [None req-f8433634-47e0-47b8-a222-8df35eca1cc0 tempest-AttachSCSIVolumeTestJSON-425676463 tempest-AttachSCSIVolumeTestJSON-425676463-project-admin] REQ: curl -i http://10.222.0.50:8080/v1/AUTH_14402f63dff843978a307c7d4f804e32/glance/eb634111-773a-4287-a31b-761fbe47c444-00002 DELETE -H "X-Auth-Token: gAAAAABi8_Dl76Nq..." {{(pid=123355) http_log /usr/local/lib/python3.8/dist-packages/swiftclient/client.py:157}}
Aug 10 17:54:46.593502 n-d-852296-2 devstack@g-api.service[123355]: DEBUG swiftclient [None req-f8433634-47e0-47b8-a222-8df35eca1cc0 tempest-AttachSCSIVolumeTestJSON-425676463 tempest-AttachSCSIVolumeTestJSON-425676463-project-admin] RESP STATUS: 204 No Content {{(pid=123355) http_log /usr/local/lib/python3.8/dist-packages/swiftclient/client.py:158}}
Aug 10 17:54:46.593502 n-d-852296-2 devstack@g-api.service[123355]: DEBUG swiftclient [None req-f8433634-47e0-47b8-a222-8df35eca1cc0 tempest-AttachSCSIVolumeTestJSON-425676463 tempest-AttachSCSIVolumeTestJSON-425676463-project-admin] RESP HEADERS: {'Content-Type': 'text/html; charset=UTF-8', 'Content-Length': '0', 'X-Trans-Id': 'tx44a6ea84c3d341bf83c45-0062f3f0e6', 'X-Openstack-Request-Id': 'tx44a6ea84c3d341bf83c45-0062f3f0e6', 'Date': 'Wed, 10 Aug 2022 17:54:46 GMT'} {{(pid=123355) http_log /usr/local/lib/python3.8/dist-packages/swiftclient/client.py:159}}
Aug 10 17:54:46.718265 n-d-852296-2 devstack@g-api.service[123355]: DEBUG swiftclient [None req-f8433634-47e0-47b8-a222-8df35eca1cc0 tempest-AttachSCSIVolumeTestJSON-425676463 tempest-AttachSCSIVolumeTestJSON-425676463-project-admin] REQ: curl -i http://10.222.0.50:8080/v1/AUTH_14402f63dff843978a307c7d4f804e32/glance/eb634111-773a-4287-a31b-761fbe47c444-00003 DELETE -H "X-Auth-Token: gAAAAABi8_Dl76Nq..." {{(pid=123355) http_log /usr/local/lib/python3.8/dist-packages/swiftclient/client.py:157}}
Aug 10 17:54:46.719441 n-d-852296-2 devstack@g-api.service[123355]: DEBUG swiftclient [None req-f8433634-47e0-47b8-a222-8df35eca1cc0 tempest-AttachSCSIVolumeTestJSON-425676463 tempest-AttachSCSIVolumeTestJSON-425676463-project-admin] RESP STATUS: 204 No Content {{(pid=123355) http_log /usr/local/lib/python3.8/dist-packages/swiftclient/client.py:158}}
Aug 10 17:54:46.719783 n-d-852296-2 devstack@g-api.service[123355]: DEBUG swiftclient [None req-f8433634-47e0-47b8-a222-8df35eca1cc0 tempest-AttachSCSIVolumeTestJSON-425676463 tempest-AttachSCSIVolumeTestJSON-425676463-project-admin] RESP HEADERS: {'Content-Type': 'text/html; charset=UTF-8', 'Content-Length': '0', 'X-Trans-Id': 'tx6686ea1099f54992861cc-0062f3f0e6', 'X-Openstack-Request-Id': 'tx6686ea1099f54992861cc-0062f3f0e6', 'Date': 'Wed, 10 Aug 2022 17:54:46 GMT'} {{(pid=123355) http_log /usr/local/lib/python3.8/dist-packages/swiftclient/client.py:159}}
Aug 10 17:54:46.853380 n-d-852296-2 devstack@g-api.service[123355]: DEBUG swiftclient [None req-f8433634-47e0-47b8-a222-8df35eca1cc0 tempest-AttachSCSIVolumeTestJSON-425676463 tempest-AttachSCSIVolumeTestJSON-425676463-project-admin] REQ: curl -i http://10.222.0.50:8080/v1/AUTH_14402f63dff843978a307c7d4f804e32/glance/eb634111-773a-4287-a31b-761fbe47c444-00004 DELETE -H "X-Auth-Token: gAAAAABi8_Dl76Nq..." {{(pid=123355) http_log /usr/local/lib/python3.8/dist-packages/swiftclient/client.py:157}}
Aug 10 17:54:46.854320 n-d-852296-2 devstack@g-api.service[123355]: DEBUG swiftclient [None req-f8433634-47e0-47b8-a222-8df35eca1cc0 tempest-AttachSCSIVolumeTestJSON-425676463 tempest-AttachSCSIVolumeTestJSON-425676463-project-admin] RESP STATUS: 204 No Content {{(pid=123355) http_log /usr/local/lib/python3.8/dist-packages/swiftclient/client.py:158}}
Aug 10 17:54:46.855562 n-d-852296-2 devstack@g-api.service[123355]: DEBUG swiftclient [None req-f8433634-47e0-47b8-a222-8df35eca1cc0 tempest-AttachSCSIVolumeTestJSON-425676463 tempest-AttachSCSIVolumeTestJSON-425676463-project-admin] RESP HEADERS: {'Content-Type': 'text/html; charset=UTF-8', 'Content-Length': '0', 'X-Trans-Id': 'tx8b921914ca2d4d388c7e7-0062f3f0e6', 'X-Openstack-Request-Id': 'tx8b921914ca2d4d388c7e7-0062f3f0e6', 'Date': 'Wed, 10 Aug 2022 17:54:46 GMT'} {{(pid=123355) http_log /usr/local/lib/python3.8/dist-packages/swiftclient/client.py:159}}
Aug 10 17:54:47.041632 n-d-852296-2 devstack@g-api.service[123355]: DEBUG swiftclient [None req-f8433634-47e0-47b8-a222-8df35eca1cc0 tempest-AttachSCSIVolumeTestJSON-425676463 tempest-AttachSCSIVolumeTestJSON-425676463-project-admin] REQ: curl -i http://10.222.0.50:8080/v1/AUTH_14402f63dff843978a307c7d4f804e32/glance/eb634111-773a-4287-a31b-761fbe47c444 DELETE -H "X-Auth-Token: gAAAAABi8_Dl76Nq..." {{(pid=123355) http_log /usr/local/lib/python3.8/dist-packages/swiftclient/client.py:157}}
Aug 10 17:54:47.042091 n-d-852296-2 devstack@g-api.service[123355]: DEBUG swiftclient [None req-f8433634-47e0-47b8-a222-8df35eca1cc0 tempest-AttachSCSIVolumeTestJSON-425676463 tempest-AttachSCSIVolumeTestJSON-425676463-project-admin] RESP STATUS: 204 No Content {{(pid=123355) http_log /usr/local/lib/python3.8/dist-packages/swiftclient/client.py:158}}
Aug 10 17:54:47.042991 n-d-852296-2 devstack@g-api.service[123355]: DEBUG swiftclient [None req-f8433634-47e0-47b8-a222-8df35eca1cc0 tempest-AttachSCSIVolumeTestJSON-425676463 tempest-AttachSCSIVolumeTestJSON-425676463-project-admin] RESP HEADERS: {'Content-Type': 'text/html; charset=UTF-8', 'Content-Length': '0', 'X-Trans-Id': 'txbf64e6a2869f425d912e2-0062f3f0e6', 'X-Openstack-Request-Id': 'txbf64e6a2869f425d912e2-0062f3f0e6', 'Date': 'Wed, 10 Aug 2022 17:54:47 GMT'} {{(pid=123355) http_log /usr/local/lib/python3.8/dist-packages/swiftclient/client.py:159}}
Aug 10 17:54:47.045896 n-d-852296-2 devstack@g-api.service[123355]: DEBUG dbcounter [-] [123355] Writing DB stats glance:SELECT=67,glance:INSERT=4 {{(pid=123355) stat_writer /usr/local/lib/python3.8/dist-packages/dbcounter.py:114}}
Aug 10 17:54:47.583348 n-d-852296-2 devstack@g-api.service[123355]: [pid: 123355|app: 0|req: 153/315] 127.0.0.1 () {38 vars in 779 bytes} [Wed Aug 10 17:54:45 2022] DELETE /v2/images/eb634111-773a-4287-a31b-761fbe47c444 => generated 0 bytes in 2045 msecs (HTTP/1.1 204) 4 headers in 171 bytes (1 switches on core 0)
Aug 10 17:54:47.585674 n-d-852296-2 devstack@g-api.service[123357]: DEBUG glance.api.middleware.version_negotiation [None req-1a056222-db2e-43ed-9bbe-7359d8c6ab84 tempest-QuotasAdminNegativeTest-217090064 tempest-QuotasAdminNegativeTest-217090064-project] Determining version of request: GET /v2/images/eb634111-773a-4287-a31b-761fbe47c444 Accept: application/json {{(pid=123357) process_request /opt/stack/glance/glance/api/middleware/version_negotiation.py:44}}
Aug 10 17:54:47.585674 n-d-852296-2 devstack@g-api.service[123357]: DEBUG glance.api.middleware.version_negotiation [None req-1a056222-db2e-43ed-9bbe-7359d8c6ab84 tempest-QuotasAdminNegativeTest-217090064 tempest-QuotasAdminNegativeTest-217090064-project] Using url versioning {{(pid=123357) process_request /opt/stack/glance/glance/api/middleware/version_negotiation.py:57}}
Aug 10 17:54:47.586529 n-d-852296-2 devstack@g-api.service[123357]: DEBUG glance.api.middleware.version_negotiation [None req-1a056222-db2e-43ed-9bbe-7359d8c6ab84 tempest-QuotasAdminNegativeTest-217090064 tempest-QuotasAdminNegativeTest-217090064-project] Matched version: v2 {{(pid=123357) process_request /opt/stack/glance/glance/api/middleware/version_negotiation.py:69}}
Aug 10 17:54:47.586529 n-d-852296-2 devstack@g-api.service[123357]: DEBUG glance.api.middleware.version_negotiation [None req-1a056222-db2e-43ed-9bbe-7359d8c6ab84 tempest-QuotasAdminNegativeTest-217090064 tempest-QuotasAdminNegativeTest-217090064-project] new path /v2/images/eb634111-773a-4287-a31b-761fbe47c444 {{(pid=123357) process_request /opt/stack/glance/glance/api/middleware/version_negotiation.py:70}}
Aug 10 17:54:47.604913 n-d-852296-2 devstack@g-api.service[123357]: [pid: 123357|app: 0|req: 163/316] 127.0.0.1 () {38 vars in 776 bytes} [Wed Aug 10 17:54:47 2022] GET /v2/images/eb634111-773a-4287-a31b-761fbe47c444 => generated 139 bytes in 21 msecs (HTTP/1.1 404) 4 headers in 164 bytes (1 switches on core 0)
Aug 10 17:54:49.266166 n-d-852296-2 devstack@g-api.service[123355]: DEBUG glance.api.middleware.version_negotiation [None req-f8433634-47e0-47b8-a222-8df35eca1cc0 tempest-AttachSCSIVolumeTestJSON-425676463 tempest-AttachSCSIVolumeTestJSON-425676463-project-admin] Determining version of request: GET /v2/images/a735ff26-463a-4ffe-a981-ab9d9baa494f Accept: */* {{(pid=123355) process_request /opt/stack/glance/glance/api/middleware/version_negotiation.py:44}}
Aug 10 17:54:49.267276 n-d-852296-2 devstack@g-api.service[123355]: DEBUG glance.api.middleware.version_negotiation [None req-f8433634-47e0-47b8-a222-8df35eca1cc0 tempest-AttachSCSIVolumeTestJSON-425676463 tempest-AttachSCSIVolumeTestJSON-425676463-project-admin] Using url versioning {{(pid=123355) process_request /opt/stack/glance/glance/api/middleware/version_negotiation.py:57}}
Aug 10 17:54:49.268406 n-d-852296-2 devstack@g-api.service[123355]: DEBUG glance.api.middleware.version_negotiation [None req-f8433634-47e0-47b8-a222-8df35eca1cc0 tempest-AttachSCSIVolumeTestJSON-425676463 tempest-AttachSCSIVolumeTestJSON-425676463-project-admin] Matched version: v2 {{(pid=123355) process_request /opt/stack/glance/glance/api/middleware/version_negotiation.py:69}}
Aug 10 17:54:49.269000 n-d-852296-2 devstack@g-api.service[123355]: DEBUG glance.api.middleware.version_negotiation [None req-f8433634-47e0-47b8-a222-8df35eca1cc0 tempest-AttachSCSIVolumeTestJSON-425676463 tempest-AttachSCSIVolumeTestJSON-425676463-project-admin] new path /v2/images/a735ff26-463a-4ffe-a981-ab9d9baa494f {{(pid=123355) process_request /opt/stack/glance/glance/api/middleware/version_negotiation.py:70}}
Aug 10 17:54:49.293957 n-d-852296-2 devstack@g-api.service[123355]: [pid: 123355|app: 0|req: 154/317] 127.0.0.1 () {42 vars in 1051 bytes} [Wed Aug 10 17:54:49 2022] GET /v2/images/a735ff26-463a-4ffe-a981-ab9d9baa494f => generated 946 bytes in 29 msecs (HTTP/1.1 200) 4 headers in 157 bytes (1 switches on core 0)
Aug 10 17:54:49.300492 n-d-852296-2 devstack@g-api.service[123357]: DEBUG glance.api.middleware.version_negotiation [None req-3e0d15f0-6912-4f77-9d20-a8343ed4c7e3 tempest-AttachSCSIVolumeTestJSON-425676463 tempest-AttachSCSIVolumeTestJSON-425676463-project-admin] Determining version of request: GET /v2/schemas/image Accept: */* {{(pid=123357) process_request /opt/stack/glance/glance/api/middleware/version_negotiation.py:44}}
Aug 10 17:54:49.301473 n-d-852296-2 devstack@g-api.service[123357]: DEBUG glance.api.middleware.version_negotiation [None req-3e0d15f0-6912-4f77-9d20-a8343ed4c7e3 tempest-AttachSCSIVolumeTestJSON-425676463 tempest-AttachSCSIVolumeTestJSON-425676463-project-admin] Using url versioning {{(pid=123357) process_request /opt/stack/glance/glance/api/middleware/version_negotiation.py:57}}
Aug 10 17:54:49.302092 n-d-852296-2 devstack@g-api.service[123357]: DEBUG glance.api.middleware.version_negotiation [None req-3e0d15f0-6912-4f77-9d20-a8343ed4c7e3 tempest-AttachSCSIVolumeTestJSON-425676463 tempest-AttachSCSIVolumeTestJSON-425676463-project-admin] Matched version: v2 {{(pid=123357) process_request /opt/stack/glance/glance/api/middleware/version_negotiation.py:69}}
Aug 10 17:54:49.303011 n-d-852296-2 devstack@g-api.service[123357]: DEBUG glance.api.middleware.version_negotiation [None req-3e0d15f0-6912-4f77-9d20-a8343ed4c7e3 tempest-AttachSCSIVolumeTestJSON-425676463 tempest-AttachSCSIVolumeTestJSON-425676463-project-admin] new path /v2/schemas/image {{(pid=123357) process_request /opt/stack/glance/glance/api/middleware/version_negotiation.py:70}}
Aug 10 17:54:49.311770 n-d-852296-2 devstack@g-api.service[123357]: [pid: 123357|app: 0|req: 164/318] 127.0.0.1 () {42 vars in 991 bytes} [Wed Aug 10 17:54:49 2022] GET /v2/schemas/image => generated 6083 bytes in 12 msecs (HTTP/1.1 200) 4 headers in 158 bytes (1 switches on core 0)
Aug 10 17:54:55.994180 n-d-852296-2 devstack@g-api.service[123355]: DEBUG glance.api.middleware.version_negotiation [None req-4a6259e7-b0a0-42b5-a1fc-50687cf77113 tempest-AbsoluteLimitsNegativeTestJSON-564830112 tempest-AbsoluteLimitsNegativeTestJSON-564830112-project] Determining version of request: GET /v2/images/a735ff26-463a-4ffe-a981-ab9d9baa494f Accept: */* {{(pid=123355) process_request /opt/stack/glance/glance/api/middleware/version_negotiation.py:44}}
Aug 10 17:54:56.004412 n-d-852296-2 devstack@g-api.service[123355]: DEBUG glance.api.middleware.version_negotiation [None req-4a6259e7-b0a0-42b5-a1fc-50687cf77113 tempest-AbsoluteLimitsNegativeTestJSON-564830112 tempest-AbsoluteLimitsNegativeTestJSON-564830112-project] Using url versioning {{(pid=123355) process_request /opt/stack/glance/glance/api/middleware/version_negotiation.py:57}}
