Aug 06 15:43:57.191132 n-d-852295-1 devstack@placement-api.service[105433]: DEBUG placement.objects.allocation_candidate [req-aaa761ff-55d3-4d1f-827a-fdeb4785fd85 req-c10a6bb2-b51e-44ab-84f3-55439c076d4b service placement] Merging candidates yields 2 allocation requests and 2 provider summaries {{(pid=105433) _merge_candidates /opt/stack/placement/placement/objects/allocation_candidate.py:809}}
Aug 06 15:43:57.193415 n-d-852295-1 devstack@placement-api.service[105433]: INFO placement.requestlog [req-aaa761ff-55d3-4d1f-827a-fdeb4785fd85 req-c10a6bb2-b51e-44ab-84f3-55439c076d4b service placement] 10.222.0.13 "GET /placement/allocation_candidates?limit=1000&resources=DISK_GB%3A1%2CMEMORY_MB%3A1024%2CVCPU%3A1&root_required=%21COMPUTE_STATUS_DISABLED" status: 200 len: 1309 microversion: 1.36
Aug 06 15:43:57.194274 n-d-852295-1 devstack@placement-api.service[105433]: [pid: 105433|app: 0|req: 278/552] 10.222.0.13 () {60 vars in 1506 bytes} [Sat Aug 6 15:43:57 2022] GET /placement/allocation_candidates?limit=1000&resources=DISK_GB%3A1%2CMEMORY_MB%3A1024%2CVCPU%3A1&root_required=%21COMPUTE_STATUS_DISABLED => generated 1309 bytes in 105 msecs (HTTP/1.1 200) 8 headers in 297 bytes (2 switches on core 0)
Aug 06 15:43:57.358154 n-d-852295-1 devstack@placement-api.service[105434]: DEBUG placement.requestlog [req-aaa761ff-55d3-4d1f-827a-fdeb4785fd85 req-21b3ae61-daab-4fa4-a841-676047c9dd51 None None] Starting request: 10.222.0.13 "GET /placement/allocations/f8a5460f-aef5-427b-b285-8a4a14a243e2" {{(pid=105434) __call__ /opt/stack/placement/placement/requestlog.py:55}}
Aug 06 15:43:57.381886 n-d-852295-1 devstack@placement-api.service[105434]: INFO placement.requestlog [req-aaa761ff-55d3-4d1f-827a-fdeb4785fd85 req-21b3ae61-daab-4fa4-a841-676047c9dd51 service placement] 10.222.0.13 "GET /placement/allocations/f8a5460f-aef5-427b-b285-8a4a14a243e2" status: 200 len: 19 microversion: 1.28
Aug 06 15:43:57.387553 n-d-852295-1 devstack@placement-api.service[105434]: [pid: 105434|app: 0|req: 275/553] 10.222.0.13 () {60 vars in 1380 bytes} [Sat Aug 6 15:43:57 2022] GET /placement/allocations/f8a5460f-aef5-427b-b285-8a4a14a243e2 => generated 19 bytes in 30 msecs (HTTP/1.1 200) 8 headers in 295 bytes (1 switches on core 0)
Aug 06 15:43:57.390844 n-d-852295-1 devstack@placement-api.service[105433]: DEBUG placement.requestlog [req-aaa761ff-55d3-4d1f-827a-fdeb4785fd85 req-7386a677-e30d-49fb-9ab6-42cf47708ccc None None] Starting request: 10.222.0.13 "PUT /placement/allocations/f8a5460f-aef5-427b-b285-8a4a14a243e2" {{(pid=105433) __call__ /opt/stack/placement/placement/requestlog.py:55}}
Aug 06 15:43:57.485197 n-d-852295-1 devstack@placement-api.service[105433]: DEBUG placement.handlers.allocation [req-aaa761ff-55d3-4d1f-827a-fdeb4785fd85 req-7386a677-e30d-49fb-9ab6-42cf47708ccc service placement] Successfully wrote allocations [, , ] {{(pid=105433) _update_consumers_and_create_allocations /opt/stack/placement/placement/handlers/allocation.py:462}}
Aug 06 15:43:57.490668 n-d-852295-1 devstack@placement-api.service[105433]: INFO placement.requestlog [req-aaa761ff-55d3-4d1f-827a-fdeb4785fd85 req-7386a677-e30d-49fb-9ab6-42cf47708ccc service placement] 10.222.0.13 "PUT /placement/allocations/f8a5460f-aef5-427b-b285-8a4a14a243e2" status: 204 len: 0 microversion: 1.36
Aug 06 15:43:57.495506 n-d-852295-1 devstack@placement-api.service[105434]: DEBUG placement.requestlog [None req-7b18b6a9-c939-4f63-83c6-eba0a8242865 None None] Starting request: 10.222.0.13 "GET /placement/resource_providers/efa0a58d-9174-447e-ad18-d1a1ee6dfcd9/aggregates" {{(pid=105434) __call__ /opt/stack/placement/placement/requestlog.py:55}}
Aug 06 15:43:57.510903 n-d-852295-1 devstack@placement-api.service[105434]: INFO placement.requestlog [None req-7b18b6a9-c939-4f63-83c6-eba0a8242865 service placement] 10.222.0.13 "GET /placement/resource_providers/efa0a58d-9174-447e-ad18-d1a1ee6dfcd9/aggregates" status: 404 len: 235 microversion: 1.1
Aug 06 15:43:57.511538 n-d-852295-1 devstack@placement-api.service[105434]: [pid: 105434|app: 0|req: 276/555] 10.222.0.13 () {58 vars in 1362 bytes} [Sat Aug 6 15:43:57 2022] GET /placement/resource_providers/efa0a58d-9174-447e-ad18-d1a1ee6dfcd9/aggregates => generated 235 bytes in 16 msecs (HTTP/1.1 404) 5 headers in 202 bytes (1 switches on core 0)
Aug 06 15:43:57.523455 n-d-852295-1 devstack@placement-api.service[105433]: [pid: 105433|app: 0|req: 279/555] 10.222.0.13 () {64 vars in 1433 bytes} [Sat Aug 6 15:43:57 2022] PUT /placement/allocations/f8a5460f-aef5-427b-b285-8a4a14a243e2 => generated 0 bytes in 101 msecs (HTTP/1.1 204) 5 headers in 199 bytes (1 switches on core 0)
Aug 06 15:43:57.540563 n-d-852295-1 devstack@placement-api.service[105434]: DEBUG placement.requestlog [None req-49dcde09-7927-4f3d-8468-a06d939a561c None None] Starting request: 10.222.0.13 "DELETE /placement/resource_providers/efa0a58d-9174-447e-ad18-d1a1ee6dfcd9" {{(pid=105434) __call__ /opt/stack/placement/placement/requestlog.py:55}}
Aug 06 15:43:57.554370 n-d-852295-1 devstack@placement-api.service[105434]: DEBUG placement.wsgi_wrapper [None req-49dcde09-7927-4f3d-8468-a06d939a561c service placement] Placement API returning an error response: No resource provider with uuid efa0a58d-9174-447e-ad18-d1a1ee6dfcd9 found for delete {{(pid=105434) call_func /opt/stack/placement/placement/wsgi_wrapper.py:31}}
Aug 06 15:43:57.555304 n-d-852295-1 devstack@placement-api.service[105434]: INFO placement.requestlog [None req-49dcde09-7927-4f3d-8468-a06d939a561c service placement] 10.222.0.13 "DELETE /placement/resource_providers/efa0a58d-9174-447e-ad18-d1a1ee6dfcd9" status: 404 len: 246 microversion: 1.1
Aug 06 15:43:57.556232 n-d-852295-1 devstack@placement-api.service[105434]: [pid: 105434|app: 0|req: 277/556] 10.222.0.13 () {60 vars in 1351 bytes} [Sat Aug 6 15:43:57 2022] DELETE /placement/resource_providers/efa0a58d-9174-447e-ad18-d1a1ee6dfcd9 => generated 246 bytes in 16 msecs (HTTP/1.1 404) 6 headers in 231 bytes (1 switches on core 0)
Aug 06 15:43:58.338406 n-d-852295-1 devstack@placement-api.service[105433]: DEBUG placement.requestlog [req-aaa761ff-55d3-4d1f-827a-fdeb4785fd85 req-058b9f3c-0dcc-4235-b1ae-7613a4ffb897 None None] Starting request: 10.222.0.33 "GET /placement/allocations/f8a5460f-aef5-427b-b285-8a4a14a243e2" {{(pid=105433) __call__ /opt/stack/placement/placement/requestlog.py:55}}
Aug 06 15:43:58.380222 n-d-852295-1 devstack@placement-api.service[105433]: INFO placement.requestlog [req-aaa761ff-55d3-4d1f-827a-fdeb4785fd85 req-058b9f3c-0dcc-4235-b1ae-7613a4ffb897 service placement] 10.222.0.33 "GET /placement/allocations/f8a5460f-aef5-427b-b285-8a4a14a243e2" status: 200 len: 259 microversion: 1.28
Aug 06 15:43:58.380911 n-d-852295-1 devstack@placement-api.service[105433]: [pid: 105433|app: 0|req: 280/557] 10.222.0.33 () {60 vars in 1377 bytes} [Sat Aug 6 15:43:58 2022] GET /placement/allocations/f8a5460f-aef5-427b-b285-8a4a14a243e2 => generated 259 bytes in 43 msecs (HTTP/1.1 200) 8 headers in 296 bytes (1 switches on core 0)
Aug 06 15:43:58.392369 n-d-852295-1 devstack@placement-api.service[105434]: DEBUG placement.requestlog [None req-2968e055-6938-42e0-ac75-1869d68d60b6 None None] Starting request: 10.222.0.13 "GET /placement/resource_providers/aa221e4f-6c47-483f-9720-782e34e60414/aggregates" {{(pid=105434) __call__ /opt/stack/placement/placement/requestlog.py:55}}
Aug 06 15:43:58.411508 n-d-852295-1 devstack@placement-api.service[105434]: INFO placement.requestlog [None req-2968e055-6938-42e0-ac75-1869d68d60b6 service placement] 10.222.0.13 "GET /placement/resource_providers/aa221e4f-6c47-483f-9720-782e34e60414/aggregates" status: 404 len: 235 microversion: 1.1
Aug 06 15:43:58.411913 n-d-852295-1 devstack@placement-api.service[105434]: [pid: 105434|app: 0|req: 278/558] 10.222.0.13 () {58 vars in 1362 bytes} [Sat Aug 6 15:43:58 2022] GET /placement/resource_providers/aa221e4f-6c47-483f-9720-782e34e60414/aggregates => generated 235 bytes in 20 msecs (HTTP/1.1 404) 5 headers in 202 bytes (1 switches on core 0)
Aug 06 15:43:58.494747 n-d-852295-1 devstack@placement-api.service[105433]: DEBUG placement.requestlog [None req-0f043893-7464-449c-a3ed-df81077785fc None None] Starting request: 10.222.0.13 "DELETE /placement/resource_providers/aa221e4f-6c47-483f-9720-782e34e60414" {{(pid=105433) __call__ /opt/stack/placement/placement/requestlog.py:55}}
Aug 06 15:43:58.517226 n-d-852295-1 devstack@placement-api.service[105433]: DEBUG placement.wsgi_wrapper [None req-0f043893-7464-449c-a3ed-df81077785fc service placement] Placement API returning an error response: No resource provider with uuid aa221e4f-6c47-483f-9720-782e34e60414 found for delete {{(pid=105433) call_func /opt/stack/placement/placement/wsgi_wrapper.py:31}}
Aug 06 15:43:58.518185 n-d-852295-1 devstack@placement-api.service[105433]: INFO placement.requestlog [None req-0f043893-7464-449c-a3ed-df81077785fc service placement] 10.222.0.13 "DELETE /placement/resource_providers/aa221e4f-6c47-483f-9720-782e34e60414" status: 404 len: 246 microversion: 1.1
Aug 06 15:43:58.518746 n-d-852295-1 devstack@placement-api.service[105433]: [pid: 105433|app: 0|req: 281/559] 10.222.0.13 () {60 vars in 1351 bytes} [Sat Aug 6 15:43:58 2022] DELETE /placement/resource_providers/aa221e4f-6c47-483f-9720-782e34e60414 => generated 246 bytes in 24 msecs (HTTP/1.1 404) 6 headers in 231 bytes (1 switches on core 0)
Aug 06 15:44:06.601029 n-d-852295-1 devstack@placement-api.service[105434]: DEBUG placement.requestlog [req-bf919d2a-d3c5-44cf-b4b7-c032104ebfae req-1840b2c3-59d4-4c05-8966-954fb73e3c22 None None] Starting request: 10.222.0.33 "GET /placement/resource_providers/8e7cf3e4-738f-4984-a537-1939ca299eff/allocations" {{(pid=105434) __call__ /opt/stack/placement/placement/requestlog.py:55}}
Aug 06 15:44:06.675314 n-d-852295-1 devstack@placement-api.service[105434]: INFO placement.requestlog [req-bf919d2a-d3c5-44cf-b4b7-c032104ebfae req-1840b2c3-59d4-4c05-8966-954fb73e3c22 service placement] 10.222.0.33 "GET /placement/resource_providers/8e7cf3e4-738f-4984-a537-1939ca299eff/allocations" status: 200 len: 558 microversion: 1.0
Aug 06 15:44:06.676981 n-d-852295-1 devstack@placement-api.service[105434]: [pid: 105434|app: 0|req: 279/560] 10.222.0.33 () {58 vars in 1390 bytes} [Sat Aug 6 15:44:06 2022] GET /placement/resource_providers/8e7cf3e4-738f-4984-a537-1939ca299eff/allocations => generated 558 bytes in 77 msecs (HTTP/1.1 200) 6 headers in 224 bytes (1 switches on core 0)
Aug 06 15:44:08.490386 n-d-852295-1 devstack@placement-api.service[105433]: DEBUG placement.requestlog [req-e9e4f700-4e9b-4b39-9293-543a6cf165b5 req-798db4c9-64e4-4f3d-94c8-34321b092aa7 None None] Starting request: 10.222.0.15 "GET /placement/resource_providers/1f8864ea-db19-40c6-babe-c7e14fdd5e52/allocations" {{(pid=105433) __call__ /opt/stack/placement/placement/requestlog.py:55}}
Aug 06 15:44:08.569924 n-d-852295-1 devstack@placement-api.service[105433]: INFO placement.requestlog [req-e9e4f700-4e9b-4b39-9293-543a6cf165b5 req-798db4c9-64e4-4f3d-94c8-34321b092aa7 service placement] 10.222.0.15 "GET /placement/resource_providers/1f8864ea-db19-40c6-babe-c7e14fdd5e52/allocations" status: 200 len: 154 microversion: 1.0
Aug 06 15:44:08.570753 n-d-852295-1 devstack@placement-api.service[105433]: [pid: 105433|app: 0|req: 282/561] 10.222.0.15 () {58 vars in 1390 bytes} [Sat Aug 6 15:44:08 2022] GET /placement/resource_providers/1f8864ea-db19-40c6-babe-c7e14fdd5e52/allocations => generated 154 bytes in 81 msecs (HTTP/1.1 200) 6 headers in 224 bytes (1 switches on core 0)
Aug 06 15:44:11.166607 n-d-852295-1 devstack@placement-api.service[105434]: DEBUG placement.requestlog [None req-cb642b11-cbf9-49a6-b7d5-532724d84acd None None] Starting request: 10.222.0.13 "GET /placement/resource_providers/986a1440-e5cc-4c14-9ed3-5ee00c5d5231/aggregates" {{(pid=105434) __call__ /opt/stack/placement/placement/requestlog.py:55}}
Aug 06 15:44:11.185901 n-d-852295-1 devstack@placement-api.service[105434]: INFO placement.requestlog [None req-cb642b11-cbf9-49a6-b7d5-532724d84acd service placement] 10.222.0.13 "GET /placement/resource_providers/986a1440-e5cc-4c14-9ed3-5ee00c5d5231/aggregates" status: 404 len: 235 microversion: 1.1
Aug 06 15:44:11.187390 n-d-852295-1 devstack@placement-api.service[105434]: [pid: 105434|app: 0|req: 280/562] 10.222.0.13 () {58 vars in 1362 bytes} [Sat Aug 6 15:44:11 2022] GET /placement/resource_providers/986a1440-e5cc-4c14-9ed3-5ee00c5d5231/aggregates => generated 235 bytes in 20 msecs (HTTP/1.1 404) 5 headers in 202 bytes (1 switches on core 0)
Aug 06 15:44:11.231385 n-d-852295-1 devstack@placement-api.service[105433]: DEBUG placement.requestlog [None req-6499a4f1-22f7-4e09-9912-253ff343d14c None None] Starting request: 10.222.0.13 "DELETE /placement/resource_providers/986a1440-e5cc-4c14-9ed3-5ee00c5d5231" {{(pid=105433) __call__ /opt/stack/placement/placement/requestlog.py:55}}
Aug 06 15:44:11.247123 n-d-852295-1 devstack@placement-api.service[105433]: DEBUG placement.wsgi_wrapper [None req-6499a4f1-22f7-4e09-9912-253ff343d14c service placement] Placement API returning an error response: No resource provider with uuid 986a1440-e5cc-4c14-9ed3-5ee00c5d5231 found for delete {{(pid=105433) call_func /opt/stack/placement/placement/wsgi_wrapper.py:31}}
Aug 06 15:44:11.248188 n-d-852295-1 devstack@placement-api.service[105433]: INFO placement.requestlog [None req-6499a4f1-22f7-4e09-9912-253ff343d14c service placement] 10.222.0.13 "DELETE /placement/resource_providers/986a1440-e5cc-4c14-9ed3-5ee00c5d5231" status: 404 len: 246 microversion: 1.1
Aug 06 15:44:11.250775 n-d-852295-1 devstack@placement-api.service[105433]: [pid: 105433|app: 0|req: 283/563] 10.222.0.13 () {60 vars in 1351 bytes} [Sat Aug 6 15:44:11 2022] DELETE /placement/resource_providers/986a1440-e5cc-4c14-9ed3-5ee00c5d5231 => generated 246 bytes in 20 msecs (HTTP/1.1 404) 6 headers in 231 bytes (1 switches on core 0)
Aug 06 15:44:19.691328 n-d-852295-1 devstack@placement-api.service[105434]: DEBUG placement.requestlog [req-c53fc329-01bf-418d-aa53-f608f4976619 req-2ac7c1eb-30c0-468c-846f-deac48519b84 None None] Starting request: 10.222.0.33 "DELETE /placement/allocations/3711e385-6adc-414c-9e28-af76df661fa3" {{(pid=105434) __call__ /opt/stack/placement/placement/requestlog.py:55}}
Aug 06 15:44:19.779229 n-d-852295-1 devstack@placement-api.service[105434]: DEBUG placement.handlers.allocation [req-c53fc329-01bf-418d-aa53-f608f4976619 req-2ac7c1eb-30c0-468c-846f-deac48519b84 service placement] Successfully deleted allocations [, , ] {{(pid=105434) delete_allocations /opt/stack/placement/placement/handlers/allocation.py:627}}
Aug 06 15:44:19.779630 n-d-852295-1 devstack@placement-api.service[105434]: INFO placement.requestlog [req-c53fc329-01bf-418d-aa53-f608f4976619 req-2ac7c1eb-30c0-468c-846f-deac48519b84 service placement] 10.222.0.33 "DELETE /placement/allocations/3711e385-6adc-414c-9e28-af76df661fa3" status: 204 len: 0 microversion: 1.0
Aug 06 15:44:19.780152 n-d-852295-1 devstack@placement-api.service[105434]: [pid: 105434|app: 0|req: 281/564] 10.222.0.33 () {60 vars in 1355 bytes} [Sat Aug 6 15:44:19 2022] DELETE /placement/allocations/3711e385-6adc-414c-9e28-af76df661fa3 => generated 0 bytes in 89 msecs (HTTP/1.1 204) 5 headers in 198 bytes (1 switches on core 0)
Aug 06 15:44:20.884725 n-d-852295-1 devstack@placement-api.service[105433]: DEBUG placement.requestlog [req-3c3278b1-fc58-4750-8959-025b6f78a212 req-a0e5aefa-1923-4c7e-a664-04b5d3bb5165 None None] Starting request: 10.222.0.33 "DELETE /placement/allocations/3f63d7f9-4c10-486e-8471-2708a34e4ad1" {{(pid=105433) __call__ /opt/stack/placement/placement/requestlog.py:55}}
Aug 06 15:44:20.960683 n-d-852295-1 devstack@placement-api.service[105433]: DEBUG placement.handlers.allocation [req-3c3278b1-fc58-4750-8959-025b6f78a212 req-a0e5aefa-1923-4c7e-a664-04b5d3bb5165 service placement] Successfully deleted allocations [, , ] {{(pid=105433) delete_allocations /opt/stack/placement/placement/handlers/allocation.py:627}}
Aug 06 15:44:20.961860 n-d-852295-1 devstack@placement-api.service[105433]: INFO placement.requestlog [req-3c3278b1-fc58-4750-8959-025b6f78a212 req-a0e5aefa-1923-4c7e-a664-04b5d3bb5165 service placement] 10.222.0.33 "DELETE /placement/allocations/3f63d7f9-4c10-486e-8471-2708a34e4ad1" status: 204 len: 0 microversion: 1.0
Aug 06 15:44:20.963140 n-d-852295-1 devstack@placement-api.service[105433]: [pid: 105433|app: 0|req: 284/565] 10.222.0.33 () {60 vars in 1355 bytes} [Sat Aug 6 15:44:20 2022] DELETE /placement/allocations/3f63d7f9-4c10-486e-8471-2708a34e4ad1 => generated 0 bytes in 79 msecs (HTTP/1.1 204) 5 headers in 198 bytes (1 switches on core 0)
Aug 06 15:44:29.767587 n-d-852295-1 devstack@placement-api.service[105434]: DEBUG dbcounter [-] [105434] Writing DB stats placement:SELECT=30,placement:DELETE=4 {{(pid=105434) stat_writer /usr/local/lib/python3.8/dist-packages/dbcounter.py:114}}
Aug 06 15:44:30.087585 n-d-852295-1 devstack@placement-api.service[105434]: DEBUG placement.requestlog [None req-d00cb657-397e-453b-91b1-ce656c6eea50 None None] Starting request: 10.222.0.13 "GET /placement/resource_providers/e2efc812-919f-4f0a-a4c5-db9ba440eeee/aggregates" {{(pid=105434) __call__ /opt/stack/placement/placement/requestlog.py:55}}
Aug 06 15:44:30.107105 n-d-852295-1 devstack@placement-api.service[105434]: INFO placement.requestlog [None req-d00cb657-397e-453b-91b1-ce656c6eea50 service placement] 10.222.0.13 "GET /placement/resource_providers/e2efc812-919f-4f0a-a4c5-db9ba440eeee/aggregates" status: 404 len: 235 microversion: 1.1
Aug 06 15:44:30.107469 n-d-852295-1 devstack@placement-api.service[105434]: [pid: 105434|app: 0|req: 282/566] 10.222.0.13 () {58 vars in 1362 bytes} [Sat Aug 6 15:44:30 2022] GET /placement/resource_providers/e2efc812-919f-4f0a-a4c5-db9ba440eeee/aggregates => generated 235 bytes in 20 msecs (HTTP/1.1 404) 5 headers in 202 bytes (1 switches on core 0)
Aug 06 15:44:30.129443 n-d-852295-1 devstack@placement-api.service[105433]: DEBUG placement.requestlog [None req-bb75b34a-690d-41c4-8c3d-7e68b1699c6c None None] Starting request: 10.222.0.13 "DELETE /placement/resource_providers/e2efc812-919f-4f0a-a4c5-db9ba440eeee" {{(pid=105433) __call__ /opt/stack/placement/placement/requestlog.py:55}}
Aug 06 15:44:30.138093 n-d-852295-1 devstack@placement-api.service[105433]: DEBUG dbcounter [-] [105433] Writing DB stats placement:SELECT=47,placement:INSERT=4,placement:DELETE=4,placement:UPDATE=2 {{(pid=105433) stat_writer /usr/local/lib/python3.8/dist-packages/dbcounter.py:114}}
Aug 06 15:44:30.149010 n-d-852295-1 devstack@placement-api.service[105433]: DEBUG placement.wsgi_wrapper [None req-bb75b34a-690d-41c4-8c3d-7e68b1699c6c service placement] Placement API returning an error response: No resource provider with uuid e2efc812-919f-4f0a-a4c5-db9ba440eeee found for delete {{(pid=105433) call_func /opt/stack/placement/placement/wsgi_wrapper.py:31}}
Aug 06 15:44:30.150043 n-d-852295-1 devstack@placement-api.service[105433]: INFO placement.requestlog [None req-bb75b34a-690d-41c4-8c3d-7e68b1699c6c service placement] 10.222.0.13 "DELETE /placement/resource_providers/e2efc812-919f-4f0a-a4c5-db9ba440eeee" status: 404 len: 246 microversion: 1.1
Aug 06 15:44:30.150755 n-d-852295-1 devstack@placement-api.service[105433]: [pid: 105433|app: 0|req: 285/567] 10.222.0.13 () {60 vars in 1351 bytes} [Sat Aug 6 15:44:30 2022] DELETE /placement/resource_providers/e2efc812-919f-4f0a-a4c5-db9ba440eeee => generated 246 bytes in 22 msecs (HTTP/1.1 404) 6 headers in 231 bytes (2 switches on core 0)
Aug 06 15:44:34.411502 n-d-852295-1 devstack@placement-api.service[105434]: DEBUG placement.requestlog [req-fc090cf5-b16f-4b5c-a130-f37a43b70e54 req-d8d3447c-e92d-448d-aee5-b78442c76c71 None None] Starting request: 10.222.0.13 "GET /placement/allocation_candidates?limit=1000&resources=DISK_GB%3A1%2CMEMORY_MB%3A1024%2CVCPU%3A1&root_required=%21COMPUTE_STATUS_DISABLED" {{(pid=105434) __call__ /opt/stack/placement/placement/requestlog.py:55}}
Aug 06 15:44:34.486794 n-d-852295-1 devstack@placement-api.service[105434]: DEBUG placement.objects.research_context [req-fc090cf5-b16f-4b5c-a130-f37a43b70e54 req-d8d3447c-e92d-448d-aee5-b78442c76c71 service placement] getting providers with 1 DISK_GB {{(pid=105434) __init__ /opt/stack/placement/placement/objects/research_context.py:136}}
Aug 06 15:44:34.493373 n-d-852295-1 devstack@placement-api.service[105434]: DEBUG placement.objects.research_context [req-fc090cf5-b16f-4b5c-a130-f37a43b70e54 req-d8d3447c-e92d-448d-aee5-b78442c76c71 service placement] getting providers with 1024 MEMORY_MB {{(pid=105434) __init__ /opt/stack/placement/placement/objects/research_context.py:136}}
Aug 06 15:44:34.501150 n-d-852295-1 devstack@placement-api.service[105434]: DEBUG placement.objects.research_context [req-fc090cf5-b16f-4b5c-a130-f37a43b70e54 req-d8d3447c-e92d-448d-aee5-b78442c76c71 service placement] getting providers with 1 VCPU {{(pid=105434) __init__ /opt/stack/placement/placement/objects/research_context.py:136}}
Aug 06 15:44:34.507503 n-d-852295-1 devstack@placement-api.service[105434]: DEBUG placement.objects.research_context [req-fc090cf5-b16f-4b5c-a130-f37a43b70e54 req-d8d3447c-e92d-448d-aee5-b78442c76c71 service placement] found 2 providers with available 1 DISK_GB {{(pid=105434) get_provider_ids_matching /opt/stack/placement/placement/objects/research_context.py:563}}
Aug 06 15:44:34.508101 n-d-852295-1 devstack@placement-api.service[105434]: DEBUG placement.objects.research_context [req-fc090cf5-b16f-4b5c-a130-f37a43b70e54 req-d8d3447c-e92d-448d-aee5-b78442c76c71 service placement] found 2 providers with available 1024 MEMORY_MB {{(pid=105434) get_provider_ids_matching /opt/stack/placement/placement/objects/research_context.py:563}}
Aug 06 15:44:34.508646 n-d-852295-1 devstack@placement-api.service[105434]: DEBUG placement.objects.research_context [req-fc090cf5-b16f-4b5c-a130-f37a43b70e54 req-d8d3447c-e92d-448d-aee5-b78442c76c71 service placement] found 2 providers after filtering by previous result {{(pid=105434) get_provider_ids_matching /opt/stack/placement/placement/objects/research_context.py:594}}
Aug 06 15:44:34.509078 n-d-852295-1 devstack@placement-api.service[105434]: DEBUG placement.objects.research_context [req-fc090cf5-b16f-4b5c-a130-f37a43b70e54 req-d8d3447c-e92d-448d-aee5-b78442c76c71 service placement] found 2 providers with available 1 VCPU {{(pid=105434) get_provider_ids_matching /opt/stack/placement/placement/objects/research_context.py:563}}
Aug 06 15:44:34.509511 n-d-852295-1 devstack@placement-api.service[105434]: DEBUG placement.objects.research_context [req-fc090cf5-b16f-4b5c-a130-f37a43b70e54 req-d8d3447c-e92d-448d-aee5-b78442c76c71 service placement] found 2 providers after filtering by previous result {{(pid=105434) get_provider_ids_matching /opt/stack/placement/placement/objects/research_context.py:594}}
Aug 06 15:44:34.523355 n-d-852295-1 devstack@placement-api.service[105434]: DEBUG placement.objects.allocation_candidate [req-fc090cf5-b16f-4b5c-a130-f37a43b70e54 req-d8d3447c-e92d-448d-aee5-b78442c76c71 service placement] RequestGroup(use_same_provider=False, resources={DISK_GB:1, MEMORY_MB:1024, VCPU:1}, traits=(), aggregates=[]) (suffix '') returned 2 matches {{(pid=105434) _get_by_requests /opt/stack/placement/placement/objects/allocation_candidate.py:156}}
Aug 06 15:44:34.524064 n-d-852295-1 devstack@placement-api.service[105434]: DEBUG placement.objects.allocation_candidate [req-fc090cf5-b16f-4b5c-a130-f37a43b70e54 req-d8d3447c-e92d-448d-aee5-b78442c76c71 service placement] Merging candidates yields 2 allocation requests and 2 provider summaries {{(pid=105434) _merge_candidates /opt/stack/placement/placement/objects/allocation_candidate.py:809}}
Aug 06 15:44:34.525937 n-d-852295-1 devstack@placement-api.service[105434]: INFO placement.requestlog [req-fc090cf5-b16f-4b5c-a130-f37a43b70e54 req-d8d3447c-e92d-448d-aee5-b78442c76c71 service placement] 10.222.0.13 "GET /placement/allocation_candidates?limit=1000&resources=DISK_GB%3A1%2CMEMORY_MB%3A1024%2CVCPU%3A1&root_required=%21COMPUTE_STATUS_DISABLED" status: 200 len: 1309 microversion: 1.36
Aug 06 15:44:34.526534 n-d-852295-1 devstack@placement-api.service[105434]: [pid: 105434|app: 0|req: 283/568] 10.222.0.13 () {60 vars in 1506 bytes} [Sat Aug 6 15:44:34 2022] GET /placement/allocation_candidates?limit=1000&resources=DISK_GB%3A1%2CMEMORY_MB%3A1024%2CVCPU%3A1&root_required=%21COMPUTE_STATUS_DISABLED => generated 1309 bytes in 116 msecs (HTTP/1.1 200) 8 headers in 297 bytes (1 switches on core 0)
Aug 06 15:44:34.668224 n-d-852295-1 devstack@placement-api.service[105433]: DEBUG placement.requestlog [req-fc090cf5-b16f-4b5c-a130-f37a43b70e54 req-85bbe6c7-9400-4702-a7c3-bd5528536ec9 None None] Starting request: 10.222.0.13 "GET /placement/allocations/34f19963-9b8a-4330-ae34-f40d890ac1db" {{(pid=105433) __call__ /opt/stack/placement/placement/requestlog.py:55}}
Aug 06 15:44:34.690599 n-d-852295-1 devstack@placement-api.service[105433]: INFO placement.requestlog [req-fc090cf5-b16f-4b5c-a130-f37a43b70e54 req-85bbe6c7-9400-4702-a7c3-bd5528536ec9 service placement] 10.222.0.13 "GET /placement/allocations/34f19963-9b8a-4330-ae34-f40d890ac1db" status: 200 len: 19 microversion: 1.28
Aug 06 15:44:34.693322 n-d-852295-1 devstack@placement-api.service[105433]: [pid: 105433|app: 0|req: 286/569] 10.222.0.13 () {60 vars in 1380 bytes} [Sat Aug 6 15:44:34 2022] GET /placement/allocations/34f19963-9b8a-4330-ae34-f40d890ac1db => generated 19 bytes in 25 msecs (HTTP/1.1 200) 8 headers in 295 bytes (1 switches on core 0)
Aug 06 15:44:34.698305 n-d-852295-1 devstack@placement-api.service[105434]: DEBUG placement.requestlog [req-fc090cf5-b16f-4b5c-a130-f37a43b70e54 req-e240932e-0b95-4fe3-adbe-8621e18826c5 None None] Starting request: 10.222.0.13 "PUT /placement/allocations/34f19963-9b8a-4330-ae34-f40d890ac1db" {{(pid=105434) __call__ /opt/stack/placement/placement/requestlog.py:55}}
Aug 06 15:44:34.866606 n-d-852295-1 devstack@placement-api.service[105434]: DEBUG placement.handlers.allocation [req-fc090cf5-b16f-4b5c-a130-f37a43b70e54 req-e240932e-0b95-4fe3-adbe-8621e18826c5 service placement] Successfully wrote allocations [, , ] {{(pid=105434) _update_consumers_and_create_allocations /opt/stack/placement/placement/handlers/allocation.py:462}}
Aug 06 15:44:34.874048 n-d-852295-1 devstack@placement-api.service[105434]: INFO placement.requestlog [req-fc090cf5-b16f-4b5c-a130-f37a43b70e54 req-e240932e-0b95-4fe3-adbe-8621e18826c5 service placement] 10.222.0.13 "PUT /placement/allocations/34f19963-9b8a-4330-ae34-f40d890ac1db" status: 204 len: 0 microversion: 1.36
Aug 06 15:44:34.874604 n-d-852295-1 devstack@placement-api.service[105434]: [pid: 105434|app: 0|req: 284/570] 10.222.0.13 () {64 vars in 1433 bytes} [Sat Aug 6 15:44:34 2022] PUT /placement/allocations/34f19963-9b8a-4330-ae34-f40d890ac1db => generated 0 bytes in 177 msecs (HTTP/1.1 204) 5 headers in 199 bytes (1 switches on core 0)
Aug 06 15:44:35.500734 n-d-852295-1 devstack@placement-api.service[105433]: DEBUG placement.requestlog [req-fc090cf5-b16f-4b5c-a130-f37a43b70e54 req-3acc38c6-f090-4e4a-b8e0-4cbf4dacc93e None None] Starting request: 10.222.0.33 "GET /placement/allocations/34f19963-9b8a-4330-ae34-f40d890ac1db" {{(pid=105433) __call__ /opt/stack/placement/placement/requestlog.py:55}}
Aug 06 15:44:35.531890 n-d-852295-1 devstack@placement-api.service[105433]: INFO placement.requestlog [req-fc090cf5-b16f-4b5c-a130-f37a43b70e54 req-3acc38c6-f090-4e4a-b8e0-4cbf4dacc93e service placement] 10.222.0.33 "GET /placement/allocations/34f19963-9b8a-4330-ae34-f40d890ac1db" status: 200 len: 259 microversion: 1.28
Aug 06 15:44:35.532878 n-d-852295-1 devstack@placement-api.service[105433]: [pid: 105433|app: 0|req: 287/571] 10.222.0.33 () {60 vars in 1377 bytes} [Sat Aug 6 15:44:35 2022] GET /placement/allocations/34f19963-9b8a-4330-ae34-f40d890ac1db => generated 259 bytes in 33 msecs (HTTP/1.1 200) 8 headers in 296 bytes (1 switches on core 0)
Aug 06 15:44:35.647433 n-d-852295-1 devstack@placement-api.service[105434]: DEBUG placement.requestlog [req-9e99ef83-08b7-4e49-979e-f37a3e1d6a0e req-19331aae-3763-4269-908f-5eff03d67d2b None None] Starting request: 10.222.0.15 "DELETE /placement/allocations/e61fcf4c-dcb8-4426-af2e-2ba24017196a" {{(pid=105434) __call__ /opt/stack/placement/placement/requestlog.py:55}}
Aug 06 15:44:35.726363 n-d-852295-1 devstack@placement-api.service[105434]: DEBUG placement.handlers.allocation [req-9e99ef83-08b7-4e49-979e-f37a3e1d6a0e req-19331aae-3763-4269-908f-5eff03d67d2b service placement] Successfully deleted allocations [, , ] {{(pid=105434) delete_allocations /opt/stack/placement/placement/handlers/allocation.py:627}}
Aug 06 15:44:35.727065 n-d-852295-1 devstack@placement-api.service[105434]: INFO placement.requestlog [req-9e99ef83-08b7-4e49-979e-f37a3e1d6a0e req-19331aae-3763-4269-908f-5eff03d67d2b service placement] 10.222.0.15 "DELETE /placement/allocations/e61fcf4c-dcb8-4426-af2e-2ba24017196a" status: 204 len: 0 microversion: 1.0
Aug 06 15:44:35.727640 n-d-852295-1 devstack@placement-api.service[105434]: [pid: 105434|app: 0|req: 285/572] 10.222.0.15 () {60 vars in 1355 bytes} [Sat Aug 6 15:44:35 2022] DELETE /placement/allocations/e61fcf4c-dcb8-4426-af2e-2ba24017196a => generated 0 bytes in 81 msecs (HTTP/1.1 204) 5 headers in 198 bytes (1 switches on core 0)
Aug 06 15:44:36.973682 n-d-852295-1 devstack@placement-api.service[105433]: DEBUG placement.requestlog [req-c46b76d8-086f-433b-9b95-d453185e7f57 req-046cfbe6-fb5c-4d28-a599-ab8313b9e352 None None] Starting request: 10.222.0.13 "GET /placement/allocation_candidates?limit=1000&resources=DISK_GB%3A1%2CMEMORY_MB%3A1024%2CVCPU%3A1&root_required=%21COMPUTE_STATUS_DISABLED" {{(pid=105433) __call__ /opt/stack/placement/placement/requestlog.py:55}}
Aug 06 15:44:37.094650 n-d-852295-1 devstack@placement-api.service[105433]: DEBUG placement.objects.research_context [req-c46b76d8-086f-433b-9b95-d453185e7f57 req-046cfbe6-fb5c-4d28-a599-ab8313b9e352 service placement] getting providers with 1 DISK_GB {{(pid=105433) __init__ /opt/stack/placement/placement/objects/research_context.py:136}}
Aug 06 15:44:37.108169 n-d-852295-1 devstack@placement-api.service[105433]: DEBUG placement.objects.research_context [req-c46b76d8-086f-433b-9b95-d453185e7f57 req-046cfbe6-fb5c-4d28-a599-ab8313b9e352 service placement] getting providers with 1024 MEMORY_MB {{(pid=105433) __init__ /opt/stack/placement/placement/objects/research_context.py:136}}
Aug 06 15:44:37.117517 n-d-852295-1 devstack@placement-api.service[105433]: DEBUG placement.objects.research_context [req-c46b76d8-086f-433b-9b95-d453185e7f57 req-046cfbe6-fb5c-4d28-a599-ab8313b9e352 service placement] getting providers with 1 VCPU {{(pid=105433) __init__ /opt/stack/placement/placement/objects/research_context.py:136}}
Aug 06 15:44:37.141622 n-d-852295-1 devstack@placement-api.service[105433]: DEBUG placement.objects.research_context [req-c46b76d8-086f-433b-9b95-d453185e7f57 req-046cfbe6-fb5c-4d28-a599-ab8313b9e352 service placement] found 2 providers with available 1 DISK_GB {{(pid=105433) get_provider_ids_matching /opt/stack/placement/placement/objects/research_context.py:563}}
Aug 06 15:44:37.141877 n-d-852295-1 devstack@placement-api.service[105433]: DEBUG placement.objects.research_context [req-c46b76d8-086f-433b-9b95-d453185e7f57 req-046cfbe6-fb5c-4d28-a599-ab8313b9e352 service placement] found 2 providers with available 1024 MEMORY_MB {{(pid=105433) get_provider_ids_matching /opt/stack/placement/placement/objects/research_context.py:563}}
Aug 06 15:44:37.142156 n-d-852295-1 devstack@placement-api.service[105433]: DEBUG placement.objects.research_context [req-c46b76d8-086f-433b-9b95-d453185e7f57 req-046cfbe6-fb5c-4d28-a599-ab8313b9e352 service placement] found 2 providers after filtering by previous result {{(pid=105433) get_provider_ids_matching /opt/stack/placement/placement/objects/research_context.py:594}}
Aug 06 15:44:37.142415 n-d-852295-1 devstack@placement-api.service[105433]: DEBUG placement.objects.research_context [req-c46b76d8-086f-433b-9b95-d453185e7f57 req-046cfbe6-fb5c-4d28-a599-ab8313b9e352 service placement] found 2 providers with available 1 VCPU {{(pid=105433) get_provider_ids_matching /opt/stack/placement/placement/objects/research_context.py:563}}
Aug 06 15:44:37.144871 n-d-852295-1 devstack@placement-api.service[105433]: DEBUG placement.objects.research_context [req-c46b76d8-086f-433b-9b95-d453185e7f57 req-046cfbe6-fb5c-4d28-a599-ab8313b9e352 service placement] found 2 providers after filtering by previous result {{(pid=105433) get_provider_ids_matching /opt/stack/placement/placement/objects/research_context.py:594}}
Aug 06 15:44:37.194406 n-d-852295-1 devstack@placement-api.service[105433]: DEBUG placement.objects.allocation_candidate [req-c46b76d8-086f-433b-9b95-d453185e7f57 req-046cfbe6-fb5c-4d28-a599-ab8313b9e352 service placement] RequestGroup(use_same_provider=False, resources={DISK_GB:1, MEMORY_MB:1024, VCPU:1}, traits=(), aggregates=[]) (suffix '') returned 2 matches {{(pid=105433) _get_by_requests /opt/stack/placement/placement/objects/allocation_candidate.py:156}}
Aug 06 15:44:37.194772 n-d-852295-1 devstack@placement-api.service[105433]: DEBUG placement.objects.allocation_candidate [req-c46b76d8-086f-433b-9b95-d453185e7f57 req-046cfbe6-fb5c-4d28-a599-ab8313b9e352 service placement] Merging candidates yields 2 allocation requests and 2 provider summaries {{(pid=105433) _merge_candidates /opt/stack/placement/placement/objects/allocation_candidate.py:809}}
Aug 06 15:44:37.199290 n-d-852295-1 devstack@placement-api.service[105433]: INFO placement.requestlog [req-c46b76d8-086f-433b-9b95-d453185e7f57 req-046cfbe6-fb5c-4d28-a599-ab8313b9e352 service placement] 10.222.0.13 "GET /placement/allocation_candidates?limit=1000&resources=DISK_GB%3A1%2CMEMORY_MB%3A1024%2CVCPU%3A1&root_required=%21COMPUTE_STATUS_DISABLED" status: 200 len: 1306 microversion: 1.36
Aug 06 15:44:37.200071 n-d-852295-1 devstack@placement-api.service[105433]: [pid: 105433|app: 0|req: 288/573] 10.222.0.13 () {60 vars in 1506 bytes} [Sat Aug 6 15:44:36 2022] GET /placement/allocation_candidates?limit=1000&resources=DISK_GB%3A1%2CMEMORY_MB%3A1024%2CVCPU%3A1&root_required=%21COMPUTE_STATUS_DISABLED => generated 1306 bytes in 226 msecs (HTTP/1.1 200) 8 headers in 297 bytes (1 switches on core 0)
Aug 06 15:44:37.323505 n-d-852295-1 devstack@placement-api.service[105434]: DEBUG placement.requestlog [req-0c756085-c041-43f8-9727-84d855696d7d req-28f80867-9a8e-4f19-aeb4-0e9655c40fc2 None None] Starting request: 10.222.0.13 "GET /placement/allocation_candidates?limit=1000&resources=DISK_GB%3A1%2CMEMORY_MB%3A1024%2CVCPU%3A1&root_required=%21COMPUTE_STATUS_DISABLED" {{(pid=105434) __call__ /opt/stack/placement/placement/requestlog.py:55}}
Aug 06 15:44:37.394344 n-d-852295-1 devstack@placement-api.service[105433]: DEBUG placement.requestlog [req-c46b76d8-086f-433b-9b95-d453185e7f57 req-652cb9b3-228f-4b82-a56e-ba5c2031ff2a None None] Starting request: 10.222.0.13 "GET /placement/allocations/aef66193-2e34-4939-a7f8-8e07b26763c0" {{(pid=105433) __call__ /opt/stack/placement/placement/requestlog.py:55}}
Aug 06 15:44:37.413791 n-d-852295-1 devstack@placement-api.service[105433]: INFO placement.requestlog [req-c46b76d8-086f-433b-9b95-d453185e7f57 req-652cb9b3-228f-4b82-a56e-ba5c2031ff2a service placement] 10.222.0.13 "GET /placement/allocations/aef66193-2e34-4939-a7f8-8e07b26763c0" status: 200 len: 19 microversion: 1.28
Aug 06 15:44:37.418839 n-d-852295-1 devstack@placement-api.service[105433]: [pid: 105433|app: 0|req: 289/574] 10.222.0.13 () {60 vars in 1380 bytes} [Sat Aug 6 15:44:37 2022] GET /placement/allocations/aef66193-2e34-4939-a7f8-8e07b26763c0 => generated 19 bytes in 25 msecs (HTTP/1.1 200) 8 headers in 295 bytes (1 switches on core 0)
Aug 06 15:44:37.422784 n-d-852295-1 devstack@placement-api.service[105433]: DEBUG placement.requestlog [req-c46b76d8-086f-433b-9b95-d453185e7f57 req-f8043cb5-a78d-499e-828f-5b6fba3648b4 None None] Starting request: 10.222.0.13 "PUT /placement/allocations/aef66193-2e34-4939-a7f8-8e07b26763c0" {{(pid=105433) __call__ /opt/stack/placement/placement/requestlog.py:55}}
Aug 06 15:44:37.457536 n-d-852295-1 devstack@placement-api.service[105434]: DEBUG placement.objects.research_context [req-0c756085-c041-43f8-9727-84d855696d7d req-28f80867-9a8e-4f19-aeb4-0e9655c40fc2 service placement] getting providers with 1 DISK_GB {{(pid=105434) __init__ /opt/stack/placement/placement/objects/research_context.py:136}}
Aug 06 15:44:37.486575 n-d-852295-1 devstack@placement-api.service[105434]: DEBUG placement.objects.research_context [req-0c756085-c041-43f8-9727-84d855696d7d req-28f80867-9a8e-4f19-aeb4-0e9655c40fc2 service placement] getting providers with 1024 MEMORY_MB {{(pid=105434) __init__ /opt/stack/placement/placement/objects/research_context.py:136}}
Aug 06 15:44:37.502810 n-d-852295-1 devstack@placement-api.service[105434]: DEBUG placement.objects.research_context [req-0c756085-c041-43f8-9727-84d855696d7d req-28f80867-9a8e-4f19-aeb4-0e9655c40fc2 service placement] getting providers with 1 VCPU {{(pid=105434) __init__ /opt/stack/placement/placement/objects/research_context.py:136}}
Aug 06 15:44:37.523035 n-d-852295-1 devstack@placement-api.service[105434]: DEBUG placement.objects.research_context [req-0c756085-c041-43f8-9727-84d855696d7d req-28f80867-9a8e-4f19-aeb4-0e9655c40fc2 service placement] found 2 providers with available 1 DISK_GB {{(pid=105434) get_provider_ids_matching /opt/stack/placement/placement/objects/research_context.py:563}}
Aug 06 15:44:37.523370 n-d-852295-1 devstack@placement-api.service[105434]: DEBUG placement.objects.research_context [req-0c756085-c041-43f8-9727-84d855696d7d req-28f80867-9a8e-4f19-aeb4-0e9655c40fc2 service placement] found 2 providers with available 1024 MEMORY_MB {{(pid=105434) get_provider_ids_matching /opt/stack/placement/placement/objects/research_context.py:563}}
Aug 06 15:44:37.524686 n-d-852295-1 devstack@placement-api.service[105434]: DEBUG placement.objects.research_context [req-0c756085-c041-43f8-9727-84d855696d7d req-28f80867-9a8e-4f19-aeb4-0e9655c40fc2 service placement] found 2 providers after filtering by previous result {{(pid=105434) get_provider_ids_matching /opt/stack/placement/placement/objects/research_context.py:594}}
Aug 06 15:44:37.525138 n-d-852295-1 devstack@placement-api.service[105434]: DEBUG placement.objects.research_context [req-0c756085-c041-43f8-9727-84d855696d7d req-28f80867-9a8e-4f19-aeb4-0e9655c40fc2 service placement] found 2 providers with available 1 VCPU {{(pid=105434) get_provider_ids_matching /opt/stack/placement/placement/objects/research_context.py:563}}
Aug 06 15:44:37.525497 n-d-852295-1 devstack@placement-api.service[105434]: DEBUG placement.objects.research_context [req-0c756085-c041-43f8-9727-84d855696d7d req-28f80867-9a8e-4f19-aeb4-0e9655c40fc2 service placement] found 2 providers after filtering by previous result {{(pid=105434) get_provider_ids_matching /opt/stack/placement/placement/objects/research_context.py:594}}
Aug 06 15:44:37.574518 n-d-852295-1 devstack@placement-api.service[105434]: DEBUG placement.objects.allocation_candidate [req-0c756085-c041-43f8-9727-84d855696d7d req-28f80867-9a8e-4f19-aeb4-0e9655c40fc2 service placement] RequestGroup(use_same_provider=False, resources={DISK_GB:1, MEMORY_MB:1024, VCPU:1}, traits=(), aggregates=[]) (suffix '') returned 2 matches {{(pid=105434) _get_by_requests /opt/stack/placement/placement/objects/allocation_candidate.py:156}}
Aug 06 15:44:37.575122 n-d-852295-1 devstack@placement-api.service[105434]: DEBUG placement.objects.allocation_candidate [req-0c756085-c041-43f8-9727-84d855696d7d req-28f80867-9a8e-4f19-aeb4-0e9655c40fc2 service placement] Merging candidates yields 2 allocation requests and 2 provider summaries {{(pid=105434) _merge_candidates /opt/stack/placement/placement/objects/allocation_candidate.py:809}}
Aug 06 15:44:37.578498 n-d-852295-1 devstack@placement-api.service[105434]: INFO placement.requestlog [req-0c756085-c041-43f8-9727-84d855696d7d req-28f80867-9a8e-4f19-aeb4-0e9655c40fc2 service placement] 10.222.0.13 "GET /placement/allocation_candidates?limit=1000&resources=DISK_GB%3A1%2CMEMORY_MB%3A1024%2CVCPU%3A1&root_required=%21COMPUTE_STATUS_DISABLED" status: 200 len: 1306 microversion: 1.36
Aug 06 15:44:37.579828 n-d-852295-1 devstack@placement-api.service[105434]: [pid: 105434|app: 0|req: 286/575] 10.222.0.13 () {60 vars in 1506 bytes} [Sat Aug 6 15:44:37 2022] GET /placement/allocation_candidates?limit=1000&resources=DISK_GB%3A1%2CMEMORY_MB%3A1024%2CVCPU%3A1&root_required=%21COMPUTE_STATUS_DISABLED => generated 1306 bytes in 256 msecs (HTTP/1.1 200) 8 headers in 297 bytes (1 switches on core 0)
Aug 06 15:44:37.629386 n-d-852295-1 devstack@placement-api.service[105433]: DEBUG placement.handlers.allocation [req-c46b76d8-086f-433b-9b95-d453185e7f57 req-f8043cb5-a78d-499e-828f-5b6fba3648b4 service placement] Successfully wrote allocations [, , ] {{(pid=105433) _update_consumers_and_create_allocations /opt/stack/placement/placement/handlers/allocation.py:462}}
Aug 06 15:44:37.639778 n-d-852295-1 devstack@placement-api.service[105433]: INFO placement.requestlog [req-c46b76d8-086f-433b-9b95-d453185e7f57 req-f8043cb5-a78d-499e-828f-5b6fba3648b4 service placement] 10.222.0.13 "PUT /placement/allocations/aef66193-2e34-4939-a7f8-8e07b26763c0" status: 204 len: 0 microversion: 1.36
Aug 06 15:44:37.652381 n-d-852295-1 devstack@placement-api.service[105433]: [pid: 105433|app: 0|req: 290/576] 10.222.0.13 () {64 vars in 1433 bytes} [Sat Aug 6 15:44:37 2022] PUT /placement/allocations/aef66193-2e34-4939-a7f8-8e07b26763c0 => generated 0 bytes in 218 msecs (HTTP/1.1 204) 5 headers in 199 bytes (1 switches on core 0)
Aug 06 15:44:37.802510 n-d-852295-1 devstack@placement-api.service[105434]: DEBUG placement.requestlog [req-0c756085-c041-43f8-9727-84d855696d7d req-cf3c19ef-654f-43ca-b41a-dc3435f5e38d None None] Starting request: 10.222.0.13 "GET /placement/allocations/faaa7d4a-68a4-49af-8eee-1d049c7f393a" {{(pid=105434) __call__ /opt/stack/placement/placement/requestlog.py:55}}
Aug 06 15:44:37.824025 n-d-852295-1 devstack@placement-api.service[105434]: INFO placement.requestlog [req-0c756085-c041-43f8-9727-84d855696d7d req-cf3c19ef-654f-43ca-b41a-dc3435f5e38d service placement] 10.222.0.13 "GET /placement/allocations/faaa7d4a-68a4-49af-8eee-1d049c7f393a" status: 200 len: 19 microversion: 1.28
Aug 06 15:44:37.827807 n-d-852295-1 devstack@placement-api.service[105434]: [pid: 105434|app: 0|req: 287/577] 10.222.0.13 () {60 vars in 1380 bytes} [Sat Aug 6 15:44:37 2022] GET /placement/allocations/faaa7d4a-68a4-49af-8eee-1d049c7f393a => generated 19 bytes in 25 msecs (HTTP/1.1 200) 8 headers in 295 bytes (1 switches on core 0)
Aug 06 15:44:37.839352 n-d-852295-1 devstack@placement-api.service[105433]: DEBUG placement.requestlog [req-0c756085-c041-43f8-9727-84d855696d7d req-bf760b0a-eec6-4d34-979c-3f7da0be14af None None] Starting request: 10.222.0.13 "PUT /placement/allocations/faaa7d4a-68a4-49af-8eee-1d049c7f393a" {{(pid=105433) __call__ /opt/stack/placement/placement/requestlog.py:55}}
Aug 06 15:44:37.980384 n-d-852295-1 devstack@placement-api.service[105433]: DEBUG placement.handlers.allocation [req-0c756085-c041-43f8-9727-84d855696d7d req-bf760b0a-eec6-4d34-979c-3f7da0be14af service placement] Successfully wrote allocations [, , ] {{(pid=105433) _update_consumers_and_create_allocations /opt/stack/placement/placement/handlers/allocation.py:462}}
Aug 06 15:44:37.985253 n-d-852295-1 devstack@placement-api.service[105433]: INFO placement.requestlog [req-0c756085-c041-43f8-9727-84d855696d7d req-bf760b0a-eec6-4d34-979c-3f7da0be14af service placement] 10.222.0.13 "PUT /placement/allocations/faaa7d4a-68a4-49af-8eee-1d049c7f393a" status: 204 len: 0 microversion: 1.36
Aug 06 15:44:37.986257 n-d-852295-1 devstack@placement-api.service[105433]: [pid: 105433|app: 0|req: 291/578] 10.222.0.13 () {64 vars in 1433 bytes} [Sat Aug 6 15:44:37 2022] PUT /placement/allocations/faaa7d4a-68a4-49af-8eee-1d049c7f393a => generated 0 bytes in 147 msecs (HTTP/1.1 204) 5 headers in 199 bytes (1 switches on core 0)
Aug 06 15:44:38.586792 n-d-852295-1 devstack@placement-api.service[105434]: DEBUG placement.requestlog [req-c46b76d8-086f-433b-9b95-d453185e7f57 req-48a63a6b-f040-4d8a-8044-fca2fbcba2bf None None] Starting request: 10.222.0.33 "GET /placement/allocations/aef66193-2e34-4939-a7f8-8e07b26763c0" {{(pid=105434) __call__ /opt/stack/placement/placement/requestlog.py:55}}
Aug 06 15:44:38.611405 n-d-852295-1 devstack@placement-api.service[105434]: INFO placement.requestlog [req-c46b76d8-086f-433b-9b95-d453185e7f57 req-48a63a6b-f040-4d8a-8044-fca2fbcba2bf service placement] 10.222.0.33 "GET /placement/allocations/aef66193-2e34-4939-a7f8-8e07b26763c0" status: 200 len: 259 microversion: 1.28
Aug 06 15:44:38.611933 n-d-852295-1 devstack@placement-api.service[105434]: [pid: 105434|app: 0|req: 288/579] 10.222.0.33 () {60 vars in 1377 bytes} [Sat Aug 6 15:44:38 2022] GET /placement/allocations/aef66193-2e34-4939-a7f8-8e07b26763c0 => generated 259 bytes in 25 msecs (HTTP/1.1 200) 8 headers in 296 bytes (1 switches on core 0)
Aug 06 15:44:38.754811 n-d-852295-1 devstack@placement-api.service[105433]: DEBUG placement.requestlog [req-0c756085-c041-43f8-9727-84d855696d7d req-2786705e-3f1e-4d67-a7d0-1254dd1d6a54 None None] Starting request: 10.222.0.33 "GET /placement/allocations/faaa7d4a-68a4-49af-8eee-1d049c7f393a" {{(pid=105433) __call__ /opt/stack/placement/placement/requestlog.py:55}}
Aug 06 15:44:38.775617 n-d-852295-1 devstack@placement-api.service[105433]: INFO placement.requestlog [req-0c756085-c041-43f8-9727-84d855696d7d req-2786705e-3f1e-4d67-a7d0-1254dd1d6a54 service placement] 10.222.0.33 "GET /placement/allocations/faaa7d4a-68a4-49af-8eee-1d049c7f393a" status: 200 len: 259 microversion: 1.28
Aug 06 15:44:38.776007 n-d-852295-1 devstack@placement-api.service[105433]: [pid: 105433|app: 0|req: 292/580] 10.222.0.33 () {60 vars in 1377 bytes} [Sat Aug 6 15:44:38 2022] GET /placement/allocations/faaa7d4a-68a4-49af-8eee-1d049c7f393a => generated 259 bytes in 22 msecs (HTTP/1.1 200) 8 headers in 296 bytes (1 switches on core 0)
Aug 06 15:44:45.050491 n-d-852295-1 devstack@placement-api.service[105434]: DEBUG placement.requestlog [req-f9897d67-f601-4dba-892c-1d2e9863ef97 req-c14d1330-c293-4c24-a731-7ce2b572d973 None None] Starting request: 10.222.0.33 "GET /placement/allocations/faaa7d4a-68a4-49af-8eee-1d049c7f393a" {{(pid=105434) __call__ /opt/stack/placement/placement/requestlog.py:55}}
Aug 06 15:44:45.079082 n-d-852295-1 devstack@placement-api.service[105434]: INFO placement.requestlog [req-f9897d67-f601-4dba-892c-1d2e9863ef97 req-c14d1330-c293-4c24-a731-7ce2b572d973 service placement] 10.222.0.33 "GET /placement/allocations/faaa7d4a-68a4-49af-8eee-1d049c7f393a" status: 200 len: 259 microversion: 1.28
Aug 06 15:44:45.080083 n-d-852295-1 devstack@placement-api.service[105434]: [pid: 105434|app: 0|req: 289/581] 10.222.0.33 () {60 vars in 1377 bytes} [Sat Aug 6 15:44:45 2022] GET /placement/allocations/faaa7d4a-68a4-49af-8eee-1d049c7f393a => generated 259 bytes in 30 msecs (HTTP/1.1 200) 8 headers in 296 bytes (1 switches on core 0)
Aug 06 15:44:46.500411 n-d-852295-1 devstack@placement-api.service[105433]: DEBUG placement.requestlog [None req-da6b6aea-9fb2-4c7d-8461-a32f6823c3af None None] Starting request: 10.222.0.13 "GET /placement/resource_providers/378515dd-2352-4fc0-b6f2-9a46fcbeb4a3/aggregates" {{(pid=105433) __call__ /opt/stack/placement/placement/requestlog.py:55}}
Aug 06 15:44:46.521646 n-d-852295-1 devstack@placement-api.service[105433]: INFO placement.requestlog [None req-da6b6aea-9fb2-4c7d-8461-a32f6823c3af service placement] 10.222.0.13 "GET /placement/resource_providers/378515dd-2352-4fc0-b6f2-9a46fcbeb4a3/aggregates" status: 404 len: 235 microversion: 1.1
Aug 06 15:44:46.522018 n-d-852295-1 devstack@placement-api.service[105433]: [pid: 105433|app: 0|req: 293/582] 10.222.0.13 () {58 vars in 1362 bytes} [Sat Aug 6 15:44:46 2022] GET /placement/resource_providers/378515dd-2352-4fc0-b6f2-9a46fcbeb4a3/aggregates => generated 235 bytes in 22 msecs (HTTP/1.1 404) 5 headers in 202 bytes (1 switches on core 0)
Aug 06 15:44:46.711203 n-d-852295-1 devstack@placement-api.service[105434]: DEBUG placement.requestlog [None req-d2581006-722f-4d82-9e8c-22621510b1f0 None None] Starting request: 10.222.0.13 "DELETE /placement/resource_providers/378515dd-2352-4fc0-b6f2-9a46fcbeb4a3" {{(pid=105434) __call__ /opt/stack/placement/placement/requestlog.py:55}}
Aug 06 15:44:46.725592 n-d-852295-1 devstack@placement-api.service[105434]: DEBUG placement.wsgi_wrapper [None req-d2581006-722f-4d82-9e8c-22621510b1f0 service placement] Placement API returning an error response: No resource provider with uuid 378515dd-2352-4fc0-b6f2-9a46fcbeb4a3 found for delete {{(pid=105434) call_func /opt/stack/placement/placement/wsgi_wrapper.py:31}}
Aug 06 15:44:46.738456 n-d-852295-1 devstack@placement-api.service[105434]: INFO placement.requestlog [None req-d2581006-722f-4d82-9e8c-22621510b1f0 service placement] 10.222.0.13 "DELETE /placement/resource_providers/378515dd-2352-4fc0-b6f2-9a46fcbeb4a3" status: 404 len: 246 microversion: 1.1
Aug 06 15:44:46.739985 n-d-852295-1 devstack@placement-api.service[105434]: [pid: 105434|app: 0|req: 290/583] 10.222.0.13 () {60 vars in 1351 bytes} [Sat Aug 6 15:44:46 2022] DELETE /placement/resource_providers/378515dd-2352-4fc0-b6f2-9a46fcbeb4a3 => generated 246 bytes in 30 msecs (HTTP/1.1 404) 6 headers in 231 bytes (1 switches on core 0)
Aug 06 15:44:46.755487 n-d-852295-1 devstack@placement-api.service[105433]: DEBUG placement.requestlog [None req-6ee92970-f3f8-4426-a9a7-6549060b7034 None None] Starting request: 10.222.0.13 "GET /placement/resource_providers/b5968ccf-687d-4512-9623-d37e1b54e2e2/aggregates" {{(pid=105433) __call__ /opt/stack/placement/placement/requestlog.py:55}}
