Aug 27 02:40:34.524606 n-d-852278-4 devstack@placement-api.service[107888]: DEBUG placement.requestlog [req-703b1bad-a51e-43c1-aaa6-a8c4251a5d40 req-498d8dfd-0e66-4b99-9dcd-3d2fe67192d6 None None] Starting request: 10.222.0.70 "PUT /placement/resource_providers/2adeb535-c4fe-4059-8eb3-6131ec95ecf7/aggregates" {{(pid=107888) __call__ /opt/stack/placement/placement/requestlog.py:55}}
Aug 27 02:40:34.524838 n-d-852278-4 devstack@placement-api.service[107889]: INFO placement.requestlog [req-110fe605-ffed-4f4c-b7d6-600007d7d775 req-109d00ec-2619-449d-be45-710bd4791f19 service placement] 10.222.0.70 "PUT /placement/allocations/12acf567-09ef-4971-b085-8b5566fd1b79" status: 204 len: 0 microversion: 1.28
Aug 27 02:40:34.525619 n-d-852278-4 devstack@placement-api.service[107889]: [pid: 107889|app: 0|req: 44/97] 10.222.0.70 () {64 vars in 1433 bytes} [Sat Aug 27 02:40:34 2022] PUT /placement/allocations/12acf567-09ef-4971-b085-8b5566fd1b79 => generated 0 bytes in 77 msecs (HTTP/1.1 204) 5 headers in 199 bytes (2 switches on core 0)
Aug 27 02:40:34.532401 n-d-852278-4 devstack@placement-api.service[107888]: DEBUG dbcounter [-] [107888] Writing DB stats placement:SELECT=80,placement:INSERT=11,placement:DELETE=4,placement:UPDATE=5 {{(pid=107888) stat_writer /usr/local/lib/python3.8/dist-packages/dbcounter.py:114}}
Aug 27 02:40:34.545265 n-d-852278-4 devstack@placement-api.service[107888]: DEBUG placement.wsgi_wrapper [req-703b1bad-a51e-43c1-aaa6-a8c4251a5d40 req-498d8dfd-0e66-4b99-9dcd-3d2fe67192d6 service placement] Placement API returning an error response: Resource provider's generation already changed. Please update the generation and try again. {{(pid=107888) call_func /opt/stack/placement/placement/wsgi_wrapper.py:31}}
Aug 27 02:40:34.547118 n-d-852278-4 devstack@placement-api.service[107888]: INFO placement.requestlog [req-703b1bad-a51e-43c1-aaa6-a8c4251a5d40 req-498d8dfd-0e66-4b99-9dcd-3d2fe67192d6 service placement] 10.222.0.70 "PUT /placement/resource_providers/2adeb535-c4fe-4059-8eb3-6131ec95ecf7/aggregates" status: 409 len: 278 microversion: 1.19
Aug 27 02:40:34.547937 n-d-852278-4 devstack@placement-api.service[107888]: [pid: 107888|app: 0|req: 54/98] 10.222.0.70 () {64 vars in 1477 bytes} [Sat Aug 27 02:40:34 2022] PUT /placement/resource_providers/2adeb535-c4fe-4059-8eb3-6131ec95ecf7/aggregates => generated 278 bytes in 23 msecs (HTTP/1.1 409) 6 headers in 231 bytes (1 switches on core 0)
Aug 27 02:40:34.560965 n-d-852278-4 devstack@placement-api.service[107889]: DEBUG placement.requestlog [req-703b1bad-a51e-43c1-aaa6-a8c4251a5d40 req-756d8860-859e-4ca0-b079-d761b4c2936a None None] Starting request: 10.222.0.70 "GET /placement/resource_providers?name=n-h2-852278-4" {{(pid=107889) __call__ /opt/stack/placement/placement/requestlog.py:55}}
Aug 27 02:40:34.580988 n-d-852278-4 devstack@placement-api.service[107889]: INFO placement.requestlog [req-703b1bad-a51e-43c1-aaa6-a8c4251a5d40 req-756d8860-859e-4ca0-b079-d761b4c2936a service placement] 10.222.0.70 "GET /placement/resource_providers?name=n-h2-852278-4" status: 200 len: 440 microversion: 1.0
Aug 27 02:40:34.581368 n-d-852278-4 devstack@placement-api.service[107889]: [pid: 107889|app: 0|req: 45/99] 10.222.0.70 () {58 vars in 1274 bytes} [Sat Aug 27 02:40:34 2022] GET /placement/resource_providers?name=n-h2-852278-4 => generated 440 bytes in 25 msecs (HTTP/1.1 200) 6 headers in 224 bytes (1 switches on core 0)
Aug 27 02:40:34.587869 n-d-852278-4 devstack@placement-api.service[107888]: DEBUG placement.requestlog [req-703b1bad-a51e-43c1-aaa6-a8c4251a5d40 req-55f5ffb1-7eb8-4e6c-835a-2b91864762c8 None None] Starting request: 10.222.0.70 "GET /placement/resource_providers/2adeb535-c4fe-4059-8eb3-6131ec95ecf7/aggregates" {{(pid=107888) __call__ /opt/stack/placement/placement/requestlog.py:55}}
Aug 27 02:40:34.602648 n-d-852278-4 devstack@placement-api.service[107888]: INFO placement.requestlog [req-703b1bad-a51e-43c1-aaa6-a8c4251a5d40 req-55f5ffb1-7eb8-4e6c-835a-2b91864762c8 service placement] 10.222.0.70 "GET /placement/resource_providers/2adeb535-c4fe-4059-8eb3-6131ec95ecf7/aggregates" status: 200 len: 91 microversion: 1.19
Aug 27 02:40:34.603040 n-d-852278-4 devstack@placement-api.service[107888]: [pid: 107888|app: 0|req: 55/100] 10.222.0.70 () {60 vars in 1425 bytes} [Sat Aug 27 02:40:34 2022] GET /placement/resource_providers/2adeb535-c4fe-4059-8eb3-6131ec95ecf7/aggregates => generated 91 bytes in 15 msecs (HTTP/1.1 200) 8 headers in 295 bytes (1 switches on core 0)
Aug 27 02:40:34.611058 n-d-852278-4 devstack@placement-api.service[107889]: DEBUG placement.requestlog [req-703b1bad-a51e-43c1-aaa6-a8c4251a5d40 req-403d4473-1391-4405-a184-28d276556098 None None] Starting request: 10.222.0.70 "PUT /placement/resource_providers/2adeb535-c4fe-4059-8eb3-6131ec95ecf7/aggregates" {{(pid=107889) __call__ /opt/stack/placement/placement/requestlog.py:55}}
Aug 27 02:40:34.650144 n-d-852278-4 devstack@placement-api.service[107889]: DEBUG placement.objects.resource_provider [req-703b1bad-a51e-43c1-aaa6-a8c4251a5d40 req-403d4473-1391-4405-a184-28d276556098 service placement] Setting aggregates for provider 2adeb535-c4fe-4059-8eb3-6131ec95ecf7. Successfully disassociated aggregate 1cc74252-98ff-4d6b-94bc-fc077bebde82. {{(pid=107889) _set_aggregates /opt/stack/placement/placement/objects/resource_provider.py:404}}
Aug 27 02:40:34.657421 n-d-852278-4 devstack@placement-api.service[107889]: INFO placement.requestlog [req-703b1bad-a51e-43c1-aaa6-a8c4251a5d40 req-403d4473-1391-4405-a184-28d276556098 service placement] 10.222.0.70 "PUT /placement/resource_providers/2adeb535-c4fe-4059-8eb3-6131ec95ecf7/aggregates" status: 200 len: 53 microversion: 1.19
Aug 27 02:40:34.658583 n-d-852278-4 devstack@placement-api.service[107889]: [pid: 107889|app: 0|req: 46/101] 10.222.0.70 () {64 vars in 1477 bytes} [Sat Aug 27 02:40:34 2022] PUT /placement/resource_providers/2adeb535-c4fe-4059-8eb3-6131ec95ecf7/aggregates => generated 53 bytes in 47 msecs (HTTP/1.1 200) 8 headers in 295 bytes (2 switches on core 0)
Aug 27 02:40:34.710608 n-d-852278-4 devstack@placement-api.service[107888]: DEBUG placement.requestlog [req-1f20bde0-141d-4649-947a-2d4e3a9e7b37 req-870c914a-9604-40be-b521-71ff58f72a9f None None] Starting request: 10.222.0.83 "GET /placement/resource_providers/d9c5bccd-b7d5-4eaa-967a-3d9cdb66613c/allocations" {{(pid=107888) __call__ /opt/stack/placement/placement/requestlog.py:55}}
Aug 27 02:40:34.746210 n-d-852278-4 devstack@placement-api.service[107888]: INFO placement.requestlog [req-1f20bde0-141d-4649-947a-2d4e3a9e7b37 req-870c914a-9604-40be-b521-71ff58f72a9f service placement] 10.222.0.83 "GET /placement/resource_providers/d9c5bccd-b7d5-4eaa-967a-3d9cdb66613c/allocations" status: 200 len: 355 microversion: 1.0
Aug 27 02:40:34.747155 n-d-852278-4 devstack@placement-api.service[107888]: [pid: 107888|app: 0|req: 56/102] 10.222.0.83 () {58 vars in 1390 bytes} [Sat Aug 27 02:40:34 2022] GET /placement/resource_providers/d9c5bccd-b7d5-4eaa-967a-3d9cdb66613c/allocations => generated 355 bytes in 37 msecs (HTTP/1.1 200) 6 headers in 224 bytes (1 switches on core 0)
Aug 27 02:40:34.754809 n-d-852278-4 devstack@placement-api.service[107889]: DEBUG placement.requestlog [req-1f20bde0-141d-4649-947a-2d4e3a9e7b37 req-beb02f55-0977-4159-a125-68448fd42390 None None] Starting request: 10.222.0.83 "GET /placement/allocations/11661332-bcfc-46f3-a5ba-30eb82448817" {{(pid=107889) __call__ /opt/stack/placement/placement/requestlog.py:55}}
Aug 27 02:40:34.787592 n-d-852278-4 devstack@placement-api.service[107889]: INFO placement.requestlog [req-1f20bde0-141d-4649-947a-2d4e3a9e7b37 req-beb02f55-0977-4159-a125-68448fd42390 service placement] 10.222.0.83 "GET /placement/allocations/11661332-bcfc-46f3-a5ba-30eb82448817" status: 200 len: 258 microversion: 1.28
Aug 27 02:40:34.788200 n-d-852278-4 devstack@placement-api.service[107889]: [pid: 107889|app: 0|req: 47/103] 10.222.0.83 () {60 vars in 1377 bytes} [Sat Aug 27 02:40:34 2022] GET /placement/allocations/11661332-bcfc-46f3-a5ba-30eb82448817 => generated 258 bytes in 35 msecs (HTTP/1.1 200) 8 headers in 296 bytes (1 switches on core 0)
Aug 27 02:40:34.841024 n-d-852278-4 devstack@placement-api.service[107888]: DEBUG placement.requestlog [req-110fe605-ffed-4f4c-b7d6-600007d7d775 req-3a897681-2b1c-4530-a901-5761aa32f741 None None] Starting request: 10.222.0.77 "GET /placement/allocations/12acf567-09ef-4971-b085-8b5566fd1b79" {{(pid=107888) __call__ /opt/stack/placement/placement/requestlog.py:55}}
Aug 27 02:40:34.867557 n-d-852278-4 devstack@placement-api.service[107889]: DEBUG placement.requestlog [req-1f20bde0-141d-4649-947a-2d4e3a9e7b37 req-c34b4a6e-dafe-4c3e-b187-1863e3826070 None None] Starting request: 10.222.0.83 "GET /placement/allocations/cf7074b6-2c3f-4341-8cc4-b516ab21418a" {{(pid=107889) __call__ /opt/stack/placement/placement/requestlog.py:55}}
Aug 27 02:40:34.877415 n-d-852278-4 devstack@placement-api.service[107888]: INFO placement.requestlog [req-110fe605-ffed-4f4c-b7d6-600007d7d775 req-3a897681-2b1c-4530-a901-5761aa32f741 service placement] 10.222.0.77 "GET /placement/allocations/12acf567-09ef-4971-b085-8b5566fd1b79" status: 200 len: 258 microversion: 1.28
Aug 27 02:40:34.878001 n-d-852278-4 devstack@placement-api.service[107888]: [pid: 107888|app: 0|req: 57/104] 10.222.0.77 () {60 vars in 1377 bytes} [Sat Aug 27 02:40:34 2022] GET /placement/allocations/12acf567-09ef-4971-b085-8b5566fd1b79 => generated 258 bytes in 37 msecs (HTTP/1.1 200) 8 headers in 296 bytes (1 switches on core 0)
Aug 27 02:40:34.966894 n-d-852278-4 devstack@placement-api.service[107889]: INFO placement.requestlog [req-1f20bde0-141d-4649-947a-2d4e3a9e7b37 req-c34b4a6e-dafe-4c3e-b187-1863e3826070 service placement] 10.222.0.83 "GET /placement/allocations/cf7074b6-2c3f-4341-8cc4-b516ab21418a" status: 200 len: 258 microversion: 1.28
Aug 27 02:40:34.967288 n-d-852278-4 devstack@placement-api.service[107889]: [pid: 107889|app: 0|req: 48/105] 10.222.0.83 () {60 vars in 1377 bytes} [Sat Aug 27 02:40:34 2022] GET /placement/allocations/cf7074b6-2c3f-4341-8cc4-b516ab21418a => generated 258 bytes in 100 msecs (HTTP/1.1 200) 8 headers in 296 bytes (2 switches on core 0)
Aug 27 02:40:34.974508 n-d-852278-4 devstack@placement-api.service[107888]: DEBUG placement.requestlog [req-1f20bde0-141d-4649-947a-2d4e3a9e7b37 req-8824bac2-030b-445a-af01-54bdabfff804 None None] Starting request: 10.222.0.83 "GET /placement/allocations/f5d6ba67-b815-4ec1-9d75-ee5436f5e3c7" {{(pid=107888) __call__ /opt/stack/placement/placement/requestlog.py:55}}
Aug 27 02:40:34.997628 n-d-852278-4 devstack@placement-api.service[107888]: INFO placement.requestlog [req-1f20bde0-141d-4649-947a-2d4e3a9e7b37 req-8824bac2-030b-445a-af01-54bdabfff804 service placement] 10.222.0.83 "GET /placement/allocations/f5d6ba67-b815-4ec1-9d75-ee5436f5e3c7" status: 200 len: 258 microversion: 1.28
Aug 27 02:40:34.998105 n-d-852278-4 devstack@placement-api.service[107888]: [pid: 107888|app: 0|req: 58/106] 10.222.0.83 () {60 vars in 1377 bytes} [Sat Aug 27 02:40:34 2022] GET /placement/allocations/f5d6ba67-b815-4ec1-9d75-ee5436f5e3c7 => generated 258 bytes in 24 msecs (HTTP/1.1 200) 8 headers in 296 bytes (1 switches on core 0)
Aug 27 02:40:36.013423 n-d-852278-4 devstack@placement-api.service[107889]: DEBUG placement.requestlog [req-a33a6a43-5c20-4553-87b2-42ce417c6146 req-907524bc-e98c-43f4-8886-4f7fd120c16d None None] Starting request: 10.222.0.70 "GET /placement/resource_providers?name=n-h2-852278-4" {{(pid=107889) __call__ /opt/stack/placement/placement/requestlog.py:55}}
Aug 27 02:40:36.030430 n-d-852278-4 devstack@placement-api.service[107889]: INFO placement.requestlog [req-a33a6a43-5c20-4553-87b2-42ce417c6146 req-907524bc-e98c-43f4-8886-4f7fd120c16d service placement] 10.222.0.70 "GET /placement/resource_providers?name=n-h2-852278-4" status: 200 len: 440 microversion: 1.0
Aug 27 02:40:36.031740 n-d-852278-4 devstack@placement-api.service[107889]: [pid: 107889|app: 0|req: 49/107] 10.222.0.70 () {58 vars in 1274 bytes} [Sat Aug 27 02:40:36 2022] GET /placement/resource_providers?name=n-h2-852278-4 => generated 440 bytes in 19 msecs (HTTP/1.1 200) 6 headers in 224 bytes (1 switches on core 0)
Aug 27 02:40:36.039146 n-d-852278-4 devstack@placement-api.service[107888]: DEBUG placement.requestlog [req-a33a6a43-5c20-4553-87b2-42ce417c6146 req-8a8a7568-a85b-410b-9e46-5c3bcf1efc83 None None] Starting request: 10.222.0.70 "GET /placement/resource_providers/2adeb535-c4fe-4059-8eb3-6131ec95ecf7/aggregates" {{(pid=107888) __call__ /opt/stack/placement/placement/requestlog.py:55}}
Aug 27 02:40:36.053851 n-d-852278-4 devstack@placement-api.service[107888]: INFO placement.requestlog [req-a33a6a43-5c20-4553-87b2-42ce417c6146 req-8a8a7568-a85b-410b-9e46-5c3bcf1efc83 service placement] 10.222.0.70 "GET /placement/resource_providers/2adeb535-c4fe-4059-8eb3-6131ec95ecf7/aggregates" status: 200 len: 53 microversion: 1.19
Aug 27 02:40:36.054521 n-d-852278-4 devstack@placement-api.service[107888]: [pid: 107888|app: 0|req: 59/108] 10.222.0.70 () {60 vars in 1425 bytes} [Sat Aug 27 02:40:36 2022] GET /placement/resource_providers/2adeb535-c4fe-4059-8eb3-6131ec95ecf7/aggregates => generated 53 bytes in 16 msecs (HTTP/1.1 200) 8 headers in 295 bytes (1 switches on core 0)
Aug 27 02:40:36.061527 n-d-852278-4 devstack@placement-api.service[107889]: DEBUG placement.requestlog [req-a33a6a43-5c20-4553-87b2-42ce417c6146 req-4d269df3-a714-430e-b02f-e07eef037450 None None] Starting request: 10.222.0.70 "PUT /placement/resource_providers/2adeb535-c4fe-4059-8eb3-6131ec95ecf7/aggregates" {{(pid=107889) __call__ /opt/stack/placement/placement/requestlog.py:55}}
Aug 27 02:40:36.084010 n-d-852278-4 devstack@placement-api.service[107889]: DEBUG dbcounter [-] [107889] Writing DB stats placement:SELECT=78,placement:DELETE=7,placement:UPDATE=7,placement:INSERT=8 {{(pid=107889) stat_writer /usr/local/lib/python3.8/dist-packages/dbcounter.py:114}}
Aug 27 02:40:36.087778 n-d-852278-4 devstack@placement-api.service[107889]: DEBUG placement.objects.resource_provider [req-a33a6a43-5c20-4553-87b2-42ce417c6146 req-4d269df3-a714-430e-b02f-e07eef037450 service placement] _ensure_aggregate() did not find aggregate 61215f49-6c1a-4823-abb7-3d9e067f30eb. Attempting to create it. {{(pid=107889) _ensure_aggregate /opt/stack/placement/placement/objects/resource_provider.py:321}}
Aug 27 02:40:36.091161 n-d-852278-4 devstack@placement-api.service[107889]: DEBUG placement.objects.resource_provider [req-a33a6a43-5c20-4553-87b2-42ce417c6146 req-4d269df3-a714-430e-b02f-e07eef037450 service placement] _ensure_aggregate() created new aggregate 61215f49-6c1a-4823-abb7-3d9e067f30eb (id=3). {{(pid=107889) _ensure_aggregate /opt/stack/placement/placement/objects/resource_provider.py:327}}
Aug 27 02:40:36.093629 n-d-852278-4 devstack@placement-api.service[107889]: DEBUG placement.objects.resource_provider [req-a33a6a43-5c20-4553-87b2-42ce417c6146 req-4d269df3-a714-430e-b02f-e07eef037450 service placement] Setting aggregates for provider 2adeb535-c4fe-4059-8eb3-6131ec95ecf7. Successfully associated aggregate 61215f49-6c1a-4823-abb7-3d9e067f30eb. {{(pid=107889) _set_aggregates /opt/stack/placement/placement/objects/resource_provider.py:389}}
Aug 27 02:40:36.106304 n-d-852278-4 devstack@placement-api.service[107889]: INFO placement.requestlog [req-a33a6a43-5c20-4553-87b2-42ce417c6146 req-4d269df3-a714-430e-b02f-e07eef037450 service placement] 10.222.0.70 "PUT /placement/resource_providers/2adeb535-c4fe-4059-8eb3-6131ec95ecf7/aggregates" status: 200 len: 92 microversion: 1.19
Aug 27 02:40:36.107354 n-d-852278-4 devstack@placement-api.service[107889]: [pid: 107889|app: 0|req: 50/109] 10.222.0.70 () {64 vars in 1477 bytes} [Sat Aug 27 02:40:36 2022] PUT /placement/resource_providers/2adeb535-c4fe-4059-8eb3-6131ec95ecf7/aggregates => generated 92 bytes in 46 msecs (HTTP/1.1 200) 8 headers in 295 bytes (1 switches on core 0)
Aug 27 02:40:36.957326 n-d-852278-4 devstack@placement-api.service[107888]: DEBUG placement.requestlog [req-9d82187b-673c-4e61-af13-d4d7227944ae req-3b3fc552-c9cc-4a7f-b61d-c970ad8b4c00 None None] Starting request: 10.222.0.70 "GET /placement/resource_providers?name=n-h2-852278-4" {{(pid=107888) __call__ /opt/stack/placement/placement/requestlog.py:55}}
Aug 27 02:40:36.973025 n-d-852278-4 devstack@placement-api.service[107888]: INFO placement.requestlog [req-9d82187b-673c-4e61-af13-d4d7227944ae req-3b3fc552-c9cc-4a7f-b61d-c970ad8b4c00 service placement] 10.222.0.70 "GET /placement/resource_providers?name=n-h2-852278-4" status: 200 len: 441 microversion: 1.0
Aug 27 02:40:36.973728 n-d-852278-4 devstack@placement-api.service[107888]: [pid: 107888|app: 0|req: 60/110] 10.222.0.70 () {58 vars in 1274 bytes} [Sat Aug 27 02:40:36 2022] GET /placement/resource_providers?name=n-h2-852278-4 => generated 441 bytes in 17 msecs (HTTP/1.1 200) 6 headers in 224 bytes (1 switches on core 0)
Aug 27 02:40:36.981656 n-d-852278-4 devstack@placement-api.service[107889]: DEBUG placement.requestlog [req-9d82187b-673c-4e61-af13-d4d7227944ae req-adeb3ac6-704f-4833-b021-2c60346f47c4 None None] Starting request: 10.222.0.70 "GET /placement/resource_providers/2adeb535-c4fe-4059-8eb3-6131ec95ecf7/aggregates" {{(pid=107889) __call__ /opt/stack/placement/placement/requestlog.py:55}}
Aug 27 02:40:36.998145 n-d-852278-4 devstack@placement-api.service[107889]: INFO placement.requestlog [req-9d82187b-673c-4e61-af13-d4d7227944ae req-adeb3ac6-704f-4833-b021-2c60346f47c4 service placement] 10.222.0.70 "GET /placement/resource_providers/2adeb535-c4fe-4059-8eb3-6131ec95ecf7/aggregates" status: 200 len: 92 microversion: 1.19
Aug 27 02:40:36.998859 n-d-852278-4 devstack@placement-api.service[107889]: [pid: 107889|app: 0|req: 51/111] 10.222.0.70 () {60 vars in 1425 bytes} [Sat Aug 27 02:40:36 2022] GET /placement/resource_providers/2adeb535-c4fe-4059-8eb3-6131ec95ecf7/aggregates => generated 92 bytes in 17 msecs (HTTP/1.1 200) 8 headers in 295 bytes (1 switches on core 0)
Aug 27 02:40:37.006036 n-d-852278-4 devstack@placement-api.service[107888]: DEBUG placement.requestlog [req-9d82187b-673c-4e61-af13-d4d7227944ae req-d0cd0f7c-7e78-4dcd-8a82-762a339af35d None None] Starting request: 10.222.0.70 "PUT /placement/resource_providers/2adeb535-c4fe-4059-8eb3-6131ec95ecf7/aggregates" {{(pid=107888) __call__ /opt/stack/placement/placement/requestlog.py:55}}
Aug 27 02:40:37.030931 n-d-852278-4 devstack@placement-api.service[107888]: DEBUG placement.objects.resource_provider [req-9d82187b-673c-4e61-af13-d4d7227944ae req-d0cd0f7c-7e78-4dcd-8a82-762a339af35d service placement] Setting aggregates for provider 2adeb535-c4fe-4059-8eb3-6131ec95ecf7. Successfully disassociated aggregate 61215f49-6c1a-4823-abb7-3d9e067f30eb. {{(pid=107888) _set_aggregates /opt/stack/placement/placement/objects/resource_provider.py:404}}
Aug 27 02:40:37.039565 n-d-852278-4 devstack@placement-api.service[107888]: INFO placement.requestlog [req-9d82187b-673c-4e61-af13-d4d7227944ae req-d0cd0f7c-7e78-4dcd-8a82-762a339af35d service placement] 10.222.0.70 "PUT /placement/resource_providers/2adeb535-c4fe-4059-8eb3-6131ec95ecf7/aggregates" status: 200 len: 54 microversion: 1.19
Aug 27 02:40:37.041276 n-d-852278-4 devstack@placement-api.service[107888]: [pid: 107888|app: 0|req: 61/112] 10.222.0.70 () {64 vars in 1477 bytes} [Sat Aug 27 02:40:37 2022] PUT /placement/resource_providers/2adeb535-c4fe-4059-8eb3-6131ec95ecf7/aggregates => generated 54 bytes in 35 msecs (HTTP/1.1 200) 8 headers in 295 bytes (1 switches on core 0)
Aug 27 02:40:37.335681 n-d-852278-4 devstack@placement-api.service[107889]: DEBUG placement.requestlog [req-0921eaa2-659b-4d44-ae77-b656a4615692 req-0046fa42-cb5c-40aa-9a29-9b76cde7749a None None] Starting request: 10.222.0.70 "GET /placement/resource_providers?name=n-h2-852278-4" {{(pid=107889) __call__ /opt/stack/placement/placement/requestlog.py:55}}
Aug 27 02:40:37.356876 n-d-852278-4 devstack@placement-api.service[107889]: INFO placement.requestlog [req-0921eaa2-659b-4d44-ae77-b656a4615692 req-0046fa42-cb5c-40aa-9a29-9b76cde7749a service placement] 10.222.0.70 "GET /placement/resource_providers?name=n-h2-852278-4" status: 200 len: 441 microversion: 1.0
Aug 27 02:40:37.364769 n-d-852278-4 devstack@placement-api.service[107889]: [pid: 107889|app: 0|req: 52/113] 10.222.0.70 () {58 vars in 1274 bytes} [Sat Aug 27 02:40:37 2022] GET /placement/resource_providers?name=n-h2-852278-4 => generated 441 bytes in 29 msecs (HTTP/1.1 200) 6 headers in 224 bytes (2 switches on core 0)
Aug 27 02:40:37.370916 n-d-852278-4 devstack@placement-api.service[107888]: DEBUG placement.requestlog [req-0921eaa2-659b-4d44-ae77-b656a4615692 req-f669cbbe-b7ec-49b2-a932-2b404231e17b None None] Starting request: 10.222.0.70 "GET /placement/resource_providers/2adeb535-c4fe-4059-8eb3-6131ec95ecf7/aggregates" {{(pid=107888) __call__ /opt/stack/placement/placement/requestlog.py:55}}
Aug 27 02:40:37.421656 n-d-852278-4 devstack@placement-api.service[107888]: INFO placement.requestlog [req-0921eaa2-659b-4d44-ae77-b656a4615692 req-f669cbbe-b7ec-49b2-a932-2b404231e17b service placement] 10.222.0.70 "GET /placement/resource_providers/2adeb535-c4fe-4059-8eb3-6131ec95ecf7/aggregates" status: 200 len: 54 microversion: 1.19
Aug 27 02:40:37.422063 n-d-852278-4 devstack@placement-api.service[107888]: [pid: 107888|app: 0|req: 62/114] 10.222.0.70 () {60 vars in 1425 bytes} [Sat Aug 27 02:40:37 2022] GET /placement/resource_providers/2adeb535-c4fe-4059-8eb3-6131ec95ecf7/aggregates => generated 54 bytes in 51 msecs (HTTP/1.1 200) 8 headers in 295 bytes (1 switches on core 0)
Aug 27 02:40:37.437090 n-d-852278-4 devstack@placement-api.service[107889]: DEBUG placement.requestlog [req-0921eaa2-659b-4d44-ae77-b656a4615692 req-18766f01-811a-4421-9754-5ca4db28506b None None] Starting request: 10.222.0.70 "PUT /placement/resource_providers/2adeb535-c4fe-4059-8eb3-6131ec95ecf7/aggregates" {{(pid=107889) __call__ /opt/stack/placement/placement/requestlog.py:55}}
Aug 27 02:40:37.466139 n-d-852278-4 devstack@placement-api.service[107889]: DEBUG placement.objects.resource_provider [req-0921eaa2-659b-4d44-ae77-b656a4615692 req-18766f01-811a-4421-9754-5ca4db28506b service placement] _ensure_aggregate() did not find aggregate 11dbc79f-e4ba-403e-90cb-fe757d3a45b1. Attempting to create it. {{(pid=107889) _ensure_aggregate /opt/stack/placement/placement/objects/resource_provider.py:321}}
Aug 27 02:40:37.467651 n-d-852278-4 devstack@placement-api.service[107889]: DEBUG placement.objects.resource_provider [req-0921eaa2-659b-4d44-ae77-b656a4615692 req-18766f01-811a-4421-9754-5ca4db28506b service placement] _ensure_aggregate() created new aggregate 11dbc79f-e4ba-403e-90cb-fe757d3a45b1 (id=4). {{(pid=107889) _ensure_aggregate /opt/stack/placement/placement/objects/resource_provider.py:327}}
Aug 27 02:40:37.468937 n-d-852278-4 devstack@placement-api.service[107889]: DEBUG placement.objects.resource_provider [req-0921eaa2-659b-4d44-ae77-b656a4615692 req-18766f01-811a-4421-9754-5ca4db28506b service placement] Setting aggregates for provider 2adeb535-c4fe-4059-8eb3-6131ec95ecf7. Successfully associated aggregate 11dbc79f-e4ba-403e-90cb-fe757d3a45b1. {{(pid=107889) _set_aggregates /opt/stack/placement/placement/objects/resource_provider.py:389}}
Aug 27 02:40:37.479970 n-d-852278-4 devstack@placement-api.service[107889]: INFO placement.requestlog [req-0921eaa2-659b-4d44-ae77-b656a4615692 req-18766f01-811a-4421-9754-5ca4db28506b service placement] 10.222.0.70 "PUT /placement/resource_providers/2adeb535-c4fe-4059-8eb3-6131ec95ecf7/aggregates" status: 200 len: 92 microversion: 1.19
Aug 27 02:40:37.480709 n-d-852278-4 devstack@placement-api.service[107889]: [pid: 107889|app: 0|req: 53/115] 10.222.0.70 () {64 vars in 1477 bytes} [Sat Aug 27 02:40:37 2022] PUT /placement/resource_providers/2adeb535-c4fe-4059-8eb3-6131ec95ecf7/aggregates => generated 92 bytes in 44 msecs (HTTP/1.1 200) 8 headers in 295 bytes (1 switches on core 0)
Aug 27 02:40:37.602842 n-d-852278-4 devstack@placement-api.service[107888]: DEBUG placement.requestlog [req-698420df-f0b1-44fa-978e-f49594b8ffeb req-eb0dbd2e-bfea-4744-bc7f-ae62f2e1035e None None] Starting request: 10.222.0.70 "GET /placement/resource_providers?name=n-h2-852278-4" {{(pid=107888) __call__ /opt/stack/placement/placement/requestlog.py:55}}
Aug 27 02:40:37.693717 n-d-852278-4 devstack@placement-api.service[107888]: INFO placement.requestlog [req-698420df-f0b1-44fa-978e-f49594b8ffeb req-eb0dbd2e-bfea-4744-bc7f-ae62f2e1035e service placement] 10.222.0.70 "GET /placement/resource_providers?name=n-h2-852278-4" status: 200 len: 441 microversion: 1.0
Aug 27 02:40:37.694756 n-d-852278-4 devstack@placement-api.service[107888]: [pid: 107888|app: 0|req: 63/116] 10.222.0.70 () {58 vars in 1274 bytes} [Sat Aug 27 02:40:37 2022] GET /placement/resource_providers?name=n-h2-852278-4 => generated 441 bytes in 93 msecs (HTTP/1.1 200) 6 headers in 224 bytes (1 switches on core 0)
Aug 27 02:40:37.705325 n-d-852278-4 devstack@placement-api.service[107889]: DEBUG placement.requestlog [req-698420df-f0b1-44fa-978e-f49594b8ffeb req-b3e781e1-6474-48aa-be80-3ceac198392f None None] Starting request: 10.222.0.70 "GET /placement/resource_providers/2adeb535-c4fe-4059-8eb3-6131ec95ecf7/aggregates" {{(pid=107889) __call__ /opt/stack/placement/placement/requestlog.py:55}}
Aug 27 02:40:37.723444 n-d-852278-4 devstack@placement-api.service[107889]: INFO placement.requestlog [req-698420df-f0b1-44fa-978e-f49594b8ffeb req-b3e781e1-6474-48aa-be80-3ceac198392f service placement] 10.222.0.70 "GET /placement/resource_providers/2adeb535-c4fe-4059-8eb3-6131ec95ecf7/aggregates" status: 200 len: 92 microversion: 1.19
Aug 27 02:40:37.724097 n-d-852278-4 devstack@placement-api.service[107889]: [pid: 107889|app: 0|req: 54/117] 10.222.0.70 () {60 vars in 1425 bytes} [Sat Aug 27 02:40:37 2022] GET /placement/resource_providers/2adeb535-c4fe-4059-8eb3-6131ec95ecf7/aggregates => generated 92 bytes in 20 msecs (HTTP/1.1 200) 8 headers in 295 bytes (1 switches on core 0)
Aug 27 02:40:37.747222 n-d-852278-4 devstack@placement-api.service[107888]: DEBUG placement.requestlog [req-698420df-f0b1-44fa-978e-f49594b8ffeb req-6cbdc818-955e-4797-a7a6-b9fac5584f85 None None] Starting request: 10.222.0.70 "PUT /placement/resource_providers/2adeb535-c4fe-4059-8eb3-6131ec95ecf7/aggregates" {{(pid=107888) __call__ /opt/stack/placement/placement/requestlog.py:55}}
Aug 27 02:40:37.769644 n-d-852278-4 devstack@placement-api.service[107888]: DEBUG placement.objects.resource_provider [req-698420df-f0b1-44fa-978e-f49594b8ffeb req-6cbdc818-955e-4797-a7a6-b9fac5584f85 service placement] Setting aggregates for provider 2adeb535-c4fe-4059-8eb3-6131ec95ecf7. Successfully disassociated aggregate 11dbc79f-e4ba-403e-90cb-fe757d3a45b1. {{(pid=107888) _set_aggregates /opt/stack/placement/placement/objects/resource_provider.py:404}}
Aug 27 02:40:37.777540 n-d-852278-4 devstack@placement-api.service[107888]: INFO placement.requestlog [req-698420df-f0b1-44fa-978e-f49594b8ffeb req-6cbdc818-955e-4797-a7a6-b9fac5584f85 service placement] 10.222.0.70 "PUT /placement/resource_providers/2adeb535-c4fe-4059-8eb3-6131ec95ecf7/aggregates" status: 200 len: 54 microversion: 1.19
Aug 27 02:40:37.777996 n-d-852278-4 devstack@placement-api.service[107888]: [pid: 107888|app: 0|req: 64/118] 10.222.0.70 () {64 vars in 1477 bytes} [Sat Aug 27 02:40:37 2022] PUT /placement/resource_providers/2adeb535-c4fe-4059-8eb3-6131ec95ecf7/aggregates => generated 54 bytes in 31 msecs (HTTP/1.1 200) 8 headers in 295 bytes (2 switches on core 0)
Aug 27 02:40:37.937120 n-d-852278-4 devstack@placement-api.service[107889]: DEBUG placement.requestlog [req-c77fc37f-1cc6-4516-9252-b93aeb5ddedc req-0c85ef2e-9965-43cd-86cf-3aac51c7bc50 None None] Starting request: 10.222.0.70 "GET /placement/allocation_candidates?limit=1000&resources=DISK_GB%3A1%2CMEMORY_MB%3A1024%2CVCPU%3A1&root_required=%21COMPUTE_STATUS_DISABLED" {{(pid=107889) __call__ /opt/stack/placement/placement/requestlog.py:55}}
Aug 27 02:40:38.015800 n-d-852278-4 devstack@placement-api.service[107889]: DEBUG placement.objects.research_context [req-c77fc37f-1cc6-4516-9252-b93aeb5ddedc req-0c85ef2e-9965-43cd-86cf-3aac51c7bc50 service placement] getting providers with 1 DISK_GB {{(pid=107889) __init__ /opt/stack/placement/placement/objects/research_context.py:136}}
Aug 27 02:40:38.023837 n-d-852278-4 devstack@placement-api.service[107889]: DEBUG placement.objects.research_context [req-c77fc37f-1cc6-4516-9252-b93aeb5ddedc req-0c85ef2e-9965-43cd-86cf-3aac51c7bc50 service placement] getting providers with 1024 MEMORY_MB {{(pid=107889) __init__ /opt/stack/placement/placement/objects/research_context.py:136}}
Aug 27 02:40:38.031009 n-d-852278-4 devstack@placement-api.service[107889]: DEBUG placement.objects.research_context [req-c77fc37f-1cc6-4516-9252-b93aeb5ddedc req-0c85ef2e-9965-43cd-86cf-3aac51c7bc50 service placement] getting providers with 1 VCPU {{(pid=107889) __init__ /opt/stack/placement/placement/objects/research_context.py:136}}
Aug 27 02:40:38.037847 n-d-852278-4 devstack@placement-api.service[107889]: DEBUG placement.objects.research_context [req-c77fc37f-1cc6-4516-9252-b93aeb5ddedc req-0c85ef2e-9965-43cd-86cf-3aac51c7bc50 service placement] found 2 providers with available 1 DISK_GB {{(pid=107889) get_provider_ids_matching /opt/stack/placement/placement/objects/research_context.py:563}}
Aug 27 02:40:38.038123 n-d-852278-4 devstack@placement-api.service[107889]: DEBUG placement.objects.research_context [req-c77fc37f-1cc6-4516-9252-b93aeb5ddedc req-0c85ef2e-9965-43cd-86cf-3aac51c7bc50 service placement] found 2 providers with available 1024 MEMORY_MB {{(pid=107889) get_provider_ids_matching /opt/stack/placement/placement/objects/research_context.py:563}}
Aug 27 02:40:38.038394 n-d-852278-4 devstack@placement-api.service[107889]: DEBUG placement.objects.research_context [req-c77fc37f-1cc6-4516-9252-b93aeb5ddedc req-0c85ef2e-9965-43cd-86cf-3aac51c7bc50 service placement] found 2 providers after filtering by previous result {{(pid=107889) get_provider_ids_matching /opt/stack/placement/placement/objects/research_context.py:594}}
Aug 27 02:40:38.038645 n-d-852278-4 devstack@placement-api.service[107889]: DEBUG placement.objects.research_context [req-c77fc37f-1cc6-4516-9252-b93aeb5ddedc req-0c85ef2e-9965-43cd-86cf-3aac51c7bc50 service placement] found 2 providers with available 1 VCPU {{(pid=107889) get_provider_ids_matching /opt/stack/placement/placement/objects/research_context.py:563}}
Aug 27 02:40:38.038897 n-d-852278-4 devstack@placement-api.service[107889]: DEBUG placement.objects.research_context [req-c77fc37f-1cc6-4516-9252-b93aeb5ddedc req-0c85ef2e-9965-43cd-86cf-3aac51c7bc50 service placement] found 2 providers after filtering by previous result {{(pid=107889) get_provider_ids_matching /opt/stack/placement/placement/objects/research_context.py:594}}
Aug 27 02:40:38.053529 n-d-852278-4 devstack@placement-api.service[107889]: DEBUG placement.objects.allocation_candidate [req-c77fc37f-1cc6-4516-9252-b93aeb5ddedc req-0c85ef2e-9965-43cd-86cf-3aac51c7bc50 service placement] RequestGroup(use_same_provider=False, resources={DISK_GB:1, MEMORY_MB:1024, VCPU:1}, traits=(), aggregates=[]) (suffix '') returned 2 matches {{(pid=107889) _get_by_requests /opt/stack/placement/placement/objects/allocation_candidate.py:156}}
Aug 27 02:40:38.053891 n-d-852278-4 devstack@placement-api.service[107889]: DEBUG placement.objects.allocation_candidate [req-c77fc37f-1cc6-4516-9252-b93aeb5ddedc req-0c85ef2e-9965-43cd-86cf-3aac51c7bc50 service placement] Merging candidates yields 2 allocation requests and 2 provider summaries {{(pid=107889) _merge_candidates /opt/stack/placement/placement/objects/allocation_candidate.py:809}}
Aug 27 02:40:38.055383 n-d-852278-4 devstack@placement-api.service[107889]: INFO placement.requestlog [req-c77fc37f-1cc6-4516-9252-b93aeb5ddedc req-0c85ef2e-9965-43cd-86cf-3aac51c7bc50 service placement] 10.222.0.70 "GET /placement/allocation_candidates?limit=1000&resources=DISK_GB%3A1%2CMEMORY_MB%3A1024%2CVCPU%3A1&root_required=%21COMPUTE_STATUS_DISABLED" status: 200 len: 1309 microversion: 1.36
Aug 27 02:40:38.055782 n-d-852278-4 devstack@placement-api.service[107889]: [pid: 107889|app: 0|req: 55/119] 10.222.0.70 () {60 vars in 1506 bytes} [Sat Aug 27 02:40:37 2022] GET /placement/allocation_candidates?limit=1000&resources=DISK_GB%3A1%2CMEMORY_MB%3A1024%2CVCPU%3A1&root_required=%21COMPUTE_STATUS_DISABLED => generated 1309 bytes in 120 msecs (HTTP/1.1 200) 8 headers in 297 bytes (1 switches on core 0)
Aug 27 02:40:38.120652 n-d-852278-4 devstack@placement-api.service[107888]: DEBUG placement.requestlog [req-c77fc37f-1cc6-4516-9252-b93aeb5ddedc req-866fc0d5-b046-43e8-ad48-aed6948325f9 None None] Starting request: 10.222.0.70 "GET /placement/allocations/96881762-a0a0-425f-a3b6-cc87adbae319" {{(pid=107888) __call__ /opt/stack/placement/placement/requestlog.py:55}}
Aug 27 02:40:38.132009 n-d-852278-4 devstack@placement-api.service[107888]: INFO placement.requestlog [req-c77fc37f-1cc6-4516-9252-b93aeb5ddedc req-866fc0d5-b046-43e8-ad48-aed6948325f9 service placement] 10.222.0.70 "GET /placement/allocations/96881762-a0a0-425f-a3b6-cc87adbae319" status: 200 len: 19 microversion: 1.28
Aug 27 02:40:38.132267 n-d-852278-4 devstack@placement-api.service[107888]: [pid: 107888|app: 0|req: 65/120] 10.222.0.70 () {60 vars in 1380 bytes} [Sat Aug 27 02:40:38 2022] GET /placement/allocations/96881762-a0a0-425f-a3b6-cc87adbae319 => generated 19 bytes in 12 msecs (HTTP/1.1 200) 8 headers in 295 bytes (1 switches on core 0)
Aug 27 02:40:38.145743 n-d-852278-4 devstack@placement-api.service[107889]: DEBUG placement.requestlog [req-c77fc37f-1cc6-4516-9252-b93aeb5ddedc req-451a0004-4a40-4f99-b93b-8f0746afd5db None None] Starting request: 10.222.0.70 "PUT /placement/allocations/96881762-a0a0-425f-a3b6-cc87adbae319" {{(pid=107889) __call__ /opt/stack/placement/placement/requestlog.py:55}}
Aug 27 02:40:38.231436 n-d-852278-4 devstack@placement-api.service[107889]: DEBUG placement.handlers.allocation [req-c77fc37f-1cc6-4516-9252-b93aeb5ddedc req-451a0004-4a40-4f99-b93b-8f0746afd5db service placement] Successfully wrote allocations [, , ] {{(pid=107889) _update_consumers_and_create_allocations /opt/stack/placement/placement/handlers/allocation.py:462}}
Aug 27 02:40:38.235900 n-d-852278-4 devstack@placement-api.service[107889]: INFO placement.requestlog [req-c77fc37f-1cc6-4516-9252-b93aeb5ddedc req-451a0004-4a40-4f99-b93b-8f0746afd5db service placement] 10.222.0.70 "PUT /placement/allocations/96881762-a0a0-425f-a3b6-cc87adbae319" status: 204 len: 0 microversion: 1.36
Aug 27 02:40:38.236909 n-d-852278-4 devstack@placement-api.service[107889]: [pid: 107889|app: 0|req: 56/121] 10.222.0.70 () {64 vars in 1433 bytes} [Sat Aug 27 02:40:38 2022] PUT /placement/allocations/96881762-a0a0-425f-a3b6-cc87adbae319 => generated 0 bytes in 91 msecs (HTTP/1.1 204) 5 headers in 199 bytes (1 switches on core 0)
Aug 27 02:40:38.585376 n-d-852278-4 devstack@placement-api.service[107888]: DEBUG placement.requestlog [req-c77fc37f-1cc6-4516-9252-b93aeb5ddedc req-d45b2045-e793-4235-9411-fab8cec4ef6e None None] Starting request: 10.222.0.77 "GET /placement/allocations/96881762-a0a0-425f-a3b6-cc87adbae319" {{(pid=107888) __call__ /opt/stack/placement/placement/requestlog.py:55}}
Aug 27 02:40:38.602393 n-d-852278-4 devstack@placement-api.service[107888]: INFO placement.requestlog [req-c77fc37f-1cc6-4516-9252-b93aeb5ddedc req-d45b2045-e793-4235-9411-fab8cec4ef6e service placement] 10.222.0.77 "GET /placement/allocations/96881762-a0a0-425f-a3b6-cc87adbae319" status: 200 len: 259 microversion: 1.28
Aug 27 02:40:38.602982 n-d-852278-4 devstack@placement-api.service[107888]: [pid: 107888|app: 0|req: 66/122] 10.222.0.77 () {60 vars in 1377 bytes} [Sat Aug 27 02:40:38 2022] GET /placement/allocations/96881762-a0a0-425f-a3b6-cc87adbae319 => generated 259 bytes in 18 msecs (HTTP/1.1 200) 8 headers in 296 bytes (1 switches on core 0)
Aug 27 02:40:38.768192 n-d-852278-4 devstack@placement-api.service[107889]: DEBUG placement.requestlog [req-c77fc37f-1cc6-4516-9252-b93aeb5ddedc req-abc926c5-12e9-499a-bf6d-f8d4371e9dba None None] Starting request: 10.222.0.77 "GET /placement/resource_providers/2adeb535-c4fe-4059-8eb3-6131ec95ecf7/allocations" {{(pid=107889) __call__ /opt/stack/placement/placement/requestlog.py:55}}
Aug 27 02:40:38.796380 n-d-852278-4 devstack@placement-api.service[107889]: INFO placement.requestlog [req-c77fc37f-1cc6-4516-9252-b93aeb5ddedc req-abc926c5-12e9-499a-bf6d-f8d4371e9dba service placement] 10.222.0.77 "GET /placement/resource_providers/2adeb535-c4fe-4059-8eb3-6131ec95ecf7/allocations" status: 200 len: 356 microversion: 1.0
Aug 27 02:40:38.798322 n-d-852278-4 devstack@placement-api.service[107889]: [pid: 107889|app: 0|req: 57/123] 10.222.0.77 () {58 vars in 1390 bytes} [Sat Aug 27 02:40:38 2022] GET /placement/resource_providers/2adeb535-c4fe-4059-8eb3-6131ec95ecf7/allocations => generated 356 bytes in 29 msecs (HTTP/1.1 200) 6 headers in 224 bytes (1 switches on core 0)
Aug 27 02:40:38.806657 n-d-852278-4 devstack@placement-api.service[107888]: DEBUG placement.requestlog [req-c77fc37f-1cc6-4516-9252-b93aeb5ddedc req-d1ed3f48-2419-405c-8ae5-c31146c4d336 None None] Starting request: 10.222.0.77 "GET /placement/allocations/12acf567-09ef-4971-b085-8b5566fd1b79" {{(pid=107888) __call__ /opt/stack/placement/placement/requestlog.py:55}}
Aug 27 02:40:38.827178 n-d-852278-4 devstack@placement-api.service[107888]: INFO placement.requestlog [req-c77fc37f-1cc6-4516-9252-b93aeb5ddedc req-d1ed3f48-2419-405c-8ae5-c31146c4d336 service placement] 10.222.0.77 "GET /placement/allocations/12acf567-09ef-4971-b085-8b5566fd1b79" status: 200 len: 259 microversion: 1.28
Aug 27 02:40:38.827746 n-d-852278-4 devstack@placement-api.service[107888]: [pid: 107888|app: 0|req: 67/124] 10.222.0.77 () {60 vars in 1377 bytes} [Sat Aug 27 02:40:38 2022] GET /placement/allocations/12acf567-09ef-4971-b085-8b5566fd1b79 => generated 259 bytes in 21 msecs (HTTP/1.1 200) 8 headers in 296 bytes (1 switches on core 0)
Aug 27 02:40:38.834824 n-d-852278-4 devstack@placement-api.service[107889]: DEBUG placement.requestlog [req-c77fc37f-1cc6-4516-9252-b93aeb5ddedc req-826a83d1-b918-4402-a259-76dc50b2796c None None] Starting request: 10.222.0.77 "GET /placement/allocations/96881762-a0a0-425f-a3b6-cc87adbae319" {{(pid=107889) __call__ /opt/stack/placement/placement/requestlog.py:55}}
Aug 27 02:40:38.864268 n-d-852278-4 devstack@placement-api.service[107889]: INFO placement.requestlog [req-c77fc37f-1cc6-4516-9252-b93aeb5ddedc req-826a83d1-b918-4402-a259-76dc50b2796c service placement] 10.222.0.77 "GET /placement/allocations/96881762-a0a0-425f-a3b6-cc87adbae319" status: 200 len: 259 microversion: 1.28
Aug 27 02:40:38.864731 n-d-852278-4 devstack@placement-api.service[107889]: [pid: 107889|app: 0|req: 58/125] 10.222.0.77 () {60 vars in 1377 bytes} [Sat Aug 27 02:40:38 2022] GET /placement/allocations/96881762-a0a0-425f-a3b6-cc87adbae319 => generated 259 bytes in 30 msecs (HTTP/1.1 200) 8 headers in 296 bytes (1 switches on core 0)
Aug 27 02:40:38.871049 n-d-852278-4 devstack@placement-api.service[107888]: DEBUG placement.requestlog [req-c77fc37f-1cc6-4516-9252-b93aeb5ddedc req-9473fa53-0543-44ef-a6bf-43ddc88f1583 None None] Starting request: 10.222.0.77 "GET /placement/allocations/e231e897-7343-415a-a4ff-dfe3df4fb62c" {{(pid=107888) __call__ /opt/stack/placement/placement/requestlog.py:55}}
Aug 27 02:40:38.897677 n-d-852278-4 devstack@placement-api.service[107888]: INFO placement.requestlog [req-c77fc37f-1cc6-4516-9252-b93aeb5ddedc req-9473fa53-0543-44ef-a6bf-43ddc88f1583 service placement] 10.222.0.77 "GET /placement/allocations/e231e897-7343-415a-a4ff-dfe3df4fb62c" status: 200 len: 259 microversion: 1.28
Aug 27 02:40:38.898084 n-d-852278-4 devstack@placement-api.service[107888]: [pid: 107888|app: 0|req: 68/126] 10.222.0.77 () {60 vars in 1377 bytes} [Sat Aug 27 02:40:38 2022] GET /placement/allocations/e231e897-7343-415a-a4ff-dfe3df4fb62c => generated 259 bytes in 27 msecs (HTTP/1.1 200) 8 headers in 296 bytes (1 switches on core 0)
Aug 27 02:40:39.168506 n-d-852278-4 devstack@placement-api.service[107889]: DEBUG placement.requestlog [req-35cc15f5-4e4d-4546-b7d9-c96bf45bdbe5 req-11b2c079-c905-498c-9cfd-b0961f530def None None] Starting request: 10.222.0.70 "GET /placement/resource_providers?name=n-h2-852278-4" {{(pid=107889) __call__ /opt/stack/placement/placement/requestlog.py:55}}
Aug 27 02:40:39.204595 n-d-852278-4 devstack@placement-api.service[107889]: INFO placement.requestlog [req-35cc15f5-4e4d-4546-b7d9-c96bf45bdbe5 req-11b2c079-c905-498c-9cfd-b0961f530def service placement] 10.222.0.70 "GET /placement/resource_providers?name=n-h2-852278-4" status: 200 len: 441 microversion: 1.0
Aug 27 02:40:39.205248 n-d-852278-4 devstack@placement-api.service[107889]: [pid: 107889|app: 0|req: 59/127] 10.222.0.70 () {58 vars in 1274 bytes} [Sat Aug 27 02:40:39 2022] GET /placement/resource_providers?name=n-h2-852278-4 => generated 441 bytes in 39 msecs (HTTP/1.1 200) 6 headers in 224 bytes (1 switches on core 0)
Aug 27 02:40:39.214374 n-d-852278-4 devstack@placement-api.service[107888]: DEBUG placement.requestlog [req-35cc15f5-4e4d-4546-b7d9-c96bf45bdbe5 req-b718d281-c8c7-429a-9ad1-e7491cb293d6 None None] Starting request: 10.222.0.70 "GET /placement/resource_providers/2adeb535-c4fe-4059-8eb3-6131ec95ecf7/aggregates" {{(pid=107888) __call__ /opt/stack/placement/placement/requestlog.py:55}}
Aug 27 02:40:39.242756 n-d-852278-4 devstack@placement-api.service[107888]: INFO placement.requestlog [req-35cc15f5-4e4d-4546-b7d9-c96bf45bdbe5 req-b718d281-c8c7-429a-9ad1-e7491cb293d6 service placement] 10.222.0.70 "GET /placement/resource_providers/2adeb535-c4fe-4059-8eb3-6131ec95ecf7/aggregates" status: 200 len: 54 microversion: 1.19
Aug 27 02:40:39.253092 n-d-852278-4 devstack@placement-api.service[107888]: [pid: 107888|app: 0|req: 69/128] 10.222.0.70 () {60 vars in 1425 bytes} [Sat Aug 27 02:40:39 2022] GET /placement/resource_providers/2adeb535-c4fe-4059-8eb3-6131ec95ecf7/aggregates => generated 54 bytes in 39 msecs (HTTP/1.1 200) 8 headers in 295 bytes (1 switches on core 0)
Aug 27 02:40:39.261468 n-d-852278-4 devstack@placement-api.service[107889]: DEBUG placement.requestlog [req-35cc15f5-4e4d-4546-b7d9-c96bf45bdbe5 req-9bad744e-541f-4409-8eb1-06a8130b1022 None None] Starting request: 10.222.0.70 "PUT /placement/resource_providers/2adeb535-c4fe-4059-8eb3-6131ec95ecf7/aggregates" {{(pid=107889) __call__ /opt/stack/placement/placement/requestlog.py:55}}
Aug 27 02:40:39.305426 n-d-852278-4 devstack@placement-api.service[107889]: DEBUG placement.objects.resource_provider [req-35cc15f5-4e4d-4546-b7d9-c96bf45bdbe5 req-9bad744e-541f-4409-8eb1-06a8130b1022 service placement] _ensure_aggregate() did not find aggregate b1185daa-740d-453d-b30e-4062fbd8c90a. Attempting to create it. {{(pid=107889) _ensure_aggregate /opt/stack/placement/placement/objects/resource_provider.py:321}}
Aug 27 02:40:39.312234 n-d-852278-4 devstack@placement-api.service[107889]: DEBUG placement.objects.resource_provider [req-35cc15f5-4e4d-4546-b7d9-c96bf45bdbe5 req-9bad744e-541f-4409-8eb1-06a8130b1022 service placement] _ensure_aggregate() created new aggregate b1185daa-740d-453d-b30e-4062fbd8c90a (id=5). {{(pid=107889) _ensure_aggregate /opt/stack/placement/placement/objects/resource_provider.py:327}}
Aug 27 02:40:39.314418 n-d-852278-4 devstack@placement-api.service[107889]: DEBUG placement.objects.resource_provider [req-35cc15f5-4e4d-4546-b7d9-c96bf45bdbe5 req-9bad744e-541f-4409-8eb1-06a8130b1022 service placement] Setting aggregates for provider 2adeb535-c4fe-4059-8eb3-6131ec95ecf7. Successfully associated aggregate b1185daa-740d-453d-b30e-4062fbd8c90a. {{(pid=107889) _set_aggregates /opt/stack/placement/placement/objects/resource_provider.py:389}}
Aug 27 02:40:39.325993 n-d-852278-4 devstack@placement-api.service[107889]: INFO placement.requestlog [req-35cc15f5-4e4d-4546-b7d9-c96bf45bdbe5 req-9bad744e-541f-4409-8eb1-06a8130b1022 service placement] 10.222.0.70 "PUT /placement/resource_providers/2adeb535-c4fe-4059-8eb3-6131ec95ecf7/aggregates" status: 200 len: 92 microversion: 1.19
Aug 27 02:40:39.327622 n-d-852278-4 devstack@placement-api.service[107889]: [pid: 107889|app: 0|req: 60/129] 10.222.0.70 () {64 vars in 1477 bytes} [Sat Aug 27 02:40:39 2022] PUT /placement/resource_providers/2adeb535-c4fe-4059-8eb3-6131ec95ecf7/aggregates => generated 92 bytes in 67 msecs (HTTP/1.1 200) 8 headers in 295 bytes (1 switches on core 0)
Aug 27 02:40:39.505275 n-d-852278-4 devstack@placement-api.service[107888]: DEBUG placement.requestlog [req-7960e27a-9955-4efd-adab-4be1711de8b4 req-8912e18f-3b79-413f-b4a6-ea25bb2d695a None None] Starting request: 10.222.0.70 "GET /placement/resource_providers?name=n-h2-852278-4" {{(pid=107888) __call__ /opt/stack/placement/placement/requestlog.py:55}}
Aug 27 02:40:39.531350 n-d-852278-4 devstack@placement-api.service[107888]: INFO placement.requestlog [req-7960e27a-9955-4efd-adab-4be1711de8b4 req-8912e18f-3b79-413f-b4a6-ea25bb2d695a service placement] 10.222.0.70 "GET /placement/resource_providers?name=n-h2-852278-4" status: 200 len: 441 microversion: 1.0
Aug 27 02:40:39.533697 n-d-852278-4 devstack@placement-api.service[107888]: [pid: 107888|app: 0|req: 70/130] 10.222.0.70 () {58 vars in 1274 bytes} [Sat Aug 27 02:40:39 2022] GET /placement/resource_providers?name=n-h2-852278-4 => generated 441 bytes in 29 msecs (HTTP/1.1 200) 6 headers in 224 bytes (1 switches on core 0)
Aug 27 02:40:39.554389 n-d-852278-4 devstack@placement-api.service[107889]: DEBUG placement.requestlog [req-7960e27a-9955-4efd-adab-4be1711de8b4 req-faa89e48-7321-44e5-9ca5-303e3abdfd00 None None] Starting request: 10.222.0.70 "GET /placement/resource_providers/2adeb535-c4fe-4059-8eb3-6131ec95ecf7/aggregates" {{(pid=107889) __call__ /opt/stack/placement/placement/requestlog.py:55}}
Aug 27 02:40:39.583435 n-d-852278-4 devstack@placement-api.service[107889]: INFO placement.requestlog [req-7960e27a-9955-4efd-adab-4be1711de8b4 req-faa89e48-7321-44e5-9ca5-303e3abdfd00 service placement] 10.222.0.70 "GET /placement/resource_providers/2adeb535-c4fe-4059-8eb3-6131ec95ecf7/aggregates" status: 200 len: 92 microversion: 1.19
Aug 27 02:40:39.590624 n-d-852278-4 devstack@placement-api.service[107889]: [pid: 107889|app: 0|req: 61/131] 10.222.0.70 () {60 vars in 1425 bytes} [Sat Aug 27 02:40:39 2022] GET /placement/resource_providers/2adeb535-c4fe-4059-8eb3-6131ec95ecf7/aggregates => generated 92 bytes in 36 msecs (HTTP/1.1 200) 8 headers in 295 bytes (1 switches on core 0)
Aug 27 02:40:39.591354 n-d-852278-4 devstack@placement-api.service[107888]: DEBUG placement.requestlog [req-7960e27a-9955-4efd-adab-4be1711de8b4 req-24b0fb74-30a7-49c8-8a6e-371146245b82 None None] Starting request: 10.222.0.70 "PUT /placement/resource_providers/2adeb535-c4fe-4059-8eb3-6131ec95ecf7/aggregates" {{(pid=107888) __call__ /opt/stack/placement/placement/requestlog.py:55}}
Aug 27 02:40:39.630758 n-d-852278-4 devstack@placement-api.service[107888]: DEBUG placement.objects.resource_provider [req-7960e27a-9955-4efd-adab-4be1711de8b4 req-24b0fb74-30a7-49c8-8a6e-371146245b82 service placement] Setting aggregates for provider 2adeb535-c4fe-4059-8eb3-6131ec95ecf7. Successfully disassociated aggregate b1185daa-740d-453d-b30e-4062fbd8c90a. {{(pid=107888) _set_aggregates /opt/stack/placement/placement/objects/resource_provider.py:404}}
Aug 27 02:40:39.643386 n-d-852278-4 devstack@placement-api.service[107888]: INFO placement.requestlog [req-7960e27a-9955-4efd-adab-4be1711de8b4 req-24b0fb74-30a7-49c8-8a6e-371146245b82 service placement] 10.222.0.70 "PUT /placement/resource_providers/2adeb535-c4fe-4059-8eb3-6131ec95ecf7/aggregates" status: 200 len: 54 microversion: 1.19
Aug 27 02:40:39.645216 n-d-852278-4 devstack@placement-api.service[107888]: [pid: 107888|app: 0|req: 71/132] 10.222.0.70 () {64 vars in 1477 bytes} [Sat Aug 27 02:40:39 2022] PUT /placement/resource_providers/2adeb535-c4fe-4059-8eb3-6131ec95ecf7/aggregates => generated 54 bytes in 54 msecs (HTTP/1.1 200) 8 headers in 295 bytes (2 switches on core 0)
Aug 27 02:40:45.191623 n-d-852278-4 devstack@placement-api.service[107889]: DEBUG placement.requestlog [req-25c23cb4-3aea-47ca-8e9f-81cb30cf9a96 req-6f710118-0d20-459e-8617-3a219e911698 None None] Starting request: 10.222.0.83 "GET /placement/resource_providers/d9c5bccd-b7d5-4eaa-967a-3d9cdb66613c/allocations" {{(pid=107889) __call__ /opt/stack/placement/placement/requestlog.py:55}}
Aug 27 02:40:45.239671 n-d-852278-4 devstack@placement-api.service[107889]: INFO placement.requestlog [req-25c23cb4-3aea-47ca-8e9f-81cb30cf9a96 req-6f710118-0d20-459e-8617-3a219e911698 service placement] 10.222.0.83 "GET /placement/resource_providers/d9c5bccd-b7d5-4eaa-967a-3d9cdb66613c/allocations" status: 200 len: 355 microversion: 1.0
Aug 27 02:40:45.241835 n-d-852278-4 devstack@placement-api.service[107889]: [pid: 107889|app: 0|req: 62/133] 10.222.0.83 () {58 vars in 1390 bytes} [Sat Aug 27 02:40:45 2022] GET /placement/resource_providers/d9c5bccd-b7d5-4eaa-967a-3d9cdb66613c/allocations => generated 355 bytes in 52 msecs (HTTP/1.1 200) 6 headers in 224 bytes (1 switches on core 0)
Aug 27 02:40:45.319529 n-d-852278-4 devstack@placement-api.service[107888]: DEBUG placement.requestlog [req-25c23cb4-3aea-47ca-8e9f-81cb30cf9a96 req-ee2db715-2999-4106-b3c6-d86aeec735e2 None None] Starting request: 10.222.0.83 "GET /placement/resource_providers/d9c5bccd-b7d5-4eaa-967a-3d9cdb66613c/allocations" {{(pid=107888) __call__ /opt/stack/placement/placement/requestlog.py:55}}
