Aug 26 16:12:49.825385 n-d-852278-3 devstack@placement-api.service[108195]: DEBUG dbcounter [-] [108195] Writing DB stats placement:SELECT=66,placement:INSERT=4,placement:DELETE=2,placement:UPDATE=2 {{(pid=108195) stat_writer /usr/local/lib/python3.8/dist-packages/dbcounter.py:114}}
Aug 26 16:12:51.682288 n-d-852278-3 devstack@placement-api.service[108194]: DEBUG dbcounter [-] [108194] Writing DB stats placement:SELECT=6 {{(pid=108194) stat_writer /usr/local/lib/python3.8/dist-packages/dbcounter.py:114}}
Aug 26 16:12:52.916229 n-d-852278-3 devstack@placement-api.service[108194]: DEBUG placement.requestlog [req-0abdd395-c088-4c64-93ad-4898cca9c0f6 req-332959d5-006c-4a86-bb48-7c742c3d8c85 None None] Starting request: 10.222.0.75 "GET /placement/resource_providers/68da66d1-4ade-4a3e-959d-fb653c32ccbc/allocations" {{(pid=108194) __call__ /opt/stack/placement/placement/requestlog.py:55}}
Aug 26 16:12:52.923349 n-d-852278-3 devstack@placement-api.service[108195]: DEBUG placement.requestlog [req-05a0b95d-1e65-40c2-b963-391fcf3e6c49 req-152b8b36-6fb3-4e34-b811-f225668d914b None None] Starting request: 10.222.0.110 "GET /placement/allocations/da4af144-63b7-4c34-bbc0-5a8da367c866" {{(pid=108195) __call__ /opt/stack/placement/placement/requestlog.py:55}}
Aug 26 16:12:53.021810 n-d-852278-3 devstack@placement-api.service[108194]: INFO placement.requestlog [req-0abdd395-c088-4c64-93ad-4898cca9c0f6 req-332959d5-006c-4a86-bb48-7c742c3d8c85 service placement] 10.222.0.75 "GET /placement/resource_providers/68da66d1-4ade-4a3e-959d-fb653c32ccbc/allocations" status: 200 len: 558 microversion: 1.0
Aug 26 16:12:53.023420 n-d-852278-3 devstack@placement-api.service[108194]: [pid: 108194|app: 0|req: 362/728] 10.222.0.75 () {58 vars in 1394 bytes} [Fri Aug 26 16:12:52 2022] GET /placement/resource_providers/68da66d1-4ade-4a3e-959d-fb653c32ccbc/allocations => generated 558 bytes in 107 msecs (HTTP/1.1 200) 6 headers in 224 bytes (1 switches on core 0)
Aug 26 16:12:53.270255 n-d-852278-3 devstack@placement-api.service[108195]: INFO placement.requestlog [req-05a0b95d-1e65-40c2-b963-391fcf3e6c49 req-152b8b36-6fb3-4e34-b811-f225668d914b service placement] 10.222.0.110 "GET /placement/allocations/da4af144-63b7-4c34-bbc0-5a8da367c866" status: 200 len: 259 microversion: 1.28
Aug 26 16:12:53.271170 n-d-852278-3 devstack@placement-api.service[108195]: [pid: 108195|app: 0|req: 367/729] 10.222.0.110 () {60 vars in 1385 bytes} [Fri Aug 26 16:12:52 2022] GET /placement/allocations/da4af144-63b7-4c34-bbc0-5a8da367c866 => generated 259 bytes in 348 msecs (HTTP/1.1 200) 8 headers in 296 bytes (2 switches on core 0)
Aug 26 16:12:53.280720 n-d-852278-3 devstack@placement-api.service[108194]: DEBUG placement.requestlog [req-05a0b95d-1e65-40c2-b963-391fcf3e6c49 req-b44056e4-adb6-4030-b242-c0c350d5cac5 None None] Starting request: 10.222.0.110 "GET /placement/allocations/da4af144-63b7-4c34-bbc0-5a8da367c866" {{(pid=108194) __call__ /opt/stack/placement/placement/requestlog.py:55}}
Aug 26 16:12:53.308307 n-d-852278-3 devstack@placement-api.service[108194]: INFO placement.requestlog [req-05a0b95d-1e65-40c2-b963-391fcf3e6c49 req-b44056e4-adb6-4030-b242-c0c350d5cac5 service placement] 10.222.0.110 "GET /placement/allocations/da4af144-63b7-4c34-bbc0-5a8da367c866" status: 200 len: 259 microversion: 1.28
Aug 26 16:12:53.309082 n-d-852278-3 devstack@placement-api.service[108194]: [pid: 108194|app: 0|req: 363/730] 10.222.0.110 () {60 vars in 1385 bytes} [Fri Aug 26 16:12:53 2022] GET /placement/allocations/da4af144-63b7-4c34-bbc0-5a8da367c866 => generated 259 bytes in 29 msecs (HTTP/1.1 200) 8 headers in 296 bytes (1 switches on core 0)
Aug 26 16:12:53.311445 n-d-852278-3 devstack@placement-api.service[108195]: DEBUG placement.requestlog [req-0abdd395-c088-4c64-93ad-4898cca9c0f6 req-2db880f7-c289-4d20-9f2c-138b49676cab None None] Starting request: 10.222.0.75 "GET /placement/resource_providers/68da66d1-4ade-4a3e-959d-fb653c32ccbc/allocations" {{(pid=108195) __call__ /opt/stack/placement/placement/requestlog.py:55}}
Aug 26 16:12:53.320261 n-d-852278-3 devstack@placement-api.service[108194]: DEBUG placement.requestlog [req-05a0b95d-1e65-40c2-b963-391fcf3e6c49 req-e23b8abf-b5ba-4c44-8d15-155c365cf524 None None] Starting request: 10.222.0.110 "GET /placement/allocations/7ca697f8-42d0-4a2a-a22f-3ef9a11bc718" {{(pid=108194) __call__ /opt/stack/placement/placement/requestlog.py:55}}
Aug 26 16:12:53.357391 n-d-852278-3 devstack@placement-api.service[108194]: INFO placement.requestlog [req-05a0b95d-1e65-40c2-b963-391fcf3e6c49 req-e23b8abf-b5ba-4c44-8d15-155c365cf524 service placement] 10.222.0.110 "GET /placement/allocations/7ca697f8-42d0-4a2a-a22f-3ef9a11bc718" status: 200 len: 19 microversion: 1.28
Aug 26 16:12:53.360597 n-d-852278-3 devstack@placement-api.service[108194]: [pid: 108194|app: 0|req: 364/731] 10.222.0.110 () {60 vars in 1385 bytes} [Fri Aug 26 16:12:53 2022] GET /placement/allocations/7ca697f8-42d0-4a2a-a22f-3ef9a11bc718 => generated 19 bytes in 41 msecs (HTTP/1.1 200) 8 headers in 295 bytes (1 switches on core 0)
Aug 26 16:12:53.367346 n-d-852278-3 devstack@placement-api.service[108195]: INFO placement.requestlog [req-0abdd395-c088-4c64-93ad-4898cca9c0f6 req-2db880f7-c289-4d20-9f2c-138b49676cab service placement] 10.222.0.75 "GET /placement/resource_providers/68da66d1-4ade-4a3e-959d-fb653c32ccbc/allocations" status: 200 len: 558 microversion: 1.0
Aug 26 16:12:53.367346 n-d-852278-3 devstack@placement-api.service[108195]: [pid: 108195|app: 0|req: 368/732] 10.222.0.75 () {58 vars in 1394 bytes} [Fri Aug 26 16:12:53 2022] GET /placement/resource_providers/68da66d1-4ade-4a3e-959d-fb653c32ccbc/allocations => generated 558 bytes in 53 msecs (HTTP/1.1 200) 6 headers in 224 bytes (1 switches on core 0)
Aug 26 16:12:53.368907 n-d-852278-3 devstack@placement-api.service[108194]: DEBUG placement.requestlog [req-05a0b95d-1e65-40c2-b963-391fcf3e6c49 req-22e1bb88-ad67-4159-8b7b-59224b7dd863 None None] Starting request: 10.222.0.110 "POST /placement/allocations" {{(pid=108194) __call__ /opt/stack/placement/placement/requestlog.py:55}}
Aug 26 16:12:53.373279 n-d-852278-3 devstack@placement-api.service[108195]: DEBUG placement.requestlog [req-0abdd395-c088-4c64-93ad-4898cca9c0f6 req-174e4063-b7b3-48e0-88d7-dc31d95cce03 None None] Starting request: 10.222.0.75 "GET /placement/allocations/6d28c588-4dbf-4a32-9834-dd150b237c80" {{(pid=108195) __call__ /opt/stack/placement/placement/requestlog.py:55}}
Aug 26 16:12:53.425232 n-d-852278-3 devstack@placement-api.service[108195]: INFO placement.requestlog [req-0abdd395-c088-4c64-93ad-4898cca9c0f6 req-174e4063-b7b3-48e0-88d7-dc31d95cce03 service placement] 10.222.0.75 "GET /placement/allocations/6d28c588-4dbf-4a32-9834-dd150b237c80" status: 200 len: 259 microversion: 1.28
Aug 26 16:12:53.426245 n-d-852278-3 devstack@placement-api.service[108195]: [pid: 108195|app: 0|req: 369/733] 10.222.0.75 () {60 vars in 1381 bytes} [Fri Aug 26 16:12:53 2022] GET /placement/allocations/6d28c588-4dbf-4a32-9834-dd150b237c80 => generated 259 bytes in 53 msecs (HTTP/1.1 200) 8 headers in 296 bytes (1 switches on core 0)
Aug 26 16:12:53.434530 n-d-852278-3 devstack@placement-api.service[108195]: DEBUG placement.requestlog [req-0abdd395-c088-4c64-93ad-4898cca9c0f6 req-4223f36c-5119-4486-819f-62198df6a064 None None] Starting request: 10.222.0.75 "GET /placement/allocations/9016d97f-5a9a-4c26-9622-1367d39240f0" {{(pid=108195) __call__ /opt/stack/placement/placement/requestlog.py:55}}
Aug 26 16:12:53.471061 n-d-852278-3 devstack@placement-api.service[108195]: INFO placement.requestlog [req-0abdd395-c088-4c64-93ad-4898cca9c0f6 req-4223f36c-5119-4486-819f-62198df6a064 service placement] 10.222.0.75 "GET /placement/allocations/9016d97f-5a9a-4c26-9622-1367d39240f0" status: 200 len: 259 microversion: 1.28
Aug 26 16:12:53.473429 n-d-852278-3 devstack@placement-api.service[108195]: [pid: 108195|app: 0|req: 370/734] 10.222.0.75 () {60 vars in 1381 bytes} [Fri Aug 26 16:12:53 2022] GET /placement/allocations/9016d97f-5a9a-4c26-9622-1367d39240f0 => generated 259 bytes in 39 msecs (HTTP/1.1 200) 8 headers in 296 bytes (2 switches on core 0)
Aug 26 16:12:53.483312 n-d-852278-3 devstack@placement-api.service[108195]: DEBUG placement.requestlog [req-0abdd395-c088-4c64-93ad-4898cca9c0f6 req-1d880912-786b-4879-8f48-5d789e8673c8 None None] Starting request: 10.222.0.75 "GET /placement/allocations/22007655-ba7e-40f5-b9d2-a6bb436c3360" {{(pid=108195) __call__ /opt/stack/placement/placement/requestlog.py:55}}
Aug 26 16:12:53.510646 n-d-852278-3 devstack@placement-api.service[108195]: INFO placement.requestlog [req-0abdd395-c088-4c64-93ad-4898cca9c0f6 req-1d880912-786b-4879-8f48-5d789e8673c8 service placement] 10.222.0.75 "GET /placement/allocations/22007655-ba7e-40f5-b9d2-a6bb436c3360" status: 200 len: 259 microversion: 1.28
Aug 26 16:12:53.516668 n-d-852278-3 devstack@placement-api.service[108195]: [pid: 108195|app: 0|req: 371/735] 10.222.0.75 () {60 vars in 1381 bytes} [Fri Aug 26 16:12:53 2022] GET /placement/allocations/22007655-ba7e-40f5-b9d2-a6bb436c3360 => generated 259 bytes in 33 msecs (HTTP/1.1 200) 8 headers in 296 bytes (1 switches on core 0)
Aug 26 16:12:53.524812 n-d-852278-3 devstack@placement-api.service[108195]: DEBUG placement.requestlog [req-0abdd395-c088-4c64-93ad-4898cca9c0f6 req-fa600221-e98b-4efb-902a-a04d168c0401 None None] Starting request: 10.222.0.75 "GET /placement/allocations/240a068f-9c74-4fc4-ab8d-c830b287a4b2" {{(pid=108195) __call__ /opt/stack/placement/placement/requestlog.py:55}}
Aug 26 16:12:53.557614 n-d-852278-3 devstack@placement-api.service[108195]: INFO placement.requestlog [req-0abdd395-c088-4c64-93ad-4898cca9c0f6 req-fa600221-e98b-4efb-902a-a04d168c0401 service placement] 10.222.0.75 "GET /placement/allocations/240a068f-9c74-4fc4-ab8d-c830b287a4b2" status: 200 len: 259 microversion: 1.28
Aug 26 16:12:53.559853 n-d-852278-3 devstack@placement-api.service[108195]: [pid: 108195|app: 0|req: 372/736] 10.222.0.75 () {60 vars in 1381 bytes} [Fri Aug 26 16:12:53 2022] GET /placement/allocations/240a068f-9c74-4fc4-ab8d-c830b287a4b2 => generated 259 bytes in 35 msecs (HTTP/1.1 200) 8 headers in 296 bytes (1 switches on core 0)
Aug 26 16:12:53.567742 n-d-852278-3 devstack@placement-api.service[108195]: DEBUG placement.requestlog [req-0abdd395-c088-4c64-93ad-4898cca9c0f6 req-f194c137-d42e-4cc1-8792-8aad9b7effd6 None None] Starting request: 10.222.0.75 "GET /placement/allocations/b698390a-e36f-4e76-96d1-1612ab59e9b9" {{(pid=108195) __call__ /opt/stack/placement/placement/requestlog.py:55}}
Aug 26 16:12:53.587054 n-d-852278-3 devstack@placement-api.service[108195]: INFO placement.requestlog [req-0abdd395-c088-4c64-93ad-4898cca9c0f6 req-f194c137-d42e-4cc1-8792-8aad9b7effd6 service placement] 10.222.0.75 "GET /placement/allocations/b698390a-e36f-4e76-96d1-1612ab59e9b9" status: 200 len: 259 microversion: 1.28
Aug 26 16:12:53.587758 n-d-852278-3 devstack@placement-api.service[108195]: [pid: 108195|app: 0|req: 373/737] 10.222.0.75 () {60 vars in 1381 bytes} [Fri Aug 26 16:12:53 2022] GET /placement/allocations/b698390a-e36f-4e76-96d1-1612ab59e9b9 => generated 259 bytes in 20 msecs (HTTP/1.1 200) 8 headers in 296 bytes (2 switches on core 0)
Aug 26 16:12:53.700094 n-d-852278-3 devstack@placement-api.service[108195]: DEBUG placement.requestlog [None req-e9fc375a-0499-4012-b78d-6dc92300e641 None None] Starting request: 10.222.0.110 "GET /placement/resource_providers/696f830a-f382-48b7-99c2-348fd3dcd46d/aggregates" {{(pid=108195) __call__ /opt/stack/placement/placement/requestlog.py:55}}
Aug 26 16:12:53.769179 n-d-852278-3 devstack@placement-api.service[108194]: DEBUG placement.handlers.allocation [req-05a0b95d-1e65-40c2-b963-391fcf3e6c49 req-22e1bb88-ad67-4159-8b7b-59224b7dd863 service placement] Successfully wrote allocations [, , , , , ] {{(pid=108194) _update_consumers_and_create_allocations /opt/stack/placement/placement/handlers/allocation.py:572}}
Aug 26 16:12:53.841679 n-d-852278-3 devstack@placement-api.service[108194]: INFO placement.requestlog [req-05a0b95d-1e65-40c2-b963-391fcf3e6c49 req-22e1bb88-ad67-4159-8b7b-59224b7dd863 service placement] 10.222.0.110 "POST /placement/allocations" status: 204 len: 0 microversion: 1.28
Aug 26 16:12:53.842858 n-d-852278-3 devstack@placement-api.service[108194]: [pid: 108194|app: 0|req: 365/738] 10.222.0.110 () {64 vars in 1328 bytes} [Fri Aug 26 16:12:53 2022] POST /placement/allocations => generated 0 bytes in 474 msecs (HTTP/1.1 204) 5 headers in 199 bytes (2 switches on core 0)
Aug 26 16:12:53.852392 n-d-852278-3 devstack@placement-api.service[108195]: INFO placement.requestlog [None req-e9fc375a-0499-4012-b78d-6dc92300e641 service placement] 10.222.0.110 "GET /placement/resource_providers/696f830a-f382-48b7-99c2-348fd3dcd46d/aggregates" status: 404 len: 235 microversion: 1.1
Aug 26 16:12:53.852755 n-d-852278-3 devstack@placement-api.service[108195]: [pid: 108195|app: 0|req: 374/739] 10.222.0.110 () {58 vars in 1367 bytes} [Fri Aug 26 16:12:53 2022] GET /placement/resource_providers/696f830a-f382-48b7-99c2-348fd3dcd46d/aggregates => generated 235 bytes in 153 msecs (HTTP/1.1 404) 5 headers in 202 bytes (2 switches on core 0)
Aug 26 16:12:53.888910 n-d-852278-3 devstack@placement-api.service[108194]: DEBUG placement.requestlog [req-05a0b95d-1e65-40c2-b963-391fcf3e6c49 req-e7facd47-ca96-4d7f-bc5d-c50e50dffd2e None None] Starting request: 10.222.0.110 "GET /placement/allocations/da4af144-63b7-4c34-bbc0-5a8da367c866" {{(pid=108194) __call__ /opt/stack/placement/placement/requestlog.py:55}}
Aug 26 16:12:53.908913 n-d-852278-3 devstack@placement-api.service[108194]: INFO placement.requestlog [req-05a0b95d-1e65-40c2-b963-391fcf3e6c49 req-e7facd47-ca96-4d7f-bc5d-c50e50dffd2e service placement] 10.222.0.110 "GET /placement/allocations/da4af144-63b7-4c34-bbc0-5a8da367c866" status: 200 len: 19 microversion: 1.28
Aug 26 16:12:53.908913 n-d-852278-3 devstack@placement-api.service[108194]: [pid: 108194|app: 0|req: 366/740] 10.222.0.110 () {60 vars in 1385 bytes} [Fri Aug 26 16:12:53 2022] GET /placement/allocations/da4af144-63b7-4c34-bbc0-5a8da367c866 => generated 19 bytes in 19 msecs (HTTP/1.1 200) 8 headers in 295 bytes (1 switches on core 0)
Aug 26 16:12:53.912726 n-d-852278-3 devstack@placement-api.service[108195]: DEBUG placement.requestlog [req-05a0b95d-1e65-40c2-b963-391fcf3e6c49 req-1ee25a4c-20e4-4968-aaaf-d334e9dd03c5 None None] Starting request: 10.222.0.110 "PUT /placement/allocations/da4af144-63b7-4c34-bbc0-5a8da367c866" {{(pid=108195) __call__ /opt/stack/placement/placement/requestlog.py:55}}
Aug 26 16:12:53.917140 n-d-852278-3 devstack@placement-api.service[108194]: DEBUG placement.requestlog [None req-7e94f0a5-887d-42b5-9e26-aa3ddbcf5029 None None] Starting request: 10.222.0.110 "DELETE /placement/resource_providers/696f830a-f382-48b7-99c2-348fd3dcd46d" {{(pid=108194) __call__ /opt/stack/placement/placement/requestlog.py:55}}
Aug 26 16:12:53.936023 n-d-852278-3 devstack@placement-api.service[108194]: DEBUG placement.wsgi_wrapper [None req-7e94f0a5-887d-42b5-9e26-aa3ddbcf5029 service placement] Placement API returning an error response: No resource provider with uuid 696f830a-f382-48b7-99c2-348fd3dcd46d found for delete {{(pid=108194) call_func /opt/stack/placement/placement/wsgi_wrapper.py:31}}
Aug 26 16:12:53.937341 n-d-852278-3 devstack@placement-api.service[108194]: INFO placement.requestlog [None req-7e94f0a5-887d-42b5-9e26-aa3ddbcf5029 service placement] 10.222.0.110 "DELETE /placement/resource_providers/696f830a-f382-48b7-99c2-348fd3dcd46d" status: 404 len: 246 microversion: 1.1
Aug 26 16:12:53.938232 n-d-852278-3 devstack@placement-api.service[108194]: [pid: 108194|app: 0|req: 367/741] 10.222.0.110 () {60 vars in 1356 bytes} [Fri Aug 26 16:12:53 2022] DELETE /placement/resource_providers/696f830a-f382-48b7-99c2-348fd3dcd46d => generated 246 bytes in 21 msecs (HTTP/1.1 404) 6 headers in 231 bytes (2 switches on core 0)
Aug 26 16:12:54.191763 n-d-852278-3 devstack@placement-api.service[108195]: DEBUG placement.handlers.allocation [req-05a0b95d-1e65-40c2-b963-391fcf3e6c49 req-1ee25a4c-20e4-4968-aaaf-d334e9dd03c5 service placement] Successfully wrote allocations [, , ] {{(pid=108195) _update_consumers_and_create_allocations /opt/stack/placement/placement/handlers/allocation.py:462}}
Aug 26 16:12:54.348967 n-d-852278-3 devstack@placement-api.service[108195]: INFO placement.requestlog [req-05a0b95d-1e65-40c2-b963-391fcf3e6c49 req-1ee25a4c-20e4-4968-aaaf-d334e9dd03c5 service placement] 10.222.0.110 "PUT /placement/allocations/da4af144-63b7-4c34-bbc0-5a8da367c866" status: 204 len: 0 microversion: 1.28
Aug 26 16:12:54.352805 n-d-852278-3 devstack@placement-api.service[108195]: [pid: 108195|app: 0|req: 375/742] 10.222.0.110 () {64 vars in 1438 bytes} [Fri Aug 26 16:12:53 2022] PUT /placement/allocations/da4af144-63b7-4c34-bbc0-5a8da367c866 => generated 0 bytes in 440 msecs (HTTP/1.1 204) 5 headers in 199 bytes (2 switches on core 0)
Aug 26 16:12:55.580809 n-d-852278-3 devstack@placement-api.service[108194]: DEBUG placement.requestlog [req-05a0b95d-1e65-40c2-b963-391fcf3e6c49 req-64d3aeb0-6e4b-4258-88e4-511c6212a09b None None] Starting request: 10.222.0.75 "GET /placement/allocations/da4af144-63b7-4c34-bbc0-5a8da367c866" {{(pid=108194) __call__ /opt/stack/placement/placement/requestlog.py:55}}
Aug 26 16:12:55.624476 n-d-852278-3 devstack@placement-api.service[108194]: INFO placement.requestlog [req-05a0b95d-1e65-40c2-b963-391fcf3e6c49 req-64d3aeb0-6e4b-4258-88e4-511c6212a09b service placement] 10.222.0.75 "GET /placement/allocations/da4af144-63b7-4c34-bbc0-5a8da367c866" status: 200 len: 259 microversion: 1.28
Aug 26 16:12:55.625229 n-d-852278-3 devstack@placement-api.service[108194]: [pid: 108194|app: 0|req: 368/743] 10.222.0.75 () {60 vars in 1381 bytes} [Fri Aug 26 16:12:55 2022] GET /placement/allocations/da4af144-63b7-4c34-bbc0-5a8da367c866 => generated 259 bytes in 45 msecs (HTTP/1.1 200) 8 headers in 296 bytes (1 switches on core 0)
Aug 26 16:12:56.032750 n-d-852278-3 devstack@placement-api.service[108195]: DEBUG placement.requestlog [req-2f250edc-af13-4adf-9e1d-676ce99f43af req-2ad82b61-df4c-432d-adbf-c626f8626c27 None None] Starting request: 10.222.0.75 "GET /placement/resource_providers/68da66d1-4ade-4a3e-959d-fb653c32ccbc/allocations" {{(pid=108195) __call__ /opt/stack/placement/placement/requestlog.py:55}}
Aug 26 16:12:56.081096 n-d-852278-3 devstack@placement-api.service[108195]: INFO placement.requestlog [req-2f250edc-af13-4adf-9e1d-676ce99f43af req-2ad82b61-df4c-432d-adbf-c626f8626c27 service placement] 10.222.0.75 "GET /placement/resource_providers/68da66d1-4ade-4a3e-959d-fb653c32ccbc/allocations" status: 200 len: 659 microversion: 1.0
Aug 26 16:12:56.081523 n-d-852278-3 devstack@placement-api.service[108195]: [pid: 108195|app: 0|req: 376/744] 10.222.0.75 () {58 vars in 1394 bytes} [Fri Aug 26 16:12:56 2022] GET /placement/resource_providers/68da66d1-4ade-4a3e-959d-fb653c32ccbc/allocations => generated 659 bytes in 49 msecs (HTTP/1.1 200) 6 headers in 224 bytes (1 switches on core 0)
Aug 26 16:12:56.090693 n-d-852278-3 devstack@placement-api.service[108194]: DEBUG placement.requestlog [req-2f250edc-af13-4adf-9e1d-676ce99f43af req-fc98d763-b1ef-4969-8e7e-19cba0f5d312 None None] Starting request: 10.222.0.75 "GET /placement/allocations/6d28c588-4dbf-4a32-9834-dd150b237c80" {{(pid=108194) __call__ /opt/stack/placement/placement/requestlog.py:55}}
Aug 26 16:12:56.108426 n-d-852278-3 devstack@placement-api.service[108194]: INFO placement.requestlog [req-2f250edc-af13-4adf-9e1d-676ce99f43af req-fc98d763-b1ef-4969-8e7e-19cba0f5d312 service placement] 10.222.0.75 "GET /placement/allocations/6d28c588-4dbf-4a32-9834-dd150b237c80" status: 200 len: 259 microversion: 1.28
Aug 26 16:12:56.109530 n-d-852278-3 devstack@placement-api.service[108194]: [pid: 108194|app: 0|req: 369/745] 10.222.0.75 () {60 vars in 1381 bytes} [Fri Aug 26 16:12:56 2022] GET /placement/allocations/6d28c588-4dbf-4a32-9834-dd150b237c80 => generated 259 bytes in 19 msecs (HTTP/1.1 200) 8 headers in 296 bytes (1 switches on core 0)
Aug 26 16:12:56.131071 n-d-852278-3 devstack@placement-api.service[108195]: DEBUG placement.requestlog [req-2f250edc-af13-4adf-9e1d-676ce99f43af req-168f22ff-05cf-4ca1-84a7-e264d309c75a None None] Starting request: 10.222.0.75 "GET /placement/allocations/9016d97f-5a9a-4c26-9622-1367d39240f0" {{(pid=108195) __call__ /opt/stack/placement/placement/requestlog.py:55}}
Aug 26 16:12:56.161459 n-d-852278-3 devstack@placement-api.service[108195]: INFO placement.requestlog [req-2f250edc-af13-4adf-9e1d-676ce99f43af req-168f22ff-05cf-4ca1-84a7-e264d309c75a service placement] 10.222.0.75 "GET /placement/allocations/9016d97f-5a9a-4c26-9622-1367d39240f0" status: 200 len: 259 microversion: 1.28
Aug 26 16:12:56.162328 n-d-852278-3 devstack@placement-api.service[108195]: [pid: 108195|app: 0|req: 377/746] 10.222.0.75 () {60 vars in 1381 bytes} [Fri Aug 26 16:12:56 2022] GET /placement/allocations/9016d97f-5a9a-4c26-9622-1367d39240f0 => generated 259 bytes in 31 msecs (HTTP/1.1 200) 8 headers in 296 bytes (1 switches on core 0)
Aug 26 16:12:56.174513 n-d-852278-3 devstack@placement-api.service[108194]: DEBUG placement.requestlog [req-2f250edc-af13-4adf-9e1d-676ce99f43af req-8125ec52-ffb2-47be-980b-a3e9d7698eb3 None None] Starting request: 10.222.0.75 "GET /placement/allocations/da4af144-63b7-4c34-bbc0-5a8da367c866" {{(pid=108194) __call__ /opt/stack/placement/placement/requestlog.py:55}}
Aug 26 16:12:56.214588 n-d-852278-3 devstack@placement-api.service[108194]: INFO placement.requestlog [req-2f250edc-af13-4adf-9e1d-676ce99f43af req-8125ec52-ffb2-47be-980b-a3e9d7698eb3 service placement] 10.222.0.75 "GET /placement/allocations/da4af144-63b7-4c34-bbc0-5a8da367c866" status: 200 len: 259 microversion: 1.28
Aug 26 16:12:56.214988 n-d-852278-3 devstack@placement-api.service[108194]: [pid: 108194|app: 0|req: 370/747] 10.222.0.75 () {60 vars in 1381 bytes} [Fri Aug 26 16:12:56 2022] GET /placement/allocations/da4af144-63b7-4c34-bbc0-5a8da367c866 => generated 259 bytes in 41 msecs (HTTP/1.1 200) 8 headers in 296 bytes (1 switches on core 0)
Aug 26 16:12:56.233169 n-d-852278-3 devstack@placement-api.service[108195]: DEBUG placement.requestlog [req-2f250edc-af13-4adf-9e1d-676ce99f43af req-493ab384-1e23-419f-a02d-e9904f4284b4 None None] Starting request: 10.222.0.75 "GET /placement/allocations/22007655-ba7e-40f5-b9d2-a6bb436c3360" {{(pid=108195) __call__ /opt/stack/placement/placement/requestlog.py:55}}
Aug 26 16:12:56.266004 n-d-852278-3 devstack@placement-api.service[108195]: INFO placement.requestlog [req-2f250edc-af13-4adf-9e1d-676ce99f43af req-493ab384-1e23-419f-a02d-e9904f4284b4 service placement] 10.222.0.75 "GET /placement/allocations/22007655-ba7e-40f5-b9d2-a6bb436c3360" status: 200 len: 259 microversion: 1.28
Aug 26 16:12:56.267874 n-d-852278-3 devstack@placement-api.service[108195]: [pid: 108195|app: 0|req: 378/748] 10.222.0.75 () {60 vars in 1381 bytes} [Fri Aug 26 16:12:56 2022] GET /placement/allocations/22007655-ba7e-40f5-b9d2-a6bb436c3360 => generated 259 bytes in 40 msecs (HTTP/1.1 200) 8 headers in 296 bytes (1 switches on core 0)
Aug 26 16:12:56.275266 n-d-852278-3 devstack@placement-api.service[108194]: DEBUG placement.requestlog [req-2f250edc-af13-4adf-9e1d-676ce99f43af req-497aed37-ae64-4abe-9dd1-1d97b71dbefd None None] Starting request: 10.222.0.75 "GET /placement/allocations/240a068f-9c74-4fc4-ab8d-c830b287a4b2" {{(pid=108194) __call__ /opt/stack/placement/placement/requestlog.py:55}}
Aug 26 16:12:56.294422 n-d-852278-3 devstack@placement-api.service[108194]: INFO placement.requestlog [req-2f250edc-af13-4adf-9e1d-676ce99f43af req-497aed37-ae64-4abe-9dd1-1d97b71dbefd service placement] 10.222.0.75 "GET /placement/allocations/240a068f-9c74-4fc4-ab8d-c830b287a4b2" status: 200 len: 259 microversion: 1.28
Aug 26 16:12:56.295087 n-d-852278-3 devstack@placement-api.service[108194]: [pid: 108194|app: 0|req: 371/749] 10.222.0.75 () {60 vars in 1381 bytes} [Fri Aug 26 16:12:56 2022] GET /placement/allocations/240a068f-9c74-4fc4-ab8d-c830b287a4b2 => generated 259 bytes in 20 msecs (HTTP/1.1 200) 8 headers in 296 bytes (1 switches on core 0)
Aug 26 16:12:56.303127 n-d-852278-3 devstack@placement-api.service[108195]: DEBUG placement.requestlog [req-2f250edc-af13-4adf-9e1d-676ce99f43af req-5f4d0776-960a-4a5b-91d5-2c68ceca02c5 None None] Starting request: 10.222.0.75 "GET /placement/allocations/b698390a-e36f-4e76-96d1-1612ab59e9b9" {{(pid=108195) __call__ /opt/stack/placement/placement/requestlog.py:55}}
Aug 26 16:12:56.322027 n-d-852278-3 devstack@placement-api.service[108195]: INFO placement.requestlog [req-2f250edc-af13-4adf-9e1d-676ce99f43af req-5f4d0776-960a-4a5b-91d5-2c68ceca02c5 service placement] 10.222.0.75 "GET /placement/allocations/b698390a-e36f-4e76-96d1-1612ab59e9b9" status: 200 len: 259 microversion: 1.28
Aug 26 16:12:56.323603 n-d-852278-3 devstack@placement-api.service[108195]: [pid: 108195|app: 0|req: 379/750] 10.222.0.75 () {60 vars in 1381 bytes} [Fri Aug 26 16:12:56 2022] GET /placement/allocations/b698390a-e36f-4e76-96d1-1612ab59e9b9 => generated 259 bytes in 21 msecs (HTTP/1.1 200) 8 headers in 296 bytes (1 switches on core 0)
Aug 26 16:12:56.655499 n-d-852278-3 devstack@placement-api.service[108194]: DEBUG placement.requestlog [req-2f250edc-af13-4adf-9e1d-676ce99f43af req-f207d42a-a121-4aa7-86fd-1d5a0a1f1be3 None None] Starting request: 10.222.0.75 "DELETE /placement/allocations/22007655-ba7e-40f5-b9d2-a6bb436c3360" {{(pid=108194) __call__ /opt/stack/placement/placement/requestlog.py:55}}
Aug 26 16:12:56.929144 n-d-852278-3 devstack@placement-api.service[108194]: DEBUG placement.handlers.allocation [req-2f250edc-af13-4adf-9e1d-676ce99f43af req-f207d42a-a121-4aa7-86fd-1d5a0a1f1be3 service placement] Successfully deleted allocations [, , ] {{(pid=108194) delete_allocations /opt/stack/placement/placement/handlers/allocation.py:627}}
Aug 26 16:12:56.930115 n-d-852278-3 devstack@placement-api.service[108194]: INFO placement.requestlog [req-2f250edc-af13-4adf-9e1d-676ce99f43af req-f207d42a-a121-4aa7-86fd-1d5a0a1f1be3 service placement] 10.222.0.75 "DELETE /placement/allocations/22007655-ba7e-40f5-b9d2-a6bb436c3360" status: 204 len: 0 microversion: 1.0
Aug 26 16:12:56.931380 n-d-852278-3 devstack@placement-api.service[108194]: [pid: 108194|app: 0|req: 372/751] 10.222.0.75 () {60 vars in 1359 bytes} [Fri Aug 26 16:12:56 2022] DELETE /placement/allocations/22007655-ba7e-40f5-b9d2-a6bb436c3360 => generated 0 bytes in 279 msecs (HTTP/1.1 204) 5 headers in 198 bytes (1 switches on core 0)
Aug 26 16:13:00.249066 n-d-852278-3 devstack@placement-api.service[108195]: DEBUG placement.requestlog [req-6b8af7f8-e78c-491d-bf57-3b6ea83c990c req-fcc0188e-9fa3-4761-9bdd-b328c03b780d None None] Starting request: 10.222.0.120 "GET /placement/resource_providers/3a55861c-d245-4c5c-88c4-1660ccd97d34/allocations" {{(pid=108195) __call__ /opt/stack/placement/placement/requestlog.py:55}}
Aug 26 16:13:00.308974 n-d-852278-3 devstack@placement-api.service[108195]: INFO placement.requestlog [req-6b8af7f8-e78c-491d-bf57-3b6ea83c990c req-fcc0188e-9fa3-4761-9bdd-b328c03b780d service placement] 10.222.0.120 "GET /placement/resource_providers/3a55861c-d245-4c5c-88c4-1660ccd97d34/allocations" status: 200 len: 658 microversion: 1.0
Aug 26 16:13:00.314070 n-d-852278-3 devstack@placement-api.service[108195]: [pid: 108195|app: 0|req: 380/752] 10.222.0.120 () {58 vars in 1395 bytes} [Fri Aug 26 16:13:00 2022] GET /placement/resource_providers/3a55861c-d245-4c5c-88c4-1660ccd97d34/allocations => generated 658 bytes in 62 msecs (HTTP/1.1 200) 6 headers in 224 bytes (1 switches on core 0)
Aug 26 16:13:00.480864 n-d-852278-3 devstack@placement-api.service[108194]: DEBUG placement.requestlog [req-6b8af7f8-e78c-491d-bf57-3b6ea83c990c req-d15f2502-3069-4f28-8efc-dbb232bf01b7 None None] Starting request: 10.222.0.120 "GET /placement/resource_providers/3a55861c-d245-4c5c-88c4-1660ccd97d34/allocations" {{(pid=108194) __call__ /opt/stack/placement/placement/requestlog.py:55}}
Aug 26 16:13:00.519169 n-d-852278-3 devstack@placement-api.service[108194]: INFO placement.requestlog [req-6b8af7f8-e78c-491d-bf57-3b6ea83c990c req-d15f2502-3069-4f28-8efc-dbb232bf01b7 service placement] 10.222.0.120 "GET /placement/resource_providers/3a55861c-d245-4c5c-88c4-1660ccd97d34/allocations" status: 200 len: 658 microversion: 1.0
Aug 26 16:13:00.520216 n-d-852278-3 devstack@placement-api.service[108194]: [pid: 108194|app: 0|req: 373/753] 10.222.0.120 () {58 vars in 1395 bytes} [Fri Aug 26 16:13:00 2022] GET /placement/resource_providers/3a55861c-d245-4c5c-88c4-1660ccd97d34/allocations => generated 658 bytes in 39 msecs (HTTP/1.1 200) 6 headers in 224 bytes (1 switches on core 0)
Aug 26 16:13:00.531997 n-d-852278-3 devstack@placement-api.service[108195]: DEBUG placement.requestlog [req-6b8af7f8-e78c-491d-bf57-3b6ea83c990c req-bbcd3a21-ee43-4c2b-84f1-1e9a3336dae8 None None] Starting request: 10.222.0.120 "GET /placement/allocations/e00f24bd-6e05-4f82-bcc6-ab5c0aa08b9b" {{(pid=108195) __call__ /opt/stack/placement/placement/requestlog.py:55}}
Aug 26 16:13:00.586257 n-d-852278-3 devstack@placement-api.service[108195]: INFO placement.requestlog [req-6b8af7f8-e78c-491d-bf57-3b6ea83c990c req-bbcd3a21-ee43-4c2b-84f1-1e9a3336dae8 service placement] 10.222.0.120 "GET /placement/allocations/e00f24bd-6e05-4f82-bcc6-ab5c0aa08b9b" status: 200 len: 259 microversion: 1.28
Aug 26 16:13:00.587153 n-d-852278-3 devstack@placement-api.service[108195]: [pid: 108195|app: 0|req: 381/754] 10.222.0.120 () {60 vars in 1382 bytes} [Fri Aug 26 16:13:00 2022] GET /placement/allocations/e00f24bd-6e05-4f82-bcc6-ab5c0aa08b9b => generated 259 bytes in 55 msecs (HTTP/1.1 200) 8 headers in 296 bytes (1 switches on core 0)
Aug 26 16:13:00.594597 n-d-852278-3 devstack@placement-api.service[108194]: DEBUG placement.requestlog [req-6b8af7f8-e78c-491d-bf57-3b6ea83c990c req-35e9926c-a839-4164-82c7-5b0f441b3a8a None None] Starting request: 10.222.0.120 "GET /placement/allocations/275c2baa-2eed-47b0-96f2-429ddb250055" {{(pid=108194) __call__ /opt/stack/placement/placement/requestlog.py:55}}
Aug 26 16:13:00.624427 n-d-852278-3 devstack@placement-api.service[108194]: INFO placement.requestlog [req-6b8af7f8-e78c-491d-bf57-3b6ea83c990c req-35e9926c-a839-4164-82c7-5b0f441b3a8a service placement] 10.222.0.120 "GET /placement/allocations/275c2baa-2eed-47b0-96f2-429ddb250055" status: 200 len: 259 microversion: 1.28
Aug 26 16:13:00.625085 n-d-852278-3 devstack@placement-api.service[108194]: [pid: 108194|app: 0|req: 374/755] 10.222.0.120 () {60 vars in 1382 bytes} [Fri Aug 26 16:13:00 2022] GET /placement/allocations/275c2baa-2eed-47b0-96f2-429ddb250055 => generated 259 bytes in 31 msecs (HTTP/1.1 200) 8 headers in 296 bytes (1 switches on core 0)
Aug 26 16:13:00.633898 n-d-852278-3 devstack@placement-api.service[108195]: DEBUG placement.requestlog [req-6b8af7f8-e78c-491d-bf57-3b6ea83c990c req-a59d04d3-c893-4f29-b293-d297e866e8ad None None] Starting request: 10.222.0.120 "GET /placement/allocations/97d24d45-4ac8-4ac1-bbd0-96870ebfbd84" {{(pid=108195) __call__ /opt/stack/placement/placement/requestlog.py:55}}
Aug 26 16:13:00.686564 n-d-852278-3 devstack@placement-api.service[108195]: INFO placement.requestlog [req-6b8af7f8-e78c-491d-bf57-3b6ea83c990c req-a59d04d3-c893-4f29-b293-d297e866e8ad service placement] 10.222.0.120 "GET /placement/allocations/97d24d45-4ac8-4ac1-bbd0-96870ebfbd84" status: 200 len: 259 microversion: 1.28
Aug 26 16:13:00.691294 n-d-852278-3 devstack@placement-api.service[108195]: [pid: 108195|app: 0|req: 382/756] 10.222.0.120 () {60 vars in 1382 bytes} [Fri Aug 26 16:13:00 2022] GET /placement/allocations/97d24d45-4ac8-4ac1-bbd0-96870ebfbd84 => generated 259 bytes in 54 msecs (HTTP/1.1 200) 8 headers in 296 bytes (1 switches on core 0)
Aug 26 16:13:01.027765 n-d-852278-3 devstack@placement-api.service[108194]: DEBUG placement.requestlog [req-6b8af7f8-e78c-491d-bf57-3b6ea83c990c req-95ee20c0-5302-42b9-b077-603f4f2cfc3e None None] Starting request: 10.222.0.120 "GET /placement/allocations/87c9439c-4cf0-4c50-9a65-4e059bf7574c" {{(pid=108194) __call__ /opt/stack/placement/placement/requestlog.py:55}}
Aug 26 16:13:01.047143 n-d-852278-3 devstack@placement-api.service[108194]: INFO placement.requestlog [req-6b8af7f8-e78c-491d-bf57-3b6ea83c990c req-95ee20c0-5302-42b9-b077-603f4f2cfc3e service placement] 10.222.0.120 "GET /placement/allocations/87c9439c-4cf0-4c50-9a65-4e059bf7574c" status: 200 len: 259 microversion: 1.28
Aug 26 16:13:01.051617 n-d-852278-3 devstack@placement-api.service[108194]: [pid: 108194|app: 0|req: 375/757] 10.222.0.120 () {60 vars in 1382 bytes} [Fri Aug 26 16:13:01 2022] GET /placement/allocations/87c9439c-4cf0-4c50-9a65-4e059bf7574c => generated 259 bytes in 20 msecs (HTTP/1.1 200) 8 headers in 296 bytes (1 switches on core 0)
Aug 26 16:13:01.055492 n-d-852278-3 devstack@placement-api.service[108195]: DEBUG placement.requestlog [req-6b8af7f8-e78c-491d-bf57-3b6ea83c990c req-859ad84f-61cc-48ec-8a62-78ba977faca8 None None] Starting request: 10.222.0.120 "GET /placement/allocations/7ca697f8-42d0-4a2a-a22f-3ef9a11bc718" {{(pid=108195) __call__ /opt/stack/placement/placement/requestlog.py:55}}
Aug 26 16:13:01.106137 n-d-852278-3 devstack@placement-api.service[108195]: INFO placement.requestlog [req-6b8af7f8-e78c-491d-bf57-3b6ea83c990c req-859ad84f-61cc-48ec-8a62-78ba977faca8 service placement] 10.222.0.120 "GET /placement/allocations/7ca697f8-42d0-4a2a-a22f-3ef9a11bc718" status: 200 len: 259 microversion: 1.28
Aug 26 16:13:01.107153 n-d-852278-3 devstack@placement-api.service[108195]: [pid: 108195|app: 0|req: 383/758] 10.222.0.120 () {60 vars in 1382 bytes} [Fri Aug 26 16:13:01 2022] GET /placement/allocations/7ca697f8-42d0-4a2a-a22f-3ef9a11bc718 => generated 259 bytes in 52 msecs (HTTP/1.1 200) 8 headers in 296 bytes (1 switches on core 0)
Aug 26 16:13:01.724019 n-d-852278-3 devstack@placement-api.service[108194]: DEBUG placement.requestlog [req-6b8af7f8-e78c-491d-bf57-3b6ea83c990c req-46576ee0-6e1d-40ed-b7cd-5c01a923476d None None] Starting request: 10.222.0.120 "GET /placement/allocations/150d0c9f-6dc8-4d85-a162-714eaaf71dc4" {{(pid=108194) __call__ /opt/stack/placement/placement/requestlog.py:55}}
Aug 26 16:13:01.775265 n-d-852278-3 devstack@placement-api.service[108194]: INFO placement.requestlog [req-6b8af7f8-e78c-491d-bf57-3b6ea83c990c req-46576ee0-6e1d-40ed-b7cd-5c01a923476d service placement] 10.222.0.120 "GET /placement/allocations/150d0c9f-6dc8-4d85-a162-714eaaf71dc4" status: 200 len: 258 microversion: 1.28
Aug 26 16:13:01.775265 n-d-852278-3 devstack@placement-api.service[108194]: [pid: 108194|app: 0|req: 376/759] 10.222.0.120 () {60 vars in 1382 bytes} [Fri Aug 26 16:13:01 2022] GET /placement/allocations/150d0c9f-6dc8-4d85-a162-714eaaf71dc4 => generated 258 bytes in 44 msecs (HTTP/1.1 200) 8 headers in 296 bytes (1 switches on core 0)
Aug 26 16:13:02.833841 n-d-852278-3 devstack@placement-api.service[108195]: DEBUG placement.requestlog [None req-3d934369-53f1-4595-b577-16ccadfc7b8e None None] Starting request: 10.222.0.110 "GET /placement/resource_providers/d3392ba0-97c7-4370-be03-0c5bd770be68/aggregates" {{(pid=108195) __call__ /opt/stack/placement/placement/requestlog.py:55}}
Aug 26 16:13:03.020810 n-d-852278-3 devstack@placement-api.service[108195]: INFO placement.requestlog [None req-3d934369-53f1-4595-b577-16ccadfc7b8e service placement] 10.222.0.110 "GET /placement/resource_providers/d3392ba0-97c7-4370-be03-0c5bd770be68/aggregates" status: 404 len: 235 microversion: 1.1
Aug 26 16:13:03.024746 n-d-852278-3 devstack@placement-api.service[108195]: [pid: 108195|app: 0|req: 384/760] 10.222.0.110 () {58 vars in 1367 bytes} [Fri Aug 26 16:13:02 2022] GET /placement/resource_providers/d3392ba0-97c7-4370-be03-0c5bd770be68/aggregates => generated 235 bytes in 191 msecs (HTTP/1.1 404) 5 headers in 202 bytes (1 switches on core 0)
Aug 26 16:13:03.055403 n-d-852278-3 devstack@placement-api.service[108194]: DEBUG placement.requestlog [None req-35d7aac2-bf5d-4485-82af-2659227bc178 None None] Starting request: 10.222.0.110 "DELETE /placement/resource_providers/d3392ba0-97c7-4370-be03-0c5bd770be68" {{(pid=108194) __call__ /opt/stack/placement/placement/requestlog.py:55}}
Aug 26 16:13:03.079233 n-d-852278-3 devstack@placement-api.service[108194]: DEBUG placement.wsgi_wrapper [None req-35d7aac2-bf5d-4485-82af-2659227bc178 service placement] Placement API returning an error response: No resource provider with uuid d3392ba0-97c7-4370-be03-0c5bd770be68 found for delete {{(pid=108194) call_func /opt/stack/placement/placement/wsgi_wrapper.py:31}}
Aug 26 16:13:03.083625 n-d-852278-3 devstack@placement-api.service[108194]: INFO placement.requestlog [None req-35d7aac2-bf5d-4485-82af-2659227bc178 service placement] 10.222.0.110 "DELETE /placement/resource_providers/d3392ba0-97c7-4370-be03-0c5bd770be68" status: 404 len: 246 microversion: 1.1
Aug 26 16:13:03.098185 n-d-852278-3 devstack@placement-api.service[108194]: [pid: 108194|app: 0|req: 377/761] 10.222.0.110 () {60 vars in 1356 bytes} [Fri Aug 26 16:13:03 2022] DELETE /placement/resource_providers/d3392ba0-97c7-4370-be03-0c5bd770be68 => generated 246 bytes in 43 msecs (HTTP/1.1 404) 6 headers in 231 bytes (1 switches on core 0)
Aug 26 16:13:07.429207 n-d-852278-3 devstack@placement-api.service[108195]: DEBUG placement.requestlog [None req-e94c5a31-b6c8-4b72-89a3-d27da871b16e None None] Starting request: 10.222.0.110 "GET /placement/resource_providers/fe9593cf-695a-4c2a-bb46-2af7ba37a07e/aggregates" {{(pid=108195) __call__ /opt/stack/placement/placement/requestlog.py:55}}
Aug 26 16:13:07.460156 n-d-852278-3 devstack@placement-api.service[108195]: INFO placement.requestlog [None req-e94c5a31-b6c8-4b72-89a3-d27da871b16e service placement] 10.222.0.110 "GET /placement/resource_providers/fe9593cf-695a-4c2a-bb46-2af7ba37a07e/aggregates" status: 404 len: 235 microversion: 1.1
Aug 26 16:13:07.464689 n-d-852278-3 devstack@placement-api.service[108195]: [pid: 108195|app: 0|req: 385/762] 10.222.0.110 () {58 vars in 1367 bytes} [Fri Aug 26 16:13:07 2022] GET /placement/resource_providers/fe9593cf-695a-4c2a-bb46-2af7ba37a07e/aggregates => generated 235 bytes in 36 msecs (HTTP/1.1 404) 5 headers in 202 bytes (2 switches on core 0)
Aug 26 16:13:08.333867 n-d-852278-3 devstack@placement-api.service[108194]: DEBUG placement.requestlog [None req-577cedc4-de75-4b30-b43f-0aad6912e1f4 None None] Starting request: 10.222.0.110 "DELETE /placement/resource_providers/fe9593cf-695a-4c2a-bb46-2af7ba37a07e" {{(pid=108194) __call__ /opt/stack/placement/placement/requestlog.py:55}}
Aug 26 16:13:08.353236 n-d-852278-3 devstack@placement-api.service[108194]: DEBUG placement.wsgi_wrapper [None req-577cedc4-de75-4b30-b43f-0aad6912e1f4 service placement] Placement API returning an error response: No resource provider with uuid fe9593cf-695a-4c2a-bb46-2af7ba37a07e found for delete {{(pid=108194) call_func /opt/stack/placement/placement/wsgi_wrapper.py:31}}
Aug 26 16:13:08.354493 n-d-852278-3 devstack@placement-api.service[108194]: INFO placement.requestlog [None req-577cedc4-de75-4b30-b43f-0aad6912e1f4 service placement] 10.222.0.110 "DELETE /placement/resource_providers/fe9593cf-695a-4c2a-bb46-2af7ba37a07e" status: 404 len: 246 microversion: 1.1
Aug 26 16:13:08.355526 n-d-852278-3 devstack@placement-api.service[108194]: [pid: 108194|app: 0|req: 378/763] 10.222.0.110 () {60 vars in 1356 bytes} [Fri Aug 26 16:13:08 2022] DELETE /placement/resource_providers/fe9593cf-695a-4c2a-bb46-2af7ba37a07e => generated 246 bytes in 22 msecs (HTTP/1.1 404) 6 headers in 231 bytes (1 switches on core 0)
Aug 26 16:13:17.409044 n-d-852278-3 devstack@placement-api.service[108195]: DEBUG placement.requestlog [None req-06932051-3c08-4259-963f-5008d9fbb0fd None None] Starting request: 10.222.0.110 "GET /placement/resource_providers/bab9bc84-22c5-4b21-91ab-d4b304d7e0ff/aggregates" {{(pid=108195) __call__ /opt/stack/placement/placement/requestlog.py:55}}
Aug 26 16:13:17.438761 n-d-852278-3 devstack@placement-api.service[108195]: INFO placement.requestlog [None req-06932051-3c08-4259-963f-5008d9fbb0fd service placement] 10.222.0.110 "GET /placement/resource_providers/bab9bc84-22c5-4b21-91ab-d4b304d7e0ff/aggregates" status: 404 len: 235 microversion: 1.1
Aug 26 16:13:17.440824 n-d-852278-3 devstack@placement-api.service[108195]: [pid: 108195|app: 0|req: 386/764] 10.222.0.110 () {58 vars in 1367 bytes} [Fri Aug 26 16:13:17 2022] GET /placement/resource_providers/bab9bc84-22c5-4b21-91ab-d4b304d7e0ff/aggregates => generated 235 bytes in 32 msecs (HTTP/1.1 404) 5 headers in 202 bytes (1 switches on core 0)
Aug 26 16:13:17.863120 n-d-852278-3 devstack@placement-api.service[108194]: DEBUG placement.requestlog [None req-e9619ef2-15fa-4f31-b0c6-892f45e5e74d None None] Starting request: 10.222.0.110 "DELETE /placement/resource_providers/bab9bc84-22c5-4b21-91ab-d4b304d7e0ff" {{(pid=108194) __call__ /opt/stack/placement/placement/requestlog.py:55}}
Aug 26 16:13:17.877294 n-d-852278-3 devstack@placement-api.service[108194]: DEBUG placement.wsgi_wrapper [None req-e9619ef2-15fa-4f31-b0c6-892f45e5e74d service placement] Placement API returning an error response: No resource provider with uuid bab9bc84-22c5-4b21-91ab-d4b304d7e0ff found for delete {{(pid=108194) call_func /opt/stack/placement/placement/wsgi_wrapper.py:31}}
Aug 26 16:13:17.878032 n-d-852278-3 devstack@placement-api.service[108194]: INFO placement.requestlog [None req-e9619ef2-15fa-4f31-b0c6-892f45e5e74d service placement] 10.222.0.110 "DELETE /placement/resource_providers/bab9bc84-22c5-4b21-91ab-d4b304d7e0ff" status: 404 len: 246 microversion: 1.1
Aug 26 16:13:17.878401 n-d-852278-3 devstack@placement-api.service[108194]: [pid: 108194|app: 0|req: 379/765] 10.222.0.110 () {60 vars in 1356 bytes} [Fri Aug 26 16:13:17 2022] DELETE /placement/resource_providers/bab9bc84-22c5-4b21-91ab-d4b304d7e0ff => generated 246 bytes in 16 msecs (HTTP/1.1 404) 6 headers in 231 bytes (1 switches on core 0)
Aug 26 16:13:26.043948 n-d-852278-3 devstack@placement-api.service[108195]: DEBUG placement.requestlog [req-8b3099d6-9a49-4050-843c-788485607f9c req-9d9c4826-f665-4895-b05c-467d8f9d6bcd None None] Starting request: 10.222.0.110 "GET /placement/allocation_candidates?limit=1000&resources=DISK_GB%3A1%2CMEMORY_MB%3A1024%2CVCPU%3A1&root_required=%21COMPUTE_STATUS_DISABLED" {{(pid=108195) __call__ /opt/stack/placement/placement/requestlog.py:55}}
Aug 26 16:13:26.058993 n-d-852278-3 devstack@placement-api.service[108195]: DEBUG dbcounter [-] [108195] Writing DB stats placement:SELECT=88,placement:INSERT=4,placement:DELETE=2,placement:UPDATE=2 {{(pid=108195) stat_writer /usr/local/lib/python3.8/dist-packages/dbcounter.py:114}}
Aug 26 16:13:26.085923 n-d-852278-3 devstack@placement-api.service[108195]: DEBUG placement.objects.research_context [req-8b3099d6-9a49-4050-843c-788485607f9c req-9d9c4826-f665-4895-b05c-467d8f9d6bcd service placement] getting providers with 1 DISK_GB {{(pid=108195) __init__ /opt/stack/placement/placement/objects/research_context.py:136}}
Aug 26 16:13:26.092462 n-d-852278-3 devstack@placement-api.service[108195]: DEBUG placement.objects.research_context [req-8b3099d6-9a49-4050-843c-788485607f9c req-9d9c4826-f665-4895-b05c-467d8f9d6bcd service placement] getting providers with 1024 MEMORY_MB {{(pid=108195) __init__ /opt/stack/placement/placement/objects/research_context.py:136}}
Aug 26 16:13:26.098221 n-d-852278-3 devstack@placement-api.service[108195]: DEBUG placement.objects.research_context [req-8b3099d6-9a49-4050-843c-788485607f9c req-9d9c4826-f665-4895-b05c-467d8f9d6bcd service placement] getting providers with 1 VCPU {{(pid=108195) __init__ /opt/stack/placement/placement/objects/research_context.py:136}}
Aug 26 16:13:26.106589 n-d-852278-3 devstack@placement-api.service[108195]: DEBUG placement.objects.research_context [req-8b3099d6-9a49-4050-843c-788485607f9c req-9d9c4826-f665-4895-b05c-467d8f9d6bcd service placement] found 2 providers with available 1 DISK_GB {{(pid=108195) get_provider_ids_matching /opt/stack/placement/placement/objects/research_context.py:563}}
Aug 26 16:13:26.106589 n-d-852278-3 devstack@placement-api.service[108195]: DEBUG placement.objects.research_context [req-8b3099d6-9a49-4050-843c-788485607f9c req-9d9c4826-f665-4895-b05c-467d8f9d6bcd service placement] found 2 providers with available 1024 MEMORY_MB {{(pid=108195) get_provider_ids_matching /opt/stack/placement/placement/objects/research_context.py:563}}
Aug 26 16:13:26.106589 n-d-852278-3 devstack@placement-api.service[108195]: DEBUG placement.objects.research_context [req-8b3099d6-9a49-4050-843c-788485607f9c req-9d9c4826-f665-4895-b05c-467d8f9d6bcd service placement] found 2 providers after filtering by previous result {{(pid=108195) get_provider_ids_matching /opt/stack/placement/placement/objects/research_context.py:594}}
Aug 26 16:13:26.106589 n-d-852278-3 devstack@placement-api.service[108195]: DEBUG placement.objects.research_context [req-8b3099d6-9a49-4050-843c-788485607f9c req-9d9c4826-f665-4895-b05c-467d8f9d6bcd service placement] found 2 providers with available 1 VCPU {{(pid=108195) get_provider_ids_matching /opt/stack/placement/placement/objects/research_context.py:563}}
Aug 26 16:13:26.106589 n-d-852278-3 devstack@placement-api.service[108195]: DEBUG placement.objects.research_context [req-8b3099d6-9a49-4050-843c-788485607f9c req-9d9c4826-f665-4895-b05c-467d8f9d6bcd service placement] found 2 providers after filtering by previous result {{(pid=108195) get_provider_ids_matching /opt/stack/placement/placement/objects/research_context.py:594}}
Aug 26 16:13:26.127659 n-d-852278-3 devstack@placement-api.service[108195]: DEBUG placement.objects.allocation_candidate [req-8b3099d6-9a49-4050-843c-788485607f9c req-9d9c4826-f665-4895-b05c-467d8f9d6bcd service placement] RequestGroup(use_same_provider=False, resources={DISK_GB:1, MEMORY_MB:1024, VCPU:1}, traits=(), aggregates=[]) (suffix '') returned 2 matches {{(pid=108195) _get_by_requests /opt/stack/placement/placement/objects/allocation_candidate.py:156}}
Aug 26 16:13:26.129366 n-d-852278-3 devstack@placement-api.service[108195]: DEBUG placement.objects.allocation_candidate [req-8b3099d6-9a49-4050-843c-788485607f9c req-9d9c4826-f665-4895-b05c-467d8f9d6bcd service placement] Merging candidates yields 2 allocation requests and 2 provider summaries {{(pid=108195) _merge_candidates /opt/stack/placement/placement/objects/allocation_candidate.py:809}}
Aug 26 16:13:26.132356 n-d-852278-3 devstack@placement-api.service[108195]: INFO placement.requestlog [req-8b3099d6-9a49-4050-843c-788485607f9c req-9d9c4826-f665-4895-b05c-467d8f9d6bcd service placement] 10.222.0.110 "GET /placement/allocation_candidates?limit=1000&resources=DISK_GB%3A1%2CMEMORY_MB%3A1024%2CVCPU%3A1&root_required=%21COMPUTE_STATUS_DISABLED" status: 200 len: 1309 microversion: 1.36
Aug 26 16:13:26.133199 n-d-852278-3 devstack@placement-api.service[108195]: [pid: 108195|app: 0|req: 387/766] 10.222.0.110 () {60 vars in 1511 bytes} [Fri Aug 26 16:13:26 2022] GET /placement/allocation_candidates?limit=1000&resources=DISK_GB%3A1%2CMEMORY_MB%3A1024%2CVCPU%3A1&root_required=%21COMPUTE_STATUS_DISABLED => generated 1309 bytes in 89 msecs (HTTP/1.1 200) 8 headers in 297 bytes (1 switches on core 0)
Aug 26 16:13:26.208924 n-d-852278-3 devstack@placement-api.service[108194]: DEBUG placement.requestlog [req-8b3099d6-9a49-4050-843c-788485607f9c req-04b04ee1-ddc7-4322-9e99-e16d68bab8ea None None] Starting request: 10.222.0.110 "GET /placement/allocations/6e44ed33-3fd5-44f2-8962-9c78f947584d" {{(pid=108194) __call__ /opt/stack/placement/placement/requestlog.py:55}}
Aug 26 16:13:26.228533 n-d-852278-3 devstack@placement-api.service[108194]: DEBUG dbcounter [-] [108194] Writing DB stats placement:SELECT=86,placement:INSERT=4,placement:DELETE=5,placement:UPDATE=3 {{(pid=108194) stat_writer /usr/local/lib/python3.8/dist-packages/dbcounter.py:114}}
Aug 26 16:13:26.252370 n-d-852278-3 devstack@placement-api.service[108194]: INFO placement.requestlog [req-8b3099d6-9a49-4050-843c-788485607f9c req-04b04ee1-ddc7-4322-9e99-e16d68bab8ea service placement] 10.222.0.110 "GET /placement/allocations/6e44ed33-3fd5-44f2-8962-9c78f947584d" status: 200 len: 19 microversion: 1.28
Aug 26 16:13:26.253158 n-d-852278-3 devstack@placement-api.service[108194]: [pid: 108194|app: 0|req: 380/767] 10.222.0.110 () {60 vars in 1385 bytes} [Fri Aug 26 16:13:26 2022] GET /placement/allocations/6e44ed33-3fd5-44f2-8962-9c78f947584d => generated 19 bytes in 45 msecs (HTTP/1.1 200) 8 headers in 295 bytes (1 switches on core 0)
Aug 26 16:13:26.259482 n-d-852278-3 devstack@placement-api.service[108195]: DEBUG placement.requestlog [req-8b3099d6-9a49-4050-843c-788485607f9c req-e3c4fb7c-9f34-4eff-95c2-126384368ecb None None] Starting request: 10.222.0.110 "PUT /placement/allocations/6e44ed33-3fd5-44f2-8962-9c78f947584d" {{(pid=108195) __call__ /opt/stack/placement/placement/requestlog.py:55}}
Aug 26 16:13:27.280229 n-d-852278-3 devstack@placement-api.service[108195]: DEBUG placement.handlers.allocation [req-8b3099d6-9a49-4050-843c-788485607f9c req-e3c4fb7c-9f34-4eff-95c2-126384368ecb service placement] Successfully wrote allocations [, , ] {{(pid=108195) _update_consumers_and_create_allocations /opt/stack/placement/placement/handlers/allocation.py:462}}
Aug 26 16:13:27.504890 n-d-852278-3 devstack@placement-api.service[108195]: INFO placement.requestlog [req-8b3099d6-9a49-4050-843c-788485607f9c req-e3c4fb7c-9f34-4eff-95c2-126384368ecb service placement] 10.222.0.110 "PUT /placement/allocations/6e44ed33-3fd5-44f2-8962-9c78f947584d" status: 204 len: 0 microversion: 1.36
