Aug 20 07:19:59.042148 n-d-852275-2 devstack@placement-api.service[108168]: [pid: 108168|app: 0|req: 88/178] 10.222.0.45 () {60 vars in 1377 bytes} [Sat Aug 20 07:19:59 2022] GET /placement/allocations/0c41ff99-d59a-48a0-a593-d32b877b8939 => generated 259 bytes in 17 msecs (HTTP/1.1 200) 8 headers in 296 bytes (1 switches on core 0)
Aug 20 07:19:59.089808 n-d-852275-2 devstack@placement-api.service[108167]: DEBUG placement.requestlog [req-3280bf59-0cde-48fb-8f46-27b10b968a73 req-86499e09-87a2-4da9-b551-e8cbd6fbf475 None None] Starting request: 10.222.0.45 "PUT /placement/allocations/0c41ff99-d59a-48a0-a593-d32b877b8939" {{(pid=108167) __call__ /opt/stack/placement/placement/requestlog.py:55}}
Aug 20 07:19:59.141305 n-d-852275-2 devstack@placement-api.service[108167]: DEBUG placement.handlers.allocation [req-3280bf59-0cde-48fb-8f46-27b10b968a73 req-86499e09-87a2-4da9-b551-e8cbd6fbf475 service placement] Successfully wrote allocations [, , ] {{(pid=108167) _update_consumers_and_create_allocations /opt/stack/placement/placement/handlers/allocation.py:462}}
Aug 20 07:19:59.236550 n-d-852275-2 devstack@placement-api.service[108167]: INFO placement.requestlog [req-3280bf59-0cde-48fb-8f46-27b10b968a73 req-86499e09-87a2-4da9-b551-e8cbd6fbf475 service placement] 10.222.0.45 "PUT /placement/allocations/0c41ff99-d59a-48a0-a593-d32b877b8939" status: 204 len: 0 microversion: 1.28
Aug 20 07:19:59.237145 n-d-852275-2 devstack@placement-api.service[108167]: [pid: 108167|app: 0|req: 91/179] 10.222.0.45 () {64 vars in 1430 bytes} [Sat Aug 20 07:19:59 2022] PUT /placement/allocations/0c41ff99-d59a-48a0-a593-d32b877b8939 => generated 0 bytes in 148 msecs (HTTP/1.1 204) 5 headers in 199 bytes (1 switches on core 0)
Aug 20 07:20:02.124589 n-d-852275-2 devstack@placement-api.service[108168]: DEBUG placement.requestlog [req-62951573-8735-466f-9297-293cf6ce039b req-d31ee78e-0ffa-42e3-9f03-37420579e040 None None] Starting request: 10.222.0.26 "GET /placement/allocations/8233ec1b-54d4-4052-a506-b5fbcd8f8372" {{(pid=108168) __call__ /opt/stack/placement/placement/requestlog.py:55}}
Aug 20 07:20:02.166439 n-d-852275-2 devstack@placement-api.service[108168]: INFO placement.requestlog [req-62951573-8735-466f-9297-293cf6ce039b req-d31ee78e-0ffa-42e3-9f03-37420579e040 service placement] 10.222.0.26 "GET /placement/allocations/8233ec1b-54d4-4052-a506-b5fbcd8f8372" status: 200 len: 259 microversion: 1.28
Aug 20 07:20:02.167070 n-d-852275-2 devstack@placement-api.service[108168]: [pid: 108168|app: 0|req: 89/180] 10.222.0.26 () {60 vars in 1380 bytes} [Sat Aug 20 07:20:02 2022] GET /placement/allocations/8233ec1b-54d4-4052-a506-b5fbcd8f8372 => generated 259 bytes in 43 msecs (HTTP/1.1 200) 8 headers in 296 bytes (1 switches on core 0)
Aug 20 07:20:02.175142 n-d-852275-2 devstack@placement-api.service[108167]: DEBUG placement.requestlog [req-62951573-8735-466f-9297-293cf6ce039b req-d5a61792-8f8c-45c5-8de7-3b11f0dbae50 None None] Starting request: 10.222.0.26 "GET /placement/allocations/8233ec1b-54d4-4052-a506-b5fbcd8f8372" {{(pid=108167) __call__ /opt/stack/placement/placement/requestlog.py:55}}
Aug 20 07:20:02.195312 n-d-852275-2 devstack@placement-api.service[108167]: INFO placement.requestlog [req-62951573-8735-466f-9297-293cf6ce039b req-d5a61792-8f8c-45c5-8de7-3b11f0dbae50 service placement] 10.222.0.26 "GET /placement/allocations/8233ec1b-54d4-4052-a506-b5fbcd8f8372" status: 200 len: 259 microversion: 1.28
Aug 20 07:20:02.196012 n-d-852275-2 devstack@placement-api.service[108167]: [pid: 108167|app: 0|req: 92/181] 10.222.0.26 () {60 vars in 1380 bytes} [Sat Aug 20 07:20:02 2022] GET /placement/allocations/8233ec1b-54d4-4052-a506-b5fbcd8f8372 => generated 259 bytes in 22 msecs (HTTP/1.1 200) 8 headers in 296 bytes (1 switches on core 0)
Aug 20 07:20:02.204008 n-d-852275-2 devstack@placement-api.service[108168]: DEBUG placement.requestlog [req-62951573-8735-466f-9297-293cf6ce039b req-ace696f0-96e8-4d27-869e-6f85059c87a6 None None] Starting request: 10.222.0.26 "GET /placement/allocations/a92de1d0-c26c-4ce6-9412-9116268c7d4d" {{(pid=108168) __call__ /opt/stack/placement/placement/requestlog.py:55}}
Aug 20 07:20:02.218737 n-d-852275-2 devstack@placement-api.service[108168]: INFO placement.requestlog [req-62951573-8735-466f-9297-293cf6ce039b req-ace696f0-96e8-4d27-869e-6f85059c87a6 service placement] 10.222.0.26 "GET /placement/allocations/a92de1d0-c26c-4ce6-9412-9116268c7d4d" status: 200 len: 19 microversion: 1.28
Aug 20 07:20:02.219430 n-d-852275-2 devstack@placement-api.service[108168]: [pid: 108168|app: 0|req: 90/182] 10.222.0.26 () {60 vars in 1380 bytes} [Sat Aug 20 07:20:02 2022] GET /placement/allocations/a92de1d0-c26c-4ce6-9412-9116268c7d4d => generated 19 bytes in 16 msecs (HTTP/1.1 200) 8 headers in 295 bytes (1 switches on core 0)
Aug 20 07:20:02.227222 n-d-852275-2 devstack@placement-api.service[108167]: DEBUG placement.requestlog [req-62951573-8735-466f-9297-293cf6ce039b req-6907629d-eed6-4c14-80ba-e678675b1fbf None None] Starting request: 10.222.0.26 "POST /placement/allocations" {{(pid=108167) __call__ /opt/stack/placement/placement/requestlog.py:55}}
Aug 20 07:20:02.410647 n-d-852275-2 devstack@placement-api.service[108167]: DEBUG placement.handlers.allocation [req-62951573-8735-466f-9297-293cf6ce039b req-6907629d-eed6-4c14-80ba-e678675b1fbf service placement] Successfully wrote allocations [, , , , , ] {{(pid=108167) _update_consumers_and_create_allocations /opt/stack/placement/placement/handlers/allocation.py:572}}
Aug 20 07:20:02.487188 n-d-852275-2 devstack@placement-api.service[108167]: INFO placement.requestlog [req-62951573-8735-466f-9297-293cf6ce039b req-6907629d-eed6-4c14-80ba-e678675b1fbf service placement] 10.222.0.26 "POST /placement/allocations" status: 204 len: 0 microversion: 1.28
Aug 20 07:20:02.487900 n-d-852275-2 devstack@placement-api.service[108167]: [pid: 108167|app: 0|req: 93/183] 10.222.0.26 () {64 vars in 1323 bytes} [Sat Aug 20 07:20:02 2022] POST /placement/allocations => generated 0 bytes in 261 msecs (HTTP/1.1 204) 5 headers in 199 bytes (2 switches on core 0)
Aug 20 07:20:02.522830 n-d-852275-2 devstack@placement-api.service[108168]: DEBUG placement.requestlog [req-62951573-8735-466f-9297-293cf6ce039b req-4ea80d32-d252-40f7-8dc2-b5ffbc7eabf6 None None] Starting request: 10.222.0.26 "GET /placement/allocations/8233ec1b-54d4-4052-a506-b5fbcd8f8372" {{(pid=108168) __call__ /opt/stack/placement/placement/requestlog.py:55}}
Aug 20 07:20:02.534268 n-d-852275-2 devstack@placement-api.service[108168]: INFO placement.requestlog [req-62951573-8735-466f-9297-293cf6ce039b req-4ea80d32-d252-40f7-8dc2-b5ffbc7eabf6 service placement] 10.222.0.26 "GET /placement/allocations/8233ec1b-54d4-4052-a506-b5fbcd8f8372" status: 200 len: 19 microversion: 1.28
Aug 20 07:20:02.535596 n-d-852275-2 devstack@placement-api.service[108168]: [pid: 108168|app: 0|req: 91/184] 10.222.0.26 () {60 vars in 1380 bytes} [Sat Aug 20 07:20:02 2022] GET /placement/allocations/8233ec1b-54d4-4052-a506-b5fbcd8f8372 => generated 19 bytes in 13 msecs (HTTP/1.1 200) 8 headers in 295 bytes (1 switches on core 0)
Aug 20 07:20:02.546410 n-d-852275-2 devstack@placement-api.service[108167]: DEBUG placement.requestlog [req-62951573-8735-466f-9297-293cf6ce039b req-235728cf-330b-402c-b9d2-2135e30f7335 None None] Starting request: 10.222.0.26 "PUT /placement/allocations/8233ec1b-54d4-4052-a506-b5fbcd8f8372" {{(pid=108167) __call__ /opt/stack/placement/placement/requestlog.py:55}}
Aug 20 07:20:02.573768 n-d-852275-2 devstack@placement-api.service[108167]: DEBUG dbcounter [-] [108167] Writing DB stats placement:SELECT=78,placement:INSERT=8,placement:DELETE=7,placement:UPDATE=7 {{(pid=108167) stat_writer /usr/local/lib/python3.8/dist-packages/dbcounter.py:114}}
Aug 20 07:20:02.660597 n-d-852275-2 devstack@placement-api.service[108167]: DEBUG placement.handlers.allocation [req-62951573-8735-466f-9297-293cf6ce039b req-235728cf-330b-402c-b9d2-2135e30f7335 service placement] Successfully wrote allocations [, , ] {{(pid=108167) _update_consumers_and_create_allocations /opt/stack/placement/placement/handlers/allocation.py:462}}
Aug 20 07:20:02.727527 n-d-852275-2 devstack@placement-api.service[108167]: INFO placement.requestlog [req-62951573-8735-466f-9297-293cf6ce039b req-235728cf-330b-402c-b9d2-2135e30f7335 service placement] 10.222.0.26 "PUT /placement/allocations/8233ec1b-54d4-4052-a506-b5fbcd8f8372" status: 204 len: 0 microversion: 1.28
Aug 20 07:20:02.728141 n-d-852275-2 devstack@placement-api.service[108167]: [pid: 108167|app: 0|req: 94/185] 10.222.0.26 () {64 vars in 1433 bytes} [Sat Aug 20 07:20:02 2022] PUT /placement/allocations/8233ec1b-54d4-4052-a506-b5fbcd8f8372 => generated 0 bytes in 186 msecs (HTTP/1.1 204) 5 headers in 199 bytes (1 switches on core 0)
Aug 20 07:20:02.925645 n-d-852275-2 devstack@placement-api.service[108168]: DEBUG placement.requestlog [req-62951573-8735-466f-9297-293cf6ce039b req-68043e7b-a543-41f5-900a-4128fbf05e60 None None] Starting request: 10.222.0.45 "GET /placement/allocations/8233ec1b-54d4-4052-a506-b5fbcd8f8372" {{(pid=108168) __call__ /opt/stack/placement/placement/requestlog.py:55}}
Aug 20 07:20:02.955658 n-d-852275-2 devstack@placement-api.service[108167]: DEBUG placement.requestlog [req-fa427905-6f26-4734-8d79-73db8be99f81 req-5a1c3df0-a706-4027-86c3-45b6febbb88b None None] Starting request: 10.222.0.26 "GET /placement/allocation_candidates?limit=1000&resources=DISK_GB%3A1%2CMEMORY_MB%3A1024%2CVCPU%3A1&root_required=%21COMPUTE_STATUS_DISABLED" {{(pid=108167) __call__ /opt/stack/placement/placement/requestlog.py:55}}
Aug 20 07:20:02.958963 n-d-852275-2 devstack@placement-api.service[108168]: INFO placement.requestlog [req-62951573-8735-466f-9297-293cf6ce039b req-68043e7b-a543-41f5-900a-4128fbf05e60 service placement] 10.222.0.45 "GET /placement/allocations/8233ec1b-54d4-4052-a506-b5fbcd8f8372" status: 200 len: 259 microversion: 1.28
Aug 20 07:20:02.959473 n-d-852275-2 devstack@placement-api.service[108168]: [pid: 108168|app: 0|req: 92/186] 10.222.0.45 () {60 vars in 1377 bytes} [Sat Aug 20 07:20:02 2022] GET /placement/allocations/8233ec1b-54d4-4052-a506-b5fbcd8f8372 => generated 259 bytes in 34 msecs (HTTP/1.1 200) 8 headers in 296 bytes (1 switches on core 0)
Aug 20 07:20:02.996795 n-d-852275-2 devstack@placement-api.service[108167]: DEBUG placement.objects.research_context [req-fa427905-6f26-4734-8d79-73db8be99f81 req-5a1c3df0-a706-4027-86c3-45b6febbb88b service placement] getting providers with 1 DISK_GB {{(pid=108167) __init__ /opt/stack/placement/placement/objects/research_context.py:136}}
Aug 20 07:20:03.002673 n-d-852275-2 devstack@placement-api.service[108167]: DEBUG placement.objects.research_context [req-fa427905-6f26-4734-8d79-73db8be99f81 req-5a1c3df0-a706-4027-86c3-45b6febbb88b service placement] getting providers with 1024 MEMORY_MB {{(pid=108167) __init__ /opt/stack/placement/placement/objects/research_context.py:136}}
Aug 20 07:20:03.008445 n-d-852275-2 devstack@placement-api.service[108167]: DEBUG placement.objects.research_context [req-fa427905-6f26-4734-8d79-73db8be99f81 req-5a1c3df0-a706-4027-86c3-45b6febbb88b service placement] getting providers with 1 VCPU {{(pid=108167) __init__ /opt/stack/placement/placement/objects/research_context.py:136}}
Aug 20 07:20:03.013680 n-d-852275-2 devstack@placement-api.service[108167]: DEBUG placement.objects.research_context [req-fa427905-6f26-4734-8d79-73db8be99f81 req-5a1c3df0-a706-4027-86c3-45b6febbb88b service placement] found 2 providers with available 1 DISK_GB {{(pid=108167) get_provider_ids_matching /opt/stack/placement/placement/objects/research_context.py:563}}
Aug 20 07:20:03.014645 n-d-852275-2 devstack@placement-api.service[108167]: DEBUG placement.objects.research_context [req-fa427905-6f26-4734-8d79-73db8be99f81 req-5a1c3df0-a706-4027-86c3-45b6febbb88b service placement] found 2 providers with available 1024 MEMORY_MB {{(pid=108167) get_provider_ids_matching /opt/stack/placement/placement/objects/research_context.py:563}}
Aug 20 07:20:03.014645 n-d-852275-2 devstack@placement-api.service[108167]: DEBUG placement.objects.research_context [req-fa427905-6f26-4734-8d79-73db8be99f81 req-5a1c3df0-a706-4027-86c3-45b6febbb88b service placement] found 2 providers after filtering by previous result {{(pid=108167) get_provider_ids_matching /opt/stack/placement/placement/objects/research_context.py:594}}
Aug 20 07:20:03.014645 n-d-852275-2 devstack@placement-api.service[108167]: DEBUG placement.objects.research_context [req-fa427905-6f26-4734-8d79-73db8be99f81 req-5a1c3df0-a706-4027-86c3-45b6febbb88b service placement] found 2 providers with available 1 VCPU {{(pid=108167) get_provider_ids_matching /opt/stack/placement/placement/objects/research_context.py:563}}
Aug 20 07:20:03.014946 n-d-852275-2 devstack@placement-api.service[108167]: DEBUG placement.objects.research_context [req-fa427905-6f26-4734-8d79-73db8be99f81 req-5a1c3df0-a706-4027-86c3-45b6febbb88b service placement] found 2 providers after filtering by previous result {{(pid=108167) get_provider_ids_matching /opt/stack/placement/placement/objects/research_context.py:594}}
Aug 20 07:20:03.027496 n-d-852275-2 devstack@placement-api.service[108167]: DEBUG placement.objects.allocation_candidate [req-fa427905-6f26-4734-8d79-73db8be99f81 req-5a1c3df0-a706-4027-86c3-45b6febbb88b service placement] RequestGroup(use_same_provider=False, resources={DISK_GB:1, MEMORY_MB:1024, VCPU:1}, traits=(), aggregates=[]) (suffix '') returned 2 matches {{(pid=108167) _get_by_requests /opt/stack/placement/placement/objects/allocation_candidate.py:156}}
Aug 20 07:20:03.027984 n-d-852275-2 devstack@placement-api.service[108167]: DEBUG placement.objects.allocation_candidate [req-fa427905-6f26-4734-8d79-73db8be99f81 req-5a1c3df0-a706-4027-86c3-45b6febbb88b service placement] Merging candidates yields 2 allocation requests and 2 provider summaries {{(pid=108167) _merge_candidates /opt/stack/placement/placement/objects/allocation_candidate.py:809}}
Aug 20 07:20:03.030142 n-d-852275-2 devstack@placement-api.service[108167]: INFO placement.requestlog [req-fa427905-6f26-4734-8d79-73db8be99f81 req-5a1c3df0-a706-4027-86c3-45b6febbb88b service placement] 10.222.0.26 "GET /placement/allocation_candidates?limit=1000&resources=DISK_GB%3A1%2CMEMORY_MB%3A1024%2CVCPU%3A1&root_required=%21COMPUTE_STATUS_DISABLED" status: 200 len: 1309 microversion: 1.36
Aug 20 07:20:03.030863 n-d-852275-2 devstack@placement-api.service[108167]: [pid: 108167|app: 0|req: 95/187] 10.222.0.26 () {60 vars in 1506 bytes} [Sat Aug 20 07:20:02 2022] GET /placement/allocation_candidates?limit=1000&resources=DISK_GB%3A1%2CMEMORY_MB%3A1024%2CVCPU%3A1&root_required=%21COMPUTE_STATUS_DISABLED => generated 1309 bytes in 76 msecs (HTTP/1.1 200) 8 headers in 297 bytes (2 switches on core 0)
Aug 20 07:20:03.097569 n-d-852275-2 devstack@placement-api.service[108168]: DEBUG placement.requestlog [req-fa427905-6f26-4734-8d79-73db8be99f81 req-470a46ec-50cf-4c01-9481-017aebc4785b None None] Starting request: 10.222.0.26 "GET /placement/allocations/6a6357f5-748d-4587-b181-0c86888a2ecc" {{(pid=108168) __call__ /opt/stack/placement/placement/requestlog.py:55}}
Aug 20 07:20:03.113645 n-d-852275-2 devstack@placement-api.service[108168]: INFO placement.requestlog [req-fa427905-6f26-4734-8d79-73db8be99f81 req-470a46ec-50cf-4c01-9481-017aebc4785b service placement] 10.222.0.26 "GET /placement/allocations/6a6357f5-748d-4587-b181-0c86888a2ecc" status: 200 len: 19 microversion: 1.28
Aug 20 07:20:03.113645 n-d-852275-2 devstack@placement-api.service[108168]: [pid: 108168|app: 0|req: 93/188] 10.222.0.26 () {60 vars in 1380 bytes} [Sat Aug 20 07:20:03 2022] GET /placement/allocations/6a6357f5-748d-4587-b181-0c86888a2ecc => generated 19 bytes in 13 msecs (HTTP/1.1 200) 8 headers in 295 bytes (1 switches on core 0)
Aug 20 07:20:03.117082 n-d-852275-2 devstack@placement-api.service[108167]: DEBUG placement.requestlog [req-fa427905-6f26-4734-8d79-73db8be99f81 req-c5960a1a-e42e-4e91-9056-64c08aea6461 None None] Starting request: 10.222.0.26 "PUT /placement/allocations/6a6357f5-748d-4587-b181-0c86888a2ecc" {{(pid=108167) __call__ /opt/stack/placement/placement/requestlog.py:55}}
Aug 20 07:20:03.228366 n-d-852275-2 devstack@placement-api.service[108167]: DEBUG placement.handlers.allocation [req-fa427905-6f26-4734-8d79-73db8be99f81 req-c5960a1a-e42e-4e91-9056-64c08aea6461 service placement] Successfully wrote allocations [, , ] {{(pid=108167) _update_consumers_and_create_allocations /opt/stack/placement/placement/handlers/allocation.py:462}}
Aug 20 07:20:03.298449 n-d-852275-2 devstack@placement-api.service[108167]: INFO placement.requestlog [req-fa427905-6f26-4734-8d79-73db8be99f81 req-c5960a1a-e42e-4e91-9056-64c08aea6461 service placement] 10.222.0.26 "PUT /placement/allocations/6a6357f5-748d-4587-b181-0c86888a2ecc" status: 204 len: 0 microversion: 1.36
Aug 20 07:20:03.298875 n-d-852275-2 devstack@placement-api.service[108167]: [pid: 108167|app: 0|req: 96/189] 10.222.0.26 () {64 vars in 1433 bytes} [Sat Aug 20 07:20:03 2022] PUT /placement/allocations/6a6357f5-748d-4587-b181-0c86888a2ecc => generated 0 bytes in 182 msecs (HTTP/1.1 204) 5 headers in 199 bytes (1 switches on core 0)
Aug 20 07:20:04.435420 n-d-852275-2 devstack@placement-api.service[108168]: DEBUG placement.requestlog [req-fa427905-6f26-4734-8d79-73db8be99f81 req-d99e2cda-a149-4b46-b675-59a7b1598dda None None] Starting request: 10.222.0.30 "GET /placement/allocations/6a6357f5-748d-4587-b181-0c86888a2ecc" {{(pid=108168) __call__ /opt/stack/placement/placement/requestlog.py:55}}
Aug 20 07:20:04.457674 n-d-852275-2 devstack@placement-api.service[108168]: INFO placement.requestlog [req-fa427905-6f26-4734-8d79-73db8be99f81 req-d99e2cda-a149-4b46-b675-59a7b1598dda service placement] 10.222.0.30 "GET /placement/allocations/6a6357f5-748d-4587-b181-0c86888a2ecc" status: 200 len: 259 microversion: 1.28
Aug 20 07:20:04.458703 n-d-852275-2 devstack@placement-api.service[108168]: [pid: 108168|app: 0|req: 94/190] 10.222.0.30 () {60 vars in 1377 bytes} [Sat Aug 20 07:20:04 2022] GET /placement/allocations/6a6357f5-748d-4587-b181-0c86888a2ecc => generated 259 bytes in 24 msecs (HTTP/1.1 200) 8 headers in 296 bytes (1 switches on core 0)
Aug 20 07:20:10.780022 n-d-852275-2 devstack@placement-api.service[108167]: DEBUG placement.requestlog [req-7174a793-a8c1-44c0-91d4-7fe9fbc76336 req-05991879-7816-4f86-b89f-99dc2855539d None None] Starting request: 10.222.0.26 "GET /placement/allocation_candidates?limit=1000&resources=DISK_GB%3A1%2CMEMORY_MB%3A1024%2CVCPU%3A1&root_required=%21COMPUTE_STATUS_DISABLED" {{(pid=108167) __call__ /opt/stack/placement/placement/requestlog.py:55}}
Aug 20 07:20:10.819070 n-d-852275-2 devstack@placement-api.service[108167]: DEBUG placement.objects.research_context [req-7174a793-a8c1-44c0-91d4-7fe9fbc76336 req-05991879-7816-4f86-b89f-99dc2855539d service placement] getting providers with 1 DISK_GB {{(pid=108167) __init__ /opt/stack/placement/placement/objects/research_context.py:136}}
Aug 20 07:20:10.830375 n-d-852275-2 devstack@placement-api.service[108167]: DEBUG placement.objects.research_context [req-7174a793-a8c1-44c0-91d4-7fe9fbc76336 req-05991879-7816-4f86-b89f-99dc2855539d service placement] getting providers with 1024 MEMORY_MB {{(pid=108167) __init__ /opt/stack/placement/placement/objects/research_context.py:136}}
Aug 20 07:20:10.837157 n-d-852275-2 devstack@placement-api.service[108167]: DEBUG placement.objects.research_context [req-7174a793-a8c1-44c0-91d4-7fe9fbc76336 req-05991879-7816-4f86-b89f-99dc2855539d service placement] getting providers with 1 VCPU {{(pid=108167) __init__ /opt/stack/placement/placement/objects/research_context.py:136}}
Aug 20 07:20:10.855731 n-d-852275-2 devstack@placement-api.service[108167]: DEBUG placement.objects.research_context [req-7174a793-a8c1-44c0-91d4-7fe9fbc76336 req-05991879-7816-4f86-b89f-99dc2855539d service placement] found 2 providers with available 1 DISK_GB {{(pid=108167) get_provider_ids_matching /opt/stack/placement/placement/objects/research_context.py:563}}
Aug 20 07:20:10.856067 n-d-852275-2 devstack@placement-api.service[108167]: DEBUG placement.objects.research_context [req-7174a793-a8c1-44c0-91d4-7fe9fbc76336 req-05991879-7816-4f86-b89f-99dc2855539d service placement] found 2 providers with available 1024 MEMORY_MB {{(pid=108167) get_provider_ids_matching /opt/stack/placement/placement/objects/research_context.py:563}}
Aug 20 07:20:10.856265 n-d-852275-2 devstack@placement-api.service[108167]: DEBUG placement.objects.research_context [req-7174a793-a8c1-44c0-91d4-7fe9fbc76336 req-05991879-7816-4f86-b89f-99dc2855539d service placement] found 2 providers after filtering by previous result {{(pid=108167) get_provider_ids_matching /opt/stack/placement/placement/objects/research_context.py:594}}
Aug 20 07:20:10.856520 n-d-852275-2 devstack@placement-api.service[108167]: DEBUG placement.objects.research_context [req-7174a793-a8c1-44c0-91d4-7fe9fbc76336 req-05991879-7816-4f86-b89f-99dc2855539d service placement] found 2 providers with available 1 VCPU {{(pid=108167) get_provider_ids_matching /opt/stack/placement/placement/objects/research_context.py:563}}
Aug 20 07:20:10.856787 n-d-852275-2 devstack@placement-api.service[108167]: DEBUG placement.objects.research_context [req-7174a793-a8c1-44c0-91d4-7fe9fbc76336 req-05991879-7816-4f86-b89f-99dc2855539d service placement] found 2 providers after filtering by previous result {{(pid=108167) get_provider_ids_matching /opt/stack/placement/placement/objects/research_context.py:594}}
Aug 20 07:20:10.869999 n-d-852275-2 devstack@placement-api.service[108167]: DEBUG placement.objects.allocation_candidate [req-7174a793-a8c1-44c0-91d4-7fe9fbc76336 req-05991879-7816-4f86-b89f-99dc2855539d service placement] RequestGroup(use_same_provider=False, resources={DISK_GB:1, MEMORY_MB:1024, VCPU:1}, traits=(), aggregates=[]) (suffix '') returned 2 matches {{(pid=108167) _get_by_requests /opt/stack/placement/placement/objects/allocation_candidate.py:156}}
Aug 20 07:20:10.870377 n-d-852275-2 devstack@placement-api.service[108167]: DEBUG placement.objects.allocation_candidate [req-7174a793-a8c1-44c0-91d4-7fe9fbc76336 req-05991879-7816-4f86-b89f-99dc2855539d service placement] Merging candidates yields 2 allocation requests and 2 provider summaries {{(pid=108167) _merge_candidates /opt/stack/placement/placement/objects/allocation_candidate.py:809}}
Aug 20 07:20:10.871947 n-d-852275-2 devstack@placement-api.service[108167]: INFO placement.requestlog [req-7174a793-a8c1-44c0-91d4-7fe9fbc76336 req-05991879-7816-4f86-b89f-99dc2855539d service placement] 10.222.0.26 "GET /placement/allocation_candidates?limit=1000&resources=DISK_GB%3A1%2CMEMORY_MB%3A1024%2CVCPU%3A1&root_required=%21COMPUTE_STATUS_DISABLED" status: 200 len: 1309 microversion: 1.36
Aug 20 07:20:10.872331 n-d-852275-2 devstack@placement-api.service[108167]: [pid: 108167|app: 0|req: 97/191] 10.222.0.26 () {60 vars in 1506 bytes} [Sat Aug 20 07:20:10 2022] GET /placement/allocation_candidates?limit=1000&resources=DISK_GB%3A1%2CMEMORY_MB%3A1024%2CVCPU%3A1&root_required=%21COMPUTE_STATUS_DISABLED => generated 1309 bytes in 93 msecs (HTTP/1.1 200) 8 headers in 297 bytes (1 switches on core 0)
Aug 20 07:20:10.937863 n-d-852275-2 devstack@placement-api.service[108168]: DEBUG placement.requestlog [req-7174a793-a8c1-44c0-91d4-7fe9fbc76336 req-89ded79a-cd3d-46aa-be07-575b930ed85b None None] Starting request: 10.222.0.26 "GET /placement/allocations/68497984-8d05-4aa9-8740-47bd4dd246c3" {{(pid=108168) __call__ /opt/stack/placement/placement/requestlog.py:55}}
Aug 20 07:20:10.955623 n-d-852275-2 devstack@placement-api.service[108168]: INFO placement.requestlog [req-7174a793-a8c1-44c0-91d4-7fe9fbc76336 req-89ded79a-cd3d-46aa-be07-575b930ed85b service placement] 10.222.0.26 "GET /placement/allocations/68497984-8d05-4aa9-8740-47bd4dd246c3" status: 200 len: 19 microversion: 1.28
Aug 20 07:20:10.955623 n-d-852275-2 devstack@placement-api.service[108168]: [pid: 108168|app: 0|req: 95/192] 10.222.0.26 () {60 vars in 1380 bytes} [Sat Aug 20 07:20:10 2022] GET /placement/allocations/68497984-8d05-4aa9-8740-47bd4dd246c3 => generated 19 bytes in 14 msecs (HTTP/1.1 200) 8 headers in 295 bytes (1 switches on core 0)
Aug 20 07:20:10.957621 n-d-852275-2 devstack@placement-api.service[108167]: DEBUG placement.requestlog [req-7174a793-a8c1-44c0-91d4-7fe9fbc76336 req-7a821018-4acd-4838-91cb-87e097e98b39 None None] Starting request: 10.222.0.26 "PUT /placement/allocations/68497984-8d05-4aa9-8740-47bd4dd246c3" {{(pid=108167) __call__ /opt/stack/placement/placement/requestlog.py:55}}
Aug 20 07:20:11.065631 n-d-852275-2 devstack@placement-api.service[108167]: DEBUG placement.handlers.allocation [req-7174a793-a8c1-44c0-91d4-7fe9fbc76336 req-7a821018-4acd-4838-91cb-87e097e98b39 service placement] Successfully wrote allocations [, , ] {{(pid=108167) _update_consumers_and_create_allocations /opt/stack/placement/placement/handlers/allocation.py:462}}
Aug 20 07:20:11.115112 n-d-852275-2 devstack@placement-api.service[108167]: INFO placement.requestlog [req-7174a793-a8c1-44c0-91d4-7fe9fbc76336 req-7a821018-4acd-4838-91cb-87e097e98b39 service placement] 10.222.0.26 "PUT /placement/allocations/68497984-8d05-4aa9-8740-47bd4dd246c3" status: 204 len: 0 microversion: 1.36
Aug 20 07:20:11.115607 n-d-852275-2 devstack@placement-api.service[108167]: [pid: 108167|app: 0|req: 98/193] 10.222.0.26 () {64 vars in 1433 bytes} [Sat Aug 20 07:20:10 2022] PUT /placement/allocations/68497984-8d05-4aa9-8740-47bd4dd246c3 => generated 0 bytes in 158 msecs (HTTP/1.1 204) 5 headers in 199 bytes (1 switches on core 0)
Aug 20 07:20:12.013574 n-d-852275-2 devstack@placement-api.service[108168]: DEBUG placement.requestlog [req-7174a793-a8c1-44c0-91d4-7fe9fbc76336 req-168992fa-bf92-46ff-8f61-7519d0f8944b None None] Starting request: 10.222.0.45 "GET /placement/allocations/68497984-8d05-4aa9-8740-47bd4dd246c3" {{(pid=108168) __call__ /opt/stack/placement/placement/requestlog.py:55}}
Aug 20 07:20:12.030005 n-d-852275-2 devstack@placement-api.service[108168]: INFO placement.requestlog [req-7174a793-a8c1-44c0-91d4-7fe9fbc76336 req-168992fa-bf92-46ff-8f61-7519d0f8944b service placement] 10.222.0.45 "GET /placement/allocations/68497984-8d05-4aa9-8740-47bd4dd246c3" status: 200 len: 259 microversion: 1.28
Aug 20 07:20:12.030373 n-d-852275-2 devstack@placement-api.service[108168]: [pid: 108168|app: 0|req: 96/194] 10.222.0.45 () {60 vars in 1377 bytes} [Sat Aug 20 07:20:12 2022] GET /placement/allocations/68497984-8d05-4aa9-8740-47bd4dd246c3 => generated 259 bytes in 17 msecs (HTTP/1.1 200) 8 headers in 296 bytes (1 switches on core 0)
Aug 20 07:20:13.343921 n-d-852275-2 devstack@placement-api.service[108167]: DEBUG placement.requestlog [req-062869cb-4764-4c4e-8684-29b9efdce2ba req-fd6e9110-8e32-4e18-98af-590c0e042779 None None] Starting request: 10.222.0.45 "DELETE /placement/allocations/cea77167-bdc9-4803-bab5-7c675162e6f7" {{(pid=108167) __call__ /opt/stack/placement/placement/requestlog.py:55}}
Aug 20 07:20:13.498335 n-d-852275-2 devstack@placement-api.service[108167]: DEBUG placement.handlers.allocation [req-062869cb-4764-4c4e-8684-29b9efdce2ba req-fd6e9110-8e32-4e18-98af-590c0e042779 service placement] Successfully deleted allocations [, , ] {{(pid=108167) delete_allocations /opt/stack/placement/placement/handlers/allocation.py:627}}
Aug 20 07:20:13.498957 n-d-852275-2 devstack@placement-api.service[108167]: INFO placement.requestlog [req-062869cb-4764-4c4e-8684-29b9efdce2ba req-fd6e9110-8e32-4e18-98af-590c0e042779 service placement] 10.222.0.45 "DELETE /placement/allocations/cea77167-bdc9-4803-bab5-7c675162e6f7" status: 204 len: 0 microversion: 1.0
Aug 20 07:20:13.500495 n-d-852275-2 devstack@placement-api.service[108167]: [pid: 108167|app: 0|req: 99/195] 10.222.0.45 () {60 vars in 1355 bytes} [Sat Aug 20 07:20:13 2022] DELETE /placement/allocations/cea77167-bdc9-4803-bab5-7c675162e6f7 => generated 0 bytes in 156 msecs (HTTP/1.1 204) 5 headers in 198 bytes (1 switches on core 0)
Aug 20 07:20:16.466645 n-d-852275-2 devstack@placement-api.service[108168]: DEBUG placement.requestlog [req-62951573-8735-466f-9297-293cf6ce039b req-2d4c4073-034b-40da-8c6c-d077707377d0 None None] Starting request: 10.222.0.30 "GET /placement/resource_providers/ec88095e-3d2a-4224-b96e-2ed8146d126e/allocations" {{(pid=108168) __call__ /opt/stack/placement/placement/requestlog.py:55}}
Aug 20 07:20:16.515848 n-d-852275-2 devstack@placement-api.service[108168]: INFO placement.requestlog [req-62951573-8735-466f-9297-293cf6ce039b req-2d4c4073-034b-40da-8c6c-d077707377d0 service placement] 10.222.0.30 "GET /placement/resource_providers/ec88095e-3d2a-4224-b96e-2ed8146d126e/allocations" status: 200 len: 861 microversion: 1.0
Aug 20 07:20:16.516751 n-d-852275-2 devstack@placement-api.service[108168]: [pid: 108168|app: 0|req: 97/196] 10.222.0.30 () {58 vars in 1390 bytes} [Sat Aug 20 07:20:16 2022] GET /placement/resource_providers/ec88095e-3d2a-4224-b96e-2ed8146d126e/allocations => generated 861 bytes in 50 msecs (HTTP/1.1 200) 6 headers in 224 bytes (1 switches on core 0)
Aug 20 07:20:17.145226 n-d-852275-2 devstack@placement-api.service[108167]: DEBUG placement.requestlog [req-62951573-8735-466f-9297-293cf6ce039b req-b5831b0b-ff51-48a5-ae14-3d6bfaeee2dc None None] Starting request: 10.222.0.30 "GET /placement/allocations/a92de1d0-c26c-4ce6-9412-9116268c7d4d" {{(pid=108167) __call__ /opt/stack/placement/placement/requestlog.py:55}}
Aug 20 07:20:17.166554 n-d-852275-2 devstack@placement-api.service[108167]: INFO placement.requestlog [req-62951573-8735-466f-9297-293cf6ce039b req-b5831b0b-ff51-48a5-ae14-3d6bfaeee2dc service placement] 10.222.0.30 "GET /placement/allocations/a92de1d0-c26c-4ce6-9412-9116268c7d4d" status: 200 len: 259 microversion: 1.28
Aug 20 07:20:17.167099 n-d-852275-2 devstack@placement-api.service[108167]: [pid: 108167|app: 0|req: 100/197] 10.222.0.30 () {60 vars in 1377 bytes} [Sat Aug 20 07:20:17 2022] GET /placement/allocations/a92de1d0-c26c-4ce6-9412-9116268c7d4d => generated 259 bytes in 23 msecs (HTTP/1.1 200) 8 headers in 296 bytes (1 switches on core 0)
Aug 20 07:20:17.176853 n-d-852275-2 devstack@placement-api.service[108168]: DEBUG placement.requestlog [req-62951573-8735-466f-9297-293cf6ce039b req-513a4c40-e512-4051-861c-648b7a433c97 None None] Starting request: 10.222.0.30 "PUT /placement/allocations/a92de1d0-c26c-4ce6-9412-9116268c7d4d" {{(pid=108168) __call__ /opt/stack/placement/placement/requestlog.py:55}}
Aug 20 07:20:17.240893 n-d-852275-2 devstack@placement-api.service[108168]: DEBUG placement.handlers.allocation [req-62951573-8735-466f-9297-293cf6ce039b req-513a4c40-e512-4051-861c-648b7a433c97 service placement] Successfully wrote allocations [, , ] {{(pid=108168) _update_consumers_and_create_allocations /opt/stack/placement/placement/handlers/allocation.py:462}}
Aug 20 07:20:17.338505 n-d-852275-2 devstack@placement-api.service[108168]: INFO placement.requestlog [req-62951573-8735-466f-9297-293cf6ce039b req-513a4c40-e512-4051-861c-648b7a433c97 service placement] 10.222.0.30 "PUT /placement/allocations/a92de1d0-c26c-4ce6-9412-9116268c7d4d" status: 204 len: 0 microversion: 1.28
Aug 20 07:20:17.338930 n-d-852275-2 devstack@placement-api.service[108168]: [pid: 108168|app: 0|req: 98/198] 10.222.0.30 () {64 vars in 1430 bytes} [Sat Aug 20 07:20:17 2022] PUT /placement/allocations/a92de1d0-c26c-4ce6-9412-9116268c7d4d => generated 0 bytes in 162 msecs (HTTP/1.1 204) 5 headers in 199 bytes (1 switches on core 0)
Aug 20 07:20:18.086203 n-d-852275-2 devstack@placement-api.service[108167]: DEBUG placement.requestlog [req-3d542326-7629-4e51-85be-fa5ddc06c935 req-ec5d18c4-c9c6-4118-89f0-e86aed1c0ee8 None None] Starting request: 10.222.0.26 "GET /placement/allocation_candidates?limit=1000&resources=DISK_GB%3A1%2CMEMORY_MB%3A1024%2CVCPU%3A1&root_required=%21COMPUTE_STATUS_DISABLED" {{(pid=108167) __call__ /opt/stack/placement/placement/requestlog.py:55}}
Aug 20 07:20:18.156932 n-d-852275-2 devstack@placement-api.service[108167]: DEBUG placement.objects.research_context [req-3d542326-7629-4e51-85be-fa5ddc06c935 req-ec5d18c4-c9c6-4118-89f0-e86aed1c0ee8 service placement] getting providers with 1 DISK_GB {{(pid=108167) __init__ /opt/stack/placement/placement/objects/research_context.py:136}}
Aug 20 07:20:18.166175 n-d-852275-2 devstack@placement-api.service[108167]: DEBUG dbcounter [-] [108167] Writing DB stats placement:INSERT=12,placement:SELECT=74,placement:DELETE=8,placement:UPDATE=6 {{(pid=108167) stat_writer /usr/local/lib/python3.8/dist-packages/dbcounter.py:114}}
Aug 20 07:20:18.167845 n-d-852275-2 devstack@placement-api.service[108167]: DEBUG placement.objects.research_context [req-3d542326-7629-4e51-85be-fa5ddc06c935 req-ec5d18c4-c9c6-4118-89f0-e86aed1c0ee8 service placement] getting providers with 1024 MEMORY_MB {{(pid=108167) __init__ /opt/stack/placement/placement/objects/research_context.py:136}}
Aug 20 07:20:18.174944 n-d-852275-2 devstack@placement-api.service[108167]: DEBUG placement.objects.research_context [req-3d542326-7629-4e51-85be-fa5ddc06c935 req-ec5d18c4-c9c6-4118-89f0-e86aed1c0ee8 service placement] getting providers with 1 VCPU {{(pid=108167) __init__ /opt/stack/placement/placement/objects/research_context.py:136}}
Aug 20 07:20:18.191044 n-d-852275-2 devstack@placement-api.service[108167]: DEBUG placement.objects.research_context [req-3d542326-7629-4e51-85be-fa5ddc06c935 req-ec5d18c4-c9c6-4118-89f0-e86aed1c0ee8 service placement] found 2 providers with available 1 DISK_GB {{(pid=108167) get_provider_ids_matching /opt/stack/placement/placement/objects/research_context.py:563}}
Aug 20 07:20:18.191044 n-d-852275-2 devstack@placement-api.service[108167]: DEBUG placement.objects.research_context [req-3d542326-7629-4e51-85be-fa5ddc06c935 req-ec5d18c4-c9c6-4118-89f0-e86aed1c0ee8 service placement] found 2 providers with available 1024 MEMORY_MB {{(pid=108167) get_provider_ids_matching /opt/stack/placement/placement/objects/research_context.py:563}}
Aug 20 07:20:18.191044 n-d-852275-2 devstack@placement-api.service[108167]: DEBUG placement.objects.research_context [req-3d542326-7629-4e51-85be-fa5ddc06c935 req-ec5d18c4-c9c6-4118-89f0-e86aed1c0ee8 service placement] found 2 providers after filtering by previous result {{(pid=108167) get_provider_ids_matching /opt/stack/placement/placement/objects/research_context.py:594}}
Aug 20 07:20:18.191044 n-d-852275-2 devstack@placement-api.service[108167]: DEBUG placement.objects.research_context [req-3d542326-7629-4e51-85be-fa5ddc06c935 req-ec5d18c4-c9c6-4118-89f0-e86aed1c0ee8 service placement] found 2 providers with available 1 VCPU {{(pid=108167) get_provider_ids_matching /opt/stack/placement/placement/objects/research_context.py:563}}
Aug 20 07:20:18.191044 n-d-852275-2 devstack@placement-api.service[108167]: DEBUG placement.objects.research_context [req-3d542326-7629-4e51-85be-fa5ddc06c935 req-ec5d18c4-c9c6-4118-89f0-e86aed1c0ee8 service placement] found 2 providers after filtering by previous result {{(pid=108167) get_provider_ids_matching /opt/stack/placement/placement/objects/research_context.py:594}}
Aug 20 07:20:18.200813 n-d-852275-2 devstack@placement-api.service[108167]: DEBUG placement.objects.allocation_candidate [req-3d542326-7629-4e51-85be-fa5ddc06c935 req-ec5d18c4-c9c6-4118-89f0-e86aed1c0ee8 service placement] RequestGroup(use_same_provider=False, resources={DISK_GB:1, MEMORY_MB:1024, VCPU:1}, traits=(), aggregates=[]) (suffix '') returned 2 matches {{(pid=108167) _get_by_requests /opt/stack/placement/placement/objects/allocation_candidate.py:156}}
Aug 20 07:20:18.201441 n-d-852275-2 devstack@placement-api.service[108167]: DEBUG placement.objects.allocation_candidate [req-3d542326-7629-4e51-85be-fa5ddc06c935 req-ec5d18c4-c9c6-4118-89f0-e86aed1c0ee8 service placement] Merging candidates yields 2 allocation requests and 2 provider summaries {{(pid=108167) _merge_candidates /opt/stack/placement/placement/objects/allocation_candidate.py:809}}
Aug 20 07:20:18.203853 n-d-852275-2 devstack@placement-api.service[108167]: INFO placement.requestlog [req-3d542326-7629-4e51-85be-fa5ddc06c935 req-ec5d18c4-c9c6-4118-89f0-e86aed1c0ee8 service placement] 10.222.0.26 "GET /placement/allocation_candidates?limit=1000&resources=DISK_GB%3A1%2CMEMORY_MB%3A1024%2CVCPU%3A1&root_required=%21COMPUTE_STATUS_DISABLED" status: 200 len: 1309 microversion: 1.36
Aug 20 07:20:18.204672 n-d-852275-2 devstack@placement-api.service[108167]: [pid: 108167|app: 0|req: 101/199] 10.222.0.26 () {60 vars in 1506 bytes} [Sat Aug 20 07:20:18 2022] GET /placement/allocation_candidates?limit=1000&resources=DISK_GB%3A1%2CMEMORY_MB%3A1024%2CVCPU%3A1&root_required=%21COMPUTE_STATUS_DISABLED => generated 1309 bytes in 120 msecs (HTTP/1.1 200) 8 headers in 297 bytes (1 switches on core 0)
Aug 20 07:20:18.306728 n-d-852275-2 devstack@placement-api.service[108168]: DEBUG placement.requestlog [req-3d542326-7629-4e51-85be-fa5ddc06c935 req-dbf32e88-2846-499b-8f34-98ff0642a300 None None] Starting request: 10.222.0.26 "GET /placement/allocations/44e815ca-d469-4dcd-bcb0-2bbfefe05b19" {{(pid=108168) __call__ /opt/stack/placement/placement/requestlog.py:55}}
Aug 20 07:20:18.322606 n-d-852275-2 devstack@placement-api.service[108168]: INFO placement.requestlog [req-3d542326-7629-4e51-85be-fa5ddc06c935 req-dbf32e88-2846-499b-8f34-98ff0642a300 service placement] 10.222.0.26 "GET /placement/allocations/44e815ca-d469-4dcd-bcb0-2bbfefe05b19" status: 200 len: 19 microversion: 1.28
Aug 20 07:20:18.328115 n-d-852275-2 devstack@placement-api.service[108168]: [pid: 108168|app: 0|req: 99/200] 10.222.0.26 () {60 vars in 1380 bytes} [Sat Aug 20 07:20:18 2022] GET /placement/allocations/44e815ca-d469-4dcd-bcb0-2bbfefe05b19 => generated 19 bytes in 21 msecs (HTTP/1.1 200) 8 headers in 295 bytes (1 switches on core 0)
Aug 20 07:20:18.330428 n-d-852275-2 devstack@placement-api.service[108167]: DEBUG placement.requestlog [req-3d542326-7629-4e51-85be-fa5ddc06c935 req-f6bb3bbe-407e-4daa-93bb-cc0d11c3e20c None None] Starting request: 10.222.0.26 "PUT /placement/allocations/44e815ca-d469-4dcd-bcb0-2bbfefe05b19" {{(pid=108167) __call__ /opt/stack/placement/placement/requestlog.py:55}}
Aug 20 07:20:18.518295 n-d-852275-2 devstack@placement-api.service[108167]: DEBUG placement.handlers.allocation [req-3d542326-7629-4e51-85be-fa5ddc06c935 req-f6bb3bbe-407e-4daa-93bb-cc0d11c3e20c service placement] Successfully wrote allocations [, , ] {{(pid=108167) _update_consumers_and_create_allocations /opt/stack/placement/placement/handlers/allocation.py:462}}
Aug 20 07:20:18.601541 n-d-852275-2 devstack@placement-api.service[108167]: INFO placement.requestlog [req-3d542326-7629-4e51-85be-fa5ddc06c935 req-f6bb3bbe-407e-4daa-93bb-cc0d11c3e20c service placement] 10.222.0.26 "PUT /placement/allocations/44e815ca-d469-4dcd-bcb0-2bbfefe05b19" status: 204 len: 0 microversion: 1.36
Aug 20 07:20:18.602031 n-d-852275-2 devstack@placement-api.service[108167]: [pid: 108167|app: 0|req: 102/201] 10.222.0.26 () {64 vars in 1433 bytes} [Sat Aug 20 07:20:18 2022] PUT /placement/allocations/44e815ca-d469-4dcd-bcb0-2bbfefe05b19 => generated 0 bytes in 272 msecs (HTTP/1.1 204) 5 headers in 199 bytes (2 switches on core 0)
Aug 20 07:20:20.246038 n-d-852275-2 devstack@placement-api.service[108168]: DEBUG placement.requestlog [req-3d542326-7629-4e51-85be-fa5ddc06c935 req-bf1e61aa-e5dd-4da2-bfaf-adf661ee53a2 None None] Starting request: 10.222.0.30 "GET /placement/allocations/44e815ca-d469-4dcd-bcb0-2bbfefe05b19" {{(pid=108168) __call__ /opt/stack/placement/placement/requestlog.py:55}}
Aug 20 07:20:20.267657 n-d-852275-2 devstack@placement-api.service[108168]: INFO placement.requestlog [req-3d542326-7629-4e51-85be-fa5ddc06c935 req-bf1e61aa-e5dd-4da2-bfaf-adf661ee53a2 service placement] 10.222.0.30 "GET /placement/allocations/44e815ca-d469-4dcd-bcb0-2bbfefe05b19" status: 200 len: 259 microversion: 1.28
Aug 20 07:20:20.268434 n-d-852275-2 devstack@placement-api.service[108168]: [pid: 108168|app: 0|req: 100/202] 10.222.0.30 () {60 vars in 1377 bytes} [Sat Aug 20 07:20:20 2022] GET /placement/allocations/44e815ca-d469-4dcd-bcb0-2bbfefe05b19 => generated 259 bytes in 23 msecs (HTTP/1.1 200) 8 headers in 296 bytes (1 switches on core 0)
Aug 20 07:20:21.499978 n-d-852275-2 devstack@placement-api.service[108167]: DEBUG placement.requestlog [req-3de8d778-8f85-4706-98d2-21b1b4e66c38 req-6c2b3185-aeae-45af-9155-2d19bb877242 None None] Starting request: 10.222.0.26 "GET /placement/allocations/6a6357f5-748d-4587-b181-0c86888a2ecc" {{(pid=108167) __call__ /opt/stack/placement/placement/requestlog.py:55}}
Aug 20 07:20:21.517042 n-d-852275-2 devstack@placement-api.service[108167]: INFO placement.requestlog [req-3de8d778-8f85-4706-98d2-21b1b4e66c38 req-6c2b3185-aeae-45af-9155-2d19bb877242 service placement] 10.222.0.26 "GET /placement/allocations/6a6357f5-748d-4587-b181-0c86888a2ecc" status: 200 len: 259 microversion: 1.28
Aug 20 07:20:21.523390 n-d-852275-2 devstack@placement-api.service[108167]: [pid: 108167|app: 0|req: 103/203] 10.222.0.26 () {60 vars in 1380 bytes} [Sat Aug 20 07:20:21 2022] GET /placement/allocations/6a6357f5-748d-4587-b181-0c86888a2ecc => generated 259 bytes in 24 msecs (HTTP/1.1 200) 8 headers in 296 bytes (1 switches on core 0)
Aug 20 07:20:21.524069 n-d-852275-2 devstack@placement-api.service[108168]: DEBUG placement.requestlog [req-3de8d778-8f85-4706-98d2-21b1b4e66c38 req-1e258db4-66be-4086-85dc-3fec85d5ce2d None None] Starting request: 10.222.0.26 "GET /placement/allocations/6a6357f5-748d-4587-b181-0c86888a2ecc" {{(pid=108168) __call__ /opt/stack/placement/placement/requestlog.py:55}}
Aug 20 07:20:21.558530 n-d-852275-2 devstack@placement-api.service[108168]: INFO placement.requestlog [req-3de8d778-8f85-4706-98d2-21b1b4e66c38 req-1e258db4-66be-4086-85dc-3fec85d5ce2d service placement] 10.222.0.26 "GET /placement/allocations/6a6357f5-748d-4587-b181-0c86888a2ecc" status: 200 len: 259 microversion: 1.28
Aug 20 07:20:21.559656 n-d-852275-2 devstack@placement-api.service[108168]: [pid: 108168|app: 0|req: 101/204] 10.222.0.26 () {60 vars in 1380 bytes} [Sat Aug 20 07:20:21 2022] GET /placement/allocations/6a6357f5-748d-4587-b181-0c86888a2ecc => generated 259 bytes in 36 msecs (HTTP/1.1 200) 8 headers in 296 bytes (2 switches on core 0)
Aug 20 07:20:21.568144 n-d-852275-2 devstack@placement-api.service[108167]: DEBUG placement.requestlog [req-3de8d778-8f85-4706-98d2-21b1b4e66c38 req-561a3326-38e3-46e1-9d40-0404d9695f25 None None] Starting request: 10.222.0.26 "GET /placement/allocations/db0a53ba-871e-4b9b-b3da-ed15777f0e72" {{(pid=108167) __call__ /opt/stack/placement/placement/requestlog.py:55}}
Aug 20 07:20:21.580151 n-d-852275-2 devstack@placement-api.service[108167]: INFO placement.requestlog [req-3de8d778-8f85-4706-98d2-21b1b4e66c38 req-561a3326-38e3-46e1-9d40-0404d9695f25 service placement] 10.222.0.26 "GET /placement/allocations/db0a53ba-871e-4b9b-b3da-ed15777f0e72" status: 200 len: 19 microversion: 1.28
Aug 20 07:20:21.580587 n-d-852275-2 devstack@placement-api.service[108167]: [pid: 108167|app: 0|req: 104/205] 10.222.0.26 () {60 vars in 1380 bytes} [Sat Aug 20 07:20:21 2022] GET /placement/allocations/db0a53ba-871e-4b9b-b3da-ed15777f0e72 => generated 19 bytes in 13 msecs (HTTP/1.1 200) 8 headers in 295 bytes (1 switches on core 0)
Aug 20 07:20:21.587521 n-d-852275-2 devstack@placement-api.service[108168]: DEBUG placement.requestlog [req-3de8d778-8f85-4706-98d2-21b1b4e66c38 req-eb391a5b-76e3-4624-9a02-f647ef0a35df None None] Starting request: 10.222.0.26 "POST /placement/allocations" {{(pid=108168) __call__ /opt/stack/placement/placement/requestlog.py:55}}
Aug 20 07:20:21.777749 n-d-852275-2 devstack@placement-api.service[108168]: DEBUG placement.handlers.allocation [req-3de8d778-8f85-4706-98d2-21b1b4e66c38 req-eb391a5b-76e3-4624-9a02-f647ef0a35df service placement] Successfully wrote allocations [, , , , , ] {{(pid=108168) _update_consumers_and_create_allocations /opt/stack/placement/placement/handlers/allocation.py:572}}
Aug 20 07:20:21.834413 n-d-852275-2 devstack@placement-api.service[108168]: INFO placement.requestlog [req-3de8d778-8f85-4706-98d2-21b1b4e66c38 req-eb391a5b-76e3-4624-9a02-f647ef0a35df service placement] 10.222.0.26 "POST /placement/allocations" status: 204 len: 0 microversion: 1.28
Aug 20 07:20:21.834826 n-d-852275-2 devstack@placement-api.service[108168]: [pid: 108168|app: 0|req: 102/206] 10.222.0.26 () {64 vars in 1323 bytes} [Sat Aug 20 07:20:21 2022] POST /placement/allocations => generated 0 bytes in 248 msecs (HTTP/1.1 204) 5 headers in 199 bytes (2 switches on core 0)
Aug 20 07:20:22.031682 n-d-852275-2 devstack@placement-api.service[108167]: DEBUG placement.requestlog [req-3de8d778-8f85-4706-98d2-21b1b4e66c38 req-d1f40e2b-f76e-4ad0-ab12-8c852e87e0ee None None] Starting request: 10.222.0.26 "GET /placement/allocation_candidates?limit=1000&resources=DISK_GB%3A1%2CMEMORY_MB%3A512%2CVCPU%3A1&root_required=%21COMPUTE_STATUS_DISABLED" {{(pid=108167) __call__ /opt/stack/placement/placement/requestlog.py:55}}
Aug 20 07:20:22.084133 n-d-852275-2 devstack@placement-api.service[108167]: DEBUG placement.objects.research_context [req-3de8d778-8f85-4706-98d2-21b1b4e66c38 req-d1f40e2b-f76e-4ad0-ab12-8c852e87e0ee service placement] getting providers with 1 DISK_GB {{(pid=108167) __init__ /opt/stack/placement/placement/objects/research_context.py:136}}
Aug 20 07:20:22.091593 n-d-852275-2 devstack@placement-api.service[108167]: DEBUG placement.objects.research_context [req-3de8d778-8f85-4706-98d2-21b1b4e66c38 req-d1f40e2b-f76e-4ad0-ab12-8c852e87e0ee service placement] getting providers with 512 MEMORY_MB {{(pid=108167) __init__ /opt/stack/placement/placement/objects/research_context.py:136}}
Aug 20 07:20:22.102099 n-d-852275-2 devstack@placement-api.service[108167]: DEBUG placement.objects.research_context [req-3de8d778-8f85-4706-98d2-21b1b4e66c38 req-d1f40e2b-f76e-4ad0-ab12-8c852e87e0ee service placement] getting providers with 1 VCPU {{(pid=108167) __init__ /opt/stack/placement/placement/objects/research_context.py:136}}
Aug 20 07:20:22.117895 n-d-852275-2 devstack@placement-api.service[108167]: DEBUG placement.objects.research_context [req-3de8d778-8f85-4706-98d2-21b1b4e66c38 req-d1f40e2b-f76e-4ad0-ab12-8c852e87e0ee service placement] found 2 providers with available 1 DISK_GB {{(pid=108167) get_provider_ids_matching /opt/stack/placement/placement/objects/research_context.py:563}}
Aug 20 07:20:22.118425 n-d-852275-2 devstack@placement-api.service[108167]: DEBUG placement.objects.research_context [req-3de8d778-8f85-4706-98d2-21b1b4e66c38 req-d1f40e2b-f76e-4ad0-ab12-8c852e87e0ee service placement] found 2 providers with available 512 MEMORY_MB {{(pid=108167) get_provider_ids_matching /opt/stack/placement/placement/objects/research_context.py:563}}
Aug 20 07:20:22.120228 n-d-852275-2 devstack@placement-api.service[108167]: DEBUG placement.objects.research_context [req-3de8d778-8f85-4706-98d2-21b1b4e66c38 req-d1f40e2b-f76e-4ad0-ab12-8c852e87e0ee service placement] found 2 providers after filtering by previous result {{(pid=108167) get_provider_ids_matching /opt/stack/placement/placement/objects/research_context.py:594}}
Aug 20 07:20:22.120228 n-d-852275-2 devstack@placement-api.service[108167]: DEBUG placement.objects.research_context [req-3de8d778-8f85-4706-98d2-21b1b4e66c38 req-d1f40e2b-f76e-4ad0-ab12-8c852e87e0ee service placement] found 2 providers with available 1 VCPU {{(pid=108167) get_provider_ids_matching /opt/stack/placement/placement/objects/research_context.py:563}}
Aug 20 07:20:22.120228 n-d-852275-2 devstack@placement-api.service[108167]: DEBUG placement.objects.research_context [req-3de8d778-8f85-4706-98d2-21b1b4e66c38 req-d1f40e2b-f76e-4ad0-ab12-8c852e87e0ee service placement] found 2 providers after filtering by previous result {{(pid=108167) get_provider_ids_matching /opt/stack/placement/placement/objects/research_context.py:594}}
Aug 20 07:20:22.135941 n-d-852275-2 devstack@placement-api.service[108167]: DEBUG placement.objects.allocation_candidate [req-3de8d778-8f85-4706-98d2-21b1b4e66c38 req-d1f40e2b-f76e-4ad0-ab12-8c852e87e0ee service placement] RequestGroup(use_same_provider=False, resources={DISK_GB:1, MEMORY_MB:512, VCPU:1}, traits=(), aggregates=[]) (suffix '') returned 2 matches {{(pid=108167) _get_by_requests /opt/stack/placement/placement/objects/allocation_candidate.py:156}}
Aug 20 07:20:22.136767 n-d-852275-2 devstack@placement-api.service[108167]: DEBUG placement.objects.allocation_candidate [req-3de8d778-8f85-4706-98d2-21b1b4e66c38 req-d1f40e2b-f76e-4ad0-ab12-8c852e87e0ee service placement] Merging candidates yields 2 allocation requests and 2 provider summaries {{(pid=108167) _merge_candidates /opt/stack/placement/placement/objects/allocation_candidate.py:809}}
Aug 20 07:20:22.138753 n-d-852275-2 devstack@placement-api.service[108167]: INFO placement.requestlog [req-3de8d778-8f85-4706-98d2-21b1b4e66c38 req-d1f40e2b-f76e-4ad0-ab12-8c852e87e0ee service placement] 10.222.0.26 "GET /placement/allocation_candidates?limit=1000&resources=DISK_GB%3A1%2CMEMORY_MB%3A512%2CVCPU%3A1&root_required=%21COMPUTE_STATUS_DISABLED" status: 200 len: 1307 microversion: 1.36
Aug 20 07:20:22.139525 n-d-852275-2 devstack@placement-api.service[108167]: [pid: 108167|app: 0|req: 105/207] 10.222.0.26 () {60 vars in 1504 bytes} [Sat Aug 20 07:20:22 2022] GET /placement/allocation_candidates?limit=1000&resources=DISK_GB%3A1%2CMEMORY_MB%3A512%2CVCPU%3A1&root_required=%21COMPUTE_STATUS_DISABLED => generated 1307 bytes in 108 msecs (HTTP/1.1 200) 8 headers in 297 bytes (1 switches on core 0)
