Aug 20 07:43:55.057919 n-d-852275-2 devstack@placement-api.service[108168]: DEBUG placement.requestlog [None req-f67d32b9-e7b0-4db4-9de6-8dd3fd369e59 None None] Starting request: 10.222.0.26 "DELETE /placement/resource_providers/4a219901-8f97-43a0-976e-fc653753c4ea" {{(pid=108168) __call__ /opt/stack/placement/placement/requestlog.py:55}}
Aug 20 07:43:55.069733 n-d-852275-2 devstack@placement-api.service[108168]: DEBUG placement.wsgi_wrapper [None req-f67d32b9-e7b0-4db4-9de6-8dd3fd369e59 service placement] Placement API returning an error response: No resource provider with uuid 4a219901-8f97-43a0-976e-fc653753c4ea found for delete {{(pid=108168) call_func /opt/stack/placement/placement/wsgi_wrapper.py:31}}
Aug 20 07:43:55.073190 n-d-852275-2 devstack@placement-api.service[108168]: INFO placement.requestlog [None req-f67d32b9-e7b0-4db4-9de6-8dd3fd369e59 service placement] 10.222.0.26 "DELETE /placement/resource_providers/4a219901-8f97-43a0-976e-fc653753c4ea" status: 404 len: 246 microversion: 1.1
Aug 20 07:43:55.073190 n-d-852275-2 devstack@placement-api.service[108168]: [pid: 108168|app: 0|req: 564/1109] 10.222.0.26 () {60 vars in 1351 bytes} [Sat Aug 20 07:43:55 2022] DELETE /placement/resource_providers/4a219901-8f97-43a0-976e-fc653753c4ea => generated 246 bytes in 16 msecs (HTTP/1.1 404) 6 headers in 231 bytes (1 switches on core 0)
Aug 20 07:43:57.088893 n-d-852275-2 devstack@placement-api.service[108167]: DEBUG placement.requestlog [None req-30994be3-898e-4a58-b208-d15466d51fa6 None None] Starting request: 10.222.0.26 "GET /placement/resource_providers/ed7e8d5f-7735-4b51-b22f-2db9bdf38dbc/aggregates" {{(pid=108167) __call__ /opt/stack/placement/placement/requestlog.py:55}}
Aug 20 07:43:57.114873 n-d-852275-2 devstack@placement-api.service[108167]: INFO placement.requestlog [None req-30994be3-898e-4a58-b208-d15466d51fa6 service placement] 10.222.0.26 "GET /placement/resource_providers/ed7e8d5f-7735-4b51-b22f-2db9bdf38dbc/aggregates" status: 404 len: 235 microversion: 1.1
Aug 20 07:43:57.115410 n-d-852275-2 devstack@placement-api.service[108167]: [pid: 108167|app: 0|req: 546/1110] 10.222.0.26 () {58 vars in 1362 bytes} [Sat Aug 20 07:43:57 2022] GET /placement/resource_providers/ed7e8d5f-7735-4b51-b22f-2db9bdf38dbc/aggregates => generated 235 bytes in 27 msecs (HTTP/1.1 404) 5 headers in 202 bytes (1 switches on core 0)
Aug 20 07:43:57.120387 n-d-852275-2 devstack@placement-api.service[108168]: DEBUG placement.requestlog [req-acf78c52-adb3-4768-89c6-7048665bd89c req-5b65ff9d-420f-4100-8636-1e844518487d None None] Starting request: 10.222.0.45 "DELETE /placement/allocations/a5a1e7b3-23af-4d81-aa81-76fed2837bc8" {{(pid=108168) __call__ /opt/stack/placement/placement/requestlog.py:55}}
Aug 20 07:43:57.133716 n-d-852275-2 devstack@placement-api.service[108167]: DEBUG placement.requestlog [None req-a24f3210-5755-42b9-822b-e7e1181c6c31 None None] Starting request: 10.222.0.26 "DELETE /placement/resource_providers/ed7e8d5f-7735-4b51-b22f-2db9bdf38dbc" {{(pid=108167) __call__ /opt/stack/placement/placement/requestlog.py:55}}
Aug 20 07:43:57.146603 n-d-852275-2 devstack@placement-api.service[108167]: DEBUG placement.wsgi_wrapper [None req-a24f3210-5755-42b9-822b-e7e1181c6c31 service placement] Placement API returning an error response: No resource provider with uuid ed7e8d5f-7735-4b51-b22f-2db9bdf38dbc found for delete {{(pid=108167) call_func /opt/stack/placement/placement/wsgi_wrapper.py:31}}
Aug 20 07:43:57.147694 n-d-852275-2 devstack@placement-api.service[108167]: INFO placement.requestlog [None req-a24f3210-5755-42b9-822b-e7e1181c6c31 service placement] 10.222.0.26 "DELETE /placement/resource_providers/ed7e8d5f-7735-4b51-b22f-2db9bdf38dbc" status: 404 len: 246 microversion: 1.1
Aug 20 07:43:57.148666 n-d-852275-2 devstack@placement-api.service[108167]: [pid: 108167|app: 0|req: 547/1111] 10.222.0.26 () {60 vars in 1351 bytes} [Sat Aug 20 07:43:57 2022] DELETE /placement/resource_providers/ed7e8d5f-7735-4b51-b22f-2db9bdf38dbc => generated 246 bytes in 17 msecs (HTTP/1.1 404) 6 headers in 231 bytes (1 switches on core 0)
Aug 20 07:43:57.297367 n-d-852275-2 devstack@placement-api.service[108168]: DEBUG placement.handlers.allocation [req-acf78c52-adb3-4768-89c6-7048665bd89c req-5b65ff9d-420f-4100-8636-1e844518487d service placement] Successfully deleted allocations [, ] {{(pid=108168) delete_allocations /opt/stack/placement/placement/handlers/allocation.py:627}}
Aug 20 07:43:57.297863 n-d-852275-2 devstack@placement-api.service[108168]: INFO placement.requestlog [req-acf78c52-adb3-4768-89c6-7048665bd89c req-5b65ff9d-420f-4100-8636-1e844518487d service placement] 10.222.0.45 "DELETE /placement/allocations/a5a1e7b3-23af-4d81-aa81-76fed2837bc8" status: 204 len: 0 microversion: 1.0
Aug 20 07:43:57.298245 n-d-852275-2 devstack@placement-api.service[108168]: [pid: 108168|app: 0|req: 565/1112] 10.222.0.45 () {60 vars in 1355 bytes} [Sat Aug 20 07:43:57 2022] DELETE /placement/allocations/a5a1e7b3-23af-4d81-aa81-76fed2837bc8 => generated 0 bytes in 178 msecs (HTTP/1.1 204) 5 headers in 198 bytes (1 switches on core 0)
Aug 20 07:44:04.876925 n-d-852275-2 devstack@placement-api.service[108167]: DEBUG placement.requestlog [None req-554cade4-2474-4867-855e-041c09d38240 None None] Starting request: 10.222.0.26 "GET /placement/resource_providers/f67cf6ed-34e4-49f8-929c-da38b8128cf7/aggregates" {{(pid=108167) __call__ /opt/stack/placement/placement/requestlog.py:55}}
Aug 20 07:44:04.909962 n-d-852275-2 devstack@placement-api.service[108167]: INFO placement.requestlog [None req-554cade4-2474-4867-855e-041c09d38240 service placement] 10.222.0.26 "GET /placement/resource_providers/f67cf6ed-34e4-49f8-929c-da38b8128cf7/aggregates" status: 404 len: 235 microversion: 1.1
Aug 20 07:44:04.910795 n-d-852275-2 devstack@placement-api.service[108167]: [pid: 108167|app: 0|req: 548/1113] 10.222.0.26 () {58 vars in 1362 bytes} [Sat Aug 20 07:44:04 2022] GET /placement/resource_providers/f67cf6ed-34e4-49f8-929c-da38b8128cf7/aggregates => generated 235 bytes in 34 msecs (HTTP/1.1 404) 5 headers in 202 bytes (1 switches on core 0)
Aug 20 07:44:04.953186 n-d-852275-2 devstack@placement-api.service[108168]: DEBUG placement.requestlog [None req-9121981d-61e0-41cf-a66a-325f9632455f None None] Starting request: 10.222.0.26 "DELETE /placement/resource_providers/f67cf6ed-34e4-49f8-929c-da38b8128cf7" {{(pid=108168) __call__ /opt/stack/placement/placement/requestlog.py:55}}
Aug 20 07:44:04.969339 n-d-852275-2 devstack@placement-api.service[108168]: DEBUG placement.wsgi_wrapper [None req-9121981d-61e0-41cf-a66a-325f9632455f service placement] Placement API returning an error response: No resource provider with uuid f67cf6ed-34e4-49f8-929c-da38b8128cf7 found for delete {{(pid=108168) call_func /opt/stack/placement/placement/wsgi_wrapper.py:31}}
Aug 20 07:44:04.971451 n-d-852275-2 devstack@placement-api.service[108168]: INFO placement.requestlog [None req-9121981d-61e0-41cf-a66a-325f9632455f service placement] 10.222.0.26 "DELETE /placement/resource_providers/f67cf6ed-34e4-49f8-929c-da38b8128cf7" status: 404 len: 246 microversion: 1.1
Aug 20 07:44:04.973716 n-d-852275-2 devstack@placement-api.service[108168]: [pid: 108168|app: 0|req: 566/1114] 10.222.0.26 () {60 vars in 1351 bytes} [Sat Aug 20 07:44:04 2022] DELETE /placement/resource_providers/f67cf6ed-34e4-49f8-929c-da38b8128cf7 => generated 246 bytes in 20 msecs (HTTP/1.1 404) 6 headers in 231 bytes (1 switches on core 0)
Aug 20 07:44:05.721682 n-d-852275-2 devstack@placement-api.service[108167]: DEBUG placement.requestlog [None req-263ca0a5-1b89-43e4-93ec-459e97407318 None None] Starting request: 10.222.0.26 "GET /placement/resource_providers/61bac415-1299-4da9-a2e6-07129cac7917/aggregates" {{(pid=108167) __call__ /opt/stack/placement/placement/requestlog.py:55}}
Aug 20 07:44:05.766539 n-d-852275-2 devstack@placement-api.service[108167]: INFO placement.requestlog [None req-263ca0a5-1b89-43e4-93ec-459e97407318 service placement] 10.222.0.26 "GET /placement/resource_providers/61bac415-1299-4da9-a2e6-07129cac7917/aggregates" status: 404 len: 235 microversion: 1.1
Aug 20 07:44:05.769696 n-d-852275-2 devstack@placement-api.service[108167]: [pid: 108167|app: 0|req: 549/1115] 10.222.0.26 () {58 vars in 1362 bytes} [Sat Aug 20 07:44:05 2022] GET /placement/resource_providers/61bac415-1299-4da9-a2e6-07129cac7917/aggregates => generated 235 bytes in 49 msecs (HTTP/1.1 404) 5 headers in 202 bytes (1 switches on core 0)
Aug 20 07:44:05.882177 n-d-852275-2 devstack@placement-api.service[108168]: DEBUG placement.requestlog [None req-7d091347-23d6-4551-ab65-b1f1dbe32595 None None] Starting request: 10.222.0.26 "DELETE /placement/resource_providers/61bac415-1299-4da9-a2e6-07129cac7917" {{(pid=108168) __call__ /opt/stack/placement/placement/requestlog.py:55}}
Aug 20 07:44:05.897492 n-d-852275-2 devstack@placement-api.service[108168]: DEBUG placement.wsgi_wrapper [None req-7d091347-23d6-4551-ab65-b1f1dbe32595 service placement] Placement API returning an error response: No resource provider with uuid 61bac415-1299-4da9-a2e6-07129cac7917 found for delete {{(pid=108168) call_func /opt/stack/placement/placement/wsgi_wrapper.py:31}}
Aug 20 07:44:05.898513 n-d-852275-2 devstack@placement-api.service[108168]: INFO placement.requestlog [None req-7d091347-23d6-4551-ab65-b1f1dbe32595 service placement] 10.222.0.26 "DELETE /placement/resource_providers/61bac415-1299-4da9-a2e6-07129cac7917" status: 404 len: 246 microversion: 1.1
Aug 20 07:44:05.901380 n-d-852275-2 devstack@placement-api.service[108168]: [pid: 108168|app: 0|req: 567/1116] 10.222.0.26 () {60 vars in 1351 bytes} [Sat Aug 20 07:44:05 2022] DELETE /placement/resource_providers/61bac415-1299-4da9-a2e6-07129cac7917 => generated 246 bytes in 19 msecs (HTTP/1.1 404) 6 headers in 231 bytes (1 switches on core 0)
Aug 20 07:44:07.144144 n-d-852275-2 devstack@placement-api.service[108167]: DEBUG placement.requestlog [req-9517a7e3-ce1f-4089-be46-d5a05b55b034 req-35dea850-9496-45e3-b99a-7424f000604b None None] Starting request: 10.222.0.45 "DELETE /placement/allocations/17e1154d-7b03-442f-9d39-15b812d9e3b9" {{(pid=108167) __call__ /opt/stack/placement/placement/requestlog.py:55}}
Aug 20 07:44:07.338110 n-d-852275-2 devstack@placement-api.service[108167]: DEBUG placement.handlers.allocation [req-9517a7e3-ce1f-4089-be46-d5a05b55b034 req-35dea850-9496-45e3-b99a-7424f000604b service placement] Successfully deleted allocations [, , ] {{(pid=108167) delete_allocations /opt/stack/placement/placement/handlers/allocation.py:627}}
Aug 20 07:44:07.338901 n-d-852275-2 devstack@placement-api.service[108167]: INFO placement.requestlog [req-9517a7e3-ce1f-4089-be46-d5a05b55b034 req-35dea850-9496-45e3-b99a-7424f000604b service placement] 10.222.0.45 "DELETE /placement/allocations/17e1154d-7b03-442f-9d39-15b812d9e3b9" status: 204 len: 0 microversion: 1.0
Aug 20 07:44:07.344436 n-d-852275-2 devstack@placement-api.service[108167]: [pid: 108167|app: 0|req: 550/1117] 10.222.0.45 () {60 vars in 1355 bytes} [Sat Aug 20 07:44:07 2022] DELETE /placement/allocations/17e1154d-7b03-442f-9d39-15b812d9e3b9 => generated 0 bytes in 200 msecs (HTTP/1.1 204) 5 headers in 198 bytes (1 switches on core 0)
Aug 20 07:44:10.420846 n-d-852275-2 devstack@placement-api.service[108168]: DEBUG placement.requestlog [None req-e745fa5a-7f2d-4c96-8702-a050ef296f9d None None] Starting request: 10.222.0.26 "GET /placement/resource_providers/de901bdf-024a-4f13-bf4b-bc071c32d97a/aggregates" {{(pid=108168) __call__ /opt/stack/placement/placement/requestlog.py:55}}
Aug 20 07:44:10.429102 n-d-852275-2 devstack@placement-api.service[108168]: DEBUG dbcounter [-] [108168] Writing DB stats placement:SELECT=53,placement:INSERT=6,placement:DELETE=4,placement:UPDATE=2 {{(pid=108168) stat_writer /usr/local/lib/python3.8/dist-packages/dbcounter.py:114}}
Aug 20 07:44:10.436967 n-d-852275-2 devstack@placement-api.service[108168]: INFO placement.requestlog [None req-e745fa5a-7f2d-4c96-8702-a050ef296f9d service placement] 10.222.0.26 "GET /placement/resource_providers/de901bdf-024a-4f13-bf4b-bc071c32d97a/aggregates" status: 404 len: 235 microversion: 1.1
Aug 20 07:44:10.439066 n-d-852275-2 devstack@placement-api.service[108168]: [pid: 108168|app: 0|req: 568/1118] 10.222.0.26 () {58 vars in 1362 bytes} [Sat Aug 20 07:44:10 2022] GET /placement/resource_providers/de901bdf-024a-4f13-bf4b-bc071c32d97a/aggregates => generated 235 bytes in 19 msecs (HTTP/1.1 404) 5 headers in 202 bytes (1 switches on core 0)
Aug 20 07:44:10.458047 n-d-852275-2 devstack@placement-api.service[108167]: DEBUG placement.requestlog [None req-f158aff9-1fce-41c4-8a96-7b899e775daa None None] Starting request: 10.222.0.26 "DELETE /placement/resource_providers/de901bdf-024a-4f13-bf4b-bc071c32d97a" {{(pid=108167) __call__ /opt/stack/placement/placement/requestlog.py:55}}
Aug 20 07:44:10.469777 n-d-852275-2 devstack@placement-api.service[108167]: DEBUG dbcounter [-] [108167] Writing DB stats placement:SELECT=35,placement:DELETE=4 {{(pid=108167) stat_writer /usr/local/lib/python3.8/dist-packages/dbcounter.py:114}}
Aug 20 07:44:10.477547 n-d-852275-2 devstack@placement-api.service[108167]: DEBUG placement.wsgi_wrapper [None req-f158aff9-1fce-41c4-8a96-7b899e775daa service placement] Placement API returning an error response: No resource provider with uuid de901bdf-024a-4f13-bf4b-bc071c32d97a found for delete {{(pid=108167) call_func /opt/stack/placement/placement/wsgi_wrapper.py:31}}
Aug 20 07:44:10.480153 n-d-852275-2 devstack@placement-api.service[108167]: INFO placement.requestlog [None req-f158aff9-1fce-41c4-8a96-7b899e775daa service placement] 10.222.0.26 "DELETE /placement/resource_providers/de901bdf-024a-4f13-bf4b-bc071c32d97a" status: 404 len: 246 microversion: 1.1
Aug 20 07:44:10.480153 n-d-852275-2 devstack@placement-api.service[108167]: [pid: 108167|app: 0|req: 551/1119] 10.222.0.26 () {60 vars in 1351 bytes} [Sat Aug 20 07:44:10 2022] DELETE /placement/resource_providers/de901bdf-024a-4f13-bf4b-bc071c32d97a => generated 246 bytes in 21 msecs (HTTP/1.1 404) 6 headers in 231 bytes (1 switches on core 0)
Aug 20 07:44:20.017621 n-d-852275-2 devstack@placement-api.service[108168]: DEBUG placement.requestlog [None req-de3568ad-ac93-4ad6-a63e-669e72d15247 None None] Starting request: 10.222.0.26 "GET /placement/resource_providers/0141fedc-0f6f-4968-9e24-aa789a5e36c4/aggregates" {{(pid=108168) __call__ /opt/stack/placement/placement/requestlog.py:55}}
Aug 20 07:44:20.028291 n-d-852275-2 devstack@placement-api.service[108168]: INFO placement.requestlog [None req-de3568ad-ac93-4ad6-a63e-669e72d15247 service placement] 10.222.0.26 "GET /placement/resource_providers/0141fedc-0f6f-4968-9e24-aa789a5e36c4/aggregates" status: 404 len: 235 microversion: 1.1
Aug 20 07:44:20.028901 n-d-852275-2 devstack@placement-api.service[108168]: [pid: 108168|app: 0|req: 569/1120] 10.222.0.26 () {58 vars in 1362 bytes} [Sat Aug 20 07:44:20 2022] GET /placement/resource_providers/0141fedc-0f6f-4968-9e24-aa789a5e36c4/aggregates => generated 235 bytes in 11 msecs (HTTP/1.1 404) 5 headers in 202 bytes (1 switches on core 0)
Aug 20 07:44:20.041950 n-d-852275-2 devstack@placement-api.service[108167]: DEBUG placement.requestlog [None req-b7f90b73-d155-40c2-9017-e2a7351c38b6 None None] Starting request: 10.222.0.26 "DELETE /placement/resource_providers/0141fedc-0f6f-4968-9e24-aa789a5e36c4" {{(pid=108167) __call__ /opt/stack/placement/placement/requestlog.py:55}}
Aug 20 07:44:20.055830 n-d-852275-2 devstack@placement-api.service[108167]: DEBUG placement.wsgi_wrapper [None req-b7f90b73-d155-40c2-9017-e2a7351c38b6 service placement] Placement API returning an error response: No resource provider with uuid 0141fedc-0f6f-4968-9e24-aa789a5e36c4 found for delete {{(pid=108167) call_func /opt/stack/placement/placement/wsgi_wrapper.py:31}}
Aug 20 07:44:20.057978 n-d-852275-2 devstack@placement-api.service[108167]: INFO placement.requestlog [None req-b7f90b73-d155-40c2-9017-e2a7351c38b6 service placement] 10.222.0.26 "DELETE /placement/resource_providers/0141fedc-0f6f-4968-9e24-aa789a5e36c4" status: 404 len: 246 microversion: 1.1
Aug 20 07:44:20.059174 n-d-852275-2 devstack@placement-api.service[108167]: [pid: 108167|app: 0|req: 552/1121] 10.222.0.26 () {60 vars in 1351 bytes} [Sat Aug 20 07:44:20 2022] DELETE /placement/resource_providers/0141fedc-0f6f-4968-9e24-aa789a5e36c4 => generated 246 bytes in 18 msecs (HTTP/1.1 404) 6 headers in 231 bytes (1 switches on core 0)
Aug 20 07:44:24.047802 n-d-852275-2 devstack@placement-api.service[108168]: DEBUG placement.requestlog [None req-83510268-acac-47e9-82aa-0351327ff685 None None] Starting request: 10.222.0.26 "GET /placement/resource_providers/18b09688-334a-43c2-afea-4fa25f0805b5/aggregates" {{(pid=108168) __call__ /opt/stack/placement/placement/requestlog.py:55}}
Aug 20 07:44:24.063115 n-d-852275-2 devstack@placement-api.service[108168]: INFO placement.requestlog [None req-83510268-acac-47e9-82aa-0351327ff685 service placement] 10.222.0.26 "GET /placement/resource_providers/18b09688-334a-43c2-afea-4fa25f0805b5/aggregates" status: 404 len: 235 microversion: 1.1
Aug 20 07:44:24.063519 n-d-852275-2 devstack@placement-api.service[108168]: [pid: 108168|app: 0|req: 570/1122] 10.222.0.26 () {58 vars in 1362 bytes} [Sat Aug 20 07:44:24 2022] GET /placement/resource_providers/18b09688-334a-43c2-afea-4fa25f0805b5/aggregates => generated 235 bytes in 17 msecs (HTTP/1.1 404) 5 headers in 202 bytes (1 switches on core 0)
Aug 20 07:44:24.076807 n-d-852275-2 devstack@placement-api.service[108167]: DEBUG placement.requestlog [None req-c8ec1515-0c0d-43dd-a493-65373b6aa37e None None] Starting request: 10.222.0.26 "DELETE /placement/resource_providers/18b09688-334a-43c2-afea-4fa25f0805b5" {{(pid=108167) __call__ /opt/stack/placement/placement/requestlog.py:55}}
Aug 20 07:44:24.087375 n-d-852275-2 devstack@placement-api.service[108167]: DEBUG placement.wsgi_wrapper [None req-c8ec1515-0c0d-43dd-a493-65373b6aa37e service placement] Placement API returning an error response: No resource provider with uuid 18b09688-334a-43c2-afea-4fa25f0805b5 found for delete {{(pid=108167) call_func /opt/stack/placement/placement/wsgi_wrapper.py:31}}
Aug 20 07:44:24.088131 n-d-852275-2 devstack@placement-api.service[108167]: INFO placement.requestlog [None req-c8ec1515-0c0d-43dd-a493-65373b6aa37e service placement] 10.222.0.26 "DELETE /placement/resource_providers/18b09688-334a-43c2-afea-4fa25f0805b5" status: 404 len: 246 microversion: 1.1
Aug 20 07:44:24.088927 n-d-852275-2 devstack@placement-api.service[108167]: [pid: 108167|app: 0|req: 553/1123] 10.222.0.26 () {60 vars in 1351 bytes} [Sat Aug 20 07:44:24 2022] DELETE /placement/resource_providers/18b09688-334a-43c2-afea-4fa25f0805b5 => generated 246 bytes in 13 msecs (HTTP/1.1 404) 6 headers in 231 bytes (1 switches on core 0)
Aug 20 07:44:29.224703 n-d-852275-2 devstack@placement-api.service[108168]: DEBUG placement.requestlog [None req-47c421e9-b332-4a1a-9cd4-d68b542cb7fd None None] Starting request: 10.222.0.26 "GET /placement/resource_providers/7b88a545-6380-4063-83c2-fc9447feea04/aggregates" {{(pid=108168) __call__ /opt/stack/placement/placement/requestlog.py:55}}
Aug 20 07:44:29.235413 n-d-852275-2 devstack@placement-api.service[108168]: INFO placement.requestlog [None req-47c421e9-b332-4a1a-9cd4-d68b542cb7fd service placement] 10.222.0.26 "GET /placement/resource_providers/7b88a545-6380-4063-83c2-fc9447feea04/aggregates" status: 404 len: 235 microversion: 1.1
Aug 20 07:44:29.236042 n-d-852275-2 devstack@placement-api.service[108168]: [pid: 108168|app: 0|req: 571/1124] 10.222.0.26 () {58 vars in 1362 bytes} [Sat Aug 20 07:44:29 2022] GET /placement/resource_providers/7b88a545-6380-4063-83c2-fc9447feea04/aggregates => generated 235 bytes in 12 msecs (HTTP/1.1 404) 5 headers in 202 bytes (1 switches on core 0)
Aug 20 07:44:29.272787 n-d-852275-2 devstack@placement-api.service[108167]: DEBUG placement.requestlog [None req-1324e9ad-276b-406e-a0d3-3c2da78fe93c None None] Starting request: 10.222.0.26 "DELETE /placement/resource_providers/7b88a545-6380-4063-83c2-fc9447feea04" {{(pid=108167) __call__ /opt/stack/placement/placement/requestlog.py:55}}
Aug 20 07:44:29.283222 n-d-852275-2 devstack@placement-api.service[108167]: DEBUG placement.wsgi_wrapper [None req-1324e9ad-276b-406e-a0d3-3c2da78fe93c service placement] Placement API returning an error response: No resource provider with uuid 7b88a545-6380-4063-83c2-fc9447feea04 found for delete {{(pid=108167) call_func /opt/stack/placement/placement/wsgi_wrapper.py:31}}
Aug 20 07:44:29.284063 n-d-852275-2 devstack@placement-api.service[108167]: INFO placement.requestlog [None req-1324e9ad-276b-406e-a0d3-3c2da78fe93c service placement] 10.222.0.26 "DELETE /placement/resource_providers/7b88a545-6380-4063-83c2-fc9447feea04" status: 404 len: 246 microversion: 1.1
Aug 20 07:44:29.284662 n-d-852275-2 devstack@placement-api.service[108167]: [pid: 108167|app: 0|req: 554/1125] 10.222.0.26 () {60 vars in 1351 bytes} [Sat Aug 20 07:44:29 2022] DELETE /placement/resource_providers/7b88a545-6380-4063-83c2-fc9447feea04 => generated 246 bytes in 12 msecs (HTTP/1.1 404) 6 headers in 231 bytes (1 switches on core 0)
Aug 20 07:44:31.616955 n-d-852275-2 devstack@placement-api.service[108168]: DEBUG placement.requestlog [req-801ffab8-aa7a-411a-8dfe-39f8733aefe1 req-f353c577-48d5-461a-b8ec-1d36add4724b None None] Starting request: 10.222.0.30 "DELETE /placement/allocations/c4b0725e-468c-4e6c-a4ca-3942b705f901" {{(pid=108168) __call__ /opt/stack/placement/placement/requestlog.py:55}}
Aug 20 07:44:31.788213 n-d-852275-2 devstack@placement-api.service[108168]: DEBUG placement.handlers.allocation [req-801ffab8-aa7a-411a-8dfe-39f8733aefe1 req-f353c577-48d5-461a-b8ec-1d36add4724b service placement] Successfully deleted allocations [, , ] {{(pid=108168) delete_allocations /opt/stack/placement/placement/handlers/allocation.py:627}}
Aug 20 07:44:31.792267 n-d-852275-2 devstack@placement-api.service[108168]: INFO placement.requestlog [req-801ffab8-aa7a-411a-8dfe-39f8733aefe1 req-f353c577-48d5-461a-b8ec-1d36add4724b service placement] 10.222.0.30 "DELETE /placement/allocations/c4b0725e-468c-4e6c-a4ca-3942b705f901" status: 204 len: 0 microversion: 1.0
Aug 20 07:44:31.792716 n-d-852275-2 devstack@placement-api.service[108168]: [pid: 108168|app: 0|req: 572/1126] 10.222.0.30 () {60 vars in 1355 bytes} [Sat Aug 20 07:44:31 2022] DELETE /placement/allocations/c4b0725e-468c-4e6c-a4ca-3942b705f901 => generated 0 bytes in 176 msecs (HTTP/1.1 204) 5 headers in 198 bytes (1 switches on core 0)
Aug 20 07:44:38.755409 n-d-852275-2 devstack@placement-api.service[108167]: DEBUG placement.requestlog [None req-241fd92e-5ad8-493c-aba4-7e23246c8ac7 None None] Starting request: 10.222.0.26 "GET /placement/resource_providers/a53bab18-598e-4ff1-9db2-e83b00322b53/aggregates" {{(pid=108167) __call__ /opt/stack/placement/placement/requestlog.py:55}}
Aug 20 07:44:38.767874 n-d-852275-2 devstack@placement-api.service[108167]: INFO placement.requestlog [None req-241fd92e-5ad8-493c-aba4-7e23246c8ac7 service placement] 10.222.0.26 "GET /placement/resource_providers/a53bab18-598e-4ff1-9db2-e83b00322b53/aggregates" status: 404 len: 235 microversion: 1.1
Aug 20 07:44:38.778341 n-d-852275-2 devstack@placement-api.service[108167]: [pid: 108167|app: 0|req: 555/1127] 10.222.0.26 () {58 vars in 1362 bytes} [Sat Aug 20 07:44:38 2022] GET /placement/resource_providers/a53bab18-598e-4ff1-9db2-e83b00322b53/aggregates => generated 235 bytes in 19 msecs (HTTP/1.1 404) 5 headers in 202 bytes (1 switches on core 0)
Aug 20 07:44:38.792680 n-d-852275-2 devstack@placement-api.service[108168]: DEBUG placement.requestlog [None req-a2d3c259-b85c-4f5b-a8b5-ea68d508b8ea None None] Starting request: 10.222.0.26 "DELETE /placement/resource_providers/a53bab18-598e-4ff1-9db2-e83b00322b53" {{(pid=108168) __call__ /opt/stack/placement/placement/requestlog.py:55}}
Aug 20 07:44:38.807952 n-d-852275-2 devstack@placement-api.service[108168]: DEBUG placement.wsgi_wrapper [None req-a2d3c259-b85c-4f5b-a8b5-ea68d508b8ea service placement] Placement API returning an error response: No resource provider with uuid a53bab18-598e-4ff1-9db2-e83b00322b53 found for delete {{(pid=108168) call_func /opt/stack/placement/placement/wsgi_wrapper.py:31}}
Aug 20 07:44:38.823439 n-d-852275-2 devstack@placement-api.service[108168]: INFO placement.requestlog [None req-a2d3c259-b85c-4f5b-a8b5-ea68d508b8ea service placement] 10.222.0.26 "DELETE /placement/resource_providers/a53bab18-598e-4ff1-9db2-e83b00322b53" status: 404 len: 246 microversion: 1.1
Aug 20 07:44:38.823439 n-d-852275-2 devstack@placement-api.service[108168]: [pid: 108168|app: 0|req: 573/1128] 10.222.0.26 () {60 vars in 1351 bytes} [Sat Aug 20 07:44:38 2022] DELETE /placement/resource_providers/a53bab18-598e-4ff1-9db2-e83b00322b53 => generated 246 bytes in 17 msecs (HTTP/1.1 404) 6 headers in 231 bytes (1 switches on core 0)
Aug 20 07:44:43.541740 n-d-852275-2 devstack@placement-api.service[108167]: DEBUG placement.requestlog [None req-feb26c8a-bb4b-4f7d-92aa-f89944e03375 None None] Starting request: 10.222.0.26 "GET /placement/resource_providers/37540829-7b15-4973-a034-f3d259651c57/aggregates" {{(pid=108167) __call__ /opt/stack/placement/placement/requestlog.py:55}}
Aug 20 07:44:43.550921 n-d-852275-2 devstack@placement-api.service[108167]: DEBUG dbcounter [-] [108167] Writing DB stats placement:SELECT=10 {{(pid=108167) stat_writer /usr/local/lib/python3.8/dist-packages/dbcounter.py:114}}
Aug 20 07:44:43.568786 n-d-852275-2 devstack@placement-api.service[108167]: INFO placement.requestlog [None req-feb26c8a-bb4b-4f7d-92aa-f89944e03375 service placement] 10.222.0.26 "GET /placement/resource_providers/37540829-7b15-4973-a034-f3d259651c57/aggregates" status: 404 len: 235 microversion: 1.1
Aug 20 07:44:43.568786 n-d-852275-2 devstack@placement-api.service[108167]: [pid: 108167|app: 0|req: 556/1129] 10.222.0.26 () {58 vars in 1362 bytes} [Sat Aug 20 07:44:43 2022] GET /placement/resource_providers/37540829-7b15-4973-a034-f3d259651c57/aggregates => generated 235 bytes in 26 msecs (HTTP/1.1 404) 5 headers in 202 bytes (1 switches on core 0)
Aug 20 07:44:43.612776 n-d-852275-2 devstack@placement-api.service[108168]: DEBUG placement.requestlog [None req-febeb3f8-dec7-4103-ae2c-1b0afa9f2302 None None] Starting request: 10.222.0.26 "DELETE /placement/resource_providers/37540829-7b15-4973-a034-f3d259651c57" {{(pid=108168) __call__ /opt/stack/placement/placement/requestlog.py:55}}
Aug 20 07:44:43.623489 n-d-852275-2 devstack@placement-api.service[108168]: DEBUG dbcounter [-] [108168] Writing DB stats placement:SELECT=17,placement:DELETE=2 {{(pid=108168) stat_writer /usr/local/lib/python3.8/dist-packages/dbcounter.py:114}}
Aug 20 07:44:43.630132 n-d-852275-2 devstack@placement-api.service[108167]: DEBUG placement.requestlog [req-04d0bf2c-4a82-48e3-ad6e-4419a15351d1 req-c08f4e4e-7bec-4d74-9d5d-d2e751eec66c None None] Starting request: 10.222.0.45 "DELETE /placement/allocations/34b0bd15-bc13-4723-b134-be943b9d2d19" {{(pid=108167) __call__ /opt/stack/placement/placement/requestlog.py:55}}
Aug 20 07:44:43.644701 n-d-852275-2 devstack@placement-api.service[108168]: DEBUG placement.wsgi_wrapper [None req-febeb3f8-dec7-4103-ae2c-1b0afa9f2302 service placement] Placement API returning an error response: No resource provider with uuid 37540829-7b15-4973-a034-f3d259651c57 found for delete {{(pid=108168) call_func /opt/stack/placement/placement/wsgi_wrapper.py:31}}
Aug 20 07:44:43.648331 n-d-852275-2 devstack@placement-api.service[108168]: INFO placement.requestlog [None req-febeb3f8-dec7-4103-ae2c-1b0afa9f2302 service placement] 10.222.0.26 "DELETE /placement/resource_providers/37540829-7b15-4973-a034-f3d259651c57" status: 404 len: 246 microversion: 1.1
Aug 20 07:44:43.651644 n-d-852275-2 devstack@placement-api.service[108168]: [pid: 108168|app: 0|req: 574/1130] 10.222.0.26 () {60 vars in 1351 bytes} [Sat Aug 20 07:44:43 2022] DELETE /placement/resource_providers/37540829-7b15-4973-a034-f3d259651c57 => generated 246 bytes in 39 msecs (HTTP/1.1 404) 6 headers in 231 bytes (1 switches on core 0)
Aug 20 07:44:43.942460 n-d-852275-2 devstack@placement-api.service[108167]: DEBUG placement.handlers.allocation [req-04d0bf2c-4a82-48e3-ad6e-4419a15351d1 req-c08f4e4e-7bec-4d74-9d5d-d2e751eec66c service placement] Successfully deleted allocations [, , ] {{(pid=108167) delete_allocations /opt/stack/placement/placement/handlers/allocation.py:627}}
Aug 20 07:44:43.942966 n-d-852275-2 devstack@placement-api.service[108167]: INFO placement.requestlog [req-04d0bf2c-4a82-48e3-ad6e-4419a15351d1 req-c08f4e4e-7bec-4d74-9d5d-d2e751eec66c service placement] 10.222.0.45 "DELETE /placement/allocations/34b0bd15-bc13-4723-b134-be943b9d2d19" status: 204 len: 0 microversion: 1.0
Aug 20 07:44:43.943628 n-d-852275-2 devstack@placement-api.service[108167]: [pid: 108167|app: 0|req: 557/1131] 10.222.0.45 () {60 vars in 1355 bytes} [Sat Aug 20 07:44:43 2022] DELETE /placement/allocations/34b0bd15-bc13-4723-b134-be943b9d2d19 => generated 0 bytes in 315 msecs (HTTP/1.1 204) 5 headers in 198 bytes (1 switches on core 0)
Aug 20 07:44:43.983162 n-d-852275-2 devstack@placement-api.service[108168]: DEBUG placement.requestlog [req-50426688-6fac-40c0-8a25-18016f62ba66 req-8c3b17c7-1e59-404c-a6d0-2f326df13ee5 None None] Starting request: 10.222.0.30 "GET /placement/resource_providers/ec88095e-3d2a-4224-b96e-2ed8146d126e/allocations" {{(pid=108168) __call__ /opt/stack/placement/placement/requestlog.py:55}}
Aug 20 07:44:44.013667 n-d-852275-2 devstack@placement-api.service[108168]: INFO placement.requestlog [req-50426688-6fac-40c0-8a25-18016f62ba66 req-8c3b17c7-1e59-404c-a6d0-2f326df13ee5 service placement] 10.222.0.30 "GET /placement/resource_providers/ec88095e-3d2a-4224-b96e-2ed8146d126e/allocations" status: 200 len: 55 microversion: 1.0
Aug 20 07:44:44.020468 n-d-852275-2 devstack@placement-api.service[108168]: [pid: 108168|app: 0|req: 575/1132] 10.222.0.30 () {58 vars in 1390 bytes} [Sat Aug 20 07:44:43 2022] GET /placement/resource_providers/ec88095e-3d2a-4224-b96e-2ed8146d126e/allocations => generated 55 bytes in 38 msecs (HTTP/1.1 200) 6 headers in 223 bytes (1 switches on core 0)
Aug 20 07:44:46.726153 n-d-852275-2 devstack@placement-api.service[108167]: DEBUG placement.requestlog [req-0603d8a5-3463-4b99-9ba7-0bb54cf3311d req-d8181781-0174-40c7-824b-07ed179d827d None None] Starting request: 10.222.0.45 "GET /placement/resource_providers/e0037c8d-0c06-4c0e-a76b-321e0fd17831/allocations" {{(pid=108167) __call__ /opt/stack/placement/placement/requestlog.py:55}}
Aug 20 07:44:46.783435 n-d-852275-2 devstack@placement-api.service[108167]: INFO placement.requestlog [req-0603d8a5-3463-4b99-9ba7-0bb54cf3311d req-d8181781-0174-40c7-824b-07ed179d827d service placement] 10.222.0.45 "GET /placement/resource_providers/e0037c8d-0c06-4c0e-a76b-321e0fd17831/allocations" status: 200 len: 154 microversion: 1.0
Aug 20 07:44:46.785944 n-d-852275-2 devstack@placement-api.service[108167]: [pid: 108167|app: 0|req: 558/1133] 10.222.0.45 () {58 vars in 1390 bytes} [Sat Aug 20 07:44:46 2022] GET /placement/resource_providers/e0037c8d-0c06-4c0e-a76b-321e0fd17831/allocations => generated 154 bytes in 59 msecs (HTTP/1.1 200) 6 headers in 224 bytes (1 switches on core 0)
Aug 20 07:44:50.840345 n-d-852275-2 devstack@placement-api.service[108168]: DEBUG placement.requestlog [req-88aea6e7-db19-4919-9ce5-d5860b0b8c83 req-8594d83f-02ce-461b-a8e5-48161bb79123 None None] Starting request: 10.222.0.26 "GET /placement/allocation_candidates?limit=1000&resources=DISK_GB%3A1%2CMEMORY_MB%3A1024%2CVCPU%3A1&root_required=%21COMPUTE_STATUS_DISABLED" {{(pid=108168) __call__ /opt/stack/placement/placement/requestlog.py:55}}
Aug 20 07:44:51.020966 n-d-852275-2 devstack@placement-api.service[108168]: DEBUG placement.objects.research_context [req-88aea6e7-db19-4919-9ce5-d5860b0b8c83 req-8594d83f-02ce-461b-a8e5-48161bb79123 service placement] getting providers with 1 DISK_GB {{(pid=108168) __init__ /opt/stack/placement/placement/objects/research_context.py:136}}
Aug 20 07:44:51.056469 n-d-852275-2 devstack@placement-api.service[108168]: DEBUG placement.objects.research_context [req-88aea6e7-db19-4919-9ce5-d5860b0b8c83 req-8594d83f-02ce-461b-a8e5-48161bb79123 service placement] getting providers with 1024 MEMORY_MB {{(pid=108168) __init__ /opt/stack/placement/placement/objects/research_context.py:136}}
Aug 20 07:44:51.084302 n-d-852275-2 devstack@placement-api.service[108168]: DEBUG placement.objects.research_context [req-88aea6e7-db19-4919-9ce5-d5860b0b8c83 req-8594d83f-02ce-461b-a8e5-48161bb79123 service placement] getting providers with 1 VCPU {{(pid=108168) __init__ /opt/stack/placement/placement/objects/research_context.py:136}}
Aug 20 07:44:51.113942 n-d-852275-2 devstack@placement-api.service[108168]: DEBUG placement.objects.research_context [req-88aea6e7-db19-4919-9ce5-d5860b0b8c83 req-8594d83f-02ce-461b-a8e5-48161bb79123 service placement] found 2 providers with available 1 DISK_GB {{(pid=108168) get_provider_ids_matching /opt/stack/placement/placement/objects/research_context.py:563}}
Aug 20 07:44:51.123281 n-d-852275-2 devstack@placement-api.service[108168]: DEBUG placement.objects.research_context [req-88aea6e7-db19-4919-9ce5-d5860b0b8c83 req-8594d83f-02ce-461b-a8e5-48161bb79123 service placement] found 2 providers with available 1024 MEMORY_MB {{(pid=108168) get_provider_ids_matching /opt/stack/placement/placement/objects/research_context.py:563}}
Aug 20 07:44:51.123607 n-d-852275-2 devstack@placement-api.service[108168]: DEBUG placement.objects.research_context [req-88aea6e7-db19-4919-9ce5-d5860b0b8c83 req-8594d83f-02ce-461b-a8e5-48161bb79123 service placement] found 2 providers after filtering by previous result {{(pid=108168) get_provider_ids_matching /opt/stack/placement/placement/objects/research_context.py:594}}
Aug 20 07:44:51.123877 n-d-852275-2 devstack@placement-api.service[108168]: DEBUG placement.objects.research_context [req-88aea6e7-db19-4919-9ce5-d5860b0b8c83 req-8594d83f-02ce-461b-a8e5-48161bb79123 service placement] found 2 providers with available 1 VCPU {{(pid=108168) get_provider_ids_matching /opt/stack/placement/placement/objects/research_context.py:563}}
Aug 20 07:44:51.127042 n-d-852275-2 devstack@placement-api.service[108168]: DEBUG placement.objects.research_context [req-88aea6e7-db19-4919-9ce5-d5860b0b8c83 req-8594d83f-02ce-461b-a8e5-48161bb79123 service placement] found 2 providers after filtering by previous result {{(pid=108168) get_provider_ids_matching /opt/stack/placement/placement/objects/research_context.py:594}}
Aug 20 07:44:51.171595 n-d-852275-2 devstack@placement-api.service[108168]: DEBUG placement.objects.allocation_candidate [req-88aea6e7-db19-4919-9ce5-d5860b0b8c83 req-8594d83f-02ce-461b-a8e5-48161bb79123 service placement] RequestGroup(use_same_provider=False, resources={DISK_GB:1, MEMORY_MB:1024, VCPU:1}, traits=(), aggregates=[]) (suffix '') returned 2 matches {{(pid=108168) _get_by_requests /opt/stack/placement/placement/objects/allocation_candidate.py:156}}
Aug 20 07:44:51.173012 n-d-852275-2 devstack@placement-api.service[108168]: DEBUG placement.objects.allocation_candidate [req-88aea6e7-db19-4919-9ce5-d5860b0b8c83 req-8594d83f-02ce-461b-a8e5-48161bb79123 service placement] Merging candidates yields 2 allocation requests and 2 provider summaries {{(pid=108168) _merge_candidates /opt/stack/placement/placement/objects/allocation_candidate.py:809}}
Aug 20 07:44:51.177415 n-d-852275-2 devstack@placement-api.service[108168]: INFO placement.requestlog [req-88aea6e7-db19-4919-9ce5-d5860b0b8c83 req-8594d83f-02ce-461b-a8e5-48161bb79123 service placement] 10.222.0.26 "GET /placement/allocation_candidates?limit=1000&resources=DISK_GB%3A1%2CMEMORY_MB%3A1024%2CVCPU%3A1&root_required=%21COMPUTE_STATUS_DISABLED" status: 200 len: 1306 microversion: 1.36
Aug 20 07:44:51.188883 n-d-852275-2 devstack@placement-api.service[108168]: [pid: 108168|app: 0|req: 576/1134] 10.222.0.26 () {60 vars in 1506 bytes} [Sat Aug 20 07:44:50 2022] GET /placement/allocation_candidates?limit=1000&resources=DISK_GB%3A1%2CMEMORY_MB%3A1024%2CVCPU%3A1&root_required=%21COMPUTE_STATUS_DISABLED => generated 1306 bytes in 349 msecs (HTTP/1.1 200) 8 headers in 297 bytes (1 switches on core 0)
Aug 20 07:44:51.351400 n-d-852275-2 devstack@placement-api.service[108167]: DEBUG placement.requestlog [req-88aea6e7-db19-4919-9ce5-d5860b0b8c83 req-e11762e5-969a-4b01-ac6c-c6c67991280e None None] Starting request: 10.222.0.26 "GET /placement/allocations/788e9159-11a1-4979-b920-1aaf97433e0d" {{(pid=108167) __call__ /opt/stack/placement/placement/requestlog.py:55}}
Aug 20 07:44:51.377073 n-d-852275-2 devstack@placement-api.service[108167]: INFO placement.requestlog [req-88aea6e7-db19-4919-9ce5-d5860b0b8c83 req-e11762e5-969a-4b01-ac6c-c6c67991280e service placement] 10.222.0.26 "GET /placement/allocations/788e9159-11a1-4979-b920-1aaf97433e0d" status: 200 len: 19 microversion: 1.28
Aug 20 07:44:51.393900 n-d-852275-2 devstack@placement-api.service[108167]: [pid: 108167|app: 0|req: 559/1135] 10.222.0.26 () {60 vars in 1380 bytes} [Sat Aug 20 07:44:51 2022] GET /placement/allocations/788e9159-11a1-4979-b920-1aaf97433e0d => generated 19 bytes in 43 msecs (HTTP/1.1 200) 8 headers in 295 bytes (1 switches on core 0)
Aug 20 07:44:51.405738 n-d-852275-2 devstack@placement-api.service[108168]: DEBUG placement.requestlog [req-88aea6e7-db19-4919-9ce5-d5860b0b8c83 req-5497c9d4-cd3b-4a35-9cab-b8426a7a2e67 None None] Starting request: 10.222.0.26 "PUT /placement/allocations/788e9159-11a1-4979-b920-1aaf97433e0d" {{(pid=108168) __call__ /opt/stack/placement/placement/requestlog.py:55}}
Aug 20 07:44:51.720055 n-d-852275-2 devstack@placement-api.service[108168]: DEBUG placement.handlers.allocation [req-88aea6e7-db19-4919-9ce5-d5860b0b8c83 req-5497c9d4-cd3b-4a35-9cab-b8426a7a2e67 service placement] Successfully wrote allocations [, , ] {{(pid=108168) _update_consumers_and_create_allocations /opt/stack/placement/placement/handlers/allocation.py:462}}
Aug 20 07:44:51.835326 n-d-852275-2 devstack@placement-api.service[108168]: INFO placement.requestlog [req-88aea6e7-db19-4919-9ce5-d5860b0b8c83 req-5497c9d4-cd3b-4a35-9cab-b8426a7a2e67 service placement] 10.222.0.26 "PUT /placement/allocations/788e9159-11a1-4979-b920-1aaf97433e0d" status: 204 len: 0 microversion: 1.36
Aug 20 07:44:51.836517 n-d-852275-2 devstack@placement-api.service[108168]: [pid: 108168|app: 0|req: 577/1136] 10.222.0.26 () {64 vars in 1433 bytes} [Sat Aug 20 07:44:51 2022] PUT /placement/allocations/788e9159-11a1-4979-b920-1aaf97433e0d => generated 0 bytes in 436 msecs (HTTP/1.1 204) 5 headers in 199 bytes (1 switches on core 0)
Aug 20 07:44:52.015920 n-d-852275-2 devstack@placement-api.service[108167]: DEBUG placement.requestlog [None req-dbbd8bcb-8762-4f1e-91c3-dcb33788cc9b None None] Starting request: 10.222.0.26 "GET /placement/resource_providers/8cf41912-e28c-4a66-bcbe-8b156e94b608/aggregates" {{(pid=108167) __call__ /opt/stack/placement/placement/requestlog.py:55}}
Aug 20 07:44:52.032842 n-d-852275-2 devstack@placement-api.service[108167]: INFO placement.requestlog [None req-dbbd8bcb-8762-4f1e-91c3-dcb33788cc9b service placement] 10.222.0.26 "GET /placement/resource_providers/8cf41912-e28c-4a66-bcbe-8b156e94b608/aggregates" status: 404 len: 235 microversion: 1.1
Aug 20 07:44:52.033562 n-d-852275-2 devstack@placement-api.service[108167]: [pid: 108167|app: 0|req: 560/1137] 10.222.0.26 () {58 vars in 1362 bytes} [Sat Aug 20 07:44:52 2022] GET /placement/resource_providers/8cf41912-e28c-4a66-bcbe-8b156e94b608/aggregates => generated 235 bytes in 18 msecs (HTTP/1.1 404) 5 headers in 202 bytes (1 switches on core 0)
Aug 20 07:44:52.057514 n-d-852275-2 devstack@placement-api.service[108168]: DEBUG placement.requestlog [None req-3c6c5c69-fc2d-4ff1-8127-cc3a17c1cc1d None None] Starting request: 10.222.0.26 "DELETE /placement/resource_providers/8cf41912-e28c-4a66-bcbe-8b156e94b608" {{(pid=108168) __call__ /opt/stack/placement/placement/requestlog.py:55}}
Aug 20 07:44:52.070283 n-d-852275-2 devstack@placement-api.service[108168]: DEBUG placement.wsgi_wrapper [None req-3c6c5c69-fc2d-4ff1-8127-cc3a17c1cc1d service placement] Placement API returning an error response: No resource provider with uuid 8cf41912-e28c-4a66-bcbe-8b156e94b608 found for delete {{(pid=108168) call_func /opt/stack/placement/placement/wsgi_wrapper.py:31}}
Aug 20 07:44:52.071340 n-d-852275-2 devstack@placement-api.service[108168]: INFO placement.requestlog [None req-3c6c5c69-fc2d-4ff1-8127-cc3a17c1cc1d service placement] 10.222.0.26 "DELETE /placement/resource_providers/8cf41912-e28c-4a66-bcbe-8b156e94b608" status: 404 len: 246 microversion: 1.1
Aug 20 07:44:52.071876 n-d-852275-2 devstack@placement-api.service[108168]: [pid: 108168|app: 0|req: 578/1138] 10.222.0.26 () {60 vars in 1351 bytes} [Sat Aug 20 07:44:52 2022] DELETE /placement/resource_providers/8cf41912-e28c-4a66-bcbe-8b156e94b608 => generated 246 bytes in 15 msecs (HTTP/1.1 404) 6 headers in 231 bytes (1 switches on core 0)
Aug 20 07:44:53.101757 n-d-852275-2 devstack@placement-api.service[108167]: DEBUG placement.requestlog [req-955eaf69-24d3-4107-941f-a8d2161f7eca req-c6dcfa1c-6a41-4c66-949a-6bc4bd2199a9 None None] Starting request: 10.222.0.26 "GET /placement/allocation_candidates?limit=1000&resources=DISK_GB%3A1%2CMEMORY_MB%3A1024%2CVCPU%3A1&root_required=%21COMPUTE_STATUS_DISABLED" {{(pid=108167) __call__ /opt/stack/placement/placement/requestlog.py:55}}
Aug 20 07:44:53.209373 n-d-852275-2 devstack@placement-api.service[108167]: DEBUG placement.objects.research_context [req-955eaf69-24d3-4107-941f-a8d2161f7eca req-c6dcfa1c-6a41-4c66-949a-6bc4bd2199a9 service placement] getting providers with 1 DISK_GB {{(pid=108167) __init__ /opt/stack/placement/placement/objects/research_context.py:136}}
Aug 20 07:44:53.214563 n-d-852275-2 devstack@placement-api.service[108168]: DEBUG placement.requestlog [req-88aea6e7-db19-4919-9ce5-d5860b0b8c83 req-8252e18d-cca2-422b-a78c-a5450c9d5e4c None None] Starting request: 10.222.0.30 "GET /placement/allocations/788e9159-11a1-4979-b920-1aaf97433e0d" {{(pid=108168) __call__ /opt/stack/placement/placement/requestlog.py:55}}
Aug 20 07:44:53.225469 n-d-852275-2 devstack@placement-api.service[108167]: DEBUG placement.objects.research_context [req-955eaf69-24d3-4107-941f-a8d2161f7eca req-c6dcfa1c-6a41-4c66-949a-6bc4bd2199a9 service placement] getting providers with 1024 MEMORY_MB {{(pid=108167) __init__ /opt/stack/placement/placement/objects/research_context.py:136}}
Aug 20 07:44:53.237188 n-d-852275-2 devstack@placement-api.service[108167]: DEBUG placement.objects.research_context [req-955eaf69-24d3-4107-941f-a8d2161f7eca req-c6dcfa1c-6a41-4c66-949a-6bc4bd2199a9 service placement] getting providers with 1 VCPU {{(pid=108167) __init__ /opt/stack/placement/placement/objects/research_context.py:136}}
Aug 20 07:44:53.244734 n-d-852275-2 devstack@placement-api.service[108168]: INFO placement.requestlog [req-88aea6e7-db19-4919-9ce5-d5860b0b8c83 req-8252e18d-cca2-422b-a78c-a5450c9d5e4c service placement] 10.222.0.30 "GET /placement/allocations/788e9159-11a1-4979-b920-1aaf97433e0d" status: 200 len: 259 microversion: 1.28
Aug 20 07:44:53.246368 n-d-852275-2 devstack@placement-api.service[108168]: [pid: 108168|app: 0|req: 579/1139] 10.222.0.30 () {60 vars in 1377 bytes} [Sat Aug 20 07:44:53 2022] GET /placement/allocations/788e9159-11a1-4979-b920-1aaf97433e0d => generated 259 bytes in 34 msecs (HTTP/1.1 200) 8 headers in 296 bytes (1 switches on core 0)
Aug 20 07:44:53.251180 n-d-852275-2 devstack@placement-api.service[108167]: DEBUG placement.objects.research_context [req-955eaf69-24d3-4107-941f-a8d2161f7eca req-c6dcfa1c-6a41-4c66-949a-6bc4bd2199a9 service placement] found 2 providers with available 1 DISK_GB {{(pid=108167) get_provider_ids_matching /opt/stack/placement/placement/objects/research_context.py:563}}
Aug 20 07:44:53.251669 n-d-852275-2 devstack@placement-api.service[108167]: DEBUG placement.objects.research_context [req-955eaf69-24d3-4107-941f-a8d2161f7eca req-c6dcfa1c-6a41-4c66-949a-6bc4bd2199a9 service placement] found 2 providers with available 1024 MEMORY_MB {{(pid=108167) get_provider_ids_matching /opt/stack/placement/placement/objects/research_context.py:563}}
Aug 20 07:44:53.252076 n-d-852275-2 devstack@placement-api.service[108167]: DEBUG placement.objects.research_context [req-955eaf69-24d3-4107-941f-a8d2161f7eca req-c6dcfa1c-6a41-4c66-949a-6bc4bd2199a9 service placement] found 2 providers after filtering by previous result {{(pid=108167) get_provider_ids_matching /opt/stack/placement/placement/objects/research_context.py:594}}
Aug 20 07:44:53.252613 n-d-852275-2 devstack@placement-api.service[108167]: DEBUG placement.objects.research_context [req-955eaf69-24d3-4107-941f-a8d2161f7eca req-c6dcfa1c-6a41-4c66-949a-6bc4bd2199a9 service placement] found 2 providers with available 1 VCPU {{(pid=108167) get_provider_ids_matching /opt/stack/placement/placement/objects/research_context.py:563}}
Aug 20 07:44:53.253128 n-d-852275-2 devstack@placement-api.service[108167]: DEBUG placement.objects.research_context [req-955eaf69-24d3-4107-941f-a8d2161f7eca req-c6dcfa1c-6a41-4c66-949a-6bc4bd2199a9 service placement] found 2 providers after filtering by previous result {{(pid=108167) get_provider_ids_matching /opt/stack/placement/placement/objects/research_context.py:594}}
Aug 20 07:44:53.280097 n-d-852275-2 devstack@placement-api.service[108167]: DEBUG placement.objects.allocation_candidate [req-955eaf69-24d3-4107-941f-a8d2161f7eca req-c6dcfa1c-6a41-4c66-949a-6bc4bd2199a9 service placement] RequestGroup(use_same_provider=False, resources={DISK_GB:1, MEMORY_MB:1024, VCPU:1}, traits=(), aggregates=[]) (suffix '') returned 2 matches {{(pid=108167) _get_by_requests /opt/stack/placement/placement/objects/allocation_candidate.py:156}}
Aug 20 07:44:53.280474 n-d-852275-2 devstack@placement-api.service[108167]: DEBUG placement.objects.allocation_candidate [req-955eaf69-24d3-4107-941f-a8d2161f7eca req-c6dcfa1c-6a41-4c66-949a-6bc4bd2199a9 service placement] Merging candidates yields 2 allocation requests and 2 provider summaries {{(pid=108167) _merge_candidates /opt/stack/placement/placement/objects/allocation_candidate.py:809}}
Aug 20 07:44:53.282936 n-d-852275-2 devstack@placement-api.service[108167]: INFO placement.requestlog [req-955eaf69-24d3-4107-941f-a8d2161f7eca req-c6dcfa1c-6a41-4c66-949a-6bc4bd2199a9 service placement] 10.222.0.26 "GET /placement/allocation_candidates?limit=1000&resources=DISK_GB%3A1%2CMEMORY_MB%3A1024%2CVCPU%3A1&root_required=%21COMPUTE_STATUS_DISABLED" status: 200 len: 1309 microversion: 1.36
Aug 20 07:44:53.283698 n-d-852275-2 devstack@placement-api.service[108167]: [pid: 108167|app: 0|req: 561/1140] 10.222.0.26 () {60 vars in 1506 bytes} [Sat Aug 20 07:44:53 2022] GET /placement/allocation_candidates?limit=1000&resources=DISK_GB%3A1%2CMEMORY_MB%3A1024%2CVCPU%3A1&root_required=%21COMPUTE_STATUS_DISABLED => generated 1309 bytes in 182 msecs (HTTP/1.1 200) 8 headers in 297 bytes (1 switches on core 0)
Aug 20 07:44:53.635784 n-d-852275-2 devstack@placement-api.service[108168]: DEBUG placement.requestlog [req-955eaf69-24d3-4107-941f-a8d2161f7eca req-ad342f2c-a73a-4e69-99b2-6d603574fffe None None] Starting request: 10.222.0.26 "GET /placement/allocations/72ce97cf-b37a-43bc-8778-b0b96b69c28b" {{(pid=108168) __call__ /opt/stack/placement/placement/requestlog.py:55}}
Aug 20 07:44:53.635784 n-d-852275-2 devstack@placement-api.service[108168]: INFO placement.requestlog [req-955eaf69-24d3-4107-941f-a8d2161f7eca req-ad342f2c-a73a-4e69-99b2-6d603574fffe service placement] 10.222.0.26 "GET /placement/allocations/72ce97cf-b37a-43bc-8778-b0b96b69c28b" status: 200 len: 19 microversion: 1.28
Aug 20 07:44:53.635784 n-d-852275-2 devstack@placement-api.service[108168]: [pid: 108168|app: 0|req: 580/1141] 10.222.0.26 () {60 vars in 1380 bytes} [Sat Aug 20 07:44:53 2022] GET /placement/allocations/72ce97cf-b37a-43bc-8778-b0b96b69c28b => generated 19 bytes in 20 msecs (HTTP/1.1 200) 8 headers in 295 bytes (1 switches on core 0)
Aug 20 07:44:53.638863 n-d-852275-2 devstack@placement-api.service[108167]: DEBUG placement.requestlog [req-955eaf69-24d3-4107-941f-a8d2161f7eca req-87af1c7f-4292-44e9-bc46-97659da0913a None None] Starting request: 10.222.0.26 "PUT /placement/allocations/72ce97cf-b37a-43bc-8778-b0b96b69c28b" {{(pid=108167) __call__ /opt/stack/placement/placement/requestlog.py:55}}
Aug 20 07:44:53.638863 n-d-852275-2 devstack@placement-api.service[108167]: DEBUG placement.handlers.allocation [req-955eaf69-24d3-4107-941f-a8d2161f7eca req-87af1c7f-4292-44e9-bc46-97659da0913a service placement] Successfully wrote allocations [, , ] {{(pid=108167) _update_consumers_and_create_allocations /opt/stack/placement/placement/handlers/allocation.py:462}}
Aug 20 07:44:53.857791 n-d-852275-2 devstack@placement-api.service[108167]: INFO placement.requestlog [req-955eaf69-24d3-4107-941f-a8d2161f7eca req-87af1c7f-4292-44e9-bc46-97659da0913a service placement] 10.222.0.26 "PUT /placement/allocations/72ce97cf-b37a-43bc-8778-b0b96b69c28b" status: 204 len: 0 microversion: 1.36
Aug 20 07:44:53.860900 n-d-852275-2 devstack@placement-api.service[108167]: [pid: 108167|app: 0|req: 562/1142] 10.222.0.26 () {64 vars in 1433 bytes} [Sat Aug 20 07:44:53 2022] PUT /placement/allocations/72ce97cf-b37a-43bc-8778-b0b96b69c28b => generated 0 bytes in 475 msecs (HTTP/1.1 204) 5 headers in 199 bytes (1 switches on core 0)
Aug 20 07:44:54.123081 n-d-852275-2 devstack@placement-api.service[108168]: DEBUG placement.requestlog [None req-b78efc1a-31fd-4415-9451-172f34b491fb None None] Starting request: 10.222.0.26 "GET /placement/resource_providers/6a49e836-c27d-4c22-a4f9-8bbd1ceca4b0/aggregates" {{(pid=108168) __call__ /opt/stack/placement/placement/requestlog.py:55}}
