File "/usr/local/lib/python3.8/dist-packages/flask/app.py", line 1820, in full_dispatch_request
Oct 14 10:55:04.516488 n-d-852171-9 devstack@keystone.service[81787]: ERROR keystone.server.flask.application rv = self.dispatch_request()
Oct 14 10:55:04.516488 n-d-852171-9 devstack@keystone.service[81787]: ERROR keystone.server.flask.application
File "/usr/local/lib/python3.8/dist-packages/flask/app.py", line 1796, in dispatch_request
Oct 14 10:55:04.516488 n-d-852171-9 devstack@keystone.service[81787]: ERROR keystone.server.flask.application return self.ensure_sync(self.view_functions[rule.endpoint])(**view_args)
Oct 14 10:55:04.516488 n-d-852171-9 devstack@keystone.service[81787]: ERROR keystone.server.flask.application
File "/usr/local/lib/python3.8/dist-packages/flask_restful/__init__.py", line 467, in wrapper
Oct 14 10:55:04.516488 n-d-852171-9 devstack@keystone.service[81787]: ERROR keystone.server.flask.application resp = resource(*args, **kwargs)
Oct 14 10:55:04.516488 n-d-852171-9 devstack@keystone.service[81787]: ERROR keystone.server.flask.application
File "/usr/local/lib/python3.8/dist-packages/flask/views.py", line 107, in view
Oct 14 10:55:04.516488 n-d-852171-9 devstack@keystone.service[81787]: ERROR keystone.server.flask.application return current_app.ensure_sync(self.dispatch_request)(**kwargs)
Oct 14 10:55:04.516488 n-d-852171-9 devstack@keystone.service[81787]: ERROR keystone.server.flask.application
File "/usr/local/lib/python3.8/dist-packages/flask_restful/__init__.py", line 582, in dispatch_request
Oct 14 10:55:04.516488 n-d-852171-9 devstack@keystone.service[81787]: ERROR keystone.server.flask.application resp = meth(*args, **kwargs)
Oct 14 10:55:04.516488 n-d-852171-9 devstack@keystone.service[81787]: ERROR keystone.server.flask.application
File "/opt/stack/keystone/keystone/api/roles.py", line 50, in get
Oct 14 10:55:04.516488 n-d-852171-9 devstack@keystone.service[81787]: ERROR keystone.server.flask.application return self._get_role(role_id)
Oct 14 10:55:04.516488 n-d-852171-9 devstack@keystone.service[81787]: ERROR keystone.server.flask.application
File "/opt/stack/keystone/keystone/api/roles.py", line 70, in _get_role
Oct 14 10:55:04.516488 n-d-852171-9 devstack@keystone.service[81787]: ERROR keystone.server.flask.application ENFORCER.enforce_call(action='identity:get_role')
Oct 14 10:55:04.517293 n-d-852171-9 devstack@keystone.service[81787]: ERROR keystone.server.flask.application
File "/opt/stack/keystone/keystone/common/rbac_enforcer/enforcer.py", line 402, in enforce_call
Oct 14 10:55:04.517293 n-d-852171-9 devstack@keystone.service[81787]: ERROR keystone.server.flask.application policy_dict.update(cls._extract_member_target_data(
Oct 14 10:55:04.517293 n-d-852171-9 devstack@keystone.service[81787]: ERROR keystone.server.flask.application
File "/opt/stack/keystone/keystone/common/rbac_enforcer/enforcer.py", line 234, in _extract_member_target_data
Oct 14 10:55:04.517293 n-d-852171-9 devstack@keystone.service[81787]: ERROR keystone.server.flask.application member_name: func(flask.request.view_args[key])
Oct 14 10:55:04.517293 n-d-852171-9 devstack@keystone.service[81787]: ERROR keystone.server.flask.application
File "/opt/stack/keystone/keystone/common/manager.py", line 115, in wrapped
Oct 14 10:55:04.517293 n-d-852171-9 devstack@keystone.service[81787]: ERROR keystone.server.flask.application __ret_val = __f(*args, **kwargs)
Oct 14 10:55:04.517293 n-d-852171-9 devstack@keystone.service[81787]: ERROR keystone.server.flask.application
File "/usr/local/lib/python3.8/dist-packages/decorator.py", line 232, in fun
Oct 14 10:55:04.517293 n-d-852171-9 devstack@keystone.service[81787]: ERROR keystone.server.flask.application return caller(func, *(extras + args), **kw)
Oct 14 10:55:04.517293 n-d-852171-9 devstack@keystone.service[81787]: ERROR keystone.server.flask.application
File "/usr/local/lib/python3.8/dist-packages/dogpile/cache/region.py", line 1577, in get_or_create_for_user_func
Oct 14 10:55:04.517293 n-d-852171-9 devstack@keystone.service[81787]: ERROR keystone.server.flask.application return self.get_or_create(
Oct 14 10:55:04.517293 n-d-852171-9 devstack@keystone.service[81787]: ERROR keystone.server.flask.application
File "/usr/local/lib/python3.8/dist-packages/dogpile/cache/region.py", line 1042, in get_or_create
Oct 14 10:55:04.517293 n-d-852171-9 devstack@keystone.service[81787]: ERROR keystone.server.flask.application with Lock(
Oct 14 10:55:04.517293 n-d-852171-9 devstack@keystone.service[81787]: ERROR keystone.server.flask.application
File "/usr/local/lib/python3.8/dist-packages/dogpile/lock.py", line 185, in __enter__
Oct 14 10:55:04.517293 n-d-852171-9 devstack@keystone.service[81787]: ERROR keystone.server.flask.application return self._enter()
Oct 14 10:55:04.517293 n-d-852171-9 devstack@keystone.service[81787]: ERROR keystone.server.flask.application
File "/usr/local/lib/python3.8/dist-packages/dogpile/lock.py", line 94, in _enter
Oct 14 10:55:04.517293 n-d-852171-9 devstack@keystone.service[81787]: ERROR keystone.server.flask.application generated = self._enter_create(value, createdtime)
Oct 14 10:55:04.523335 n-d-852171-9 devstack@keystone.service[81787]: ERROR keystone.server.flask.application
File "/usr/local/lib/python3.8/dist-packages/dogpile/lock.py", line 178, in _enter_create
Oct 14 10:55:04.523335 n-d-852171-9 devstack@keystone.service[81787]: ERROR keystone.server.flask.application return self.creator()
Oct 14 10:55:04.523335 n-d-852171-9 devstack@keystone.service[81787]: ERROR keystone.server.flask.application
File "/usr/local/lib/python3.8/dist-packages/dogpile/cache/region.py", line 995, in gen_value
Oct 14 10:55:04.523335 n-d-852171-9 devstack@keystone.service[81787]: ERROR keystone.server.flask.application created_value = creator(
Oct 14 10:55:04.523335 n-d-852171-9 devstack@keystone.service[81787]: ERROR keystone.server.flask.application
File "/opt/stack/keystone/keystone/assignment/core.py", line 1276, in get_role
Oct 14 10:55:04.523335 n-d-852171-9 devstack@keystone.service[81787]: ERROR keystone.server.flask.application return self.driver.get_role(role_id)
Oct 14 10:55:04.523335 n-d-852171-9 devstack@keystone.service[81787]: ERROR keystone.server.flask.application
File "/opt/stack/keystone/keystone/assignment/role_backends/sql.py", line 70, in get_role
Oct 14 10:55:04.523335 n-d-852171-9 devstack@keystone.service[81787]: ERROR keystone.server.flask.application return self._get_role(session, role_id).to_dict()
Oct 14 10:55:04.523335 n-d-852171-9 devstack@keystone.service[81787]: ERROR keystone.server.flask.application
File "/opt/stack/keystone/keystone/assignment/role_backends/sql.py", line 65, in _get_role
Oct 14 10:55:04.523335 n-d-852171-9 devstack@keystone.service[81787]: ERROR keystone.server.flask.application raise exception.RoleNotFound(role_id=role_id)
Oct 14 10:55:04.523335 n-d-852171-9 devstack@keystone.service[81787]: ERROR keystone.server.flask.application keystone.exception.RoleNotFound: Could not find role: member.
Oct 14 10:55:04.523335 n-d-852171-9 devstack@keystone.service[81787]: ERROR keystone.server.flask.application
Oct 14 10:55:04.523903 n-d-852171-9 devstack@keystone.service[81788]: DEBUG keystone.server.flask.request_processing.middleware.auth_context [None req-1e2b12cb-c29a-4c81-90fa-305e92fc2f89 None admin] Authenticating user token {{(pid=81788) process_request /usr/local/lib/python3.8/dist-packages/keystonemiddleware/auth_token/__init__.py:407}}
Oct 14 10:55:04.523973 n-d-852171-9 devstack@keystone.service[81787]: [pid: 81787|app: 0|req: 57/118] 10.222.0.40 () {56 vars in 1099 bytes} [Fri Oct 14 10:55:04 2022] GET /identity/v3/roles/member => generated 84 bytes in 164 msecs (HTTP/1.1 404) 5 headers in 183 bytes (1 switches on core 0)
Oct 14 10:55:04.523973 n-d-852171-9 devstack@keystone.service[81787]: DEBUG keystone.server.flask.request_processing.middleware.auth_context [None req-dbb7c55e-a582-41ac-8f19-a4dce2528171 None admin] Authenticating user token {{(pid=81787) process_request /usr/local/lib/python3.8/dist-packages/keystonemiddleware/auth_token/__init__.py:407}}
Oct 14 10:55:04.579778 n-d-852171-9 devstack@keystone.service[81788]: DEBUG dbcounter [-] [81788] Writing DB stats keystone:SELECT=100 {{(pid=81788) stat_writer /usr/local/lib/python3.8/dist-packages/dbcounter.py:114}}
Oct 14 10:55:04.625448 n-d-852171-9 devstack@keystone.service[81787]: DEBUG keystone.server.flask.request_processing.middleware.auth_context [None req-dbb7c55e-a582-41ac-8f19-a4dce2528171 None admin] Validating token access rules against request {{(pid=81787) validate_allowed_request /usr/local/lib/python3.8/dist-packages/keystonemiddleware/auth_token/__init__.py:545}}
Oct 14 10:55:04.634328 n-d-852171-9 devstack@keystone.service[81788]: DEBUG keystone.server.flask.request_processing.middleware.auth_context [None req-1e2b12cb-c29a-4c81-90fa-305e92fc2f89 None admin] Validating token access rules against request {{(pid=81788) validate_allowed_request /usr/local/lib/python3.8/dist-packages/keystonemiddleware/auth_token/__init__.py:545}}
Oct 14 10:55:04.661471 n-d-852171-9 devstack@keystone.service[81787]: DEBUG keystone.server.flask.request_processing.middleware.auth_context [None req-b20d4340-1f65-4b0c-bf1c-4b47f7d9d621 None admin] RBAC: auth_context: {'token': , 'domain_id': None, 'trust_id': None, 'trustor_id': None, 'trustee_id': None, 'domain_name': None, 'group_ids': [], 'user_id': '52462ff4a5fa4a99a7905a9e65248fa7', 'user_domain_id': 'default', 'system_scope': 'all', 'project_id': None, 'project_domain_id': None, 'roles': ['admin', 'member', 'reader'], 'is_admin_project': True, 'service_user_id': None, 'service_user_domain_id': None, 'service_project_id': None, 'service_project_domain_id': None, 'service_roles': []} {{(pid=81787) fill_context /opt/stack/keystone/keystone/server/flask/request_processing/middleware/auth_context.py:478}}
Oct 14 10:55:04.662445 n-d-852171-9 devstack@keystone.service[81787]: DEBUG keystone.server.flask.request_processing.req_logging [None req-b20d4340-1f65-4b0c-bf1c-4b47f7d9d621 None admin] REQUEST_METHOD: `GET` {{(pid=81787) log_request_info /opt/stack/keystone/keystone/server/flask/request_processing/req_logging.py:27}}
Oct 14 10:55:04.662711 n-d-852171-9 devstack@keystone.service[81787]: DEBUG keystone.server.flask.request_processing.req_logging [None req-b20d4340-1f65-4b0c-bf1c-4b47f7d9d621 None admin] SCRIPT_NAME: `/identity` {{(pid=81787) log_request_info /opt/stack/keystone/keystone/server/flask/request_processing/req_logging.py:28}}
Oct 14 10:55:04.662988 n-d-852171-9 devstack@keystone.service[81787]: DEBUG keystone.server.flask.request_processing.req_logging [None req-b20d4340-1f65-4b0c-bf1c-4b47f7d9d621 None admin] PATH_INFO: `/v3/auth/tokens` {{(pid=81787) log_request_info /opt/stack/keystone/keystone/server/flask/request_processing/req_logging.py:29}}
Oct 14 10:55:04.669579 n-d-852171-9 devstack@keystone.service[81788]: DEBUG keystone.server.flask.request_processing.middleware.auth_context [None req-556221a4-e4f2-4696-b8af-187c42193a8a None admin] RBAC: auth_context: {'token': , 'domain_id': None, 'trust_id': None, 'trustor_id': None, 'trustee_id': None, 'domain_name': None, 'group_ids': [], 'user_id': '52462ff4a5fa4a99a7905a9e65248fa7', 'user_domain_id': 'default', 'system_scope': 'all', 'project_id': None, 'project_domain_id': None, 'roles': ['admin', 'member', 'reader'], 'is_admin_project': True, 'service_user_id': None, 'service_user_domain_id': None, 'service_project_id': None, 'service_project_domain_id': None, 'service_roles': []} {{(pid=81788) fill_context /opt/stack/keystone/keystone/server/flask/request_processing/middleware/auth_context.py:478}}
Oct 14 10:55:04.670419 n-d-852171-9 devstack@keystone.service[81788]: DEBUG keystone.server.flask.request_processing.req_logging [None req-556221a4-e4f2-4696-b8af-187c42193a8a None admin] REQUEST_METHOD: `GET` {{(pid=81788) log_request_info /opt/stack/keystone/keystone/server/flask/request_processing/req_logging.py:27}}
Oct 14 10:55:04.670838 n-d-852171-9 devstack@keystone.service[81788]: DEBUG keystone.server.flask.request_processing.req_logging [None req-556221a4-e4f2-4696-b8af-187c42193a8a None admin] SCRIPT_NAME: `/identity` {{(pid=81788) log_request_info /opt/stack/keystone/keystone/server/flask/request_processing/req_logging.py:28}}
Oct 14 10:55:04.671270 n-d-852171-9 devstack@keystone.service[81788]: DEBUG keystone.server.flask.request_processing.req_logging [None req-556221a4-e4f2-4696-b8af-187c42193a8a None admin] PATH_INFO: `/v3/projects/4a3ca3867b48406088c6bcde64a20241` {{(pid=81788) log_request_info /opt/stack/keystone/keystone/server/flask/request_processing/req_logging.py:29}}
Oct 14 10:55:04.672521 n-d-852171-9 devstack@keystone.service[81788]: DEBUG keystone.common.rbac_enforcer.enforcer [None req-556221a4-e4f2-4696-b8af-187c42193a8a None admin] RBAC: Authorizing `identity:get_project(project_id=4a3ca3867b48406088c6bcde64a20241)` {{(pid=81788) enforce_call /opt/stack/keystone/keystone/common/rbac_enforcer/enforcer.py:449}}
Oct 14 10:55:04.674171 n-d-852171-9 devstack@keystone.service[81788]: DEBUG keystone.common.rbac_enforcer.enforcer [None req-556221a4-e4f2-4696-b8af-187c42193a8a None admin] RBAC: Authorization granted {{(pid=81788) enforce_call /opt/stack/keystone/keystone/common/rbac_enforcer/enforcer.py:457}}
Oct 14 10:55:04.676085 n-d-852171-9 devstack@keystone.service[81788]: [pid: 81788|app: 0|req: 62/119] 10.222.0.40 () {56 vars in 1186 bytes} [Fri Oct 14 10:55:04 2022] GET /identity/v3/projects/4a3ca3867b48406088c6bcde64a20241 => generated 298 bytes in 159 msecs (HTTP/1.1 200) 5 headers in 177 bytes (1 switches on core 0)
Oct 14 10:55:04.676984 n-d-852171-9 devstack@keystone.service[81788]: DEBUG keystone.server.flask.request_processing.middleware.auth_context [None req-556221a4-e4f2-4696-b8af-187c42193a8a None admin] Authenticating user token {{(pid=81788) process_request /usr/local/lib/python3.8/dist-packages/keystonemiddleware/auth_token/__init__.py:407}}
Oct 14 10:55:04.717192 n-d-852171-9 devstack@keystone.service[81787]: DEBUG dbcounter [-] [81787] Writing DB stats keystone:SELECT=100 {{(pid=81787) stat_writer /usr/local/lib/python3.8/dist-packages/dbcounter.py:114}}
Oct 14 10:55:04.730935 n-d-852171-9 devstack@keystone.service[81787]: DEBUG keystone.common.rbac_enforcer.enforcer [None req-b20d4340-1f65-4b0c-bf1c-4b47f7d9d621 None admin] RBAC: Authorizing `identity:validate_token()` {{(pid=81787) enforce_call /opt/stack/keystone/keystone/common/rbac_enforcer/enforcer.py:449}}
Oct 14 10:55:04.732447 n-d-852171-9 devstack@keystone.service[81787]: DEBUG keystone.common.rbac_enforcer.enforcer [None req-b20d4340-1f65-4b0c-bf1c-4b47f7d9d621 None admin] RBAC: Authorization granted {{(pid=81787) enforce_call /opt/stack/keystone/keystone/common/rbac_enforcer/enforcer.py:457}}
Oct 14 10:55:04.790007 n-d-852171-9 devstack@keystone.service[81788]: DEBUG keystone.server.flask.request_processing.middleware.auth_context [None req-556221a4-e4f2-4696-b8af-187c42193a8a None admin] Validating token access rules against request {{(pid=81788) validate_allowed_request /usr/local/lib/python3.8/dist-packages/keystonemiddleware/auth_token/__init__.py:545}}
Oct 14 10:55:04.808281 n-d-852171-9 devstack@keystone.service[81788]: DEBUG dbcounter [-] [81788] Writing DB stats keystone:SELECT=100 {{(pid=81788) stat_writer /usr/local/lib/python3.8/dist-packages/dbcounter.py:114}}
Oct 14 10:55:04.829350 n-d-852171-9 devstack@keystone.service[81788]: DEBUG keystone.server.flask.request_processing.middleware.auth_context [None req-57958f19-16a0-42fd-ba75-b47e3d2fd77a None admin] RBAC: auth_context: {'token': , 'domain_id': None, 'trust_id': None, 'trustor_id': None, 'trustee_id': None, 'domain_name': None, 'group_ids': [], 'user_id': '52462ff4a5fa4a99a7905a9e65248fa7', 'user_domain_id': 'default', 'system_scope': 'all', 'project_id': None, 'project_domain_id': None, 'roles': ['admin', 'member', 'reader'], 'is_admin_project': True, 'service_user_id': None, 'service_user_domain_id': None, 'service_project_id': None, 'service_project_domain_id': None, 'service_roles': []} {{(pid=81788) fill_context /opt/stack/keystone/keystone/server/flask/request_processing/middleware/auth_context.py:478}}
Oct 14 10:55:04.830017 n-d-852171-9 devstack@keystone.service[81788]: DEBUG keystone.server.flask.request_processing.req_logging [None req-57958f19-16a0-42fd-ba75-b47e3d2fd77a None admin] REQUEST_METHOD: `PUT` {{(pid=81788) log_request_info /opt/stack/keystone/keystone/server/flask/request_processing/req_logging.py:27}}
Oct 14 10:55:04.830495 n-d-852171-9 devstack@keystone.service[81788]: DEBUG keystone.server.flask.request_processing.req_logging [None req-57958f19-16a0-42fd-ba75-b47e3d2fd77a None admin] SCRIPT_NAME: `/identity` {{(pid=81788) log_request_info /opt/stack/keystone/keystone/server/flask/request_processing/req_logging.py:28}}
Oct 14 10:55:04.830771 n-d-852171-9 devstack@keystone.service[81788]: DEBUG keystone.server.flask.request_processing.req_logging [None req-57958f19-16a0-42fd-ba75-b47e3d2fd77a None admin] PATH_INFO: `/v3/projects/4a3ca3867b48406088c6bcde64a20241/users/356cea99020f4b228adfdf7012044f26/roles/f0ca1916141c4a4e82b3810b49831d05` {{(pid=81788) log_request_info /opt/stack/keystone/keystone/server/flask/request_processing/req_logging.py:29}}
Oct 14 10:55:04.832676 n-d-852171-9 devstack@keystone.service[81788]: DEBUG keystone.common.rbac_enforcer.enforcer [None req-57958f19-16a0-42fd-ba75-b47e3d2fd77a None admin] RBAC: Authorizing `identity:create_grant(project_id=4a3ca3867b48406088c6bcde64a20241, user_id=356cea99020f4b228adfdf7012044f26, role_id=f0ca1916141c4a4e82b3810b49831d05)` {{(pid=81788) enforce_call /opt/stack/keystone/keystone/common/rbac_enforcer/enforcer.py:449}}
Oct 14 10:55:04.834126 n-d-852171-9 devstack@keystone.service[81788]: DEBUG keystone.common.rbac_enforcer.enforcer [None req-57958f19-16a0-42fd-ba75-b47e3d2fd77a None admin] RBAC: Authorization granted {{(pid=81788) enforce_call /opt/stack/keystone/keystone/common/rbac_enforcer/enforcer.py:457}}
Oct 14 10:55:04.846754 n-d-852171-9 devstack@keystone.service[81787]: [pid: 81787|app: 0|req: 58/120] 10.222.0.40 () {58 vars in 1282 bytes} [Fri Oct 14 10:55:04 2022] GET /identity/v3/auth/tokens => generated 799 bytes in 324 msecs (HTTP/1.1 200) 6 headers in 358 bytes (1 switches on core 0)
Oct 14 10:55:04.846754 n-d-852171-9 devstack@keystone.service[81787]: DEBUG keystone.server.flask.request_processing.middleware.auth_context [None req-b20d4340-1f65-4b0c-bf1c-4b47f7d9d621 None admin] Authenticating user token {{(pid=81787) process_request /usr/local/lib/python3.8/dist-packages/keystonemiddleware/auth_token/__init__.py:407}}
Oct 14 10:55:04.853985 n-d-852171-9 devstack@keystone.service[81788]: [pid: 81788|app: 0|req: 63/121] 10.222.0.40 () {58 vars in 1439 bytes} [Fri Oct 14 10:55:04 2022] PUT /identity/v3/projects/4a3ca3867b48406088c6bcde64a20241/users/356cea99020f4b228adfdf7012044f26/roles/f0ca1916141c4a4e82b3810b49831d05 => generated 0 bytes in 176 msecs (HTTP/1.1 204) 3 headers in 132 bytes (0 switches on core 0)
Oct 14 10:55:04.853985 n-d-852171-9 devstack@keystone.service[81788]: DEBUG keystone.server.flask.request_processing.middleware.auth_context [None req-57958f19-16a0-42fd-ba75-b47e3d2fd77a None admin] Authenticating user token {{(pid=81788) process_request /usr/local/lib/python3.8/dist-packages/keystonemiddleware/auth_token/__init__.py:407}}
Oct 14 10:55:04.972581 n-d-852171-9 devstack@keystone.service[81788]: DEBUG keystone.server.flask.request_processing.middleware.auth_context [None req-57958f19-16a0-42fd-ba75-b47e3d2fd77a None admin] Validating token access rules against request {{(pid=81788) validate_allowed_request /usr/local/lib/python3.8/dist-packages/keystonemiddleware/auth_token/__init__.py:545}}
Oct 14 10:55:04.973299 n-d-852171-9 devstack@keystone.service[81787]: DEBUG dbcounter [-] [81787] Writing DB stats keystone:SELECT=100 {{(pid=81787) stat_writer /usr/local/lib/python3.8/dist-packages/dbcounter.py:114}}
Oct 14 10:55:04.996096 n-d-852171-9 devstack@keystone.service[81787]: DEBUG keystone.server.flask.request_processing.middleware.auth_context [None req-b20d4340-1f65-4b0c-bf1c-4b47f7d9d621 None admin] Validating token access rules against request {{(pid=81787) validate_allowed_request /usr/local/lib/python3.8/dist-packages/keystonemiddleware/auth_token/__init__.py:545}}
Oct 14 10:55:05.014529 n-d-852171-9 devstack@keystone.service[81788]: DEBUG keystone.server.flask.request_processing.middleware.auth_context [None req-904f83fd-a4b2-474d-875e-e8af350cf372 None admin] RBAC: auth_context: {'token': , 'domain_id': None, 'trust_id': None, 'trustor_id': None, 'trustee_id': None, 'domain_name': None, 'group_ids': [], 'user_id': '52462ff4a5fa4a99a7905a9e65248fa7', 'user_domain_id': 'default', 'system_scope': 'all', 'project_id': None, 'project_domain_id': None, 'roles': ['admin', 'member', 'reader'], 'is_admin_project': True, 'service_user_id': None, 'service_user_domain_id': None, 'service_project_id': None, 'service_project_domain_id': None, 'service_roles': []} {{(pid=81788) fill_context /opt/stack/keystone/keystone/server/flask/request_processing/middleware/auth_context.py:478}}
Oct 14 10:55:05.015285 n-d-852171-9 devstack@keystone.service[81788]: DEBUG keystone.server.flask.request_processing.req_logging [None req-904f83fd-a4b2-474d-875e-e8af350cf372 None admin] REQUEST_METHOD: `GET` {{(pid=81788) log_request_info /opt/stack/keystone/keystone/server/flask/request_processing/req_logging.py:27}}
Oct 14 10:55:05.015559 n-d-852171-9 devstack@keystone.service[81788]: DEBUG keystone.server.flask.request_processing.req_logging [None req-904f83fd-a4b2-474d-875e-e8af350cf372 None admin] SCRIPT_NAME: `/identity` {{(pid=81788) log_request_info /opt/stack/keystone/keystone/server/flask/request_processing/req_logging.py:28}}
Oct 14 10:55:05.015833 n-d-852171-9 devstack@keystone.service[81788]: DEBUG keystone.server.flask.request_processing.req_logging [None req-904f83fd-a4b2-474d-875e-e8af350cf372 None admin] PATH_INFO: `/v3/role_assignments` {{(pid=81788) log_request_info /opt/stack/keystone/keystone/server/flask/request_processing/req_logging.py:29}}
Oct 14 10:55:05.016711 n-d-852171-9 devstack@keystone.service[81788]: DEBUG keystone.common.rbac_enforcer.enforcer [None req-904f83fd-a4b2-474d-875e-e8af350cf372 None admin] RBAC: Adding query filter params (role.id=496f3f65cba748869356a8fb888d0757, scope.project.id=4a3ca3867b48406088c6bcde64a20241, user.id=52462ff4a5fa4a99a7905a9e65248fa7) {{(pid=81788) _extract_filter_values /opt/stack/keystone/keystone/common/rbac_enforcer/enforcer.py:167}}
Oct 14 10:55:05.017025 n-d-852171-9 devstack@keystone.service[81788]: DEBUG keystone.common.rbac_enforcer.enforcer [None req-904f83fd-a4b2-474d-875e-e8af350cf372 None admin] RBAC: Authorizing `identity:list_role_assignments()` {{(pid=81788) enforce_call /opt/stack/keystone/keystone/common/rbac_enforcer/enforcer.py:449}}
Oct 14 10:55:05.018865 n-d-852171-9 devstack@keystone.service[81788]: DEBUG keystone.common.rbac_enforcer.enforcer [None req-904f83fd-a4b2-474d-875e-e8af350cf372 None admin] RBAC: Authorization granted {{(pid=81788) enforce_call /opt/stack/keystone/keystone/common/rbac_enforcer/enforcer.py:457}}
Oct 14 10:55:05.028779 n-d-852171-9 devstack@keystone.service[81788]: [pid: 81788|app: 0|req: 64/122] 10.222.0.40 () {56 vars in 1374 bytes} [Fri Oct 14 10:55:04 2022] GET /identity/v3/role_assignments?user.id=52462ff4a5fa4a99a7905a9e65248fa7&scope.project.id=4a3ca3867b48406088c6bcde64a20241&role.id=496f3f65cba748869356a8fb888d0757 => generated 608 bytes in 175 msecs (HTTP/1.1 200) 5 headers in 177 bytes (1 switches on core 0)
Oct 14 10:55:05.029480 n-d-852171-9 devstack@keystone.service[81788]: DEBUG keystone.server.flask.request_processing.middleware.auth_context [None req-904f83fd-a4b2-474d-875e-e8af350cf372 None admin] Authenticating user token {{(pid=81788) process_request /usr/local/lib/python3.8/dist-packages/keystonemiddleware/auth_token/__init__.py:407}}
Oct 14 10:55:05.061929 n-d-852171-9 devstack@keystone.service[81787]: DEBUG keystone.server.flask.request_processing.middleware.auth_context [None req-7e9c12b7-f420-41ad-801b-a617510bc379 None admin] RBAC: auth_context: {'token': , 'domain_id': None, 'trust_id': None, 'trustor_id': None, 'trustee_id': None, 'domain_name': None, 'group_ids': [], 'user_id': '52462ff4a5fa4a99a7905a9e65248fa7', 'user_domain_id': 'default', 'system_scope': 'all', 'project_id': None, 'project_domain_id': None, 'roles': ['admin', 'member', 'reader'], 'is_admin_project': True, 'service_user_id': None, 'service_user_domain_id': None, 'service_project_id': None, 'service_project_domain_id': None, 'service_roles': []} {{(pid=81787) fill_context /opt/stack/keystone/keystone/server/flask/request_processing/middleware/auth_context.py:478}}
Oct 14 10:55:05.062540 n-d-852171-9 devstack@keystone.service[81787]: DEBUG keystone.server.flask.request_processing.req_logging [None req-7e9c12b7-f420-41ad-801b-a617510bc379 None admin] REQUEST_METHOD: `GET` {{(pid=81787) log_request_info /opt/stack/keystone/keystone/server/flask/request_processing/req_logging.py:27}}
Oct 14 10:55:05.062825 n-d-852171-9 devstack@keystone.service[81787]: DEBUG keystone.server.flask.request_processing.req_logging [None req-7e9c12b7-f420-41ad-801b-a617510bc379 None admin] SCRIPT_NAME: `/identity` {{(pid=81787) log_request_info /opt/stack/keystone/keystone/server/flask/request_processing/req_logging.py:28}}
Oct 14 10:55:05.063089 n-d-852171-9 devstack@keystone.service[81787]: DEBUG keystone.server.flask.request_processing.req_logging [None req-7e9c12b7-f420-41ad-801b-a617510bc379 None admin] PATH_INFO: `/v3/roles` {{(pid=81787) log_request_info /opt/stack/keystone/keystone/server/flask/request_processing/req_logging.py:29}}
Oct 14 10:55:05.063789 n-d-852171-9 devstack@keystone.service[81787]: DEBUG keystone.common.rbac_enforcer.enforcer [None req-7e9c12b7-f420-41ad-801b-a617510bc379 None admin] RBAC: Adding query filter params (name=member) {{(pid=81787) _extract_filter_values /opt/stack/keystone/keystone/common/rbac_enforcer/enforcer.py:167}}
Oct 14 10:55:05.064099 n-d-852171-9 devstack@keystone.service[81787]: DEBUG keystone.common.rbac_enforcer.enforcer [None req-7e9c12b7-f420-41ad-801b-a617510bc379 None admin] RBAC: Authorizing `identity:list_roles()` {{(pid=81787) enforce_call /opt/stack/keystone/keystone/common/rbac_enforcer/enforcer.py:449}}
Oct 14 10:55:05.065626 n-d-852171-9 devstack@keystone.service[81787]: DEBUG keystone.common.rbac_enforcer.enforcer [None req-7e9c12b7-f420-41ad-801b-a617510bc379 None admin] RBAC: Authorization granted {{(pid=81787) enforce_call /opt/stack/keystone/keystone/common/rbac_enforcer/enforcer.py:457}}
Oct 14 10:55:05.078626 n-d-852171-9 devstack@keystone.service[81787]: [pid: 81787|app: 0|req: 59/123] 10.222.0.40 () {56 vars in 1101 bytes} [Fri Oct 14 10:55:04 2022] GET /identity/v3/roles?name=member => generated 341 bytes in 236 msecs (HTTP/1.1 200) 5 headers in 177 bytes (1 switches on core 0)
Oct 14 10:55:05.085114 n-d-852171-9 devstack@keystone.service[81787]: DEBUG keystone.server.flask.request_processing.middleware.auth_context [None req-7e9c12b7-f420-41ad-801b-a617510bc379 None admin] Authenticating user token {{(pid=81787) process_request /usr/local/lib/python3.8/dist-packages/keystonemiddleware/auth_token/__init__.py:407}}
Oct 14 10:55:05.101765 n-d-852171-9 devstack@keystone.service[81788]: DEBUG dbcounter [-] [81788] Writing DB stats keystone:SELECT=99,keystone:INSERT=1 {{(pid=81788) stat_writer /usr/local/lib/python3.8/dist-packages/dbcounter.py:114}}
Oct 14 10:55:05.199375 n-d-852171-9 devstack@keystone.service[81788]: DEBUG keystone.server.flask.request_processing.middleware.auth_context [None req-904f83fd-a4b2-474d-875e-e8af350cf372 None admin] Validating token access rules against request {{(pid=81788) validate_allowed_request /usr/local/lib/python3.8/dist-packages/keystonemiddleware/auth_token/__init__.py:545}}
Oct 14 10:55:05.252866 n-d-852171-9 devstack@keystone.service[81787]: DEBUG keystone.server.flask.request_processing.middleware.auth_context [None req-7e9c12b7-f420-41ad-801b-a617510bc379 None admin] Validating token access rules against request {{(pid=81787) validate_allowed_request /usr/local/lib/python3.8/dist-packages/keystonemiddleware/auth_token/__init__.py:545}}
Oct 14 10:55:05.268627 n-d-852171-9 devstack@keystone.service[81788]: DEBUG keystone.server.flask.request_processing.middleware.auth_context [None req-311b291c-c171-44de-8b2e-d260dcc623b6 None admin] RBAC: auth_context: {'token': , 'domain_id': None, 'trust_id': None, 'trustor_id': None, 'trustee_id': None, 'domain_name': None, 'group_ids': [], 'user_id': '52462ff4a5fa4a99a7905a9e65248fa7', 'user_domain_id': 'default', 'system_scope': 'all', 'project_id': None, 'project_domain_id': None, 'roles': ['admin', 'member', 'reader'], 'is_admin_project': True, 'service_user_id': None, 'service_user_domain_id': None, 'service_project_id': None, 'service_project_domain_id': None, 'service_roles': []} {{(pid=81788) fill_context /opt/stack/keystone/keystone/server/flask/request_processing/middleware/auth_context.py:478}}
Oct 14 10:55:05.269285 n-d-852171-9 devstack@keystone.service[81788]: DEBUG keystone.server.flask.request_processing.req_logging [None req-311b291c-c171-44de-8b2e-d260dcc623b6 None admin] REQUEST_METHOD: `GET` {{(pid=81788) log_request_info /opt/stack/keystone/keystone/server/flask/request_processing/req_logging.py:27}}
Oct 14 10:55:05.269563 n-d-852171-9 devstack@keystone.service[81788]: DEBUG keystone.server.flask.request_processing.req_logging [None req-311b291c-c171-44de-8b2e-d260dcc623b6 None admin] SCRIPT_NAME: `/identity` {{(pid=81788) log_request_info /opt/stack/keystone/keystone/server/flask/request_processing/req_logging.py:28}}
Oct 14 10:55:05.269836 n-d-852171-9 devstack@keystone.service[81788]: DEBUG keystone.server.flask.request_processing.req_logging [None req-311b291c-c171-44de-8b2e-d260dcc623b6 None admin] PATH_INFO: `/v3/projects/4a3ca3867b48406088c6bcde64a20241` {{(pid=81788) log_request_info /opt/stack/keystone/keystone/server/flask/request_processing/req_logging.py:29}}
Oct 14 10:55:05.271010 n-d-852171-9 devstack@keystone.service[81788]: DEBUG keystone.common.rbac_enforcer.enforcer [None req-311b291c-c171-44de-8b2e-d260dcc623b6 None admin] RBAC: Authorizing `identity:get_project(project_id=4a3ca3867b48406088c6bcde64a20241)` {{(pid=81788) enforce_call /opt/stack/keystone/keystone/common/rbac_enforcer/enforcer.py:449}}
Oct 14 10:55:05.272674 n-d-852171-9 devstack@keystone.service[81788]: DEBUG keystone.common.rbac_enforcer.enforcer [None req-311b291c-c171-44de-8b2e-d260dcc623b6 None admin] RBAC: Authorization granted {{(pid=81788) enforce_call /opt/stack/keystone/keystone/common/rbac_enforcer/enforcer.py:457}}
Oct 14 10:55:05.279310 n-d-852171-9 devstack@keystone.service[81788]: [pid: 81788|app: 0|req: 65/124] 10.222.0.40 () {56 vars in 1186 bytes} [Fri Oct 14 10:55:05 2022] GET /identity/v3/projects/4a3ca3867b48406088c6bcde64a20241 => generated 298 bytes in 246 msecs (HTTP/1.1 200) 5 headers in 177 bytes (1 switches on core 0)
Oct 14 10:55:05.281419 n-d-852171-9 devstack@keystone.service[81788]: DEBUG keystone.server.flask.request_processing.middleware.auth_context [None req-311b291c-c171-44de-8b2e-d260dcc623b6 None admin] Authenticating user token {{(pid=81788) process_request /usr/local/lib/python3.8/dist-packages/keystonemiddleware/auth_token/__init__.py:407}}
Oct 14 10:55:05.301638 n-d-852171-9 devstack@keystone.service[81787]: DEBUG keystone.server.flask.request_processing.middleware.auth_context [None req-04e8b89f-742a-4cd4-a31e-91d14d74d4ff None admin] RBAC: auth_context: {'token': , 'domain_id': None, 'trust_id': None, 'trustor_id': None, 'trustee_id': None, 'domain_name': None, 'group_ids': [], 'user_id': '52462ff4a5fa4a99a7905a9e65248fa7', 'user_domain_id': 'default', 'system_scope': 'all', 'project_id': None, 'project_domain_id': None, 'roles': ['admin', 'member', 'reader'], 'is_admin_project': True, 'service_user_id': None, 'service_user_domain_id': None, 'service_project_id': None, 'service_project_domain_id': None, 'service_roles': []} {{(pid=81787) fill_context /opt/stack/keystone/keystone/server/flask/request_processing/middleware/auth_context.py:478}}
Oct 14 10:55:05.305037 n-d-852171-9 devstack@keystone.service[81787]: DEBUG keystone.server.flask.request_processing.req_logging [None req-04e8b89f-742a-4cd4-a31e-91d14d74d4ff None admin] REQUEST_METHOD: `GET` {{(pid=81787) log_request_info /opt/stack/keystone/keystone/server/flask/request_processing/req_logging.py:27}}
Oct 14 10:55:05.305518 n-d-852171-9 devstack@keystone.service[81787]: DEBUG keystone.server.flask.request_processing.req_logging [None req-04e8b89f-742a-4cd4-a31e-91d14d74d4ff None admin] SCRIPT_NAME: `/identity` {{(pid=81787) log_request_info /opt/stack/keystone/keystone/server/flask/request_processing/req_logging.py:28}}
Oct 14 10:55:05.306092 n-d-852171-9 devstack@keystone.service[81787]: DEBUG keystone.server.flask.request_processing.req_logging [None req-04e8b89f-742a-4cd4-a31e-91d14d74d4ff None admin] PATH_INFO: `/v3/users/904b33c581a14c33bcd377805f0331a1` {{(pid=81787) log_request_info /opt/stack/keystone/keystone/server/flask/request_processing/req_logging.py:29}}
Oct 14 10:55:05.307630 n-d-852171-9 devstack@keystone.service[81787]: DEBUG keystone.common.rbac_enforcer.enforcer [None req-04e8b89f-742a-4cd4-a31e-91d14d74d4ff None admin] RBAC: Authorizing `identity:get_user(user_id=904b33c581a14c33bcd377805f0331a1)` {{(pid=81787) enforce_call /opt/stack/keystone/keystone/common/rbac_enforcer/enforcer.py:449}}
Oct 14 10:55:05.309280 n-d-852171-9 devstack@keystone.service[81787]: DEBUG keystone.common.rbac_enforcer.enforcer [None req-04e8b89f-742a-4cd4-a31e-91d14d74d4ff None admin] RBAC: Authorization granted {{(pid=81787) enforce_call /opt/stack/keystone/keystone/common/rbac_enforcer/enforcer.py:457}}
Oct 14 10:55:05.311370 n-d-852171-9 devstack@keystone.service[81787]: [pid: 81787|app: 0|req: 60/125] 10.222.0.40 () {56 vars in 1177 bytes} [Fri Oct 14 10:55:05 2022] GET /identity/v3/users/904b33c581a14c33bcd377805f0331a1 => generated 275 bytes in 227 msecs (HTTP/1.1 200) 5 headers in 177 bytes (1 switches on core 0)
Oct 14 10:55:05.317347 n-d-852171-9 devstack@keystone.service[81787]: DEBUG keystone.server.flask.request_processing.middleware.auth_context [None req-04e8b89f-742a-4cd4-a31e-91d14d74d4ff None admin] Authenticating user token {{(pid=81787) process_request /usr/local/lib/python3.8/dist-packages/keystonemiddleware/auth_token/__init__.py:407}}
Oct 14 10:55:05.340323 n-d-852171-9 devstack@keystone.service[81787]: DEBUG dbcounter [-] [81787] Writing DB stats keystone:SELECT=100 {{(pid=81787) stat_writer /usr/local/lib/python3.8/dist-packages/dbcounter.py:114}}
Oct 14 10:55:05.421918 n-d-852171-9 devstack@keystone.service[81788]: DEBUG keystone.server.flask.request_processing.middleware.auth_context [None req-311b291c-c171-44de-8b2e-d260dcc623b6 None admin] Validating token access rules against request {{(pid=81788) validate_allowed_request /usr/local/lib/python3.8/dist-packages/keystonemiddleware/auth_token/__init__.py:545}}
Oct 14 10:55:05.436829 n-d-852171-9 devstack@keystone.service[81788]: DEBUG dbcounter [-] [81788] Writing DB stats keystone:SELECT=100 {{(pid=81788) stat_writer /usr/local/lib/python3.8/dist-packages/dbcounter.py:114}}
Oct 14 10:55:05.446286 n-d-852171-9 devstack@keystone.service[81787]: DEBUG keystone.server.flask.request_processing.middleware.auth_context [None req-04e8b89f-742a-4cd4-a31e-91d14d74d4ff None admin] Validating token access rules against request {{(pid=81787) validate_allowed_request /usr/local/lib/python3.8/dist-packages/keystonemiddleware/auth_token/__init__.py:545}}
Oct 14 10:55:05.467466 n-d-852171-9 devstack@keystone.service[81788]: DEBUG keystone.server.flask.request_processing.middleware.auth_context [None req-c1868f7f-34e3-48b2-aecc-9bc5d8f53654 None admin] RBAC: auth_context: {'token': , 'domain_id': None, 'trust_id': None, 'trustor_id': None, 'trustee_id': None, 'domain_name': None, 'group_ids': [], 'user_id': '52462ff4a5fa4a99a7905a9e65248fa7', 'user_domain_id': 'default', 'system_scope': 'all', 'project_id': None, 'project_domain_id': None, 'roles': ['admin', 'member', 'reader'], 'is_admin_project': True, 'service_user_id': None, 'service_user_domain_id': None, 'service_project_id': None, 'service_project_domain_id': None, 'service_roles': []} {{(pid=81788) fill_context /opt/stack/keystone/keystone/server/flask/request_processing/middleware/auth_context.py:478}}
Oct 14 10:55:05.468093 n-d-852171-9 devstack@keystone.service[81788]: DEBUG keystone.server.flask.request_processing.req_logging [None req-c1868f7f-34e3-48b2-aecc-9bc5d8f53654 None admin] REQUEST_METHOD: `GET` {{(pid=81788) log_request_info /opt/stack/keystone/keystone/server/flask/request_processing/req_logging.py:27}}
Oct 14 10:55:05.468425 n-d-852171-9 devstack@keystone.service[81788]: DEBUG keystone.server.flask.request_processing.req_logging [None req-c1868f7f-34e3-48b2-aecc-9bc5d8f53654 None admin] SCRIPT_NAME: `/identity` {{(pid=81788) log_request_info /opt/stack/keystone/keystone/server/flask/request_processing/req_logging.py:28}}
Oct 14 10:55:05.468705 n-d-852171-9 devstack@keystone.service[81788]: DEBUG keystone.server.flask.request_processing.req_logging [None req-c1868f7f-34e3-48b2-aecc-9bc5d8f53654 None admin] PATH_INFO: `/v3/role_assignments` {{(pid=81788) log_request_info /opt/stack/keystone/keystone/server/flask/request_processing/req_logging.py:29}}
Oct 14 10:55:05.470044 n-d-852171-9 devstack@keystone.service[81788]: DEBUG keystone.common.rbac_enforcer.enforcer [None req-c1868f7f-34e3-48b2-aecc-9bc5d8f53654 None admin] RBAC: Adding query filter params (role.id=c78220f4aeaa43d780fe328feab76610, scope.project.id=4a3ca3867b48406088c6bcde64a20241, user.id=904b33c581a14c33bcd377805f0331a1) {{(pid=81788) _extract_filter_values /opt/stack/keystone/keystone/common/rbac_enforcer/enforcer.py:167}}
Oct 14 10:55:05.470403 n-d-852171-9 devstack@keystone.service[81788]: DEBUG keystone.common.rbac_enforcer.enforcer [None req-c1868f7f-34e3-48b2-aecc-9bc5d8f53654 None admin] RBAC: Authorizing `identity:list_role_assignments()` {{(pid=81788) enforce_call /opt/stack/keystone/keystone/common/rbac_enforcer/enforcer.py:449}}
Oct 14 10:55:05.472713 n-d-852171-9 devstack@keystone.service[81788]: DEBUG keystone.common.rbac_enforcer.enforcer [None req-c1868f7f-34e3-48b2-aecc-9bc5d8f53654 None admin] RBAC: Authorization granted {{(pid=81788) enforce_call /opt/stack/keystone/keystone/common/rbac_enforcer/enforcer.py:457}}
Oct 14 10:55:05.484722 n-d-852171-9 devstack@keystone.service[81787]: DEBUG keystone.server.flask.request_processing.middleware.auth_context [None req-e1dde79f-d1de-41e5-9eaf-b916b8e5650d None admin] RBAC: auth_context: {'token': , 'domain_id': None, 'trust_id': None, 'trustor_id': None, 'trustee_id': None, 'domain_name': None, 'group_ids': [], 'user_id': '52462ff4a5fa4a99a7905a9e65248fa7', 'user_domain_id': 'default', 'system_scope': 'all', 'project_id': None, 'project_domain_id': None, 'roles': ['admin', 'member', 'reader'], 'is_admin_project': True, 'service_user_id': None, 'service_user_domain_id': None, 'service_project_id': None, 'service_project_domain_id': None, 'service_roles': []} {{(pid=81787) fill_context /opt/stack/keystone/keystone/server/flask/request_processing/middleware/auth_context.py:478}}
Oct 14 10:55:05.486012 n-d-852171-9 devstack@keystone.service[81787]: DEBUG keystone.server.flask.request_processing.req_logging [None req-e1dde79f-d1de-41e5-9eaf-b916b8e5650d None admin] REQUEST_METHOD: `GET` {{(pid=81787) log_request_info /opt/stack/keystone/keystone/server/flask/request_processing/req_logging.py:27}}
Oct 14 10:55:05.486480 n-d-852171-9 devstack@keystone.service[81788]: [pid: 81788|app: 0|req: 66/126] 10.222.0.40 () {56 vars in 1374 bytes} [Fri Oct 14 10:55:05 2022] GET /identity/v3/role_assignments?user.id=904b33c581a14c33bcd377805f0331a1&scope.project.id=4a3ca3867b48406088c6bcde64a20241&role.id=c78220f4aeaa43d780fe328feab76610 => generated 608 bytes in 201 msecs (HTTP/1.1 200) 5 headers in 177 bytes (1 switches on core 0)
Oct 14 10:55:05.486843 n-d-852171-9 devstack@keystone.service[81787]: DEBUG keystone.server.flask.request_processing.req_logging [None req-e1dde79f-d1de-41e5-9eaf-b916b8e5650d None admin] SCRIPT_NAME: `/identity` {{(pid=81787) log_request_info /opt/stack/keystone/keystone/server/flask/request_processing/req_logging.py:28}}
Oct 14 10:55:05.487327 n-d-852171-9 devstack@keystone.service[81787]: DEBUG keystone.server.flask.request_processing.req_logging [None req-e1dde79f-d1de-41e5-9eaf-b916b8e5650d None admin] PATH_INFO: `/v3/auth/tokens` {{(pid=81787) log_request_info /opt/stack/keystone/keystone/server/flask/request_processing/req_logging.py:29}}
Oct 14 10:55:05.563933 n-d-852171-9 devstack@keystone.service[81787]: DEBUG keystone.common.rbac_enforcer.enforcer [None req-e1dde79f-d1de-41e5-9eaf-b916b8e5650d None admin] RBAC: Authorizing `identity:validate_token()` {{(pid=81787) enforce_call /opt/stack/keystone/keystone/common/rbac_enforcer/enforcer.py:449}}
Oct 14 10:55:05.565961 n-d-852171-9 devstack@keystone.service[81787]: DEBUG keystone.common.rbac_enforcer.enforcer [None req-e1dde79f-d1de-41e5-9eaf-b916b8e5650d None admin] RBAC: Authorization granted {{(pid=81787) enforce_call /opt/stack/keystone/keystone/common/rbac_enforcer/enforcer.py:457}}
Oct 14 10:55:05.590705 n-d-852171-9 devstack@keystone.service[81787]: DEBUG dbcounter [-] [81787] Writing DB stats keystone:SELECT=100 {{(pid=81787) stat_writer /usr/local/lib/python3.8/dist-packages/dbcounter.py:114}}
Oct 14 10:55:05.687653 n-d-852171-9 devstack@keystone.service[81787]: [pid: 81787|app: 0|req: 61/127] 10.222.0.40 () {58 vars in 1282 bytes} [Fri Oct 14 10:55:05 2022] GET /identity/v3/auth/tokens => generated 799 bytes in 371 msecs (HTTP/1.1 200) 6 headers in 358 bytes (1 switches on core 0)
Oct 14 10:55:05.693785 n-d-852171-9 devstack@keystone.service[81788]: DEBUG keystone.server.flask.request_processing.middleware.auth_context [None req-c1868f7f-34e3-48b2-aecc-9bc5d8f53654 None admin] Authenticating user token {{(pid=81788) process_request /usr/local/lib/python3.8/dist-packages/keystonemiddleware/auth_token/__init__.py:407}}
Oct 14 10:55:05.798324 n-d-852171-9 devstack@keystone.service[81788]: DEBUG keystone.server.flask.request_processing.middleware.auth_context [None req-c1868f7f-34e3-48b2-aecc-9bc5d8f53654 None admin] Validating token access rules against request {{(pid=81788) validate_allowed_request /usr/local/lib/python3.8/dist-packages/keystonemiddleware/auth_token/__init__.py:545}}
Oct 14 10:55:05.834607 n-d-852171-9 devstack@keystone.service[81788]: DEBUG keystone.server.flask.request_processing.middleware.auth_context [None req-1153ad30-cadf-44fc-989b-6268e8b5c3c9 None admin] RBAC: auth_context: {'token': , 'domain_id': None, 'trust_id': None, 'trustor_id': None, 'trustee_id': None, 'domain_name': None, 'group_ids': [], 'user_id': '52462ff4a5fa4a99a7905a9e65248fa7', 'user_domain_id': 'default', 'system_scope': 'all', 'project_id': None, 'project_domain_id': None, 'roles': ['admin', 'member', 'reader'], 'is_admin_project': True, 'service_user_id': None, 'service_user_domain_id': None, 'service_project_id': None, 'service_project_domain_id': None, 'service_roles': []} {{(pid=81788) fill_context /opt/stack/keystone/keystone/server/flask/request_processing/middleware/auth_context.py:478}}
Oct 14 10:55:05.835248 n-d-852171-9 devstack@keystone.service[81788]: DEBUG keystone.server.flask.request_processing.req_logging [None req-1153ad30-cadf-44fc-989b-6268e8b5c3c9 None admin] REQUEST_METHOD: `GET` {{(pid=81788) log_request_info /opt/stack/keystone/keystone/server/flask/request_processing/req_logging.py:27}}
Oct 14 10:55:05.835528 n-d-852171-9 devstack@keystone.service[81788]: DEBUG keystone.server.flask.request_processing.req_logging [None req-1153ad30-cadf-44fc-989b-6268e8b5c3c9 None admin] SCRIPT_NAME: `/identity` {{(pid=81788) log_request_info /opt/stack/keystone/keystone/server/flask/request_processing/req_logging.py:28}}
Oct 14 10:55:05.835803 n-d-852171-9 devstack@keystone.service[81788]: DEBUG keystone.server.flask.request_processing.req_logging [None req-1153ad30-cadf-44fc-989b-6268e8b5c3c9 None admin] PATH_INFO: `/v3/projects/b71ba68a0b5e485c9cfc2be552434722` {{(pid=81788) log_request_info /opt/stack/keystone/keystone/server/flask/request_processing/req_logging.py:29}}
Oct 14 10:55:05.836942 n-d-852171-9 devstack@keystone.service[81788]: DEBUG keystone.common.rbac_enforcer.enforcer [None req-1153ad30-cadf-44fc-989b-6268e8b5c3c9 None admin] RBAC: Authorizing `identity:get_project(project_id=b71ba68a0b5e485c9cfc2be552434722)` {{(pid=81788) enforce_call /opt/stack/keystone/keystone/common/rbac_enforcer/enforcer.py:449}}
Oct 14 10:55:05.838440 n-d-852171-9 devstack@keystone.service[81788]: DEBUG keystone.common.rbac_enforcer.enforcer [None req-1153ad30-cadf-44fc-989b-6268e8b5c3c9 None admin] RBAC: Authorization granted {{(pid=81788) enforce_call /opt/stack/keystone/keystone/common/rbac_enforcer/enforcer.py:457}}
Oct 14 10:55:05.840123 n-d-852171-9 devstack@keystone.service[81788]: [pid: 81788|app: 0|req: 67/128] 10.222.0.40 () {56 vars in 1186 bytes} [Fri Oct 14 10:55:05 2022] GET /identity/v3/projects/b71ba68a0b5e485c9cfc2be552434722 => generated 312 bytes in 147 msecs (HTTP/1.1 200) 5 headers in 177 bytes (1 switches on core 0)
Oct 14 10:55:05.846741 n-d-852171-9 devstack@keystone.service[81787]: DEBUG keystone.server.flask.request_processing.middleware.auth_context [None req-e1dde79f-d1de-41e5-9eaf-b916b8e5650d None admin] Authenticating user token {{(pid=81787) process_request /usr/local/lib/python3.8/dist-packages/keystonemiddleware/auth_token/__init__.py:407}}
Oct 14 10:55:05.950133 n-d-852171-9 devstack@keystone.service[81787]: DEBUG keystone.server.flask.request_processing.middleware.auth_context [None req-e1dde79f-d1de-41e5-9eaf-b916b8e5650d None admin] Validating token access rules against request {{(pid=81787) validate_allowed_request /usr/local/lib/python3.8/dist-packages/keystonemiddleware/auth_token/__init__.py:545}}
Oct 14 10:55:05.967058 n-d-852171-9 devstack@keystone.service[81787]: DEBUG dbcounter [-] [81787] Writing DB stats keystone:SELECT=100 {{(pid=81787) stat_writer /usr/local/lib/python3.8/dist-packages/dbcounter.py:114}}
Oct 14 10:55:05.985903 n-d-852171-9 devstack@keystone.service[81787]: DEBUG keystone.server.flask.request_processing.middleware.auth_context [None req-c13cc359-09db-49f9-ba07-a22c78b4cf3a None admin] RBAC: auth_context: {'token': , 'domain_id': None, 'trust_id': None, 'trustor_id': None, 'trustee_id': None, 'domain_name': None, 'group_ids': [], 'user_id': '52462ff4a5fa4a99a7905a9e65248fa7', 'user_domain_id': 'default', 'system_scope': 'all', 'project_id': None, 'project_domain_id': None, 'roles': ['admin', 'member', 'reader'], 'is_admin_project': True, 'service_user_id': None, 'service_user_domain_id': None, 'service_project_id': None, 'service_project_domain_id': None, 'service_roles': []} {{(pid=81787) fill_context /opt/stack/keystone/keystone/server/flask/request_processing/middleware/auth_context.py:478}}
Oct 14 10:55:05.986721 n-d-852171-9 devstack@keystone.service[81787]: DEBUG keystone.server.flask.request_processing.req_logging [None req-c13cc359-09db-49f9-ba07-a22c78b4cf3a None admin] REQUEST_METHOD: `GET` {{(pid=81787) log_request_info /opt/stack/keystone/keystone/server/flask/request_processing/req_logging.py:27}}
Oct 14 10:55:05.987015 n-d-852171-9 devstack@keystone.service[81787]: DEBUG keystone.server.flask.request_processing.req_logging [None req-c13cc359-09db-49f9-ba07-a22c78b4cf3a None admin] SCRIPT_NAME: `/identity` {{(pid=81787) log_request_info /opt/stack/keystone/keystone/server/flask/request_processing/req_logging.py:28}}
Oct 14 10:55:05.987286 n-d-852171-9 devstack@keystone.service[81787]: DEBUG keystone.server.flask.request_processing.req_logging [None req-c13cc359-09db-49f9-ba07-a22c78b4cf3a None admin] PATH_INFO: `/v3/role_assignments` {{(pid=81787) log_request_info /opt/stack/keystone/keystone/server/flask/request_processing/req_logging.py:29}}
Oct 14 10:55:05.988012 n-d-852171-9 devstack@keystone.service[81787]: DEBUG keystone.common.rbac_enforcer.enforcer [None req-c13cc359-09db-49f9-ba07-a22c78b4cf3a None admin] RBAC: Adding query filter params (role.id=e75858b46a294ccf813d7715ecf00ce8, scope.project.id=b71ba68a0b5e485c9cfc2be552434722, user.id=904b33c581a14c33bcd377805f0331a1) {{(pid=81787) _extract_filter_values /opt/stack/keystone/keystone/common/rbac_enforcer/enforcer.py:167}}
Oct 14 10:55:05.988314 n-d-852171-9 devstack@keystone.service[81787]: DEBUG keystone.common.rbac_enforcer.enforcer [None req-c13cc359-09db-49f9-ba07-a22c78b4cf3a None admin] RBAC: Authorizing `identity:list_role_assignments()` {{(pid=81787) enforce_call /opt/stack/keystone/keystone/common/rbac_enforcer/enforcer.py:449}}
Oct 14 10:55:05.989784 n-d-852171-9 devstack@keystone.service[81787]: DEBUG keystone.common.rbac_enforcer.enforcer [None req-c13cc359-09db-49f9-ba07-a22c78b4cf3a None admin] RBAC: Authorization granted {{(pid=81787) enforce_call /opt/stack/keystone/keystone/common/rbac_enforcer/enforcer.py:457}}
Oct 14 10:55:05.995769 n-d-852171-9 devstack@keystone.service[81787]: [pid: 81787|app: 0|req: 62/129] 10.222.0.40 () {56 vars in 1374 bytes} [Fri Oct 14 10:55:05 2022] GET /identity/v3/role_assignments?user.id=904b33c581a14c33bcd377805f0331a1&scope.project.id=b71ba68a0b5e485c9cfc2be552434722&role.id=e75858b46a294ccf813d7715ecf00ce8 => generated 608 bytes in 150 msecs (HTTP/1.1 200) 5 headers in 177 bytes (1 switches on core 0)
