Oct 14 10:54:57.950568 n-d-852171-9 devstack@keystone.service[81787]: DEBUG keystone.server.flask.request_processing.middleware.auth_context [None req-7e5326d2-dc17-42e4-bb51-68c0db0dc542 None admin] Authenticating user token {{(pid=81787) process_request /usr/local/lib/python3.8/dist-packages/keystonemiddleware/auth_token/__init__.py:407}}
Oct 14 10:54:57.959886 n-d-852171-9 devstack@keystone.service[81788]: DEBUG keystone.server.flask.request_processing.middleware.auth_context [None req-8f3c5cd6-8cae-432c-8067-fc1104f24a89 None admin] RBAC: auth_context: {'token': , 'domain_id': None, 'trust_id': None, 'trustor_id': None, 'trustee_id': None, 'domain_name': None, 'group_ids': [], 'user_id': '52462ff4a5fa4a99a7905a9e65248fa7', 'user_domain_id': 'default', 'system_scope': 'all', 'project_id': None, 'project_domain_id': None, 'roles': ['admin', 'member', 'reader'], 'is_admin_project': True, 'service_user_id': None, 'service_user_domain_id': None, 'service_project_id': None, 'service_project_domain_id': None, 'service_roles': []} {{(pid=81788) fill_context /opt/stack/keystone/keystone/server/flask/request_processing/middleware/auth_context.py:478}}
Oct 14 10:54:57.960533 n-d-852171-9 devstack@keystone.service[81788]: DEBUG keystone.server.flask.request_processing.req_logging [None req-8f3c5cd6-8cae-432c-8067-fc1104f24a89 None admin] REQUEST_METHOD: `GET` {{(pid=81788) log_request_info /opt/stack/keystone/keystone/server/flask/request_processing/req_logging.py:27}}
Oct 14 10:54:57.960812 n-d-852171-9 devstack@keystone.service[81788]: DEBUG keystone.server.flask.request_processing.req_logging [None req-8f3c5cd6-8cae-432c-8067-fc1104f24a89 None admin] SCRIPT_NAME: `/identity` {{(pid=81788) log_request_info /opt/stack/keystone/keystone/server/flask/request_processing/req_logging.py:28}}
Oct 14 10:54:57.961146 n-d-852171-9 devstack@keystone.service[81788]: DEBUG keystone.server.flask.request_processing.req_logging [None req-8f3c5cd6-8cae-432c-8067-fc1104f24a89 None admin] PATH_INFO: `/v3/users/904b33c581a14c33bcd377805f0331a1` {{(pid=81788) log_request_info /opt/stack/keystone/keystone/server/flask/request_processing/req_logging.py:29}}
Oct 14 10:54:57.976884 n-d-852171-9 devstack@keystone.service[81788]: DEBUG keystone.common.rbac_enforcer.enforcer [None req-8f3c5cd6-8cae-432c-8067-fc1104f24a89 None admin] RBAC: Authorizing `identity:get_user(user_id=904b33c581a14c33bcd377805f0331a1)` {{(pid=81788) enforce_call /opt/stack/keystone/keystone/common/rbac_enforcer/enforcer.py:449}}
Oct 14 10:54:57.978365 n-d-852171-9 devstack@keystone.service[81788]: DEBUG keystone.common.rbac_enforcer.enforcer [None req-8f3c5cd6-8cae-432c-8067-fc1104f24a89 None admin] RBAC: Authorization granted {{(pid=81788) enforce_call /opt/stack/keystone/keystone/common/rbac_enforcer/enforcer.py:457}}
Oct 14 10:54:57.980011 n-d-852171-9 devstack@keystone.service[81788]: [pid: 81788|app: 0|req: 35/68] 10.222.0.40 () {56 vars in 1177 bytes} [Fri Oct 14 10:54:57 2022] GET /identity/v3/users/904b33c581a14c33bcd377805f0331a1 => generated 275 bytes in 166 msecs (HTTP/1.1 200) 5 headers in 177 bytes (1 switches on core 0)
Oct 14 10:54:57.981150 n-d-852171-9 devstack@keystone.service[81788]: DEBUG keystone.server.flask.request_processing.req_logging [None req-ceb8e62d-0305-4ebf-b51c-85a194c81234 None None] REQUEST_METHOD: `POST` {{(pid=81788) log_request_info /opt/stack/keystone/keystone/server/flask/request_processing/req_logging.py:27}}
Oct 14 10:54:57.981432 n-d-852171-9 devstack@keystone.service[81788]: DEBUG keystone.server.flask.request_processing.req_logging [None req-ceb8e62d-0305-4ebf-b51c-85a194c81234 None None] SCRIPT_NAME: `/identity` {{(pid=81788) log_request_info /opt/stack/keystone/keystone/server/flask/request_processing/req_logging.py:28}}
Oct 14 10:54:57.981701 n-d-852171-9 devstack@keystone.service[81788]: DEBUG keystone.server.flask.request_processing.req_logging [None req-ceb8e62d-0305-4ebf-b51c-85a194c81234 None None] PATH_INFO: `/v3/auth/tokens` {{(pid=81788) log_request_info /opt/stack/keystone/keystone/server/flask/request_processing/req_logging.py:29}}
Oct 14 10:54:57.999502 n-d-852171-9 devstack@keystone.service[81788]: DEBUG keystone.auth.core [None req-ceb8e62d-0305-4ebf-b51c-85a194c81234 None None] MFA Rules not processed for user `52462ff4a5fa4a99a7905a9e65248fa7`. Rule list: `[]` (Enabled: `True`). {{(pid=81788) check_auth_methods_against_rules /opt/stack/keystone/keystone/auth/core.py:438}}
Oct 14 10:54:58.000696 n-d-852171-9 devstack@keystone.service[81788]: DEBUG keystone.common.fernet_utils [None req-ceb8e62d-0305-4ebf-b51c-85a194c81234 None None] Loaded 2 Fernet keys from /etc/keystone/fernet-keys/, but `[fernet_tokens] max_active_keys = 3`; perhaps there have not been enough key rotations to reach `max_active_keys` yet? {{(pid=81788) load_keys /opt/stack/keystone/keystone/common/fernet_utils.py:286}}
Oct 14 10:54:58.052312 n-d-852171-9 devstack@keystone.service[81787]: DEBUG keystone.server.flask.request_processing.middleware.auth_context [None req-7e5326d2-dc17-42e4-bb51-68c0db0dc542 None admin] Validating token access rules against request {{(pid=81787) validate_allowed_request /usr/local/lib/python3.8/dist-packages/keystonemiddleware/auth_token/__init__.py:545}}
Oct 14 10:54:58.064315 n-d-852171-9 devstack@keystone.service[81788]: [pid: 81788|app: 0|req: 36/69] 10.222.0.40 () {58 vars in 1024 bytes} [Fri Oct 14 10:54:57 2022] POST /identity/v3/auth/tokens => generated 799 bytes in 84 msecs (HTTP/1.1 201) 6 headers in 363 bytes (1 switches on core 0)
Oct 14 10:54:58.065375 n-d-852171-9 devstack@keystone.service[81788]: DEBUG keystone.server.flask.request_processing.middleware.auth_context [None req-ceb8e62d-0305-4ebf-b51c-85a194c81234 None None] Authenticating user token {{(pid=81788) process_request /usr/local/lib/python3.8/dist-packages/keystonemiddleware/auth_token/__init__.py:407}}
Oct 14 10:54:58.085560 n-d-852171-9 devstack@keystone.service[81787]: DEBUG keystone.server.flask.request_processing.middleware.auth_context [None req-5ce2b847-05d5-460a-aa50-3dad022a0ff6 None admin] RBAC: auth_context: {'token': , 'domain_id': None, 'trust_id': None, 'trustor_id': None, 'trustee_id': None, 'domain_name': None, 'group_ids': [], 'user_id': '52462ff4a5fa4a99a7905a9e65248fa7', 'user_domain_id': 'default', 'system_scope': 'all', 'project_id': None, 'project_domain_id': None, 'roles': ['admin', 'member', 'reader'], 'is_admin_project': True, 'service_user_id': None, 'service_user_domain_id': None, 'service_project_id': None, 'service_project_domain_id': None, 'service_roles': []} {{(pid=81787) fill_context /opt/stack/keystone/keystone/server/flask/request_processing/middleware/auth_context.py:478}}
Oct 14 10:54:58.086386 n-d-852171-9 devstack@keystone.service[81787]: DEBUG keystone.server.flask.request_processing.req_logging [None req-5ce2b847-05d5-460a-aa50-3dad022a0ff6 None admin] REQUEST_METHOD: `GET` {{(pid=81787) log_request_info /opt/stack/keystone/keystone/server/flask/request_processing/req_logging.py:27}}
Oct 14 10:54:58.086798 n-d-852171-9 devstack@keystone.service[81787]: DEBUG keystone.server.flask.request_processing.req_logging [None req-5ce2b847-05d5-460a-aa50-3dad022a0ff6 None admin] SCRIPT_NAME: `/identity` {{(pid=81787) log_request_info /opt/stack/keystone/keystone/server/flask/request_processing/req_logging.py:28}}
Oct 14 10:54:58.087224 n-d-852171-9 devstack@keystone.service[81787]: DEBUG keystone.server.flask.request_processing.req_logging [None req-5ce2b847-05d5-460a-aa50-3dad022a0ff6 None admin] PATH_INFO: `/v3/roles` {{(pid=81787) log_request_info /opt/stack/keystone/keystone/server/flask/request_processing/req_logging.py:29}}
Oct 14 10:54:58.088022 n-d-852171-9 devstack@keystone.service[81787]: DEBUG keystone.common.rbac_enforcer.enforcer [None req-5ce2b847-05d5-460a-aa50-3dad022a0ff6 None admin] RBAC: Adding query filter params (name=anotherrole) {{(pid=81787) _extract_filter_values /opt/stack/keystone/keystone/common/rbac_enforcer/enforcer.py:167}}
Oct 14 10:54:58.088456 n-d-852171-9 devstack@keystone.service[81787]: DEBUG keystone.common.rbac_enforcer.enforcer [None req-5ce2b847-05d5-460a-aa50-3dad022a0ff6 None admin] RBAC: Authorizing `identity:list_roles()` {{(pid=81787) enforce_call /opt/stack/keystone/keystone/common/rbac_enforcer/enforcer.py:449}}
Oct 14 10:54:58.089977 n-d-852171-9 devstack@keystone.service[81787]: DEBUG keystone.common.rbac_enforcer.enforcer [None req-5ce2b847-05d5-460a-aa50-3dad022a0ff6 None admin] RBAC: Authorization granted {{(pid=81787) enforce_call /opt/stack/keystone/keystone/common/rbac_enforcer/enforcer.py:457}}
Oct 14 10:54:58.098472 n-d-852171-9 devstack@keystone.service[81787]: [pid: 81787|app: 0|req: 34/70] 10.222.0.40 () {56 vars in 1111 bytes} [Fri Oct 14 10:54:57 2022] GET /identity/v3/roles?name=anotherrole => generated 334 bytes in 148 msecs (HTTP/1.1 200) 5 headers in 177 bytes (1 switches on core 0)
Oct 14 10:54:58.099553 n-d-852171-9 devstack@keystone.service[81787]: DEBUG keystone.server.flask.request_processing.middleware.auth_context [None req-5ce2b847-05d5-460a-aa50-3dad022a0ff6 None admin] Authenticating user token {{(pid=81787) process_request /usr/local/lib/python3.8/dist-packages/keystonemiddleware/auth_token/__init__.py:407}}
Oct 14 10:54:58.104117 n-d-852171-9 devstack@keystone.service[81787]: DEBUG dbcounter [-] [81787] Writing DB stats keystone:SELECT=100 {{(pid=81787) stat_writer /usr/local/lib/python3.8/dist-packages/dbcounter.py:114}}
Oct 14 10:54:58.188388 n-d-852171-9 devstack@keystone.service[81788]: DEBUG dbcounter [-] [81788] Writing DB stats keystone:SELECT=100 {{(pid=81788) stat_writer /usr/local/lib/python3.8/dist-packages/dbcounter.py:114}}
Oct 14 10:54:58.192362 n-d-852171-9 devstack@keystone.service[81788]: DEBUG keystone.server.flask.request_processing.middleware.auth_context [None req-ceb8e62d-0305-4ebf-b51c-85a194c81234 None None] Validating token access rules against request {{(pid=81788) validate_allowed_request /usr/local/lib/python3.8/dist-packages/keystonemiddleware/auth_token/__init__.py:545}}
Oct 14 10:54:58.203323 n-d-852171-9 devstack@keystone.service[81787]: DEBUG keystone.server.flask.request_processing.middleware.auth_context [None req-5ce2b847-05d5-460a-aa50-3dad022a0ff6 None admin] Validating token access rules against request {{(pid=81787) validate_allowed_request /usr/local/lib/python3.8/dist-packages/keystonemiddleware/auth_token/__init__.py:545}}
Oct 14 10:54:58.228463 n-d-852171-9 devstack@keystone.service[81788]: DEBUG keystone.server.flask.request_processing.middleware.auth_context [None req-3c380fb1-b68e-4425-b9d2-eae6d91541e9 None admin] RBAC: auth_context: {'token': , 'domain_id': None, 'trust_id': None, 'trustor_id': None, 'trustee_id': None, 'domain_name': None, 'group_ids': [], 'user_id': '52462ff4a5fa4a99a7905a9e65248fa7', 'user_domain_id': 'default', 'system_scope': 'all', 'project_id': None, 'project_domain_id': None, 'roles': ['admin', 'member', 'reader'], 'is_admin_project': True, 'service_user_id': None, 'service_user_domain_id': None, 'service_project_id': None, 'service_project_domain_id': None, 'service_roles': []} {{(pid=81788) fill_context /opt/stack/keystone/keystone/server/flask/request_processing/middleware/auth_context.py:478}}
Oct 14 10:54:58.229110 n-d-852171-9 devstack@keystone.service[81788]: DEBUG keystone.server.flask.request_processing.req_logging [None req-3c380fb1-b68e-4425-b9d2-eae6d91541e9 None admin] REQUEST_METHOD: `GET` {{(pid=81788) log_request_info /opt/stack/keystone/keystone/server/flask/request_processing/req_logging.py:27}}
Oct 14 10:54:58.229388 n-d-852171-9 devstack@keystone.service[81788]: DEBUG keystone.server.flask.request_processing.req_logging [None req-3c380fb1-b68e-4425-b9d2-eae6d91541e9 None admin] SCRIPT_NAME: `/identity` {{(pid=81788) log_request_info /opt/stack/keystone/keystone/server/flask/request_processing/req_logging.py:28}}
Oct 14 10:54:58.229657 n-d-852171-9 devstack@keystone.service[81788]: DEBUG keystone.server.flask.request_processing.req_logging [None req-3c380fb1-b68e-4425-b9d2-eae6d91541e9 None admin] PATH_INFO: `/v3/roles/member` {{(pid=81788) log_request_info /opt/stack/keystone/keystone/server/flask/request_processing/req_logging.py:29}}
Oct 14 10:54:58.239144 n-d-852171-9 devstack@keystone.service[81787]: DEBUG keystone.server.flask.request_processing.middleware.auth_context [None req-47c65c2b-23fb-4ed7-8280-41e35516c7fb None admin] RBAC: auth_context: {'token': , 'domain_id': None, 'trust_id': None, 'trustor_id': None, 'trustee_id': None, 'domain_name': None, 'group_ids': [], 'user_id': '52462ff4a5fa4a99a7905a9e65248fa7', 'user_domain_id': 'default', 'system_scope': 'all', 'project_id': None, 'project_domain_id': None, 'roles': ['admin', 'member', 'reader'], 'is_admin_project': True, 'service_user_id': None, 'service_user_domain_id': None, 'service_project_id': None, 'service_project_domain_id': None, 'service_roles': []} {{(pid=81787) fill_context /opt/stack/keystone/keystone/server/flask/request_processing/middleware/auth_context.py:478}}
Oct 14 10:54:58.239756 n-d-852171-9 devstack@keystone.service[81787]: DEBUG keystone.server.flask.request_processing.req_logging [None req-47c65c2b-23fb-4ed7-8280-41e35516c7fb None admin] REQUEST_METHOD: `GET` {{(pid=81787) log_request_info /opt/stack/keystone/keystone/server/flask/request_processing/req_logging.py:27}}
Oct 14 10:54:58.240034 n-d-852171-9 devstack@keystone.service[81787]: DEBUG keystone.server.flask.request_processing.req_logging [None req-47c65c2b-23fb-4ed7-8280-41e35516c7fb None admin] SCRIPT_NAME: `/identity` {{(pid=81787) log_request_info /opt/stack/keystone/keystone/server/flask/request_processing/req_logging.py:28}}
Oct 14 10:54:58.240151 n-d-852171-9 devstack@keystone.service[81788]: DEBUG keystone.common.rbac_enforcer.enforcer [None req-3c380fb1-b68e-4425-b9d2-eae6d91541e9 None admin] Extracting inferred target data resulted in "NOT FOUND (404)". {{(pid=81788) enforce_call /opt/stack/keystone/keystone/common/rbac_enforcer/enforcer.py:409}}
Oct 14 10:54:58.240308 n-d-852171-9 devstack@keystone.service[81787]: DEBUG keystone.server.flask.request_processing.req_logging [None req-47c65c2b-23fb-4ed7-8280-41e35516c7fb None admin] PATH_INFO: `/v3/roles` {{(pid=81787) log_request_info /opt/stack/keystone/keystone/server/flask/request_processing/req_logging.py:29}}
Oct 14 10:54:58.240955 n-d-852171-9 devstack@keystone.service[81787]: DEBUG keystone.common.rbac_enforcer.enforcer [None req-47c65c2b-23fb-4ed7-8280-41e35516c7fb None admin] RBAC: Adding query filter params (name=admin) {{(pid=81787) _extract_filter_values /opt/stack/keystone/keystone/common/rbac_enforcer/enforcer.py:167}}
Oct 14 10:54:58.241254 n-d-852171-9 devstack@keystone.service[81787]: DEBUG keystone.common.rbac_enforcer.enforcer [None req-47c65c2b-23fb-4ed7-8280-41e35516c7fb None admin] RBAC: Authorizing `identity:list_roles()` {{(pid=81787) enforce_call /opt/stack/keystone/keystone/common/rbac_enforcer/enforcer.py:449}}
Oct 14 10:54:58.242683 n-d-852171-9 devstack@keystone.service[81787]: DEBUG keystone.common.rbac_enforcer.enforcer [None req-47c65c2b-23fb-4ed7-8280-41e35516c7fb None admin] RBAC: Authorization granted {{(pid=81787) enforce_call /opt/stack/keystone/keystone/common/rbac_enforcer/enforcer.py:457}}
Oct 14 10:54:58.245031 n-d-852171-9 devstack@keystone.service[81788]: ERROR keystone.server.flask.application [None req-3c380fb1-b68e-4425-b9d2-eae6d91541e9 None admin] Could not find role: member.: keystone.exception.RoleNotFound: Could not find role: member.
Oct 14 10:54:58.245031 n-d-852171-9 devstack@keystone.service[81788]: ERROR keystone.server.flask.application
Traceback (most recent call last):
Oct 14 10:54:58.245031 n-d-852171-9 devstack@keystone.service[81788]: ERROR keystone.server.flask.application
File "/usr/local/lib/python3.8/dist-packages/flask/app.py", line 1820, in full_dispatch_request
Oct 14 10:54:58.245031 n-d-852171-9 devstack@keystone.service[81788]: ERROR keystone.server.flask.application rv = self.dispatch_request()
Oct 14 10:54:58.245031 n-d-852171-9 devstack@keystone.service[81788]: ERROR keystone.server.flask.application
File "/usr/local/lib/python3.8/dist-packages/flask/app.py", line 1796, in dispatch_request
Oct 14 10:54:58.245031 n-d-852171-9 devstack@keystone.service[81788]: ERROR keystone.server.flask.application return self.ensure_sync(self.view_functions[rule.endpoint])(**view_args)
Oct 14 10:54:58.245031 n-d-852171-9 devstack@keystone.service[81788]: ERROR keystone.server.flask.application
File "/usr/local/lib/python3.8/dist-packages/flask_restful/__init__.py", line 467, in wrapper
Oct 14 10:54:58.245031 n-d-852171-9 devstack@keystone.service[81788]: ERROR keystone.server.flask.application resp = resource(*args, **kwargs)
Oct 14 10:54:58.245031 n-d-852171-9 devstack@keystone.service[81788]: ERROR keystone.server.flask.application
File "/usr/local/lib/python3.8/dist-packages/flask/views.py", line 107, in view
Oct 14 10:54:58.245031 n-d-852171-9 devstack@keystone.service[81788]: ERROR keystone.server.flask.application return current_app.ensure_sync(self.dispatch_request)(**kwargs)
Oct 14 10:54:58.245031 n-d-852171-9 devstack@keystone.service[81788]: ERROR keystone.server.flask.application
File "/usr/local/lib/python3.8/dist-packages/flask_restful/__init__.py", line 582, in dispatch_request
Oct 14 10:54:58.245031 n-d-852171-9 devstack@keystone.service[81788]: ERROR keystone.server.flask.application resp = meth(*args, **kwargs)
Oct 14 10:54:58.245031 n-d-852171-9 devstack@keystone.service[81788]: ERROR keystone.server.flask.application
File "/opt/stack/keystone/keystone/api/roles.py", line 50, in get
Oct 14 10:54:58.245031 n-d-852171-9 devstack@keystone.service[81788]: ERROR keystone.server.flask.application return self._get_role(role_id)
Oct 14 10:54:58.245031 n-d-852171-9 devstack@keystone.service[81788]: ERROR keystone.server.flask.application
File "/opt/stack/keystone/keystone/api/roles.py", line 70, in _get_role
Oct 14 10:54:58.245031 n-d-852171-9 devstack@keystone.service[81788]: ERROR keystone.server.flask.application ENFORCER.enforce_call(action='identity:get_role')
Oct 14 10:54:58.246026 n-d-852171-9 devstack@keystone.service[81788]: ERROR keystone.server.flask.application
File "/opt/stack/keystone/keystone/common/rbac_enforcer/enforcer.py", line 402, in enforce_call
Oct 14 10:54:58.246026 n-d-852171-9 devstack@keystone.service[81788]: ERROR keystone.server.flask.application policy_dict.update(cls._extract_member_target_data(
Oct 14 10:54:58.246026 n-d-852171-9 devstack@keystone.service[81788]: ERROR keystone.server.flask.application
File "/opt/stack/keystone/keystone/common/rbac_enforcer/enforcer.py", line 234, in _extract_member_target_data
Oct 14 10:54:58.246026 n-d-852171-9 devstack@keystone.service[81788]: ERROR keystone.server.flask.application member_name: func(flask.request.view_args[key])
Oct 14 10:54:58.246026 n-d-852171-9 devstack@keystone.service[81788]: ERROR keystone.server.flask.application
File "/opt/stack/keystone/keystone/common/manager.py", line 115, in wrapped
Oct 14 10:54:58.246026 n-d-852171-9 devstack@keystone.service[81788]: ERROR keystone.server.flask.application __ret_val = __f(*args, **kwargs)
Oct 14 10:54:58.246026 n-d-852171-9 devstack@keystone.service[81788]: ERROR keystone.server.flask.application
File "/usr/local/lib/python3.8/dist-packages/decorator.py", line 232, in fun
Oct 14 10:54:58.246026 n-d-852171-9 devstack@keystone.service[81788]: ERROR keystone.server.flask.application return caller(func, *(extras + args), **kw)
Oct 14 10:54:58.246026 n-d-852171-9 devstack@keystone.service[81788]: ERROR keystone.server.flask.application
File "/usr/local/lib/python3.8/dist-packages/dogpile/cache/region.py", line 1577, in get_or_create_for_user_func
Oct 14 10:54:58.246026 n-d-852171-9 devstack@keystone.service[81788]: ERROR keystone.server.flask.application return self.get_or_create(
Oct 14 10:54:58.246026 n-d-852171-9 devstack@keystone.service[81788]: ERROR keystone.server.flask.application
File "/usr/local/lib/python3.8/dist-packages/dogpile/cache/region.py", line 1042, in get_or_create
Oct 14 10:54:58.246026 n-d-852171-9 devstack@keystone.service[81788]: ERROR keystone.server.flask.application with Lock(
Oct 14 10:54:58.246026 n-d-852171-9 devstack@keystone.service[81788]: ERROR keystone.server.flask.application
File "/usr/local/lib/python3.8/dist-packages/dogpile/lock.py", line 185, in __enter__
Oct 14 10:54:58.246026 n-d-852171-9 devstack@keystone.service[81788]: ERROR keystone.server.flask.application return self._enter()
Oct 14 10:54:58.246026 n-d-852171-9 devstack@keystone.service[81788]: ERROR keystone.server.flask.application
File "/usr/local/lib/python3.8/dist-packages/dogpile/lock.py", line 94, in _enter
Oct 14 10:54:58.246026 n-d-852171-9 devstack@keystone.service[81788]: ERROR keystone.server.flask.application generated = self._enter_create(value, createdtime)
Oct 14 10:54:58.246799 n-d-852171-9 devstack@keystone.service[81788]: ERROR keystone.server.flask.application
File "/usr/local/lib/python3.8/dist-packages/dogpile/lock.py", line 178, in _enter_create
Oct 14 10:54:58.246799 n-d-852171-9 devstack@keystone.service[81788]: ERROR keystone.server.flask.application return self.creator()
Oct 14 10:54:58.246799 n-d-852171-9 devstack@keystone.service[81788]: ERROR keystone.server.flask.application
File "/usr/local/lib/python3.8/dist-packages/dogpile/cache/region.py", line 995, in gen_value
Oct 14 10:54:58.246799 n-d-852171-9 devstack@keystone.service[81788]: ERROR keystone.server.flask.application created_value = creator(
Oct 14 10:54:58.246799 n-d-852171-9 devstack@keystone.service[81788]: ERROR keystone.server.flask.application
File "/opt/stack/keystone/keystone/assignment/core.py", line 1276, in get_role
Oct 14 10:54:58.246799 n-d-852171-9 devstack@keystone.service[81788]: ERROR keystone.server.flask.application return self.driver.get_role(role_id)
Oct 14 10:54:58.246799 n-d-852171-9 devstack@keystone.service[81788]: ERROR keystone.server.flask.application
File "/opt/stack/keystone/keystone/assignment/role_backends/sql.py", line 70, in get_role
Oct 14 10:54:58.246799 n-d-852171-9 devstack@keystone.service[81788]: ERROR keystone.server.flask.application return self._get_role(session, role_id).to_dict()
Oct 14 10:54:58.246799 n-d-852171-9 devstack@keystone.service[81788]: ERROR keystone.server.flask.application
File "/opt/stack/keystone/keystone/assignment/role_backends/sql.py", line 65, in _get_role
Oct 14 10:54:58.246799 n-d-852171-9 devstack@keystone.service[81788]: ERROR keystone.server.flask.application raise exception.RoleNotFound(role_id=role_id)
Oct 14 10:54:58.246799 n-d-852171-9 devstack@keystone.service[81788]: ERROR keystone.server.flask.application keystone.exception.RoleNotFound: Could not find role: member.
Oct 14 10:54:58.246799 n-d-852171-9 devstack@keystone.service[81788]: ERROR keystone.server.flask.application
Oct 14 10:54:58.246799 n-d-852171-9 devstack@keystone.service[81788]: [pid: 81788|app: 0|req: 37/71] 10.222.0.40 () {56 vars in 1099 bytes} [Fri Oct 14 10:54:58 2022] GET /identity/v3/roles/member => generated 84 bytes in 181 msecs (HTTP/1.1 404) 5 headers in 183 bytes (1 switches on core 0)
Oct 14 10:54:58.247474 n-d-852171-9 devstack@keystone.service[81788]: DEBUG keystone.server.flask.request_processing.middleware.auth_context [None req-3c380fb1-b68e-4425-b9d2-eae6d91541e9 None admin] Authenticating user token {{(pid=81788) process_request /usr/local/lib/python3.8/dist-packages/keystonemiddleware/auth_token/__init__.py:407}}
Oct 14 10:54:58.262566 n-d-852171-9 devstack@keystone.service[81787]: [pid: 81787|app: 0|req: 35/72] 10.222.0.40 () {56 vars in 1099 bytes} [Fri Oct 14 10:54:58 2022] GET /identity/v3/roles?name=admin => generated 339 bytes in 158 msecs (HTTP/1.1 200) 5 headers in 177 bytes (1 switches on core 0)
Oct 14 10:54:58.262566 n-d-852171-9 devstack@keystone.service[81787]: DEBUG keystone.server.flask.request_processing.middleware.auth_context [None req-47c65c2b-23fb-4ed7-8280-41e35516c7fb None admin] Authenticating user token {{(pid=81787) process_request /usr/local/lib/python3.8/dist-packages/keystonemiddleware/auth_token/__init__.py:407}}
Oct 14 10:54:58.324162 n-d-852171-9 devstack@keystone.service[81787]: DEBUG dbcounter [-] [81787] Writing DB stats keystone:SELECT=100 {{(pid=81787) stat_writer /usr/local/lib/python3.8/dist-packages/dbcounter.py:114}}
Oct 14 10:54:58.360814 n-d-852171-9 devstack@keystone.service[81788]: DEBUG keystone.server.flask.request_processing.middleware.auth_context [None req-3c380fb1-b68e-4425-b9d2-eae6d91541e9 None admin] Validating token access rules against request {{(pid=81788) validate_allowed_request /usr/local/lib/python3.8/dist-packages/keystonemiddleware/auth_token/__init__.py:545}}
Oct 14 10:54:58.364477 n-d-852171-9 devstack@keystone.service[81787]: DEBUG keystone.server.flask.request_processing.middleware.auth_context [None req-47c65c2b-23fb-4ed7-8280-41e35516c7fb None admin] Validating token access rules against request {{(pid=81787) validate_allowed_request /usr/local/lib/python3.8/dist-packages/keystonemiddleware/auth_token/__init__.py:545}}
Oct 14 10:54:58.394040 n-d-852171-9 devstack@keystone.service[81788]: DEBUG keystone.server.flask.request_processing.middleware.auth_context [None req-b7016835-6ab7-42cd-b0af-77b15bec7351 None admin] RBAC: auth_context: {'token': , 'domain_id': None, 'trust_id': None, 'trustor_id': None, 'trustee_id': None, 'domain_name': None, 'group_ids': [], 'user_id': '52462ff4a5fa4a99a7905a9e65248fa7', 'user_domain_id': 'default', 'system_scope': 'all', 'project_id': None, 'project_domain_id': None, 'roles': ['admin', 'member', 'reader'], 'is_admin_project': True, 'service_user_id': None, 'service_user_domain_id': None, 'service_project_id': None, 'service_project_domain_id': None, 'service_roles': []} {{(pid=81788) fill_context /opt/stack/keystone/keystone/server/flask/request_processing/middleware/auth_context.py:478}}
Oct 14 10:54:58.394699 n-d-852171-9 devstack@keystone.service[81788]: DEBUG keystone.server.flask.request_processing.req_logging [None req-b7016835-6ab7-42cd-b0af-77b15bec7351 None admin] REQUEST_METHOD: `GET` {{(pid=81788) log_request_info /opt/stack/keystone/keystone/server/flask/request_processing/req_logging.py:27}}
Oct 14 10:54:58.394978 n-d-852171-9 devstack@keystone.service[81788]: DEBUG keystone.server.flask.request_processing.req_logging [None req-b7016835-6ab7-42cd-b0af-77b15bec7351 None admin] SCRIPT_NAME: `/identity` {{(pid=81788) log_request_info /opt/stack/keystone/keystone/server/flask/request_processing/req_logging.py:28}}
Oct 14 10:54:58.395248 n-d-852171-9 devstack@keystone.service[81788]: DEBUG keystone.server.flask.request_processing.req_logging [None req-b7016835-6ab7-42cd-b0af-77b15bec7351 None admin] PATH_INFO: `/v3/projects/4a3ca3867b48406088c6bcde64a20241` {{(pid=81788) log_request_info /opt/stack/keystone/keystone/server/flask/request_processing/req_logging.py:29}}
Oct 14 10:54:58.396360 n-d-852171-9 devstack@keystone.service[81788]: DEBUG keystone.common.rbac_enforcer.enforcer [None req-b7016835-6ab7-42cd-b0af-77b15bec7351 None admin] RBAC: Authorizing `identity:get_project(project_id=4a3ca3867b48406088c6bcde64a20241)` {{(pid=81788) enforce_call /opt/stack/keystone/keystone/common/rbac_enforcer/enforcer.py:449}}
Oct 14 10:54:58.397036 n-d-852171-9 devstack@keystone.service[81787]: DEBUG keystone.server.flask.request_processing.middleware.auth_context [None req-250cc393-775f-4de9-88cd-d9c8c355c2a1 None admin] RBAC: auth_context: {'token': , 'domain_id': None, 'trust_id': None, 'trustor_id': None, 'trustee_id': None, 'domain_name': None, 'group_ids': [], 'user_id': '52462ff4a5fa4a99a7905a9e65248fa7', 'user_domain_id': 'default', 'system_scope': 'all', 'project_id': None, 'project_domain_id': None, 'roles': ['admin', 'member', 'reader'], 'is_admin_project': True, 'service_user_id': None, 'service_user_domain_id': None, 'service_project_id': None, 'service_project_domain_id': None, 'service_roles': []} {{(pid=81787) fill_context /opt/stack/keystone/keystone/server/flask/request_processing/middleware/auth_context.py:478}}
Oct 14 10:54:58.397672 n-d-852171-9 devstack@keystone.service[81787]: DEBUG keystone.server.flask.request_processing.req_logging [None req-250cc393-775f-4de9-88cd-d9c8c355c2a1 None admin] REQUEST_METHOD: `GET` {{(pid=81787) log_request_info /opt/stack/keystone/keystone/server/flask/request_processing/req_logging.py:27}}
Oct 14 10:54:58.397845 n-d-852171-9 devstack@keystone.service[81788]: DEBUG keystone.common.rbac_enforcer.enforcer [None req-b7016835-6ab7-42cd-b0af-77b15bec7351 None admin] RBAC: Authorization granted {{(pid=81788) enforce_call /opt/stack/keystone/keystone/common/rbac_enforcer/enforcer.py:457}}
Oct 14 10:54:58.397991 n-d-852171-9 devstack@keystone.service[81787]: DEBUG keystone.server.flask.request_processing.req_logging [None req-250cc393-775f-4de9-88cd-d9c8c355c2a1 None admin] SCRIPT_NAME: `/identity` {{(pid=81787) log_request_info /opt/stack/keystone/keystone/server/flask/request_processing/req_logging.py:28}}
Oct 14 10:54:58.398285 n-d-852171-9 devstack@keystone.service[81787]: DEBUG keystone.server.flask.request_processing.req_logging [None req-250cc393-775f-4de9-88cd-d9c8c355c2a1 None admin] PATH_INFO: `/v3/users/904b33c581a14c33bcd377805f0331a1` {{(pid=81787) log_request_info /opt/stack/keystone/keystone/server/flask/request_processing/req_logging.py:29}}
Oct 14 10:54:58.399473 n-d-852171-9 devstack@keystone.service[81787]: DEBUG keystone.common.rbac_enforcer.enforcer [None req-250cc393-775f-4de9-88cd-d9c8c355c2a1 None admin] RBAC: Authorizing `identity:get_user(user_id=904b33c581a14c33bcd377805f0331a1)` {{(pid=81787) enforce_call /opt/stack/keystone/keystone/common/rbac_enforcer/enforcer.py:449}}
Oct 14 10:54:58.404432 n-d-852171-9 devstack@keystone.service[81788]: [pid: 81788|app: 0|req: 38/73] 10.222.0.40 () {56 vars in 1186 bytes} [Fri Oct 14 10:54:58 2022] GET /identity/v3/projects/4a3ca3867b48406088c6bcde64a20241 => generated 298 bytes in 153 msecs (HTTP/1.1 200) 5 headers in 177 bytes (1 switches on core 0)
Oct 14 10:54:58.404432 n-d-852171-9 devstack@keystone.service[81788]: DEBUG keystone.server.flask.request_processing.middleware.auth_context [None req-b7016835-6ab7-42cd-b0af-77b15bec7351 None admin] Authenticating user token {{(pid=81788) process_request /usr/local/lib/python3.8/dist-packages/keystonemiddleware/auth_token/__init__.py:407}}
Oct 14 10:54:58.404608 n-d-852171-9 devstack@keystone.service[81787]: DEBUG keystone.common.rbac_enforcer.enforcer [None req-250cc393-775f-4de9-88cd-d9c8c355c2a1 None admin] RBAC: Authorization granted {{(pid=81787) enforce_call /opt/stack/keystone/keystone/common/rbac_enforcer/enforcer.py:457}}
Oct 14 10:54:58.404608 n-d-852171-9 devstack@keystone.service[81787]: [pid: 81787|app: 0|req: 36/74] 10.222.0.40 () {56 vars in 1177 bytes} [Fri Oct 14 10:54:58 2022] GET /identity/v3/users/904b33c581a14c33bcd377805f0331a1 => generated 275 bytes in 145 msecs (HTTP/1.1 200) 5 headers in 177 bytes (1 switches on core 0)
Oct 14 10:54:58.404608 n-d-852171-9 devstack@keystone.service[81787]: DEBUG keystone.server.flask.request_processing.middleware.auth_context [None req-250cc393-775f-4de9-88cd-d9c8c355c2a1 None admin] Authenticating user token {{(pid=81787) process_request /usr/local/lib/python3.8/dist-packages/keystonemiddleware/auth_token/__init__.py:407}}
Oct 14 10:54:58.430843 n-d-852171-9 devstack@keystone.service[81788]: DEBUG dbcounter [-] [81788] Writing DB stats keystone:SELECT=100 {{(pid=81788) stat_writer /usr/local/lib/python3.8/dist-packages/dbcounter.py:114}}
Oct 14 10:54:58.502710 n-d-852171-9 devstack@keystone.service[81788]: DEBUG keystone.server.flask.request_processing.middleware.auth_context [None req-b7016835-6ab7-42cd-b0af-77b15bec7351 None admin] Validating token access rules against request {{(pid=81788) validate_allowed_request /usr/local/lib/python3.8/dist-packages/keystonemiddleware/auth_token/__init__.py:545}}
Oct 14 10:54:58.505993 n-d-852171-9 devstack@keystone.service[81787]: DEBUG keystone.server.flask.request_processing.middleware.auth_context [None req-250cc393-775f-4de9-88cd-d9c8c355c2a1 None admin] Validating token access rules against request {{(pid=81787) validate_allowed_request /usr/local/lib/python3.8/dist-packages/keystonemiddleware/auth_token/__init__.py:545}}
Oct 14 10:54:58.535194 n-d-852171-9 devstack@keystone.service[81788]: DEBUG keystone.server.flask.request_processing.middleware.auth_context [None req-c1b5a597-56c4-49af-9b32-a627b1a5a7e4 None admin] RBAC: auth_context: {'token': , 'domain_id': None, 'trust_id': None, 'trustor_id': None, 'trustee_id': None, 'domain_name': None, 'group_ids': [], 'user_id': '52462ff4a5fa4a99a7905a9e65248fa7', 'user_domain_id': 'default', 'system_scope': 'all', 'project_id': None, 'project_domain_id': None, 'roles': ['admin', 'member', 'reader'], 'is_admin_project': True, 'service_user_id': None, 'service_user_domain_id': None, 'service_project_id': None, 'service_project_domain_id': None, 'service_roles': []} {{(pid=81788) fill_context /opt/stack/keystone/keystone/server/flask/request_processing/middleware/auth_context.py:478}}
Oct 14 10:54:58.535804 n-d-852171-9 devstack@keystone.service[81788]: DEBUG keystone.server.flask.request_processing.req_logging [None req-c1b5a597-56c4-49af-9b32-a627b1a5a7e4 None admin] REQUEST_METHOD: `GET` {{(pid=81788) log_request_info /opt/stack/keystone/keystone/server/flask/request_processing/req_logging.py:27}}
Oct 14 10:54:58.536084 n-d-852171-9 devstack@keystone.service[81788]: DEBUG keystone.server.flask.request_processing.req_logging [None req-c1b5a597-56c4-49af-9b32-a627b1a5a7e4 None admin] SCRIPT_NAME: `/identity` {{(pid=81788) log_request_info /opt/stack/keystone/keystone/server/flask/request_processing/req_logging.py:28}}
Oct 14 10:54:58.536356 n-d-852171-9 devstack@keystone.service[81788]: DEBUG keystone.server.flask.request_processing.req_logging [None req-c1b5a597-56c4-49af-9b32-a627b1a5a7e4 None admin] PATH_INFO: `/v3/roles` {{(pid=81788) log_request_info /opt/stack/keystone/keystone/server/flask/request_processing/req_logging.py:29}}
Oct 14 10:54:58.537021 n-d-852171-9 devstack@keystone.service[81788]: DEBUG keystone.common.rbac_enforcer.enforcer [None req-c1b5a597-56c4-49af-9b32-a627b1a5a7e4 None admin] RBAC: Adding query filter params (name=member) {{(pid=81788) _extract_filter_values /opt/stack/keystone/keystone/common/rbac_enforcer/enforcer.py:167}}
Oct 14 10:54:58.537321 n-d-852171-9 devstack@keystone.service[81788]: DEBUG keystone.common.rbac_enforcer.enforcer [None req-c1b5a597-56c4-49af-9b32-a627b1a5a7e4 None admin] RBAC: Authorizing `identity:list_roles()` {{(pid=81788) enforce_call /opt/stack/keystone/keystone/common/rbac_enforcer/enforcer.py:449}}
Oct 14 10:54:58.538665 n-d-852171-9 devstack@keystone.service[81787]: DEBUG keystone.server.flask.request_processing.middleware.auth_context [None req-9b730194-6ca4-4495-ba25-a7f23647a40f None admin] RBAC: auth_context: {'token': , 'domain_id': None, 'trust_id': None, 'trustor_id': None, 'trustee_id': None, 'domain_name': None, 'group_ids': [], 'user_id': '52462ff4a5fa4a99a7905a9e65248fa7', 'user_domain_id': 'default', 'system_scope': 'all', 'project_id': None, 'project_domain_id': None, 'roles': ['admin', 'member', 'reader'], 'is_admin_project': True, 'service_user_id': None, 'service_user_domain_id': None, 'service_project_id': None, 'service_project_domain_id': None, 'service_roles': []} {{(pid=81787) fill_context /opt/stack/keystone/keystone/server/flask/request_processing/middleware/auth_context.py:478}}
Oct 14 10:54:58.538792 n-d-852171-9 devstack@keystone.service[81788]: DEBUG keystone.common.rbac_enforcer.enforcer [None req-c1b5a597-56c4-49af-9b32-a627b1a5a7e4 None admin] RBAC: Authorization granted {{(pid=81788) enforce_call /opt/stack/keystone/keystone/common/rbac_enforcer/enforcer.py:457}}
Oct 14 10:54:58.539297 n-d-852171-9 devstack@keystone.service[81787]: DEBUG keystone.server.flask.request_processing.req_logging [None req-9b730194-6ca4-4495-ba25-a7f23647a40f None admin] REQUEST_METHOD: `GET` {{(pid=81787) log_request_info /opt/stack/keystone/keystone/server/flask/request_processing/req_logging.py:27}}
Oct 14 10:54:58.539577 n-d-852171-9 devstack@keystone.service[81787]: DEBUG keystone.server.flask.request_processing.req_logging [None req-9b730194-6ca4-4495-ba25-a7f23647a40f None admin] SCRIPT_NAME: `/identity` {{(pid=81787) log_request_info /opt/stack/keystone/keystone/server/flask/request_processing/req_logging.py:28}}
Oct 14 10:54:58.539849 n-d-852171-9 devstack@keystone.service[81787]: DEBUG keystone.server.flask.request_processing.req_logging [None req-9b730194-6ca4-4495-ba25-a7f23647a40f None admin] PATH_INFO: `/v3/users/52462ff4a5fa4a99a7905a9e65248fa7` {{(pid=81787) log_request_info /opt/stack/keystone/keystone/server/flask/request_processing/req_logging.py:29}}
Oct 14 10:54:58.540983 n-d-852171-9 devstack@keystone.service[81787]: DEBUG keystone.common.rbac_enforcer.enforcer [None req-9b730194-6ca4-4495-ba25-a7f23647a40f None admin] RBAC: Authorizing `identity:get_user(user_id=52462ff4a5fa4a99a7905a9e65248fa7)` {{(pid=81787) enforce_call /opt/stack/keystone/keystone/common/rbac_enforcer/enforcer.py:449}}
Oct 14 10:54:58.542472 n-d-852171-9 devstack@keystone.service[81787]: DEBUG keystone.common.rbac_enforcer.enforcer [None req-9b730194-6ca4-4495-ba25-a7f23647a40f None admin] RBAC: Authorization granted {{(pid=81787) enforce_call /opt/stack/keystone/keystone/common/rbac_enforcer/enforcer.py:457}}
Oct 14 10:54:58.544306 n-d-852171-9 devstack@keystone.service[81787]: [pid: 81787|app: 0|req: 37/75] 10.222.0.40 () {56 vars in 1177 bytes} [Fri Oct 14 10:54:58 2022] GET /identity/v3/users/52462ff4a5fa4a99a7905a9e65248fa7 => generated 247 bytes in 141 msecs (HTTP/1.1 200) 5 headers in 177 bytes (1 switches on core 0)
Oct 14 10:54:58.544974 n-d-852171-9 devstack@keystone.service[81787]: DEBUG keystone.server.flask.request_processing.middleware.auth_context [None req-9b730194-6ca4-4495-ba25-a7f23647a40f None admin] Authenticating user token {{(pid=81787) process_request /usr/local/lib/python3.8/dist-packages/keystonemiddleware/auth_token/__init__.py:407}}
Oct 14 10:54:58.547489 n-d-852171-9 devstack@keystone.service[81787]: DEBUG dbcounter [-] [81787] Writing DB stats keystone:SELECT=100 {{(pid=81787) stat_writer /usr/local/lib/python3.8/dist-packages/dbcounter.py:114}}
Oct 14 10:54:58.552969 n-d-852171-9 devstack@keystone.service[81788]: [pid: 81788|app: 0|req: 39/76] 10.222.0.40 () {56 vars in 1101 bytes} [Fri Oct 14 10:54:58 2022] GET /identity/v3/roles?name=member => generated 341 bytes in 153 msecs (HTTP/1.1 200) 5 headers in 177 bytes (1 switches on core 0)
Oct 14 10:54:58.555153 n-d-852171-9 devstack@keystone.service[81788]: DEBUG keystone.server.flask.request_processing.middleware.auth_context [None req-c1b5a597-56c4-49af-9b32-a627b1a5a7e4 None admin] Authenticating user token {{(pid=81788) process_request /usr/local/lib/python3.8/dist-packages/keystonemiddleware/auth_token/__init__.py:407}}
Oct 14 10:54:58.639496 n-d-852171-9 devstack@keystone.service[81788]: DEBUG dbcounter [-] [81788] Writing DB stats keystone:SELECT=100 {{(pid=81788) stat_writer /usr/local/lib/python3.8/dist-packages/dbcounter.py:114}}
Oct 14 10:54:58.644940 n-d-852171-9 devstack@keystone.service[81787]: DEBUG keystone.server.flask.request_processing.middleware.auth_context [None req-9b730194-6ca4-4495-ba25-a7f23647a40f None admin] Validating token access rules against request {{(pid=81787) validate_allowed_request /usr/local/lib/python3.8/dist-packages/keystonemiddleware/auth_token/__init__.py:545}}
Oct 14 10:54:58.651899 n-d-852171-9 devstack@keystone.service[81788]: DEBUG keystone.server.flask.request_processing.middleware.auth_context [None req-c1b5a597-56c4-49af-9b32-a627b1a5a7e4 None admin] Validating token access rules against request {{(pid=81788) validate_allowed_request /usr/local/lib/python3.8/dist-packages/keystonemiddleware/auth_token/__init__.py:545}}
Oct 14 10:54:58.677351 n-d-852171-9 devstack@keystone.service[81787]: DEBUG keystone.server.flask.request_processing.middleware.auth_context [None req-076f3525-3276-4f06-8c8e-90835f83ab3a None admin] RBAC: auth_context: {'token': , 'domain_id': None, 'trust_id': None, 'trustor_id': None, 'trustee_id': None, 'domain_name': None, 'group_ids': [], 'user_id': '52462ff4a5fa4a99a7905a9e65248fa7', 'user_domain_id': 'default', 'system_scope': 'all', 'project_id': None, 'project_domain_id': None, 'roles': ['admin', 'member', 'reader'], 'is_admin_project': True, 'service_user_id': None, 'service_user_domain_id': None, 'service_project_id': None, 'service_project_domain_id': None, 'service_roles': []} {{(pid=81787) fill_context /opt/stack/keystone/keystone/server/flask/request_processing/middleware/auth_context.py:478}}
Oct 14 10:54:58.677985 n-d-852171-9 devstack@keystone.service[81787]: DEBUG keystone.server.flask.request_processing.req_logging [None req-076f3525-3276-4f06-8c8e-90835f83ab3a None admin] REQUEST_METHOD: `GET` {{(pid=81787) log_request_info /opt/stack/keystone/keystone/server/flask/request_processing/req_logging.py:27}}
Oct 14 10:54:58.678291 n-d-852171-9 devstack@keystone.service[81787]: DEBUG keystone.server.flask.request_processing.req_logging [None req-076f3525-3276-4f06-8c8e-90835f83ab3a None admin] SCRIPT_NAME: `/identity` {{(pid=81787) log_request_info /opt/stack/keystone/keystone/server/flask/request_processing/req_logging.py:28}}
Oct 14 10:54:58.678553 n-d-852171-9 devstack@keystone.service[81787]: DEBUG keystone.server.flask.request_processing.req_logging [None req-076f3525-3276-4f06-8c8e-90835f83ab3a None admin] PATH_INFO: `/v3/domains/default` {{(pid=81787) log_request_info /opt/stack/keystone/keystone/server/flask/request_processing/req_logging.py:29}}
Oct 14 10:54:58.679689 n-d-852171-9 devstack@keystone.service[81787]: DEBUG keystone.common.rbac_enforcer.enforcer [None req-076f3525-3276-4f06-8c8e-90835f83ab3a None admin] RBAC: Authorizing `identity:get_domain(domain_id=default)` {{(pid=81787) enforce_call /opt/stack/keystone/keystone/common/rbac_enforcer/enforcer.py:449}}
Oct 14 10:54:58.681158 n-d-852171-9 devstack@keystone.service[81787]: DEBUG keystone.common.rbac_enforcer.enforcer [None req-076f3525-3276-4f06-8c8e-90835f83ab3a None admin] RBAC: Authorization granted {{(pid=81787) enforce_call /opt/stack/keystone/keystone/common/rbac_enforcer/enforcer.py:457}}
Oct 14 10:54:58.682759 n-d-852171-9 devstack@keystone.service[81787]: [pid: 81787|app: 0|req: 38/77] 10.222.0.40 () {56 vars in 1108 bytes} [Fri Oct 14 10:54:58 2022] GET /identity/v3/domains/default => generated 199 bytes in 138 msecs (HTTP/1.1 200) 5 headers in 177 bytes (1 switches on core 0)
Oct 14 10:54:58.683505 n-d-852171-9 devstack@keystone.service[81787]: DEBUG keystone.server.flask.request_processing.middleware.auth_context [None req-076f3525-3276-4f06-8c8e-90835f83ab3a None admin] Authenticating user token {{(pid=81787) process_request /usr/local/lib/python3.8/dist-packages/keystonemiddleware/auth_token/__init__.py:407}}
Oct 14 10:54:58.689092 n-d-852171-9 devstack@keystone.service[81788]: DEBUG keystone.server.flask.request_processing.middleware.auth_context [None req-5d101a73-e092-4e21-8f38-069746ceb221 None admin] RBAC: auth_context: {'token': , 'domain_id': None, 'trust_id': None, 'trustor_id': None, 'trustee_id': None, 'domain_name': None, 'group_ids': [], 'user_id': '52462ff4a5fa4a99a7905a9e65248fa7', 'user_domain_id': 'default', 'system_scope': 'all', 'project_id': None, 'project_domain_id': None, 'roles': ['admin', 'member', 'reader'], 'is_admin_project': True, 'service_user_id': None, 'service_user_domain_id': None, 'service_project_id': None, 'service_project_domain_id': None, 'service_roles': []} {{(pid=81788) fill_context /opt/stack/keystone/keystone/server/flask/request_processing/middleware/auth_context.py:478}}
Oct 14 10:54:58.689769 n-d-852171-9 devstack@keystone.service[81788]: DEBUG keystone.server.flask.request_processing.req_logging [None req-5d101a73-e092-4e21-8f38-069746ceb221 None admin] REQUEST_METHOD: `PUT` {{(pid=81788) log_request_info /opt/stack/keystone/keystone/server/flask/request_processing/req_logging.py:27}}
Oct 14 10:54:58.690422 n-d-852171-9 devstack@keystone.service[81788]: DEBUG keystone.server.flask.request_processing.req_logging [None req-5d101a73-e092-4e21-8f38-069746ceb221 None admin] SCRIPT_NAME: `/identity` {{(pid=81788) log_request_info /opt/stack/keystone/keystone/server/flask/request_processing/req_logging.py:28}}
Oct 14 10:54:58.690799 n-d-852171-9 devstack@keystone.service[81788]: DEBUG keystone.server.flask.request_processing.req_logging [None req-5d101a73-e092-4e21-8f38-069746ceb221 None admin] PATH_INFO: `/v3/projects/4a3ca3867b48406088c6bcde64a20241/users/904b33c581a14c33bcd377805f0331a1/roles/e75858b46a294ccf813d7715ecf00ce8` {{(pid=81788) log_request_info /opt/stack/keystone/keystone/server/flask/request_processing/req_logging.py:29}}
Oct 14 10:54:58.692704 n-d-852171-9 devstack@keystone.service[81788]: DEBUG keystone.common.rbac_enforcer.enforcer [None req-5d101a73-e092-4e21-8f38-069746ceb221 None admin] RBAC: Authorizing `identity:create_grant(project_id=4a3ca3867b48406088c6bcde64a20241, user_id=904b33c581a14c33bcd377805f0331a1, role_id=e75858b46a294ccf813d7715ecf00ce8)` {{(pid=81788) enforce_call /opt/stack/keystone/keystone/common/rbac_enforcer/enforcer.py:449}}
Oct 14 10:54:58.694544 n-d-852171-9 devstack@keystone.service[81788]: DEBUG keystone.common.rbac_enforcer.enforcer [None req-5d101a73-e092-4e21-8f38-069746ceb221 None admin] RBAC: Authorization granted {{(pid=81788) enforce_call /opt/stack/keystone/keystone/common/rbac_enforcer/enforcer.py:457}}
Oct 14 10:54:58.710138 n-d-852171-9 devstack@keystone.service[81788]: [pid: 81788|app: 0|req: 40/78] 10.222.0.40 () {58 vars in 1439 bytes} [Fri Oct 14 10:54:58 2022] PUT /identity/v3/projects/4a3ca3867b48406088c6bcde64a20241/users/904b33c581a14c33bcd377805f0331a1/roles/e75858b46a294ccf813d7715ecf00ce8 => generated 0 bytes in 155 msecs (HTTP/1.1 204) 3 headers in 132 bytes (0 switches on core 0)
Oct 14 10:54:58.710990 n-d-852171-9 devstack@keystone.service[81788]: DEBUG keystone.server.flask.request_processing.middleware.auth_context [None req-5d101a73-e092-4e21-8f38-069746ceb221 None admin] Authenticating user token {{(pid=81788) process_request /usr/local/lib/python3.8/dist-packages/keystonemiddleware/auth_token/__init__.py:407}}
Oct 14 10:54:58.759509 n-d-852171-9 devstack@keystone.service[81787]: DEBUG dbcounter [-] [81787] Writing DB stats keystone:SELECT=100 {{(pid=81787) stat_writer /usr/local/lib/python3.8/dist-packages/dbcounter.py:114}}
Oct 14 10:54:58.795625 n-d-852171-9 devstack@keystone.service[81787]: DEBUG keystone.server.flask.request_processing.middleware.auth_context [None req-076f3525-3276-4f06-8c8e-90835f83ab3a None admin] Validating token access rules against request {{(pid=81787) validate_allowed_request /usr/local/lib/python3.8/dist-packages/keystonemiddleware/auth_token/__init__.py:545}}
Oct 14 10:54:58.834653 n-d-852171-9 devstack@keystone.service[81788]: DEBUG keystone.server.flask.request_processing.middleware.auth_context [None req-5d101a73-e092-4e21-8f38-069746ceb221 None admin] Validating token access rules against request {{(pid=81788) validate_allowed_request /usr/local/lib/python3.8/dist-packages/keystonemiddleware/auth_token/__init__.py:545}}
Oct 14 10:54:58.835118 n-d-852171-9 devstack@keystone.service[81787]: DEBUG keystone.server.flask.request_processing.middleware.auth_context [None req-ee94433d-5e70-422e-b7d8-5773b40ccb57 None admin] RBAC: auth_context: {'token': , 'domain_id': None, 'trust_id': None, 'trustor_id': None, 'trustee_id': None, 'domain_name': None, 'group_ids': [], 'user_id': '52462ff4a5fa4a99a7905a9e65248fa7', 'user_domain_id': 'default', 'system_scope': 'all', 'project_id': None, 'project_domain_id': None, 'roles': ['admin', 'member', 'reader'], 'is_admin_project': True, 'service_user_id': None, 'service_user_domain_id': None, 'service_project_id': None, 'service_project_domain_id': None, 'service_roles': []} {{(pid=81787) fill_context /opt/stack/keystone/keystone/server/flask/request_processing/middleware/auth_context.py:478}}
Oct 14 10:54:58.835948 n-d-852171-9 devstack@keystone.service[81787]: DEBUG keystone.server.flask.request_processing.req_logging [None req-ee94433d-5e70-422e-b7d8-5773b40ccb57 None admin] REQUEST_METHOD: `GET` {{(pid=81787) log_request_info /opt/stack/keystone/keystone/server/flask/request_processing/req_logging.py:27}}
Oct 14 10:54:58.836383 n-d-852171-9 devstack@keystone.service[81787]: DEBUG keystone.server.flask.request_processing.req_logging [None req-ee94433d-5e70-422e-b7d8-5773b40ccb57 None admin] SCRIPT_NAME: `/identity` {{(pid=81787) log_request_info /opt/stack/keystone/keystone/server/flask/request_processing/req_logging.py:28}}
Oct 14 10:54:58.836841 n-d-852171-9 devstack@keystone.service[81787]: DEBUG keystone.server.flask.request_processing.req_logging [None req-ee94433d-5e70-422e-b7d8-5773b40ccb57 None admin] PATH_INFO: `/v3/projects/4a3ca3867b48406088c6bcde64a20241` {{(pid=81787) log_request_info /opt/stack/keystone/keystone/server/flask/request_processing/req_logging.py:29}}
Oct 14 10:54:58.838216 n-d-852171-9 devstack@keystone.service[81787]: DEBUG keystone.common.rbac_enforcer.enforcer [None req-ee94433d-5e70-422e-b7d8-5773b40ccb57 None admin] RBAC: Authorizing `identity:get_project(project_id=4a3ca3867b48406088c6bcde64a20241)` {{(pid=81787) enforce_call /opt/stack/keystone/keystone/common/rbac_enforcer/enforcer.py:449}}
