Sep 28 07:01:10.330060 n-d-852171-7 devstack@n-api.service[122410]: DEBUG oslo_concurrency.lockutils [None req-2fc04546-47ef-4618-8574-cb44dd3975b8 tempest-AggregatesAdminTestJSON-76232256 tempest-AggregatesAdminTestJSON-76232256-project] Lock "5ef702ec-4a27-4c80-8485-f1a05b95383d" acquired by "nova.context.set_target_cell..get_or_set_cached_cell_and_set_connections" :: waited 0.001s {{(pid=122410) inner /usr/local/lib/python3.8/dist-packages/oslo_concurrency/lockutils.py:409}}
Sep 28 07:01:10.330645 n-d-852171-7 devstack@n-api.service[122410]: DEBUG oslo_concurrency.lockutils [None req-2fc04546-47ef-4618-8574-cb44dd3975b8 tempest-AggregatesAdminTestJSON-76232256 tempest-AggregatesAdminTestJSON-76232256-project] Lock "5ef702ec-4a27-4c80-8485-f1a05b95383d" "released" by "nova.context.set_target_cell..get_or_set_cached_cell_and_set_connections" :: held 0.001s {{(pid=122410) inner /usr/local/lib/python3.8/dist-packages/oslo_concurrency/lockutils.py:423}}
Sep 28 07:01:10.496012 n-d-852171-7 devstack@n-api.service[122411]: DEBUG dbcounter [-] [122411] Writing DB stats nova_cell0:SELECT=4 {{(pid=122411) stat_writer /usr/local/lib/python3.8/dist-packages/dbcounter.py:114}}
Sep 28 07:01:11.196221 n-d-852171-7 devstack@n-api.service[122410]: DEBUG nova.policy [None req-2fc04546-47ef-4618-8574-cb44dd3975b8 tempest-AggregatesAdminTestJSON-76232256 tempest-AggregatesAdminTestJSON-76232256-project] Policy check for os_compute_api:os-extended-server-attributes failed with credentials {'is_admin': False, 'user_id': '0b76e439e1414675bfa1b7aeba1fffcb', 'user_domain_id': 'default', 'system_scope': None, 'domain_id': None, 'project_id': 'd39aa8e2afb74d5595d9875580c372bc', 'project_domain_id': 'default', 'roles': ['member', 'reader'], 'is_admin_project': True, 'service_user_id': None, 'service_user_domain_id': None, 'service_project_id': None, 'service_project_domain_id': None, 'service_roles': []} {{(pid=122410) authorize /opt/stack/nova/nova/policy.py:199}}
Sep 28 07:01:11.208376 n-d-852171-7 devstack@n-api.service[122410]: INFO nova.api.openstack.requestlog [None req-2fc04546-47ef-4618-8574-cb44dd3975b8 tempest-AggregatesAdminTestJSON-76232256 tempest-AggregatesAdminTestJSON-76232256-project] 10.222.0.18 "GET /compute/v2.1/servers/0d309179-8400-47b5-99c0-0a4f3665cd93" status: 200 len: 1337 microversion: 2.1 time: 0.941901
Sep 28 07:01:11.217892 n-d-852171-7 devstack@n-api.service[122410]: [pid: 122410|app: 0|req: 57/115] 10.222.0.18 () {58 vars in 1236 bytes} [Wed Sep 28 07:01:10 2022] GET /compute/v2.1/servers/0d309179-8400-47b5-99c0-0a4f3665cd93 => generated 1337 bytes in 946 msecs (HTTP/1.1 200) 9 headers in 358 bytes (1 switches on core 0)
Sep 28 07:01:11.220990 n-d-852171-7 devstack@n-api.service[122410]: DEBUG nova.api.openstack.wsgi [None req-967b5519-788b-444e-a9aa-b9cf09a77ed7 tempest-DeleteServersAdminTestJSON-556184966 tempest-DeleteServersAdminTestJSON-556184966-project] Calling method '>' {{(pid=122410) _process_stack /opt/stack/nova/nova/api/openstack/wsgi.py:513}}
Sep 28 07:01:11.221830 n-d-852171-7 devstack@n-api.service[122410]: DEBUG nova.compute.api [None req-967b5519-788b-444e-a9aa-b9cf09a77ed7 tempest-DeleteServersAdminTestJSON-556184966 tempest-DeleteServersAdminTestJSON-556184966-project] [instance: 40a62bf4-8fca-4af7-a053-73388bc7ddee] Fetching instance by UUID {{(pid=122410) get /opt/stack/nova/nova/compute/api.py:2975}}
Sep 28 07:01:11.228842 n-d-852171-7 devstack@n-api.service[122410]: DEBUG oslo_concurrency.lockutils [None req-967b5519-788b-444e-a9aa-b9cf09a77ed7 tempest-DeleteServersAdminTestJSON-556184966 tempest-DeleteServersAdminTestJSON-556184966-project] Acquiring lock "5ef702ec-4a27-4c80-8485-f1a05b95383d" by "nova.context.set_target_cell..get_or_set_cached_cell_and_set_connections" {{(pid=122410) inner /usr/local/lib/python3.8/dist-packages/oslo_concurrency/lockutils.py:404}}
Sep 28 07:01:11.229605 n-d-852171-7 devstack@n-api.service[122410]: DEBUG oslo_concurrency.lockutils [None req-967b5519-788b-444e-a9aa-b9cf09a77ed7 tempest-DeleteServersAdminTestJSON-556184966 tempest-DeleteServersAdminTestJSON-556184966-project] Lock "5ef702ec-4a27-4c80-8485-f1a05b95383d" acquired by "nova.context.set_target_cell..get_or_set_cached_cell_and_set_connections" :: waited 0.001s {{(pid=122410) inner /usr/local/lib/python3.8/dist-packages/oslo_concurrency/lockutils.py:409}}
Sep 28 07:01:11.230218 n-d-852171-7 devstack@n-api.service[122410]: DEBUG oslo_concurrency.lockutils [None req-967b5519-788b-444e-a9aa-b9cf09a77ed7 tempest-DeleteServersAdminTestJSON-556184966 tempest-DeleteServersAdminTestJSON-556184966-project] Lock "5ef702ec-4a27-4c80-8485-f1a05b95383d" "released" by "nova.context.set_target_cell..get_or_set_cached_cell_and_set_connections" :: held 0.001s {{(pid=122410) inner /usr/local/lib/python3.8/dist-packages/oslo_concurrency/lockutils.py:423}}
Sep 28 07:01:11.231425 n-d-852171-7 devstack@n-api.service[122410]: DEBUG oslo_concurrency.lockutils [None req-967b5519-788b-444e-a9aa-b9cf09a77ed7 tempest-DeleteServersAdminTestJSON-556184966 tempest-DeleteServersAdminTestJSON-556184966-project] Acquiring lock "5ef702ec-4a27-4c80-8485-f1a05b95383d" by "nova.context.set_target_cell..get_or_set_cached_cell_and_set_connections" {{(pid=122410) inner /usr/local/lib/python3.8/dist-packages/oslo_concurrency/lockutils.py:404}}
Sep 28 07:01:11.232220 n-d-852171-7 devstack@n-api.service[122410]: DEBUG oslo_concurrency.lockutils [None req-967b5519-788b-444e-a9aa-b9cf09a77ed7 tempest-DeleteServersAdminTestJSON-556184966 tempest-DeleteServersAdminTestJSON-556184966-project] Lock "5ef702ec-4a27-4c80-8485-f1a05b95383d" acquired by "nova.context.set_target_cell..get_or_set_cached_cell_and_set_connections" :: waited 0.001s {{(pid=122410) inner /usr/local/lib/python3.8/dist-packages/oslo_concurrency/lockutils.py:409}}
Sep 28 07:01:11.232971 n-d-852171-7 devstack@n-api.service[122410]: DEBUG oslo_concurrency.lockutils [None req-967b5519-788b-444e-a9aa-b9cf09a77ed7 tempest-DeleteServersAdminTestJSON-556184966 tempest-DeleteServersAdminTestJSON-556184966-project] Lock "5ef702ec-4a27-4c80-8485-f1a05b95383d" "released" by "nova.context.set_target_cell..get_or_set_cached_cell_and_set_connections" :: held 0.001s {{(pid=122410) inner /usr/local/lib/python3.8/dist-packages/oslo_concurrency/lockutils.py:423}}
Sep 28 07:01:11.262635 n-d-852171-7 devstack@n-api.service[122411]: DEBUG nova.virt.hardware [None req-8527751a-ffd1-4740-b260-3124506aa52d tempest-ServersWithSpecificFlavorTestJSON-1076832175 tempest-ServersWithSpecificFlavorTestJSON-1076832175-project] Flavor limits 0:0:0 {{(pid=122411) get_cpu_topology_constraints /opt/stack/nova/nova/virt/hardware.py:343}}
Sep 28 07:01:11.263839 n-d-852171-7 devstack@n-api.service[122411]: DEBUG nova.virt.hardware [None req-8527751a-ffd1-4740-b260-3124506aa52d tempest-ServersWithSpecificFlavorTestJSON-1076832175 tempest-ServersWithSpecificFlavorTestJSON-1076832175-project] Image limits 0:0:0 {{(pid=122411) get_cpu_topology_constraints /opt/stack/nova/nova/virt/hardware.py:347}}
Sep 28 07:01:11.264554 n-d-852171-7 devstack@n-api.service[122411]: DEBUG nova.virt.hardware [None req-8527751a-ffd1-4740-b260-3124506aa52d tempest-ServersWithSpecificFlavorTestJSON-1076832175 tempest-ServersWithSpecificFlavorTestJSON-1076832175-project] Flavor pref 0:0:0 {{(pid=122411) get_cpu_topology_constraints /opt/stack/nova/nova/virt/hardware.py:383}}
Sep 28 07:01:11.265677 n-d-852171-7 devstack@n-api.service[122411]: DEBUG nova.virt.hardware [None req-8527751a-ffd1-4740-b260-3124506aa52d tempest-ServersWithSpecificFlavorTestJSON-1076832175 tempest-ServersWithSpecificFlavorTestJSON-1076832175-project] Image pref 0:0:0 {{(pid=122411) get_cpu_topology_constraints /opt/stack/nova/nova/virt/hardware.py:387}}
Sep 28 07:01:11.266322 n-d-852171-7 devstack@n-api.service[122411]: DEBUG nova.virt.hardware [None req-8527751a-ffd1-4740-b260-3124506aa52d tempest-ServersWithSpecificFlavorTestJSON-1076832175 tempest-ServersWithSpecificFlavorTestJSON-1076832175-project] Chose sockets=0, cores=0, threads=0; limits were sockets=65536, cores=65536, threads=65536 {{(pid=122411) get_cpu_topology_constraints /opt/stack/nova/nova/virt/hardware.py:425}}
Sep 28 07:01:11.296796 n-d-852171-7 devstack@n-api.service[122411]: DEBUG oslo_concurrency.lockutils [None req-8527751a-ffd1-4740-b260-3124506aa52d tempest-ServersWithSpecificFlavorTestJSON-1076832175 tempest-ServersWithSpecificFlavorTestJSON-1076832175-project] Acquiring lock "00000000-0000-0000-0000-000000000000" by "nova.context.set_target_cell..get_or_set_cached_cell_and_set_connections" {{(pid=122411) inner /usr/local/lib/python3.8/dist-packages/oslo_concurrency/lockutils.py:404}}
Sep 28 07:01:11.297791 n-d-852171-7 devstack@n-api.service[122411]: DEBUG oslo_concurrency.lockutils [None req-8527751a-ffd1-4740-b260-3124506aa52d tempest-ServersWithSpecificFlavorTestJSON-1076832175 tempest-ServersWithSpecificFlavorTestJSON-1076832175-project] Lock "00000000-0000-0000-0000-000000000000" acquired by "nova.context.set_target_cell..get_or_set_cached_cell_and_set_connections" :: waited 0.001s {{(pid=122411) inner /usr/local/lib/python3.8/dist-packages/oslo_concurrency/lockutils.py:409}}
Sep 28 07:01:11.298663 n-d-852171-7 devstack@n-api.service[122411]: DEBUG oslo_concurrency.lockutils [None req-8527751a-ffd1-4740-b260-3124506aa52d tempest-ServersWithSpecificFlavorTestJSON-1076832175 tempest-ServersWithSpecificFlavorTestJSON-1076832175-project] Lock "00000000-0000-0000-0000-000000000000" "released" by "nova.context.set_target_cell..get_or_set_cached_cell_and_set_connections" :: held 0.001s {{(pid=122411) inner /usr/local/lib/python3.8/dist-packages/oslo_concurrency/lockutils.py:423}}
Sep 28 07:01:11.299831 n-d-852171-7 devstack@n-api.service[122411]: DEBUG oslo_concurrency.lockutils [None req-8527751a-ffd1-4740-b260-3124506aa52d tempest-ServersWithSpecificFlavorTestJSON-1076832175 tempest-ServersWithSpecificFlavorTestJSON-1076832175-project] Acquiring lock "5ef702ec-4a27-4c80-8485-f1a05b95383d" by "nova.context.set_target_cell..get_or_set_cached_cell_and_set_connections" {{(pid=122411) inner /usr/local/lib/python3.8/dist-packages/oslo_concurrency/lockutils.py:404}}
Sep 28 07:01:11.300601 n-d-852171-7 devstack@n-api.service[122411]: DEBUG oslo_concurrency.lockutils [None req-8527751a-ffd1-4740-b260-3124506aa52d tempest-ServersWithSpecificFlavorTestJSON-1076832175 tempest-ServersWithSpecificFlavorTestJSON-1076832175-project] Lock "5ef702ec-4a27-4c80-8485-f1a05b95383d" acquired by "nova.context.set_target_cell..get_or_set_cached_cell_and_set_connections" :: waited 0.001s {{(pid=122411) inner /usr/local/lib/python3.8/dist-packages/oslo_concurrency/lockutils.py:409}}
Sep 28 07:01:11.301447 n-d-852171-7 devstack@n-api.service[122411]: DEBUG oslo_concurrency.lockutils [None req-8527751a-ffd1-4740-b260-3124506aa52d tempest-ServersWithSpecificFlavorTestJSON-1076832175 tempest-ServersWithSpecificFlavorTestJSON-1076832175-project] Lock "5ef702ec-4a27-4c80-8485-f1a05b95383d" "released" by "nova.context.set_target_cell..get_or_set_cached_cell_and_set_connections" :: held 0.001s {{(pid=122411) inner /usr/local/lib/python3.8/dist-packages/oslo_concurrency/lockutils.py:423}}
Sep 28 07:01:11.323698 n-d-852171-7 devstack@n-api.service[122411]: DEBUG dbcounter [-] [122411] Writing DB stats nova_cell1:SELECT=93 {{(pid=122411) stat_writer /usr/local/lib/python3.8/dist-packages/dbcounter.py:114}}
Sep 28 07:01:11.355218 n-d-852171-7 devstack@n-api.service[122411]: DEBUG nova.quota [None req-8527751a-ffd1-4740-b260-3124506aa52d tempest-ServersWithSpecificFlavorTestJSON-1076832175 tempest-ServersWithSpecificFlavorTestJSON-1076832175-project] Getting quotas for project 4cb697404d5b4a419f77d765e1836977. Resources: {'cores', 'instances', 'ram'} {{(pid=122411) _get_quotas /opt/stack/nova/nova/quota.py:393}}
Sep 28 07:01:11.363137 n-d-852171-7 devstack@n-api.service[122411]: DEBUG nova.quota [None req-8527751a-ffd1-4740-b260-3124506aa52d tempest-ServersWithSpecificFlavorTestJSON-1076832175 tempest-ServersWithSpecificFlavorTestJSON-1076832175-project] Getting quotas for user 5e576b81a77c4aba88ef9b3b0dd61352 and project 4cb697404d5b4a419f77d765e1836977. Resources: {'cores', 'instances', 'ram'} {{(pid=122411) _get_quotas /opt/stack/nova/nova/quota.py:383}}
Sep 28 07:01:11.380856 n-d-852171-7 devstack@n-api.service[122411]: DEBUG nova.compute.api [None req-8527751a-ffd1-4740-b260-3124506aa52d tempest-ServersWithSpecificFlavorTestJSON-1076832175 tempest-ServersWithSpecificFlavorTestJSON-1076832175-project] Going to run 1 instances... {{(pid=122411) _provision_instances /opt/stack/nova/nova/compute/api.py:1403}}
Sep 28 07:01:11.384621 n-d-852171-7 devstack@n-api.service[122411]: DEBUG nova.compute.api [None req-8527751a-ffd1-4740-b260-3124506aa52d tempest-ServersWithSpecificFlavorTestJSON-1076832175 tempest-ServersWithSpecificFlavorTestJSON-1076832175-project] [instance: eff89bb4-5181-4c31-842e-32ff3857f49f] block_device_mapping [BlockDeviceMapping(attachment_id=,boot_index=0,connection_info=None,created_at=,delete_on_termination=True,deleted=,deleted_at=,destination_type='local',device_name=None,device_type='disk',disk_bus=None,encrypted=False,encryption_format=None,encryption_options=None,encryption_secret_uuid=None,guest_format=None,id=,image_id='4072910d-f06b-4ed2-8ae9-51b2b573494f',instance=,instance_uuid=,no_device=False,snapshot_id=None,source_type='image',tag=None,updated_at=,uuid=,volume_id=None,volume_size=None,volume_type=None)] {{(pid=122411) _bdm_validate_set_size_and_instance /opt/stack/nova/nova/compute/api.py:1864}}
Sep 28 07:01:11.533689 n-d-852171-7 devstack@n-api.service[122411]: INFO nova.api.openstack.requestlog [None req-8527751a-ffd1-4740-b260-3124506aa52d tempest-ServersWithSpecificFlavorTestJSON-1076832175 tempest-ServersWithSpecificFlavorTestJSON-1076832175-project] 10.222.0.18 "POST /compute/v2.1/servers" status: 202 len: 402 microversion: 2.1 time: 3.373007
Sep 28 07:01:11.538443 n-d-852171-7 devstack@n-api.service[122411]: [pid: 122411|app: 0|req: 59/116] 10.222.0.18 () {60 vars in 1147 bytes} [Wed Sep 28 07:01:08 2022] POST /compute/v2.1/servers => generated 402 bytes in 3381 msecs (HTTP/1.1 202) 10 headers in 451 bytes (1 switches on core 0)
Sep 28 07:01:11.558234 n-d-852171-7 devstack@n-api.service[122411]: DEBUG nova.api.openstack.wsgi [None req-2b766d75-4a06-4423-9929-503b1e33d113 tempest-ServersWithSpecificFlavorTestJSON-1076832175 tempest-ServersWithSpecificFlavorTestJSON-1076832175-project] Calling method '>' {{(pid=122411) _process_stack /opt/stack/nova/nova/api/openstack/wsgi.py:513}}
Sep 28 07:01:11.562166 n-d-852171-7 devstack@n-api.service[122411]: DEBUG nova.compute.api [None req-2b766d75-4a06-4423-9929-503b1e33d113 tempest-ServersWithSpecificFlavorTestJSON-1076832175 tempest-ServersWithSpecificFlavorTestJSON-1076832175-project] [instance: eff89bb4-5181-4c31-842e-32ff3857f49f] Fetching instance by UUID {{(pid=122411) get /opt/stack/nova/nova/compute/api.py:2975}}
Sep 28 07:01:12.115445 n-d-852171-7 devstack@n-api.service[122410]: DEBUG nova.policy [None req-967b5519-788b-444e-a9aa-b9cf09a77ed7 tempest-DeleteServersAdminTestJSON-556184966 tempest-DeleteServersAdminTestJSON-556184966-project] Policy check for os_compute_api:os-extended-server-attributes failed with credentials {'is_admin': False, 'user_id': '83d577a90028450b876965aa70ccdf06', 'user_domain_id': 'default', 'system_scope': None, 'domain_id': None, 'project_id': '08b960b5024c4c7790190ca82ec95f2b', 'project_domain_id': 'default', 'roles': ['member', 'reader'], 'is_admin_project': True, 'service_user_id': None, 'service_user_domain_id': None, 'service_project_id': None, 'service_project_domain_id': None, 'service_roles': []} {{(pid=122410) authorize /opt/stack/nova/nova/policy.py:199}}
Sep 28 07:01:12.127027 n-d-852171-7 devstack@n-api.service[122410]: INFO nova.api.openstack.requestlog [None req-967b5519-788b-444e-a9aa-b9cf09a77ed7 tempest-DeleteServersAdminTestJSON-556184966 tempest-DeleteServersAdminTestJSON-556184966-project] 10.222.0.18 "GET /compute/v2.1/servers/40a62bf4-8fca-4af7-a053-73388bc7ddee" status: 200 len: 1320 microversion: 2.1 time: 0.913895
Sep 28 07:01:12.130636 n-d-852171-7 devstack@n-api.service[122411]: DEBUG nova.policy [None req-2b766d75-4a06-4423-9929-503b1e33d113 tempest-ServersWithSpecificFlavorTestJSON-1076832175 tempest-ServersWithSpecificFlavorTestJSON-1076832175-project] Policy check for os_compute_api:os-extended-server-attributes failed with credentials {'is_admin': False, 'user_id': '5e576b81a77c4aba88ef9b3b0dd61352', 'user_domain_id': 'default', 'system_scope': None, 'domain_id': None, 'project_id': '4cb697404d5b4a419f77d765e1836977', 'project_domain_id': 'default', 'roles': ['member', 'reader'], 'is_admin_project': True, 'service_user_id': None, 'service_user_domain_id': None, 'service_project_id': None, 'service_project_domain_id': None, 'service_roles': []} {{(pid=122411) authorize /opt/stack/nova/nova/policy.py:199}}
Sep 28 07:01:12.130906 n-d-852171-7 devstack@n-api.service[122410]: [pid: 122410|app: 0|req: 58/117] 10.222.0.18 () {58 vars in 1236 bytes} [Wed Sep 28 07:01:11 2022] GET /compute/v2.1/servers/40a62bf4-8fca-4af7-a053-73388bc7ddee => generated 1320 bytes in 918 msecs (HTTP/1.1 200) 9 headers in 358 bytes (1 switches on core 0)
Sep 28 07:01:12.142286 n-d-852171-7 devstack@n-api.service[122411]: INFO nova.api.openstack.requestlog [None req-2b766d75-4a06-4423-9929-503b1e33d113 tempest-ServersWithSpecificFlavorTestJSON-1076832175 tempest-ServersWithSpecificFlavorTestJSON-1076832175-project] 10.222.0.18 "GET /compute/v2.1/servers/eff89bb4-5181-4c31-842e-32ff3857f49f" status: 200 len: 1264 microversion: 2.1 time: 0.593814
Sep 28 07:01:12.145797 n-d-852171-7 devstack@n-api.service[122411]: [pid: 122411|app: 0|req: 60/118] 10.222.0.18 () {58 vars in 1236 bytes} [Wed Sep 28 07:01:11 2022] GET /compute/v2.1/servers/eff89bb4-5181-4c31-842e-32ff3857f49f => generated 1264 bytes in 599 msecs (HTTP/1.1 200) 9 headers in 358 bytes (1 switches on core 0)
Sep 28 07:01:12.233069 n-d-852171-7 devstack@n-api.service[122410]: DEBUG nova.api.openstack.wsgi [None req-b0c70372-f4ca-4f51-8565-c828c4cebe19 tempest-AggregatesAdminTestJSON-76232256 tempest-AggregatesAdminTestJSON-76232256-project] Calling method '>' {{(pid=122410) _process_stack /opt/stack/nova/nova/api/openstack/wsgi.py:513}}
Sep 28 07:01:12.233910 n-d-852171-7 devstack@n-api.service[122410]: DEBUG nova.compute.api [None req-b0c70372-f4ca-4f51-8565-c828c4cebe19 tempest-AggregatesAdminTestJSON-76232256 tempest-AggregatesAdminTestJSON-76232256-project] [instance: 0d309179-8400-47b5-99c0-0a4f3665cd93] Fetching instance by UUID {{(pid=122410) get /opt/stack/nova/nova/compute/api.py:2975}}
Sep 28 07:01:12.249949 n-d-852171-7 devstack@n-api.service[122410]: DEBUG oslo_concurrency.lockutils [None req-b0c70372-f4ca-4f51-8565-c828c4cebe19 tempest-AggregatesAdminTestJSON-76232256 tempest-AggregatesAdminTestJSON-76232256-project] Acquiring lock "5ef702ec-4a27-4c80-8485-f1a05b95383d" by "nova.context.set_target_cell..get_or_set_cached_cell_and_set_connections" {{(pid=122410) inner /usr/local/lib/python3.8/dist-packages/oslo_concurrency/lockutils.py:404}}
Sep 28 07:01:12.252230 n-d-852171-7 devstack@n-api.service[122410]: DEBUG oslo_concurrency.lockutils [None req-b0c70372-f4ca-4f51-8565-c828c4cebe19 tempest-AggregatesAdminTestJSON-76232256 tempest-AggregatesAdminTestJSON-76232256-project] Lock "5ef702ec-4a27-4c80-8485-f1a05b95383d" acquired by "nova.context.set_target_cell..get_or_set_cached_cell_and_set_connections" :: waited 0.002s {{(pid=122410) inner /usr/local/lib/python3.8/dist-packages/oslo_concurrency/lockutils.py:409}}
Sep 28 07:01:12.253347 n-d-852171-7 devstack@n-api.service[122410]: DEBUG oslo_concurrency.lockutils [None req-b0c70372-f4ca-4f51-8565-c828c4cebe19 tempest-AggregatesAdminTestJSON-76232256 tempest-AggregatesAdminTestJSON-76232256-project] Lock "5ef702ec-4a27-4c80-8485-f1a05b95383d" "released" by "nova.context.set_target_cell..get_or_set_cached_cell_and_set_connections" :: held 0.001s {{(pid=122410) inner /usr/local/lib/python3.8/dist-packages/oslo_concurrency/lockutils.py:423}}
Sep 28 07:01:12.257083 n-d-852171-7 devstack@n-api.service[122410]: DEBUG oslo_concurrency.lockutils [None req-b0c70372-f4ca-4f51-8565-c828c4cebe19 tempest-AggregatesAdminTestJSON-76232256 tempest-AggregatesAdminTestJSON-76232256-project] Acquiring lock "5ef702ec-4a27-4c80-8485-f1a05b95383d" by "nova.context.set_target_cell..get_or_set_cached_cell_and_set_connections" {{(pid=122410) inner /usr/local/lib/python3.8/dist-packages/oslo_concurrency/lockutils.py:404}}
Sep 28 07:01:12.257794 n-d-852171-7 devstack@n-api.service[122410]: DEBUG oslo_concurrency.lockutils [None req-b0c70372-f4ca-4f51-8565-c828c4cebe19 tempest-AggregatesAdminTestJSON-76232256 tempest-AggregatesAdminTestJSON-76232256-project] Lock "5ef702ec-4a27-4c80-8485-f1a05b95383d" acquired by "nova.context.set_target_cell..get_or_set_cached_cell_and_set_connections" :: waited 0.001s {{(pid=122410) inner /usr/local/lib/python3.8/dist-packages/oslo_concurrency/lockutils.py:409}}
Sep 28 07:01:12.258393 n-d-852171-7 devstack@n-api.service[122410]: DEBUG oslo_concurrency.lockutils [None req-b0c70372-f4ca-4f51-8565-c828c4cebe19 tempest-AggregatesAdminTestJSON-76232256 tempest-AggregatesAdminTestJSON-76232256-project] Lock "5ef702ec-4a27-4c80-8485-f1a05b95383d" "released" by "nova.context.set_target_cell..get_or_set_cached_cell_and_set_connections" :: held 0.001s {{(pid=122410) inner /usr/local/lib/python3.8/dist-packages/oslo_concurrency/lockutils.py:423}}
Sep 28 07:01:13.113510 n-d-852171-7 devstack@n-api.service[122410]: DEBUG nova.policy [None req-b0c70372-f4ca-4f51-8565-c828c4cebe19 tempest-AggregatesAdminTestJSON-76232256 tempest-AggregatesAdminTestJSON-76232256-project] Policy check for os_compute_api:os-extended-server-attributes failed with credentials {'is_admin': False, 'user_id': '0b76e439e1414675bfa1b7aeba1fffcb', 'user_domain_id': 'default', 'system_scope': None, 'domain_id': None, 'project_id': 'd39aa8e2afb74d5595d9875580c372bc', 'project_domain_id': 'default', 'roles': ['member', 'reader'], 'is_admin_project': True, 'service_user_id': None, 'service_user_domain_id': None, 'service_project_id': None, 'service_project_domain_id': None, 'service_roles': []} {{(pid=122410) authorize /opt/stack/nova/nova/policy.py:199}}
Sep 28 07:01:13.132471 n-d-852171-7 devstack@n-api.service[122410]: INFO nova.api.openstack.requestlog [None req-b0c70372-f4ca-4f51-8565-c828c4cebe19 tempest-AggregatesAdminTestJSON-76232256 tempest-AggregatesAdminTestJSON-76232256-project] 10.222.0.18 "GET /compute/v2.1/servers/0d309179-8400-47b5-99c0-0a4f3665cd93" status: 200 len: 1337 microversion: 2.1 time: 0.897973
Sep 28 07:01:13.159737 n-d-852171-7 devstack@n-api.service[122410]: [pid: 122410|app: 0|req: 59/119] 10.222.0.18 () {58 vars in 1236 bytes} [Wed Sep 28 07:01:12 2022] GET /compute/v2.1/servers/0d309179-8400-47b5-99c0-0a4f3665cd93 => generated 1337 bytes in 932 msecs (HTTP/1.1 200) 9 headers in 358 bytes (1 switches on core 0)
Sep 28 07:01:13.168647 n-d-852171-7 devstack@n-api.service[122410]: DEBUG nova.api.openstack.wsgi [None req-155e0627-561b-47c4-be17-4bd284acb501 tempest-DeleteServersAdminTestJSON-556184966 tempest-DeleteServersAdminTestJSON-556184966-project] Calling method '>' {{(pid=122410) _process_stack /opt/stack/nova/nova/api/openstack/wsgi.py:513}}
Sep 28 07:01:13.170757 n-d-852171-7 devstack@n-api.service[122410]: DEBUG nova.compute.api [None req-155e0627-561b-47c4-be17-4bd284acb501 tempest-DeleteServersAdminTestJSON-556184966 tempest-DeleteServersAdminTestJSON-556184966-project] [instance: 40a62bf4-8fca-4af7-a053-73388bc7ddee] Fetching instance by UUID {{(pid=122410) get /opt/stack/nova/nova/compute/api.py:2975}}
Sep 28 07:01:13.177491 n-d-852171-7 devstack@n-api.service[122410]: DEBUG oslo_concurrency.lockutils [None req-155e0627-561b-47c4-be17-4bd284acb501 tempest-DeleteServersAdminTestJSON-556184966 tempest-DeleteServersAdminTestJSON-556184966-project] Acquiring lock "5ef702ec-4a27-4c80-8485-f1a05b95383d" by "nova.context.set_target_cell..get_or_set_cached_cell_and_set_connections" {{(pid=122410) inner /usr/local/lib/python3.8/dist-packages/oslo_concurrency/lockutils.py:404}}
Sep 28 07:01:13.178175 n-d-852171-7 devstack@n-api.service[122410]: DEBUG oslo_concurrency.lockutils [None req-155e0627-561b-47c4-be17-4bd284acb501 tempest-DeleteServersAdminTestJSON-556184966 tempest-DeleteServersAdminTestJSON-556184966-project] Lock "5ef702ec-4a27-4c80-8485-f1a05b95383d" acquired by "nova.context.set_target_cell..get_or_set_cached_cell_and_set_connections" :: waited 0.001s {{(pid=122410) inner /usr/local/lib/python3.8/dist-packages/oslo_concurrency/lockutils.py:409}}
Sep 28 07:01:13.178771 n-d-852171-7 devstack@n-api.service[122410]: DEBUG oslo_concurrency.lockutils [None req-155e0627-561b-47c4-be17-4bd284acb501 tempest-DeleteServersAdminTestJSON-556184966 tempest-DeleteServersAdminTestJSON-556184966-project] Lock "5ef702ec-4a27-4c80-8485-f1a05b95383d" "released" by "nova.context.set_target_cell..get_or_set_cached_cell_and_set_connections" :: held 0.001s {{(pid=122410) inner /usr/local/lib/python3.8/dist-packages/oslo_concurrency/lockutils.py:423}}
Sep 28 07:01:13.180721 n-d-852171-7 devstack@n-api.service[122410]: DEBUG oslo_concurrency.lockutils [None req-155e0627-561b-47c4-be17-4bd284acb501 tempest-DeleteServersAdminTestJSON-556184966 tempest-DeleteServersAdminTestJSON-556184966-project] Acquiring lock "5ef702ec-4a27-4c80-8485-f1a05b95383d" by "nova.context.set_target_cell..get_or_set_cached_cell_and_set_connections" {{(pid=122410) inner /usr/local/lib/python3.8/dist-packages/oslo_concurrency/lockutils.py:404}}
Sep 28 07:01:13.182085 n-d-852171-7 devstack@n-api.service[122410]: DEBUG oslo_concurrency.lockutils [None req-155e0627-561b-47c4-be17-4bd284acb501 tempest-DeleteServersAdminTestJSON-556184966 tempest-DeleteServersAdminTestJSON-556184966-project] Lock "5ef702ec-4a27-4c80-8485-f1a05b95383d" acquired by "nova.context.set_target_cell..get_or_set_cached_cell_and_set_connections" :: waited 0.001s {{(pid=122410) inner /usr/local/lib/python3.8/dist-packages/oslo_concurrency/lockutils.py:409}}
Sep 28 07:01:13.183522 n-d-852171-7 devstack@n-api.service[122410]: DEBUG oslo_concurrency.lockutils [None req-155e0627-561b-47c4-be17-4bd284acb501 tempest-DeleteServersAdminTestJSON-556184966 tempest-DeleteServersAdminTestJSON-556184966-project] Lock "5ef702ec-4a27-4c80-8485-f1a05b95383d" "released" by "nova.context.set_target_cell..get_or_set_cached_cell_and_set_connections" :: held 0.001s {{(pid=122410) inner /usr/local/lib/python3.8/dist-packages/oslo_concurrency/lockutils.py:423}}
Sep 28 07:01:13.390477 n-d-852171-7 devstack@n-api.service[122411]: DEBUG nova.api.openstack.wsgi [None req-f0f85c85-4c20-4fbf-a4fd-60b494b68f95 tempest-KeyPairsV210TestJSON-439489359 tempest-KeyPairsV210TestJSON-439489359-project-admin] Action: 'create', calling method: .version_select at 0x7f043534daf0>, body: {"keypair": {"name": "tempest-keypair-700370802", "type": "ssh", "user_id": "da0eeb80ef964bcbab26787db72f9edc", "public_key": "ecdsa-sha2-nistp384 AAAAE2VjZHNhLXNoYTItbmlzdHAzODQAAAAIbmlzdHAzODQAAABhBF+1bpzAjtK+bWDgg4FNz3ksuPqZGTehxEXfFI5oB50vEyigXJRkguJY7BK8CgUaOVhZ76v0b4vLpg6UDmAFm5HdRTupoP9+HUhV2UdmEJW3Gvck0TMUF/kAEe9xsDTP5A=="}} {{(pid=122411) _process_stack /opt/stack/nova/nova/api/openstack/wsgi.py:511}}
Sep 28 07:01:13.414226 n-d-852171-7 devstack@n-api.service[122411]: DEBUG nova.quota [None req-f0f85c85-4c20-4fbf-a4fd-60b494b68f95 tempest-KeyPairsV210TestJSON-439489359 tempest-KeyPairsV210TestJSON-439489359-project-admin] Getting quotas for project c1cbe353b495452c8d37a6d1e07dbd57. Resources: {'key_pairs'} {{(pid=122411) _get_quotas /opt/stack/nova/nova/quota.py:393}}
Sep 28 07:01:13.441127 n-d-852171-7 devstack@n-api.service[122411]: DEBUG nova.quota [None req-f0f85c85-4c20-4fbf-a4fd-60b494b68f95 tempest-KeyPairsV210TestJSON-439489359 tempest-KeyPairsV210TestJSON-439489359-project-admin] Getting quotas for user c92136183921420991d138580e5e013a and project c1cbe353b495452c8d37a6d1e07dbd57. Resources: {'key_pairs'} {{(pid=122411) _get_quotas /opt/stack/nova/nova/quota.py:383}}
Sep 28 07:01:13.502201 n-d-852171-7 devstack@n-api.service[122410]: DEBUG nova.policy [None req-155e0627-561b-47c4-be17-4bd284acb501 tempest-DeleteServersAdminTestJSON-556184966 tempest-DeleteServersAdminTestJSON-556184966-project] Policy check for os_compute_api:os-extended-server-attributes failed with credentials {'is_admin': False, 'user_id': '83d577a90028450b876965aa70ccdf06', 'user_domain_id': 'default', 'system_scope': None, 'domain_id': None, 'project_id': '08b960b5024c4c7790190ca82ec95f2b', 'project_domain_id': 'default', 'roles': ['member', 'reader'], 'is_admin_project': True, 'service_user_id': None, 'service_user_domain_id': None, 'service_project_id': None, 'service_project_domain_id': None, 'service_roles': []} {{(pid=122410) authorize /opt/stack/nova/nova/policy.py:199}}
Sep 28 07:01:13.510887 n-d-852171-7 devstack@n-api.service[122411]: INFO nova.api.openstack.requestlog [None req-f0f85c85-4c20-4fbf-a4fd-60b494b68f95 tempest-KeyPairsV210TestJSON-439489359 tempest-KeyPairsV210TestJSON-439489359-project-admin] 10.222.0.18 "POST /compute/v2.1/os-keypairs" status: 201 len: 400 microversion: 2.10 time: 0.400565
Sep 28 07:01:13.513041 n-d-852171-7 devstack@n-api.service[122410]: INFO nova.api.openstack.requestlog [None req-155e0627-561b-47c4-be17-4bd284acb501 tempest-DeleteServersAdminTestJSON-556184966 tempest-DeleteServersAdminTestJSON-556184966-project] 10.222.0.18 "GET /compute/v2.1/servers/40a62bf4-8fca-4af7-a053-73388bc7ddee" status: 200 len: 1320 microversion: 2.1 time: 0.350602
Sep 28 07:01:13.514172 n-d-852171-7 devstack@n-api.service[122410]: [pid: 122410|app: 0|req: 60/120] 10.222.0.18 () {58 vars in 1236 bytes} [Wed Sep 28 07:01:13 2022] GET /compute/v2.1/servers/40a62bf4-8fca-4af7-a053-73388bc7ddee => generated 1320 bytes in 354 msecs (HTTP/1.1 200) 9 headers in 358 bytes (1 switches on core 0)
Sep 28 07:01:13.519379 n-d-852171-7 devstack@n-api.service[122410]: DEBUG nova.api.openstack.wsgi [None req-d02b7b89-bf7a-4f2e-a136-0abf5cb49e3f tempest-ServersWithSpecificFlavorTestJSON-1076832175 tempest-ServersWithSpecificFlavorTestJSON-1076832175-project] Calling method '>' {{(pid=122410) _process_stack /opt/stack/nova/nova/api/openstack/wsgi.py:513}}
Sep 28 07:01:13.520419 n-d-852171-7 devstack@n-api.service[122410]: DEBUG nova.compute.api [None req-d02b7b89-bf7a-4f2e-a136-0abf5cb49e3f tempest-ServersWithSpecificFlavorTestJSON-1076832175 tempest-ServersWithSpecificFlavorTestJSON-1076832175-project] [instance: eff89bb4-5181-4c31-842e-32ff3857f49f] Fetching instance by UUID {{(pid=122410) get /opt/stack/nova/nova/compute/api.py:2975}}
Sep 28 07:01:13.522132 n-d-852171-7 devstack@n-api.service[122411]: [pid: 122411|app: 0|req: 61/121] 10.222.0.18 () {62 vars in 1200 bytes} [Wed Sep 28 07:01:13 2022] POST /compute/v2.1/os-keypairs => generated 400 bytes in 414 msecs (HTTP/1.1 201) 9 headers in 364 bytes (1 switches on core 0)
Sep 28 07:01:13.528052 n-d-852171-7 devstack@n-api.service[122410]: DEBUG oslo_concurrency.lockutils [None req-d02b7b89-bf7a-4f2e-a136-0abf5cb49e3f tempest-ServersWithSpecificFlavorTestJSON-1076832175 tempest-ServersWithSpecificFlavorTestJSON-1076832175-project] Acquiring lock "5ef702ec-4a27-4c80-8485-f1a05b95383d" by "nova.context.set_target_cell..get_or_set_cached_cell_and_set_connections" {{(pid=122410) inner /usr/local/lib/python3.8/dist-packages/oslo_concurrency/lockutils.py:404}}
Sep 28 07:01:13.528923 n-d-852171-7 devstack@n-api.service[122410]: DEBUG oslo_concurrency.lockutils [None req-d02b7b89-bf7a-4f2e-a136-0abf5cb49e3f tempest-ServersWithSpecificFlavorTestJSON-1076832175 tempest-ServersWithSpecificFlavorTestJSON-1076832175-project] Lock "5ef702ec-4a27-4c80-8485-f1a05b95383d" acquired by "nova.context.set_target_cell..get_or_set_cached_cell_and_set_connections" :: waited 0.001s {{(pid=122410) inner /usr/local/lib/python3.8/dist-packages/oslo_concurrency/lockutils.py:409}}
Sep 28 07:01:13.530286 n-d-852171-7 devstack@n-api.service[122410]: DEBUG oslo_concurrency.lockutils [None req-d02b7b89-bf7a-4f2e-a136-0abf5cb49e3f tempest-ServersWithSpecificFlavorTestJSON-1076832175 tempest-ServersWithSpecificFlavorTestJSON-1076832175-project] Lock "5ef702ec-4a27-4c80-8485-f1a05b95383d" "released" by "nova.context.set_target_cell..get_or_set_cached_cell_and_set_connections" :: held 0.001s {{(pid=122410) inner /usr/local/lib/python3.8/dist-packages/oslo_concurrency/lockutils.py:423}}
Sep 28 07:01:13.531250 n-d-852171-7 devstack@n-api.service[122410]: DEBUG oslo_concurrency.lockutils [None req-d02b7b89-bf7a-4f2e-a136-0abf5cb49e3f tempest-ServersWithSpecificFlavorTestJSON-1076832175 tempest-ServersWithSpecificFlavorTestJSON-1076832175-project] Acquiring lock "5ef702ec-4a27-4c80-8485-f1a05b95383d" by "nova.context.set_target_cell..get_or_set_cached_cell_and_set_connections" {{(pid=122410) inner /usr/local/lib/python3.8/dist-packages/oslo_concurrency/lockutils.py:404}}
Sep 28 07:01:13.532141 n-d-852171-7 devstack@n-api.service[122410]: DEBUG oslo_concurrency.lockutils [None req-d02b7b89-bf7a-4f2e-a136-0abf5cb49e3f tempest-ServersWithSpecificFlavorTestJSON-1076832175 tempest-ServersWithSpecificFlavorTestJSON-1076832175-project] Lock "5ef702ec-4a27-4c80-8485-f1a05b95383d" acquired by "nova.context.set_target_cell..get_or_set_cached_cell_and_set_connections" :: waited 0.001s {{(pid=122410) inner /usr/local/lib/python3.8/dist-packages/oslo_concurrency/lockutils.py:409}}
Sep 28 07:01:13.532852 n-d-852171-7 devstack@n-api.service[122410]: DEBUG oslo_concurrency.lockutils [None req-d02b7b89-bf7a-4f2e-a136-0abf5cb49e3f tempest-ServersWithSpecificFlavorTestJSON-1076832175 tempest-ServersWithSpecificFlavorTestJSON-1076832175-project] Lock "5ef702ec-4a27-4c80-8485-f1a05b95383d" "released" by "nova.context.set_target_cell..get_or_set_cached_cell_and_set_connections" :: held 0.001s {{(pid=122410) inner /usr/local/lib/python3.8/dist-packages/oslo_concurrency/lockutils.py:423}}
Sep 28 07:01:13.558219 n-d-852171-7 devstack@n-api.service[122411]: DEBUG nova.api.openstack.wsgi [None req-49bb114c-07e6-42d5-ba0e-36771efcd2f6 tempest-KeyPairsV210TestJSON-439489359 tempest-KeyPairsV210TestJSON-439489359-project-admin] Action: 'create', calling method: .version_select at 0x7f043536cd30>, body: {"keypair": {"name": "tempest-keypair-666359895", "type": "ssh", "user_id": "da0eeb80ef964bcbab26787db72f9edc", "public_key": "ecdsa-sha2-nistp384 AAAAE2VjZHNhLXNoYTItbmlzdHAzODQAAAAIbmlzdHAzODQAAABhBI8RtrKYHyE3TH/NcY9HZ48gZvb71hw2gSD5/alSKnPXeQbZvD1W4PX4WTC47ZT0+SZCIDA1yPcM2R9AH/rR0ienfVD3VxBNMghY4883rAcg2K31/h4CxyW7OUcW2n6rwA=="}} {{(pid=122411) _process_stack /opt/stack/nova/nova/api/openstack/wsgi.py:511}}
Sep 28 07:01:13.595764 n-d-852171-7 devstack@n-api.service[122411]: DEBUG nova.quota [None req-49bb114c-07e6-42d5-ba0e-36771efcd2f6 tempest-KeyPairsV210TestJSON-439489359 tempest-KeyPairsV210TestJSON-439489359-project-admin] Getting quotas for project c1cbe353b495452c8d37a6d1e07dbd57. Resources: {'key_pairs'} {{(pid=122411) _get_quotas /opt/stack/nova/nova/quota.py:393}}
Sep 28 07:01:13.603519 n-d-852171-7 devstack@n-api.service[122411]: DEBUG nova.quota [None req-49bb114c-07e6-42d5-ba0e-36771efcd2f6 tempest-KeyPairsV210TestJSON-439489359 tempest-KeyPairsV210TestJSON-439489359-project-admin] Getting quotas for user c92136183921420991d138580e5e013a and project c1cbe353b495452c8d37a6d1e07dbd57. Resources: {'key_pairs'} {{(pid=122411) _get_quotas /opt/stack/nova/nova/quota.py:383}}
Sep 28 07:01:13.655573 n-d-852171-7 devstack@n-api.service[122411]: INFO nova.api.openstack.requestlog [None req-49bb114c-07e6-42d5-ba0e-36771efcd2f6 tempest-KeyPairsV210TestJSON-439489359 tempest-KeyPairsV210TestJSON-439489359-project-admin] 10.222.0.18 "POST /compute/v2.1/os-keypairs" status: 201 len: 400 microversion: 2.10 time: 0.132188
Sep 28 07:01:13.662363 n-d-852171-7 devstack@n-api.service[122411]: [pid: 122411|app: 0|req: 62/122] 10.222.0.18 () {62 vars in 1200 bytes} [Wed Sep 28 07:01:13 2022] POST /compute/v2.1/os-keypairs => generated 400 bytes in 139 msecs (HTTP/1.1 201) 9 headers in 364 bytes (1 switches on core 0)
Sep 28 07:01:13.667489 n-d-852171-7 devstack@n-api.service[122411]: DEBUG nova.api.openstack.wsgi [None req-27aa4a0b-9247-4376-8a5a-848ed5d0b35b tempest-KeyPairsV210TestJSON-439489359 tempest-KeyPairsV210TestJSON-439489359-project-admin] Calling method '.version_select at 0x7f043534d160>' {{(pid=122411) _process_stack /opt/stack/nova/nova/api/openstack/wsgi.py:513}}
Sep 28 07:01:13.673631 n-d-852171-7 devstack@n-api.service[122411]: DEBUG dbcounter [-] [122411] Writing DB stats nova_api:DELETE=2,nova_api:SELECT=90,nova_api:INSERT=8 {{(pid=122411) stat_writer /usr/local/lib/python3.8/dist-packages/dbcounter.py:114}}
Sep 28 07:01:13.676991 n-d-852171-7 devstack@n-api.service[122411]: INFO nova.api.openstack.requestlog [None req-27aa4a0b-9247-4376-8a5a-848ed5d0b35b tempest-KeyPairsV210TestJSON-439489359 tempest-KeyPairsV210TestJSON-439489359-project-admin] 10.222.0.18 "GET /compute/v2.1/os-keypairs/tempest-keypair-700370802?user_id=da0eeb80ef964bcbab26787db72f9edc" status: 200 len: 511 microversion: 2.10 time: 0.013378
Sep 28 07:01:13.687250 n-d-852171-7 devstack@n-api.service[122411]: [pid: 122411|app: 0|req: 63/123] 10.222.0.18 () {60 vars in 1337 bytes} [Wed Sep 28 07:01:13 2022] GET /compute/v2.1/os-keypairs/tempest-keypair-700370802?user_id=da0eeb80ef964bcbab26787db72f9edc => generated 511 bytes in 24 msecs (HTTP/1.1 200) 9 headers in 359 bytes (1 switches on core 0)
Sep 28 07:01:13.692845 n-d-852171-7 devstack@n-api.service[122411]: DEBUG nova.api.openstack.wsgi [None req-62e5eff7-fa5d-4078-acb3-de9226f4088d tempest-KeyPairsV210TestJSON-439489359 tempest-KeyPairsV210TestJSON-439489359-project-admin] Action: 'create', calling method: .version_select at 0x7f043534d5e0>, body: {"keypair": {"name": "tempest-KeyPairsV210TestJSON-keypair-750125686", "type": "ssh", "public_key": "ecdsa-sha2-nistp384 AAAAE2VjZHNhLXNoYTItbmlzdHAzODQAAAAIbmlzdHAzODQAAABhBDzZ8pgBxE2cNKhNyxpfWhFRQWZT7txKEHMuKubrWzeXoXoEzZ2QfDPKIXd1/AgsOK+mawdlu8qN0X8bE9fFSmAw2R/5Cxvx4CpPoL4cJk3nUYEPEBlqzWRFKO+A3cGUwg=="}} {{(pid=122411) _process_stack /opt/stack/nova/nova/api/openstack/wsgi.py:511}}
Sep 28 07:01:13.727309 n-d-852171-7 devstack@n-api.service[122411]: DEBUG nova.quota [None req-62e5eff7-fa5d-4078-acb3-de9226f4088d tempest-KeyPairsV210TestJSON-439489359 tempest-KeyPairsV210TestJSON-439489359-project-admin] Getting quotas for project c1cbe353b495452c8d37a6d1e07dbd57. Resources: {'key_pairs'} {{(pid=122411) _get_quotas /opt/stack/nova/nova/quota.py:393}}
Sep 28 07:01:13.734981 n-d-852171-7 devstack@n-api.service[122411]: DEBUG nova.quota [None req-62e5eff7-fa5d-4078-acb3-de9226f4088d tempest-KeyPairsV210TestJSON-439489359 tempest-KeyPairsV210TestJSON-439489359-project-admin] Getting quotas for user c92136183921420991d138580e5e013a and project c1cbe353b495452c8d37a6d1e07dbd57. Resources: {'key_pairs'} {{(pid=122411) _get_quotas /opt/stack/nova/nova/quota.py:383}}
Sep 28 07:01:13.737936 n-d-852171-7 devstack@n-api.service[122410]: DEBUG nova.policy [None req-d02b7b89-bf7a-4f2e-a136-0abf5cb49e3f tempest-ServersWithSpecificFlavorTestJSON-1076832175 tempest-ServersWithSpecificFlavorTestJSON-1076832175-project] Policy check for os_compute_api:os-extended-server-attributes failed with credentials {'is_admin': False, 'user_id': '5e576b81a77c4aba88ef9b3b0dd61352', 'user_domain_id': 'default', 'system_scope': None, 'domain_id': None, 'project_id': '4cb697404d5b4a419f77d765e1836977', 'project_domain_id': 'default', 'roles': ['member', 'reader'], 'is_admin_project': True, 'service_user_id': None, 'service_user_domain_id': None, 'service_project_id': None, 'service_project_domain_id': None, 'service_roles': []} {{(pid=122410) authorize /opt/stack/nova/nova/policy.py:199}}
Sep 28 07:01:13.747584 n-d-852171-7 devstack@n-api.service[122410]: INFO nova.api.openstack.requestlog [None req-d02b7b89-bf7a-4f2e-a136-0abf5cb49e3f tempest-ServersWithSpecificFlavorTestJSON-1076832175 tempest-ServersWithSpecificFlavorTestJSON-1076832175-project] 10.222.0.18 "GET /compute/v2.1/servers/eff89bb4-5181-4c31-842e-32ff3857f49f" status: 200 len: 1268 microversion: 2.1 time: 0.231910
Sep 28 07:01:13.749183 n-d-852171-7 devstack@n-api.service[122410]: [pid: 122410|app: 0|req: 61/124] 10.222.0.18 () {58 vars in 1236 bytes} [Wed Sep 28 07:01:13 2022] GET /compute/v2.1/servers/eff89bb4-5181-4c31-842e-32ff3857f49f => generated 1268 bytes in 234 msecs (HTTP/1.1 200) 9 headers in 358 bytes (1 switches on core 0)
Sep 28 07:01:13.776053 n-d-852171-7 devstack@n-api.service[122411]: INFO nova.api.openstack.requestlog [None req-62e5eff7-fa5d-4078-acb3-de9226f4088d tempest-KeyPairsV210TestJSON-439489359 tempest-KeyPairsV210TestJSON-439489359-project-admin] 10.222.0.18 "POST /compute/v2.1/os-keypairs" status: 201 len: 421 microversion: 2.10 time: 0.087484
Sep 28 07:01:13.777203 n-d-852171-7 devstack@n-api.service[122411]: [pid: 122411|app: 0|req: 64/125] 10.222.0.18 () {62 vars in 1200 bytes} [Wed Sep 28 07:01:13 2022] POST /compute/v2.1/os-keypairs => generated 421 bytes in 89 msecs (HTTP/1.1 201) 9 headers in 364 bytes (1 switches on core 0)
Sep 28 07:01:13.789214 n-d-852171-7 devstack@n-api.service[122410]: DEBUG nova.api.openstack.wsgi [None req-f1d0ce39-7701-4b06-8ca1-dacd97b97f3b tempest-KeyPairsV210TestJSON-439489359 tempest-KeyPairsV210TestJSON-439489359-project-admin] Calling method '.version_select at 0x7f043558e0d0>' {{(pid=122410) _process_stack /opt/stack/nova/nova/api/openstack/wsgi.py:513}}
Sep 28 07:01:13.794294 n-d-852171-7 devstack@n-api.service[122410]: WARNING oslo_db.sqlalchemy.utils [None req-f1d0ce39-7701-4b06-8ca1-dacd97b97f3b tempest-KeyPairsV210TestJSON-439489359 tempest-KeyPairsV210TestJSON-439489359-project-admin] Unique keys not in sort_keys. The sorting order may be unstable.
Sep 28 07:01:13.831566 n-d-852171-7 devstack@n-api.service[122410]: INFO nova.api.openstack.requestlog [None req-f1d0ce39-7701-4b06-8ca1-dacd97b97f3b tempest-KeyPairsV210TestJSON-439489359 tempest-KeyPairsV210TestJSON-439489359-project-admin] 10.222.0.18 "GET /compute/v2.1/os-keypairs?user_id=da0eeb80ef964bcbab26787db72f9edc" status: 200 len: 724 microversion: 2.10 time: 0.047034
Sep 28 07:01:13.835870 n-d-852171-7 devstack@n-api.service[122410]: [pid: 122410|app: 0|req: 62/126] 10.222.0.18 () {60 vars in 1259 bytes} [Wed Sep 28 07:01:13 2022] GET /compute/v2.1/os-keypairs?user_id=da0eeb80ef964bcbab26787db72f9edc => generated 724 bytes in 52 msecs (HTTP/1.1 200) 9 headers in 359 bytes (1 switches on core 0)
Sep 28 07:01:13.854197 n-d-852171-7 devstack@n-api.service[122411]: DEBUG nova.api.openstack.wsgi [None req-b60da488-dbd2-46dc-b97b-2f4509826343 tempest-KeyPairsV210TestJSON-439489359 tempest-KeyPairsV210TestJSON-439489359-project-admin] Calling method '.version_select at 0x7f04354e7ca0>' {{(pid=122411) _process_stack /opt/stack/nova/nova/api/openstack/wsgi.py:513}}
Sep 28 07:01:13.983741 n-d-852171-7 devstack@n-api.service[122411]: INFO nova.api.openstack.requestlog [None req-b60da488-dbd2-46dc-b97b-2f4509826343 tempest-KeyPairsV210TestJSON-439489359 tempest-KeyPairsV210TestJSON-439489359-project-admin] 10.222.0.18 "DELETE /compute/v2.1/os-keypairs/tempest-KeyPairsV210TestJSON-keypair-750125686" status: 204 len: 0 microversion: 2.10 time: 0.130371
Sep 28 07:01:13.984945 n-d-852171-7 devstack@n-api.service[122411]: [pid: 122411|app: 0|req: 65/127] 10.222.0.18 () {60 vars in 1322 bytes} [Wed Sep 28 07:01:13 2022] DELETE /compute/v2.1/os-keypairs/tempest-KeyPairsV210TestJSON-keypair-750125686 => generated 0 bytes in 141 msecs (HTTP/1.1 204) 9 headers in 365 bytes (1 switches on core 0)
Sep 28 07:01:14.001805 n-d-852171-7 devstack@n-api.service[122410]: DEBUG nova.api.openstack.wsgi [None req-64f65a4f-54ee-4b17-8c31-ee0c3a3f2815 tempest-KeyPairsV210TestJSON-439489359 tempest-KeyPairsV210TestJSON-439489359-project-admin] Calling method '.version_select at 0x7f0435592ca0>' {{(pid=122410) _process_stack /opt/stack/nova/nova/api/openstack/wsgi.py:513}}
Sep 28 07:01:14.084648 n-d-852171-7 devstack@n-api.service[122410]: INFO nova.api.openstack.requestlog [None req-64f65a4f-54ee-4b17-8c31-ee0c3a3f2815 tempest-KeyPairsV210TestJSON-439489359 tempest-KeyPairsV210TestJSON-439489359-project-admin] 10.222.0.18 "DELETE /compute/v2.1/os-keypairs/tempest-keypair-666359895?user_id=da0eeb80ef964bcbab26787db72f9edc" status: 204 len: 0 microversion: 2.10 time: 0.091624
Sep 28 07:01:14.087201 n-d-852171-7 devstack@n-api.service[122410]: [pid: 122410|app: 0|req: 63/128] 10.222.0.18 () {60 vars in 1340 bytes} [Wed Sep 28 07:01:13 2022] DELETE /compute/v2.1/os-keypairs/tempest-keypair-666359895?user_id=da0eeb80ef964bcbab26787db72f9edc => generated 0 bytes in 98 msecs (HTTP/1.1 204) 9 headers in 365 bytes (1 switches on core 0)
Sep 28 07:01:14.096143 n-d-852171-7 devstack@n-api.service[122411]: DEBUG nova.api.openstack.wsgi [None req-6d20d360-b6a0-4db9-aa3b-f61ae3918b55 tempest-KeyPairsV210TestJSON-439489359 tempest-KeyPairsV210TestJSON-439489359-project-admin] Calling method '.version_select at 0x7f043536c310>' {{(pid=122411) _process_stack /opt/stack/nova/nova/api/openstack/wsgi.py:513}}
Sep 28 07:01:14.160590 n-d-852171-7 devstack@n-api.service[122410]: DEBUG nova.api.openstack.wsgi [None req-d871f6f9-872e-4635-a5ad-b204b5b78045 tempest-AggregatesAdminTestJSON-76232256 tempest-AggregatesAdminTestJSON-76232256-project] Calling method '>' {{(pid=122410) _process_stack /opt/stack/nova/nova/api/openstack/wsgi.py:513}}
Sep 28 07:01:14.161256 n-d-852171-7 devstack@n-api.service[122410]: DEBUG nova.compute.api [None req-d871f6f9-872e-4635-a5ad-b204b5b78045 tempest-AggregatesAdminTestJSON-76232256 tempest-AggregatesAdminTestJSON-76232256-project] [instance: 0d309179-8400-47b5-99c0-0a4f3665cd93] Fetching instance by UUID {{(pid=122410) get /opt/stack/nova/nova/compute/api.py:2975}}
Sep 28 07:01:14.167845 n-d-852171-7 devstack@n-api.service[122411]: INFO nova.api.openstack.requestlog [None req-6d20d360-b6a0-4db9-aa3b-f61ae3918b55 tempest-KeyPairsV210TestJSON-439489359 tempest-KeyPairsV210TestJSON-439489359-project-admin] 10.222.0.18 "DELETE /compute/v2.1/os-keypairs/tempest-keypair-700370802?user_id=da0eeb80ef964bcbab26787db72f9edc" status: 204 len: 0 microversion: 2.10 time: 0.075859
Sep 28 07:01:14.177308 n-d-852171-7 devstack@n-api.service[122411]: [pid: 122411|app: 0|req: 66/129] 10.222.0.18 () {60 vars in 1340 bytes} [Wed Sep 28 07:01:14 2022] DELETE /compute/v2.1/os-keypairs/tempest-keypair-700370802?user_id=da0eeb80ef964bcbab26787db72f9edc => generated 0 bytes in 86 msecs (HTTP/1.1 204) 9 headers in 365 bytes (1 switches on core 0)
Sep 28 07:01:14.178599 n-d-852171-7 devstack@n-api.service[122410]: DEBUG oslo_concurrency.lockutils [None req-d871f6f9-872e-4635-a5ad-b204b5b78045 tempest-AggregatesAdminTestJSON-76232256 tempest-AggregatesAdminTestJSON-76232256-project] Acquiring lock "5ef702ec-4a27-4c80-8485-f1a05b95383d" by "nova.context.set_target_cell..get_or_set_cached_cell_and_set_connections" {{(pid=122410) inner /usr/local/lib/python3.8/dist-packages/oslo_concurrency/lockutils.py:404}}
Sep 28 07:01:14.179504 n-d-852171-7 devstack@n-api.service[122410]: DEBUG oslo_concurrency.lockutils [None req-d871f6f9-872e-4635-a5ad-b204b5b78045 tempest-AggregatesAdminTestJSON-76232256 tempest-AggregatesAdminTestJSON-76232256-project] Lock "5ef702ec-4a27-4c80-8485-f1a05b95383d" acquired by "nova.context.set_target_cell..get_or_set_cached_cell_and_set_connections" :: waited 0.002s {{(pid=122410) inner /usr/local/lib/python3.8/dist-packages/oslo_concurrency/lockutils.py:409}}
Sep 28 07:01:14.180170 n-d-852171-7 devstack@n-api.service[122410]: DEBUG oslo_concurrency.lockutils [None req-d871f6f9-872e-4635-a5ad-b204b5b78045 tempest-AggregatesAdminTestJSON-76232256 tempest-AggregatesAdminTestJSON-76232256-project] Lock "5ef702ec-4a27-4c80-8485-f1a05b95383d" "released" by "nova.context.set_target_cell..get_or_set_cached_cell_and_set_connections" :: held 0.001s {{(pid=122410) inner /usr/local/lib/python3.8/dist-packages/oslo_concurrency/lockutils.py:423}}
Sep 28 07:01:14.181609 n-d-852171-7 devstack@n-api.service[122410]: DEBUG oslo_concurrency.lockutils [None req-d871f6f9-872e-4635-a5ad-b204b5b78045 tempest-AggregatesAdminTestJSON-76232256 tempest-AggregatesAdminTestJSON-76232256-project] Acquiring lock "5ef702ec-4a27-4c80-8485-f1a05b95383d" by "nova.context.set_target_cell..get_or_set_cached_cell_and_set_connections" {{(pid=122410) inner /usr/local/lib/python3.8/dist-packages/oslo_concurrency/lockutils.py:404}}
Sep 28 07:01:14.185031 n-d-852171-7 devstack@n-api.service[122410]: DEBUG oslo_concurrency.lockutils [None req-d871f6f9-872e-4635-a5ad-b204b5b78045 tempest-AggregatesAdminTestJSON-76232256 tempest-AggregatesAdminTestJSON-76232256-project] Lock "5ef702ec-4a27-4c80-8485-f1a05b95383d" acquired by "nova.context.set_target_cell..get_or_set_cached_cell_and_set_connections" :: waited 0.002s {{(pid=122410) inner /usr/local/lib/python3.8/dist-packages/oslo_concurrency/lockutils.py:409}}
Sep 28 07:01:14.185700 n-d-852171-7 devstack@n-api.service[122410]: DEBUG oslo_concurrency.lockutils [None req-d871f6f9-872e-4635-a5ad-b204b5b78045 tempest-AggregatesAdminTestJSON-76232256 tempest-AggregatesAdminTestJSON-76232256-project] Lock "5ef702ec-4a27-4c80-8485-f1a05b95383d" "released" by "nova.context.set_target_cell..get_or_set_cached_cell_and_set_connections" :: held 0.002s {{(pid=122410) inner /usr/local/lib/python3.8/dist-packages/oslo_concurrency/lockutils.py:423}}
