Aug 24 09:56:18.578184 n-d-852171-5 devstack@keystone.service[82107]: DEBUG keystone.server.flask.request_processing.middleware.auth_context [None req-be56705b-fe59-4fe2-b7d4-5207d290f708 None None] Validating token access rules against request {{(pid=82107) validate_allowed_request /usr/local/lib/python3.8/dist-packages/keystonemiddleware/auth_token/__init__.py:545}}
Aug 24 09:56:18.621967 n-d-852171-5 devstack@keystone.service[82107]: DEBUG keystone.server.flask.request_processing.middleware.auth_context [None req-64e4a34e-7170-45d6-a172-8736dc06faf0 None admin] RBAC: auth_context: {'token': , 'domain_id': None, 'trust_id': None, 'trustor_id': None, 'trustee_id': None, 'domain_name': None, 'group_ids': [], 'user_id': 'ba67504bd3504fddb0782d257ee93f62', 'user_domain_id': 'default', 'system_scope': 'all', 'project_id': None, 'project_domain_id': None, 'roles': ['admin', 'member', 'reader'], 'is_admin_project': True, 'service_user_id': None, 'service_user_domain_id': None, 'service_project_id': None, 'service_project_domain_id': None, 'service_roles': []} {{(pid=82107) fill_context /opt/stack/keystone/keystone/server/flask/request_processing/middleware/auth_context.py:478}}
Aug 24 09:56:18.622619 n-d-852171-5 devstack@keystone.service[82107]: DEBUG keystone.server.flask.request_processing.req_logging [None req-64e4a34e-7170-45d6-a172-8736dc06faf0 None admin] REQUEST_METHOD: `GET` {{(pid=82107) log_request_info /opt/stack/keystone/keystone/server/flask/request_processing/req_logging.py:27}}
Aug 24 09:56:18.622906 n-d-852171-5 devstack@keystone.service[82107]: DEBUG keystone.server.flask.request_processing.req_logging [None req-64e4a34e-7170-45d6-a172-8736dc06faf0 None admin] SCRIPT_NAME: `/identity` {{(pid=82107) log_request_info /opt/stack/keystone/keystone/server/flask/request_processing/req_logging.py:28}}
Aug 24 09:56:18.623184 n-d-852171-5 devstack@keystone.service[82107]: DEBUG keystone.server.flask.request_processing.req_logging [None req-64e4a34e-7170-45d6-a172-8736dc06faf0 None admin] PATH_INFO: `/v3/roles/reader` {{(pid=82107) log_request_info /opt/stack/keystone/keystone/server/flask/request_processing/req_logging.py:29}}
Aug 24 09:56:18.630284 n-d-852171-5 devstack@keystone.service[82108]: DEBUG keystone.server.flask.request_processing.middleware.auth_context [None req-a77db5e7-2a13-4ff1-9168-0731703c7420 None admin] Validating token access rules against request {{(pid=82108) validate_allowed_request /usr/local/lib/python3.8/dist-packages/keystonemiddleware/auth_token/__init__.py:545}}
Aug 24 09:56:18.636785 n-d-852171-5 devstack@keystone.service[82107]: DEBUG keystone.common.rbac_enforcer.enforcer [None req-64e4a34e-7170-45d6-a172-8736dc06faf0 None admin] Extracting inferred target data resulted in "NOT FOUND (404)". {{(pid=82107) enforce_call /opt/stack/keystone/keystone/common/rbac_enforcer/enforcer.py:409}}
Aug 24 09:56:18.643334 n-d-852171-5 devstack@keystone.service[82107]: ERROR keystone.server.flask.application [None req-64e4a34e-7170-45d6-a172-8736dc06faf0 None admin] Could not find role: reader.: keystone.exception.RoleNotFound: Could not find role: reader.
Aug 24 09:56:18.643334 n-d-852171-5 devstack@keystone.service[82107]: ERROR keystone.server.flask.application
Traceback (most recent call last):
Aug 24 09:56:18.643334 n-d-852171-5 devstack@keystone.service[82107]: ERROR keystone.server.flask.application
File "/usr/local/lib/python3.8/dist-packages/flask/app.py", line 1820, in full_dispatch_request
Aug 24 09:56:18.643334 n-d-852171-5 devstack@keystone.service[82107]: ERROR keystone.server.flask.application rv = self.dispatch_request()
Aug 24 09:56:18.643334 n-d-852171-5 devstack@keystone.service[82107]: ERROR keystone.server.flask.application
File "/usr/local/lib/python3.8/dist-packages/flask/app.py", line 1796, in dispatch_request
Aug 24 09:56:18.643334 n-d-852171-5 devstack@keystone.service[82107]: ERROR keystone.server.flask.application return self.ensure_sync(self.view_functions[rule.endpoint])(**view_args)
Aug 24 09:56:18.643334 n-d-852171-5 devstack@keystone.service[82107]: ERROR keystone.server.flask.application
File "/usr/local/lib/python3.8/dist-packages/flask_restful/__init__.py", line 467, in wrapper
Aug 24 09:56:18.643334 n-d-852171-5 devstack@keystone.service[82107]: ERROR keystone.server.flask.application resp = resource(*args, **kwargs)
Aug 24 09:56:18.643334 n-d-852171-5 devstack@keystone.service[82107]: ERROR keystone.server.flask.application
File "/usr/local/lib/python3.8/dist-packages/flask/views.py", line 107, in view
Aug 24 09:56:18.643334 n-d-852171-5 devstack@keystone.service[82107]: ERROR keystone.server.flask.application return current_app.ensure_sync(self.dispatch_request)(**kwargs)
Aug 24 09:56:18.643334 n-d-852171-5 devstack@keystone.service[82107]: ERROR keystone.server.flask.application
File "/usr/local/lib/python3.8/dist-packages/flask_restful/__init__.py", line 582, in dispatch_request
Aug 24 09:56:18.643334 n-d-852171-5 devstack@keystone.service[82107]: ERROR keystone.server.flask.application resp = meth(*args, **kwargs)
Aug 24 09:56:18.643334 n-d-852171-5 devstack@keystone.service[82107]: ERROR keystone.server.flask.application
File "/opt/stack/keystone/keystone/api/roles.py", line 50, in get
Aug 24 09:56:18.643334 n-d-852171-5 devstack@keystone.service[82107]: ERROR keystone.server.flask.application return self._get_role(role_id)
Aug 24 09:56:18.643334 n-d-852171-5 devstack@keystone.service[82107]: ERROR keystone.server.flask.application
File "/opt/stack/keystone/keystone/api/roles.py", line 70, in _get_role
Aug 24 09:56:18.643334 n-d-852171-5 devstack@keystone.service[82107]: ERROR keystone.server.flask.application ENFORCER.enforce_call(action='identity:get_role')
Aug 24 09:56:18.644199 n-d-852171-5 devstack@keystone.service[82107]: ERROR keystone.server.flask.application
File "/opt/stack/keystone/keystone/common/rbac_enforcer/enforcer.py", line 402, in enforce_call
Aug 24 09:56:18.644199 n-d-852171-5 devstack@keystone.service[82107]: ERROR keystone.server.flask.application policy_dict.update(cls._extract_member_target_data(
Aug 24 09:56:18.644199 n-d-852171-5 devstack@keystone.service[82107]: ERROR keystone.server.flask.application
File "/opt/stack/keystone/keystone/common/rbac_enforcer/enforcer.py", line 234, in _extract_member_target_data
Aug 24 09:56:18.644199 n-d-852171-5 devstack@keystone.service[82107]: ERROR keystone.server.flask.application member_name: func(flask.request.view_args[key])
Aug 24 09:56:18.644199 n-d-852171-5 devstack@keystone.service[82107]: ERROR keystone.server.flask.application
File "/opt/stack/keystone/keystone/common/manager.py", line 115, in wrapped
Aug 24 09:56:18.644199 n-d-852171-5 devstack@keystone.service[82107]: ERROR keystone.server.flask.application __ret_val = __f(*args, **kwargs)
Aug 24 09:56:18.644199 n-d-852171-5 devstack@keystone.service[82107]: ERROR keystone.server.flask.application
File "/usr/local/lib/python3.8/dist-packages/decorator.py", line 232, in fun
Aug 24 09:56:18.644199 n-d-852171-5 devstack@keystone.service[82107]: ERROR keystone.server.flask.application return caller(func, *(extras + args), **kw)
Aug 24 09:56:18.644199 n-d-852171-5 devstack@keystone.service[82107]: ERROR keystone.server.flask.application
File "/usr/local/lib/python3.8/dist-packages/dogpile/cache/region.py", line 1577, in get_or_create_for_user_func
Aug 24 09:56:18.644199 n-d-852171-5 devstack@keystone.service[82107]: ERROR keystone.server.flask.application return self.get_or_create(
Aug 24 09:56:18.644199 n-d-852171-5 devstack@keystone.service[82107]: ERROR keystone.server.flask.application
File "/usr/local/lib/python3.8/dist-packages/dogpile/cache/region.py", line 1042, in get_or_create
Aug 24 09:56:18.644199 n-d-852171-5 devstack@keystone.service[82107]: ERROR keystone.server.flask.application with Lock(
Aug 24 09:56:18.644199 n-d-852171-5 devstack@keystone.service[82107]: ERROR keystone.server.flask.application
File "/usr/local/lib/python3.8/dist-packages/dogpile/lock.py", line 185, in __enter__
Aug 24 09:56:18.644199 n-d-852171-5 devstack@keystone.service[82107]: ERROR keystone.server.flask.application return self._enter()
Aug 24 09:56:18.644199 n-d-852171-5 devstack@keystone.service[82107]: ERROR keystone.server.flask.application
File "/usr/local/lib/python3.8/dist-packages/dogpile/lock.py", line 94, in _enter
Aug 24 09:56:18.644199 n-d-852171-5 devstack@keystone.service[82107]: ERROR keystone.server.flask.application generated = self._enter_create(value, createdtime)
Aug 24 09:56:18.644962 n-d-852171-5 devstack@keystone.service[82107]: ERROR keystone.server.flask.application
File "/usr/local/lib/python3.8/dist-packages/dogpile/lock.py", line 178, in _enter_create
Aug 24 09:56:18.644962 n-d-852171-5 devstack@keystone.service[82107]: ERROR keystone.server.flask.application return self.creator()
Aug 24 09:56:18.644962 n-d-852171-5 devstack@keystone.service[82107]: ERROR keystone.server.flask.application
File "/usr/local/lib/python3.8/dist-packages/dogpile/cache/region.py", line 995, in gen_value
Aug 24 09:56:18.644962 n-d-852171-5 devstack@keystone.service[82107]: ERROR keystone.server.flask.application created_value = creator(
Aug 24 09:56:18.644962 n-d-852171-5 devstack@keystone.service[82107]: ERROR keystone.server.flask.application
File "/opt/stack/keystone/keystone/assignment/core.py", line 1276, in get_role
Aug 24 09:56:18.644962 n-d-852171-5 devstack@keystone.service[82107]: ERROR keystone.server.flask.application return self.driver.get_role(role_id)
Aug 24 09:56:18.644962 n-d-852171-5 devstack@keystone.service[82107]: ERROR keystone.server.flask.application
File "/opt/stack/keystone/keystone/assignment/role_backends/sql.py", line 70, in get_role
Aug 24 09:56:18.644962 n-d-852171-5 devstack@keystone.service[82107]: ERROR keystone.server.flask.application return self._get_role(session, role_id).to_dict()
Aug 24 09:56:18.644962 n-d-852171-5 devstack@keystone.service[82107]: ERROR keystone.server.flask.application
File "/opt/stack/keystone/keystone/assignment/role_backends/sql.py", line 65, in _get_role
Aug 24 09:56:18.644962 n-d-852171-5 devstack@keystone.service[82107]: ERROR keystone.server.flask.application raise exception.RoleNotFound(role_id=role_id)
Aug 24 09:56:18.644962 n-d-852171-5 devstack@keystone.service[82107]: ERROR keystone.server.flask.application keystone.exception.RoleNotFound: Could not find role: reader.
Aug 24 09:56:18.644962 n-d-852171-5 devstack@keystone.service[82107]: ERROR keystone.server.flask.application
Aug 24 09:56:18.644962 n-d-852171-5 devstack@keystone.service[82107]: [pid: 82107|app: 0|req: 150/302] 10.222.0.87 () {56 vars in 1099 bytes} [Wed Aug 24 09:56:18 2022] GET /identity/v3/roles/reader => generated 84 bytes in 195 msecs (HTTP/1.1 404) 5 headers in 183 bytes (2 switches on core 0)
Aug 24 09:56:18.650820 n-d-852171-5 devstack@keystone.service[82107]: DEBUG keystone.server.flask.request_processing.middleware.auth_context [None req-64e4a34e-7170-45d6-a172-8736dc06faf0 None admin] Authenticating user token {{(pid=82107) process_request /usr/local/lib/python3.8/dist-packages/keystonemiddleware/auth_token/__init__.py:407}}
Aug 24 09:56:18.669068 n-d-852171-5 devstack@keystone.service[82108]: DEBUG keystone.server.flask.request_processing.middleware.auth_context [None req-5e474fd6-7b1b-4677-8fd3-4461d59b0db3 None admin] RBAC: auth_context: {'token': , 'domain_id': None, 'trust_id': None, 'trustor_id': None, 'trustee_id': None, 'domain_name': None, 'group_ids': [], 'user_id': 'ba67504bd3504fddb0782d257ee93f62', 'user_domain_id': 'default', 'system_scope': 'all', 'project_id': None, 'project_domain_id': None, 'roles': ['admin', 'member', 'reader'], 'is_admin_project': True, 'service_user_id': None, 'service_user_domain_id': None, 'service_project_id': None, 'service_project_domain_id': None, 'service_roles': []} {{(pid=82108) fill_context /opt/stack/keystone/keystone/server/flask/request_processing/middleware/auth_context.py:478}}
Aug 24 09:56:18.669670 n-d-852171-5 devstack@keystone.service[82108]: DEBUG keystone.server.flask.request_processing.req_logging [None req-5e474fd6-7b1b-4677-8fd3-4461d59b0db3 None admin] REQUEST_METHOD: `POST` {{(pid=82108) log_request_info /opt/stack/keystone/keystone/server/flask/request_processing/req_logging.py:27}}
Aug 24 09:56:18.669981 n-d-852171-5 devstack@keystone.service[82108]: DEBUG keystone.server.flask.request_processing.req_logging [None req-5e474fd6-7b1b-4677-8fd3-4461d59b0db3 None admin] SCRIPT_NAME: `/identity` {{(pid=82108) log_request_info /opt/stack/keystone/keystone/server/flask/request_processing/req_logging.py:28}}
Aug 24 09:56:18.670258 n-d-852171-5 devstack@keystone.service[82108]: DEBUG keystone.server.flask.request_processing.req_logging [None req-5e474fd6-7b1b-4677-8fd3-4461d59b0db3 None admin] PATH_INFO: `/v3/groups` {{(pid=82108) log_request_info /opt/stack/keystone/keystone/server/flask/request_processing/req_logging.py:29}}
Aug 24 09:56:18.670887 n-d-852171-5 devstack@keystone.service[82108]: DEBUG keystone.common.rbac_enforcer.enforcer [None req-5e474fd6-7b1b-4677-8fd3-4461d59b0db3 None admin] RBAC: Authorizing `identity:create_group()` {{(pid=82108) enforce_call /opt/stack/keystone/keystone/common/rbac_enforcer/enforcer.py:449}}
Aug 24 09:56:18.672350 n-d-852171-5 devstack@keystone.service[82108]: DEBUG keystone.common.rbac_enforcer.enforcer [None req-5e474fd6-7b1b-4677-8fd3-4461d59b0db3 None admin] RBAC: Authorization granted {{(pid=82108) enforce_call /opt/stack/keystone/keystone/common/rbac_enforcer/enforcer.py:457}}
Aug 24 09:56:18.689828 n-d-852171-5 devstack@keystone.service[82108]: [pid: 82108|app: 0|req: 153/303] 10.222.0.87 () {60 vars in 1134 bytes} [Wed Aug 24 09:56:18 2022] POST /identity/v3/groups => generated 229 bytes in 181 msecs (HTTP/1.1 201) 5 headers in 182 bytes (2 switches on core 0)
Aug 24 09:56:18.690949 n-d-852171-5 devstack@keystone.service[82108]: DEBUG keystone.server.flask.request_processing.middleware.auth_context [None req-5e474fd6-7b1b-4677-8fd3-4461d59b0db3 None admin] Authenticating user token {{(pid=82108) process_request /usr/local/lib/python3.8/dist-packages/keystonemiddleware/auth_token/__init__.py:407}}
Aug 24 09:56:18.714054 n-d-852171-5 devstack@keystone.service[82108]: DEBUG dbcounter [-] [82108] Writing DB stats keystone:SELECT=99,keystone:INSERT=1 {{(pid=82108) stat_writer /usr/local/lib/python3.8/dist-packages/dbcounter.py:114}}
Aug 24 09:56:18.720313 n-d-852171-5 devstack@keystone.service[82107]: DEBUG dbcounter [-] [82107] Writing DB stats keystone:SELECT=100 {{(pid=82107) stat_writer /usr/local/lib/python3.8/dist-packages/dbcounter.py:114}}
Aug 24 09:56:18.780516 n-d-852171-5 devstack@keystone.service[82107]: DEBUG keystone.server.flask.request_processing.middleware.auth_context [None req-64e4a34e-7170-45d6-a172-8736dc06faf0 None admin] Validating token access rules against request {{(pid=82107) validate_allowed_request /usr/local/lib/python3.8/dist-packages/keystonemiddleware/auth_token/__init__.py:545}}
Aug 24 09:56:18.807395 n-d-852171-5 devstack@keystone.service[82108]: DEBUG keystone.server.flask.request_processing.middleware.auth_context [None req-5e474fd6-7b1b-4677-8fd3-4461d59b0db3 None admin] Validating token access rules against request {{(pid=82108) validate_allowed_request /usr/local/lib/python3.8/dist-packages/keystonemiddleware/auth_token/__init__.py:545}}
Aug 24 09:56:18.821773 n-d-852171-5 devstack@keystone.service[82107]: DEBUG keystone.server.flask.request_processing.middleware.auth_context [None req-632f79f7-c857-4722-bc80-287c4c313e8a None admin] RBAC: auth_context: {'token': , 'domain_id': None, 'trust_id': None, 'trustor_id': None, 'trustee_id': None, 'domain_name': None, 'group_ids': [], 'user_id': 'ba67504bd3504fddb0782d257ee93f62', 'user_domain_id': 'default', 'system_scope': 'all', 'project_id': None, 'project_domain_id': None, 'roles': ['admin', 'member', 'reader'], 'is_admin_project': True, 'service_user_id': None, 'service_user_domain_id': None, 'service_project_id': None, 'service_project_domain_id': None, 'service_roles': []} {{(pid=82107) fill_context /opt/stack/keystone/keystone/server/flask/request_processing/middleware/auth_context.py:478}}
Aug 24 09:56:18.822875 n-d-852171-5 devstack@keystone.service[82107]: DEBUG keystone.server.flask.request_processing.req_logging [None req-632f79f7-c857-4722-bc80-287c4c313e8a None admin] REQUEST_METHOD: `GET` {{(pid=82107) log_request_info /opt/stack/keystone/keystone/server/flask/request_processing/req_logging.py:27}}
Aug 24 09:56:18.823375 n-d-852171-5 devstack@keystone.service[82107]: DEBUG keystone.server.flask.request_processing.req_logging [None req-632f79f7-c857-4722-bc80-287c4c313e8a None admin] SCRIPT_NAME: `/identity` {{(pid=82107) log_request_info /opt/stack/keystone/keystone/server/flask/request_processing/req_logging.py:28}}
Aug 24 09:56:18.823857 n-d-852171-5 devstack@keystone.service[82107]: DEBUG keystone.server.flask.request_processing.req_logging [None req-632f79f7-c857-4722-bc80-287c4c313e8a None admin] PATH_INFO: `/v3/roles/member` {{(pid=82107) log_request_info /opt/stack/keystone/keystone/server/flask/request_processing/req_logging.py:29}}
Aug 24 09:56:18.836328 n-d-852171-5 devstack@keystone.service[82107]: DEBUG keystone.common.rbac_enforcer.enforcer [None req-632f79f7-c857-4722-bc80-287c4c313e8a None admin] Extracting inferred target data resulted in "NOT FOUND (404)". {{(pid=82107) enforce_call /opt/stack/keystone/keystone/common/rbac_enforcer/enforcer.py:409}}
Aug 24 09:56:18.843168 n-d-852171-5 devstack@keystone.service[82107]: ERROR keystone.server.flask.application [None req-632f79f7-c857-4722-bc80-287c4c313e8a None admin] Could not find role: member.: keystone.exception.RoleNotFound: Could not find role: member.
Aug 24 09:56:18.843168 n-d-852171-5 devstack@keystone.service[82107]: ERROR keystone.server.flask.application
Traceback (most recent call last):
Aug 24 09:56:18.843168 n-d-852171-5 devstack@keystone.service[82107]: ERROR keystone.server.flask.application
File "/usr/local/lib/python3.8/dist-packages/flask/app.py", line 1820, in full_dispatch_request
Aug 24 09:56:18.843168 n-d-852171-5 devstack@keystone.service[82107]: ERROR keystone.server.flask.application rv = self.dispatch_request()
Aug 24 09:56:18.843168 n-d-852171-5 devstack@keystone.service[82107]: ERROR keystone.server.flask.application
File "/usr/local/lib/python3.8/dist-packages/flask/app.py", line 1796, in dispatch_request
Aug 24 09:56:18.843168 n-d-852171-5 devstack@keystone.service[82107]: ERROR keystone.server.flask.application return self.ensure_sync(self.view_functions[rule.endpoint])(**view_args)
Aug 24 09:56:18.843168 n-d-852171-5 devstack@keystone.service[82107]: ERROR keystone.server.flask.application
File "/usr/local/lib/python3.8/dist-packages/flask_restful/__init__.py", line 467, in wrapper
Aug 24 09:56:18.843168 n-d-852171-5 devstack@keystone.service[82107]: ERROR keystone.server.flask.application resp = resource(*args, **kwargs)
Aug 24 09:56:18.843168 n-d-852171-5 devstack@keystone.service[82107]: ERROR keystone.server.flask.application
File "/usr/local/lib/python3.8/dist-packages/flask/views.py", line 107, in view
Aug 24 09:56:18.843168 n-d-852171-5 devstack@keystone.service[82107]: ERROR keystone.server.flask.application return current_app.ensure_sync(self.dispatch_request)(**kwargs)
Aug 24 09:56:18.843168 n-d-852171-5 devstack@keystone.service[82107]: ERROR keystone.server.flask.application
File "/usr/local/lib/python3.8/dist-packages/flask_restful/__init__.py", line 582, in dispatch_request
Aug 24 09:56:18.843168 n-d-852171-5 devstack@keystone.service[82107]: ERROR keystone.server.flask.application resp = meth(*args, **kwargs)
Aug 24 09:56:18.843168 n-d-852171-5 devstack@keystone.service[82107]: ERROR keystone.server.flask.application
File "/opt/stack/keystone/keystone/api/roles.py", line 50, in get
Aug 24 09:56:18.843168 n-d-852171-5 devstack@keystone.service[82107]: ERROR keystone.server.flask.application return self._get_role(role_id)
Aug 24 09:56:18.843168 n-d-852171-5 devstack@keystone.service[82107]: ERROR keystone.server.flask.application
File "/opt/stack/keystone/keystone/api/roles.py", line 70, in _get_role
Aug 24 09:56:18.843168 n-d-852171-5 devstack@keystone.service[82107]: ERROR keystone.server.flask.application ENFORCER.enforce_call(action='identity:get_role')
Aug 24 09:56:18.844240 n-d-852171-5 devstack@keystone.service[82107]: ERROR keystone.server.flask.application
File "/opt/stack/keystone/keystone/common/rbac_enforcer/enforcer.py", line 402, in enforce_call
Aug 24 09:56:18.844240 n-d-852171-5 devstack@keystone.service[82107]: ERROR keystone.server.flask.application policy_dict.update(cls._extract_member_target_data(
Aug 24 09:56:18.844240 n-d-852171-5 devstack@keystone.service[82107]: ERROR keystone.server.flask.application
File "/opt/stack/keystone/keystone/common/rbac_enforcer/enforcer.py", line 234, in _extract_member_target_data
Aug 24 09:56:18.844240 n-d-852171-5 devstack@keystone.service[82107]: ERROR keystone.server.flask.application member_name: func(flask.request.view_args[key])
Aug 24 09:56:18.844240 n-d-852171-5 devstack@keystone.service[82107]: ERROR keystone.server.flask.application
File "/opt/stack/keystone/keystone/common/manager.py", line 115, in wrapped
Aug 24 09:56:18.844240 n-d-852171-5 devstack@keystone.service[82107]: ERROR keystone.server.flask.application __ret_val = __f(*args, **kwargs)
Aug 24 09:56:18.844240 n-d-852171-5 devstack@keystone.service[82107]: ERROR keystone.server.flask.application
File "/usr/local/lib/python3.8/dist-packages/decorator.py", line 232, in fun
Aug 24 09:56:18.844240 n-d-852171-5 devstack@keystone.service[82107]: ERROR keystone.server.flask.application return caller(func, *(extras + args), **kw)
Aug 24 09:56:18.844240 n-d-852171-5 devstack@keystone.service[82107]: ERROR keystone.server.flask.application
File "/usr/local/lib/python3.8/dist-packages/dogpile/cache/region.py", line 1577, in get_or_create_for_user_func
Aug 24 09:56:18.844240 n-d-852171-5 devstack@keystone.service[82107]: ERROR keystone.server.flask.application return self.get_or_create(
Aug 24 09:56:18.844240 n-d-852171-5 devstack@keystone.service[82107]: ERROR keystone.server.flask.application
File "/usr/local/lib/python3.8/dist-packages/dogpile/cache/region.py", line 1042, in get_or_create
Aug 24 09:56:18.844240 n-d-852171-5 devstack@keystone.service[82107]: ERROR keystone.server.flask.application with Lock(
Aug 24 09:56:18.844240 n-d-852171-5 devstack@keystone.service[82107]: ERROR keystone.server.flask.application
File "/usr/local/lib/python3.8/dist-packages/dogpile/lock.py", line 185, in __enter__
Aug 24 09:56:18.844240 n-d-852171-5 devstack@keystone.service[82107]: ERROR keystone.server.flask.application return self._enter()
Aug 24 09:56:18.844240 n-d-852171-5 devstack@keystone.service[82107]: ERROR keystone.server.flask.application
File "/usr/local/lib/python3.8/dist-packages/dogpile/lock.py", line 94, in _enter
Aug 24 09:56:18.844240 n-d-852171-5 devstack@keystone.service[82107]: ERROR keystone.server.flask.application generated = self._enter_create(value, createdtime)
Aug 24 09:56:18.845214 n-d-852171-5 devstack@keystone.service[82107]: ERROR keystone.server.flask.application
File "/usr/local/lib/python3.8/dist-packages/dogpile/lock.py", line 178, in _enter_create
Aug 24 09:56:18.845214 n-d-852171-5 devstack@keystone.service[82107]: ERROR keystone.server.flask.application return self.creator()
Aug 24 09:56:18.845214 n-d-852171-5 devstack@keystone.service[82107]: ERROR keystone.server.flask.application
File "/usr/local/lib/python3.8/dist-packages/dogpile/cache/region.py", line 995, in gen_value
Aug 24 09:56:18.845214 n-d-852171-5 devstack@keystone.service[82107]: ERROR keystone.server.flask.application created_value = creator(
Aug 24 09:56:18.845214 n-d-852171-5 devstack@keystone.service[82107]: ERROR keystone.server.flask.application
File "/opt/stack/keystone/keystone/assignment/core.py", line 1276, in get_role
Aug 24 09:56:18.845214 n-d-852171-5 devstack@keystone.service[82107]: ERROR keystone.server.flask.application return self.driver.get_role(role_id)
Aug 24 09:56:18.845214 n-d-852171-5 devstack@keystone.service[82107]: ERROR keystone.server.flask.application
File "/opt/stack/keystone/keystone/assignment/role_backends/sql.py", line 70, in get_role
Aug 24 09:56:18.845214 n-d-852171-5 devstack@keystone.service[82107]: ERROR keystone.server.flask.application return self._get_role(session, role_id).to_dict()
Aug 24 09:56:18.845214 n-d-852171-5 devstack@keystone.service[82107]: ERROR keystone.server.flask.application
File "/opt/stack/keystone/keystone/assignment/role_backends/sql.py", line 65, in _get_role
Aug 24 09:56:18.845214 n-d-852171-5 devstack@keystone.service[82107]: ERROR keystone.server.flask.application raise exception.RoleNotFound(role_id=role_id)
Aug 24 09:56:18.845214 n-d-852171-5 devstack@keystone.service[82107]: ERROR keystone.server.flask.application keystone.exception.RoleNotFound: Could not find role: member.
Aug 24 09:56:18.845214 n-d-852171-5 devstack@keystone.service[82107]: ERROR keystone.server.flask.application
Aug 24 09:56:18.847853 n-d-852171-5 devstack@keystone.service[82107]: [pid: 82107|app: 0|req: 151/304] 10.222.0.87 () {56 vars in 1099 bytes} [Wed Aug 24 09:56:18 2022] GET /identity/v3/roles/member => generated 84 bytes in 203 msecs (HTTP/1.1 404) 5 headers in 183 bytes (1 switches on core 0)
Aug 24 09:56:18.853113 n-d-852171-5 devstack@keystone.service[82108]: DEBUG keystone.server.flask.request_processing.middleware.auth_context [None req-fc5f78c2-b4e7-4e66-a892-41fe7116174d None admin] RBAC: auth_context: {'token': , 'domain_id': None, 'trust_id': None, 'trustor_id': None, 'trustee_id': None, 'domain_name': None, 'group_ids': [], 'user_id': 'ba67504bd3504fddb0782d257ee93f62', 'user_domain_id': 'default', 'system_scope': 'all', 'project_id': None, 'project_domain_id': None, 'roles': ['admin', 'member', 'reader'], 'is_admin_project': True, 'service_user_id': None, 'service_user_domain_id': None, 'service_project_id': None, 'service_project_domain_id': None, 'service_roles': []} {{(pid=82108) fill_context /opt/stack/keystone/keystone/server/flask/request_processing/middleware/auth_context.py:478}}
Aug 24 09:56:18.853986 n-d-852171-5 devstack@keystone.service[82107]: DEBUG keystone.server.flask.request_processing.middleware.auth_context [None req-632f79f7-c857-4722-bc80-287c4c313e8a None admin] Authenticating user token {{(pid=82107) process_request /usr/local/lib/python3.8/dist-packages/keystonemiddleware/auth_token/__init__.py:407}}
Aug 24 09:56:18.854436 n-d-852171-5 devstack@keystone.service[82108]: DEBUG keystone.server.flask.request_processing.req_logging [None req-fc5f78c2-b4e7-4e66-a892-41fe7116174d None admin] REQUEST_METHOD: `GET` {{(pid=82108) log_request_info /opt/stack/keystone/keystone/server/flask/request_processing/req_logging.py:27}}
Aug 24 09:56:18.854785 n-d-852171-5 devstack@keystone.service[82108]: DEBUG keystone.server.flask.request_processing.req_logging [None req-fc5f78c2-b4e7-4e66-a892-41fe7116174d None admin] SCRIPT_NAME: `/identity` {{(pid=82108) log_request_info /opt/stack/keystone/keystone/server/flask/request_processing/req_logging.py:28}}
Aug 24 09:56:18.855447 n-d-852171-5 devstack@keystone.service[82108]: DEBUG keystone.server.flask.request_processing.req_logging [None req-fc5f78c2-b4e7-4e66-a892-41fe7116174d None admin] PATH_INFO: `/v3/roles` {{(pid=82108) log_request_info /opt/stack/keystone/keystone/server/flask/request_processing/req_logging.py:29}}
Aug 24 09:56:18.855885 n-d-852171-5 devstack@keystone.service[82108]: DEBUG keystone.common.rbac_enforcer.enforcer [None req-fc5f78c2-b4e7-4e66-a892-41fe7116174d None admin] RBAC: Adding query filter params (name=reader) {{(pid=82108) _extract_filter_values /opt/stack/keystone/keystone/common/rbac_enforcer/enforcer.py:167}}
Aug 24 09:56:18.856251 n-d-852171-5 devstack@keystone.service[82108]: DEBUG keystone.common.rbac_enforcer.enforcer [None req-fc5f78c2-b4e7-4e66-a892-41fe7116174d None admin] RBAC: Authorizing `identity:list_roles()` {{(pid=82108) enforce_call /opt/stack/keystone/keystone/common/rbac_enforcer/enforcer.py:449}}
Aug 24 09:56:18.860705 n-d-852171-5 devstack@keystone.service[82108]: DEBUG keystone.common.rbac_enforcer.enforcer [None req-fc5f78c2-b4e7-4e66-a892-41fe7116174d None admin] RBAC: Authorization granted {{(pid=82108) enforce_call /opt/stack/keystone/keystone/common/rbac_enforcer/enforcer.py:457}}
Aug 24 09:56:18.870457 n-d-852171-5 devstack@keystone.service[82108]: [pid: 82108|app: 0|req: 154/305] 10.222.0.87 () {56 vars in 1101 bytes} [Wed Aug 24 09:56:18 2022] GET /identity/v3/roles?name=reader => generated 341 bytes in 180 msecs (HTTP/1.1 200) 5 headers in 177 bytes (1 switches on core 0)
Aug 24 09:56:18.876890 n-d-852171-5 devstack@keystone.service[82108]: DEBUG keystone.server.flask.request_processing.middleware.auth_context [None req-fc5f78c2-b4e7-4e66-a892-41fe7116174d None admin] Authenticating user token {{(pid=82108) process_request /usr/local/lib/python3.8/dist-packages/keystonemiddleware/auth_token/__init__.py:407}}
Aug 24 09:56:18.972418 n-d-852171-5 devstack@keystone.service[82108]: DEBUG dbcounter [-] [82108] Writing DB stats keystone:SELECT=100 {{(pid=82108) stat_writer /usr/local/lib/python3.8/dist-packages/dbcounter.py:114}}
Aug 24 09:56:18.993577 n-d-852171-5 devstack@keystone.service[82107]: DEBUG keystone.server.flask.request_processing.middleware.auth_context [None req-632f79f7-c857-4722-bc80-287c4c313e8a None admin] Validating token access rules against request {{(pid=82107) validate_allowed_request /usr/local/lib/python3.8/dist-packages/keystonemiddleware/auth_token/__init__.py:545}}
Aug 24 09:56:18.997429 n-d-852171-5 devstack@keystone.service[82108]: DEBUG keystone.server.flask.request_processing.middleware.auth_context [None req-fc5f78c2-b4e7-4e66-a892-41fe7116174d None admin] Validating token access rules against request {{(pid=82108) validate_allowed_request /usr/local/lib/python3.8/dist-packages/keystonemiddleware/auth_token/__init__.py:545}}
Aug 24 09:56:19.026554 n-d-852171-5 devstack@keystone.service[82107]: DEBUG dbcounter [-] [82107] Writing DB stats keystone:SELECT=100 {{(pid=82107) stat_writer /usr/local/lib/python3.8/dist-packages/dbcounter.py:114}}
Aug 24 09:56:19.040975 n-d-852171-5 devstack@keystone.service[82107]: DEBUG keystone.server.flask.request_processing.middleware.auth_context [None req-bb0b9666-9a82-45d9-9d2b-3579a8da1291 None admin] RBAC: auth_context: {'token': , 'domain_id': None, 'trust_id': None, 'trustor_id': None, 'trustee_id': None, 'domain_name': None, 'group_ids': [], 'user_id': 'ba67504bd3504fddb0782d257ee93f62', 'user_domain_id': 'default', 'system_scope': 'all', 'project_id': None, 'project_domain_id': None, 'roles': ['admin', 'member', 'reader'], 'is_admin_project': True, 'service_user_id': None, 'service_user_domain_id': None, 'service_project_id': None, 'service_project_domain_id': None, 'service_roles': []} {{(pid=82107) fill_context /opt/stack/keystone/keystone/server/flask/request_processing/middleware/auth_context.py:478}}
Aug 24 09:56:19.042371 n-d-852171-5 devstack@keystone.service[82108]: DEBUG keystone.server.flask.request_processing.middleware.auth_context [None req-028e36c9-b50a-4f07-b946-4affa75ac46e None admin] RBAC: auth_context: {'token': , 'domain_id': None, 'trust_id': None, 'trustor_id': None, 'trustee_id': None, 'domain_name': None, 'group_ids': [], 'user_id': 'ba67504bd3504fddb0782d257ee93f62', 'user_domain_id': 'default', 'system_scope': 'all', 'project_id': None, 'project_domain_id': None, 'roles': ['admin', 'member', 'reader'], 'is_admin_project': True, 'service_user_id': None, 'service_user_domain_id': None, 'service_project_id': None, 'service_project_domain_id': None, 'service_roles': []} {{(pid=82108) fill_context /opt/stack/keystone/keystone/server/flask/request_processing/middleware/auth_context.py:478}}
Aug 24 09:56:19.042557 n-d-852171-5 devstack@keystone.service[82107]: DEBUG keystone.server.flask.request_processing.req_logging [None req-bb0b9666-9a82-45d9-9d2b-3579a8da1291 None admin] REQUEST_METHOD: `GET` {{(pid=82107) log_request_info /opt/stack/keystone/keystone/server/flask/request_processing/req_logging.py:27}}
Aug 24 09:56:19.042999 n-d-852171-5 devstack@keystone.service[82107]: DEBUG keystone.server.flask.request_processing.req_logging [None req-bb0b9666-9a82-45d9-9d2b-3579a8da1291 None admin] SCRIPT_NAME: `/identity` {{(pid=82107) log_request_info /opt/stack/keystone/keystone/server/flask/request_processing/req_logging.py:28}}
Aug 24 09:56:19.043194 n-d-852171-5 devstack@keystone.service[82108]: DEBUG keystone.server.flask.request_processing.req_logging [None req-028e36c9-b50a-4f07-b946-4affa75ac46e None admin] REQUEST_METHOD: `GET` {{(pid=82108) log_request_info /opt/stack/keystone/keystone/server/flask/request_processing/req_logging.py:27}}
Aug 24 09:56:19.043555 n-d-852171-5 devstack@keystone.service[82107]: DEBUG keystone.server.flask.request_processing.req_logging [None req-bb0b9666-9a82-45d9-9d2b-3579a8da1291 None admin] PATH_INFO: `/v3/roles` {{(pid=82107) log_request_info /opt/stack/keystone/keystone/server/flask/request_processing/req_logging.py:29}}
Aug 24 09:56:19.043662 n-d-852171-5 devstack@keystone.service[82108]: DEBUG keystone.server.flask.request_processing.req_logging [None req-028e36c9-b50a-4f07-b946-4affa75ac46e None admin] SCRIPT_NAME: `/identity` {{(pid=82108) log_request_info /opt/stack/keystone/keystone/server/flask/request_processing/req_logging.py:28}}
Aug 24 09:56:19.044021 n-d-852171-5 devstack@keystone.service[82108]: DEBUG keystone.server.flask.request_processing.req_logging [None req-028e36c9-b50a-4f07-b946-4affa75ac46e None admin] PATH_INFO: `/v3/users/45ada59f6e4c40fbafa7c85ea48ca48a` {{(pid=82108) log_request_info /opt/stack/keystone/keystone/server/flask/request_processing/req_logging.py:29}}
Aug 24 09:56:19.044716 n-d-852171-5 devstack@keystone.service[82107]: DEBUG keystone.common.rbac_enforcer.enforcer [None req-bb0b9666-9a82-45d9-9d2b-3579a8da1291 None admin] RBAC: Adding query filter params (name=member) {{(pid=82107) _extract_filter_values /opt/stack/keystone/keystone/common/rbac_enforcer/enforcer.py:167}}
Aug 24 09:56:19.045225 n-d-852171-5 devstack@keystone.service[82107]: DEBUG keystone.common.rbac_enforcer.enforcer [None req-bb0b9666-9a82-45d9-9d2b-3579a8da1291 None admin] RBAC: Authorizing `identity:list_roles()` {{(pid=82107) enforce_call /opt/stack/keystone/keystone/common/rbac_enforcer/enforcer.py:449}}
Aug 24 09:56:19.048059 n-d-852171-5 devstack@keystone.service[82107]: DEBUG keystone.common.rbac_enforcer.enforcer [None req-bb0b9666-9a82-45d9-9d2b-3579a8da1291 None admin] RBAC: Authorization granted {{(pid=82107) enforce_call /opt/stack/keystone/keystone/common/rbac_enforcer/enforcer.py:457}}
Aug 24 09:56:19.059309 n-d-852171-5 devstack@keystone.service[82107]: [pid: 82107|app: 0|req: 152/306] 10.222.0.87 () {56 vars in 1101 bytes} [Wed Aug 24 09:56:18 2022] GET /identity/v3/roles?name=member => generated 341 bytes in 206 msecs (HTTP/1.1 200) 5 headers in 177 bytes (1 switches on core 0)
Aug 24 09:56:19.059479 n-d-852171-5 devstack@keystone.service[82108]: DEBUG keystone.common.rbac_enforcer.enforcer [None req-028e36c9-b50a-4f07-b946-4affa75ac46e None admin] RBAC: Authorizing `identity:get_user(user_id=45ada59f6e4c40fbafa7c85ea48ca48a)` {{(pid=82108) enforce_call /opt/stack/keystone/keystone/common/rbac_enforcer/enforcer.py:449}}
Aug 24 09:56:19.060958 n-d-852171-5 devstack@keystone.service[82108]: DEBUG keystone.common.rbac_enforcer.enforcer [None req-028e36c9-b50a-4f07-b946-4affa75ac46e None admin] RBAC: Authorization granted {{(pid=82108) enforce_call /opt/stack/keystone/keystone/common/rbac_enforcer/enforcer.py:457}}
Aug 24 09:56:19.067818 n-d-852171-5 devstack@keystone.service[82108]: [pid: 82108|app: 0|req: 155/307] 10.222.0.87 () {56 vars in 1177 bytes} [Wed Aug 24 09:56:18 2022] GET /identity/v3/users/45ada59f6e4c40fbafa7c85ea48ca48a => generated 293 bytes in 187 msecs (HTTP/1.1 200) 5 headers in 177 bytes (2 switches on core 0)
Aug 24 09:56:19.067950 n-d-852171-5 devstack@keystone.service[82107]: DEBUG keystone.server.flask.request_processing.middleware.auth_context [None req-bb0b9666-9a82-45d9-9d2b-3579a8da1291 None admin] Authenticating user token {{(pid=82107) process_request /usr/local/lib/python3.8/dist-packages/keystonemiddleware/auth_token/__init__.py:407}}
Aug 24 09:56:19.070944 n-d-852171-5 devstack@keystone.service[82108]: DEBUG keystone.server.flask.request_processing.middleware.auth_context [None req-028e36c9-b50a-4f07-b946-4affa75ac46e None admin] Authenticating user token {{(pid=82108) process_request /usr/local/lib/python3.8/dist-packages/keystonemiddleware/auth_token/__init__.py:407}}
Aug 24 09:56:19.175197 n-d-852171-5 devstack@keystone.service[82107]: DEBUG keystone.server.flask.request_processing.middleware.auth_context [None req-bb0b9666-9a82-45d9-9d2b-3579a8da1291 None admin] Validating token access rules against request {{(pid=82107) validate_allowed_request /usr/local/lib/python3.8/dist-packages/keystonemiddleware/auth_token/__init__.py:545}}
Aug 24 09:56:19.201100 n-d-852171-5 devstack@keystone.service[82108]: DEBUG keystone.server.flask.request_processing.middleware.auth_context [None req-028e36c9-b50a-4f07-b946-4affa75ac46e None admin] Validating token access rules against request {{(pid=82108) validate_allowed_request /usr/local/lib/python3.8/dist-packages/keystonemiddleware/auth_token/__init__.py:545}}
Aug 24 09:56:19.211954 n-d-852171-5 devstack@keystone.service[82107]: DEBUG keystone.server.flask.request_processing.middleware.auth_context [None req-9ed9e33c-cc5f-44ec-81ec-031a117b20ca None admin] RBAC: auth_context: {'token': , 'domain_id': None, 'trust_id': None, 'trustor_id': None, 'trustee_id': None, 'domain_name': None, 'group_ids': [], 'user_id': 'ba67504bd3504fddb0782d257ee93f62', 'user_domain_id': 'default', 'system_scope': 'all', 'project_id': None, 'project_domain_id': None, 'roles': ['admin', 'member', 'reader'], 'is_admin_project': True, 'service_user_id': None, 'service_user_domain_id': None, 'service_project_id': None, 'service_project_domain_id': None, 'service_roles': []} {{(pid=82107) fill_context /opt/stack/keystone/keystone/server/flask/request_processing/middleware/auth_context.py:478}}
Aug 24 09:56:19.212438 n-d-852171-5 devstack@keystone.service[82107]: DEBUG keystone.server.flask.request_processing.req_logging [None req-9ed9e33c-cc5f-44ec-81ec-031a117b20ca None admin] REQUEST_METHOD: `GET` {{(pid=82107) log_request_info /opt/stack/keystone/keystone/server/flask/request_processing/req_logging.py:27}}
Aug 24 09:56:19.213327 n-d-852171-5 devstack@keystone.service[82107]: DEBUG keystone.server.flask.request_processing.req_logging [None req-9ed9e33c-cc5f-44ec-81ec-031a117b20ca None admin] SCRIPT_NAME: `/identity` {{(pid=82107) log_request_info /opt/stack/keystone/keystone/server/flask/request_processing/req_logging.py:28}}
Aug 24 09:56:19.213677 n-d-852171-5 devstack@keystone.service[82107]: DEBUG keystone.server.flask.request_processing.req_logging [None req-9ed9e33c-cc5f-44ec-81ec-031a117b20ca None admin] PATH_INFO: `/v3/users/5bb0a9aa761d4fa295c4ee0e0c7215b7` {{(pid=82107) log_request_info /opt/stack/keystone/keystone/server/flask/request_processing/req_logging.py:29}}
Aug 24 09:56:19.214943 n-d-852171-5 devstack@keystone.service[82107]: DEBUG keystone.common.rbac_enforcer.enforcer [None req-9ed9e33c-cc5f-44ec-81ec-031a117b20ca None admin] RBAC: Authorizing `identity:get_user(user_id=5bb0a9aa761d4fa295c4ee0e0c7215b7)` {{(pid=82107) enforce_call /opt/stack/keystone/keystone/common/rbac_enforcer/enforcer.py:449}}
Aug 24 09:56:19.216597 n-d-852171-5 devstack@keystone.service[82107]: DEBUG keystone.common.rbac_enforcer.enforcer [None req-9ed9e33c-cc5f-44ec-81ec-031a117b20ca None admin] RBAC: Authorization granted {{(pid=82107) enforce_call /opt/stack/keystone/keystone/common/rbac_enforcer/enforcer.py:457}}
Aug 24 09:56:19.218568 n-d-852171-5 devstack@keystone.service[82107]: [pid: 82107|app: 0|req: 153/308] 10.222.0.87 () {56 vars in 1177 bytes} [Wed Aug 24 09:56:19 2022] GET /identity/v3/users/5bb0a9aa761d4fa295c4ee0e0c7215b7 => generated 293 bytes in 154 msecs (HTTP/1.1 200) 5 headers in 177 bytes (2 switches on core 0)
Aug 24 09:56:19.224219 n-d-852171-5 devstack@keystone.service[82107]: DEBUG keystone.server.flask.request_processing.middleware.auth_context [None req-9ed9e33c-cc5f-44ec-81ec-031a117b20ca None admin] Authenticating user token {{(pid=82107) process_request /usr/local/lib/python3.8/dist-packages/keystonemiddleware/auth_token/__init__.py:407}}
Aug 24 09:56:19.243339 n-d-852171-5 devstack@keystone.service[82108]: DEBUG keystone.server.flask.request_processing.middleware.auth_context [None req-c3fe3ed3-d488-4f8b-a540-db6e0be6a1e6 None admin] RBAC: auth_context: {'token': , 'domain_id': None, 'trust_id': None, 'trustor_id': None, 'trustee_id': None, 'domain_name': None, 'group_ids': [], 'user_id': 'ba67504bd3504fddb0782d257ee93f62', 'user_domain_id': 'default', 'system_scope': 'all', 'project_id': None, 'project_domain_id': None, 'roles': ['admin', 'member', 'reader'], 'is_admin_project': True, 'service_user_id': None, 'service_user_domain_id': None, 'service_project_id': None, 'service_project_domain_id': None, 'service_roles': []} {{(pid=82108) fill_context /opt/stack/keystone/keystone/server/flask/request_processing/middleware/auth_context.py:478}}
Aug 24 09:56:19.244094 n-d-852171-5 devstack@keystone.service[82108]: DEBUG keystone.server.flask.request_processing.req_logging [None req-c3fe3ed3-d488-4f8b-a540-db6e0be6a1e6 None admin] REQUEST_METHOD: `GET` {{(pid=82108) log_request_info /opt/stack/keystone/keystone/server/flask/request_processing/req_logging.py:27}}
Aug 24 09:56:19.244379 n-d-852171-5 devstack@keystone.service[82108]: DEBUG keystone.server.flask.request_processing.req_logging [None req-c3fe3ed3-d488-4f8b-a540-db6e0be6a1e6 None admin] SCRIPT_NAME: `/identity` {{(pid=82108) log_request_info /opt/stack/keystone/keystone/server/flask/request_processing/req_logging.py:28}}
Aug 24 09:56:19.244666 n-d-852171-5 devstack@keystone.service[82108]: DEBUG keystone.server.flask.request_processing.req_logging [None req-c3fe3ed3-d488-4f8b-a540-db6e0be6a1e6 None admin] PATH_INFO: `/v3/role_assignments` {{(pid=82108) log_request_info /opt/stack/keystone/keystone/server/flask/request_processing/req_logging.py:29}}
Aug 24 09:56:19.245389 n-d-852171-5 devstack@keystone.service[82108]: DEBUG keystone.common.rbac_enforcer.enforcer [None req-c3fe3ed3-d488-4f8b-a540-db6e0be6a1e6 None admin] RBAC: Adding query filter params (role.id=314b836e4ad4419dafe9d1569bbd5a46, user.id=45ada59f6e4c40fbafa7c85ea48ca48a, scope.system=all) {{(pid=82108) _extract_filter_values /opt/stack/keystone/keystone/common/rbac_enforcer/enforcer.py:167}}
Aug 24 09:56:19.245757 n-d-852171-5 devstack@keystone.service[82108]: DEBUG keystone.common.rbac_enforcer.enforcer [None req-c3fe3ed3-d488-4f8b-a540-db6e0be6a1e6 None admin] RBAC: Authorizing `identity:list_role_assignments()` {{(pid=82108) enforce_call /opt/stack/keystone/keystone/common/rbac_enforcer/enforcer.py:449}}
Aug 24 09:56:19.247292 n-d-852171-5 devstack@keystone.service[82108]: DEBUG keystone.common.rbac_enforcer.enforcer [None req-c3fe3ed3-d488-4f8b-a540-db6e0be6a1e6 None admin] RBAC: Authorization granted {{(pid=82108) enforce_call /opt/stack/keystone/keystone/common/rbac_enforcer/enforcer.py:457}}
Aug 24 09:56:19.258201 n-d-852171-5 devstack@keystone.service[82108]: [pid: 82108|app: 0|req: 156/309] 10.222.0.87 () {56 vars in 1308 bytes} [Wed Aug 24 09:56:19 2022] GET /identity/v3/role_assignments?user.id=45ada59f6e4c40fbafa7c85ea48ca48a&scope.system=all&role.id=314b836e4ad4419dafe9d1569bbd5a46 => generated 226 bytes in 182 msecs (HTTP/1.1 200) 5 headers in 177 bytes (1 switches on core 0)
Aug 24 09:56:19.279562 n-d-852171-5 devstack@keystone.service[82107]: DEBUG dbcounter [-] [82107] Writing DB stats keystone:SELECT=100 {{(pid=82107) stat_writer /usr/local/lib/python3.8/dist-packages/dbcounter.py:114}}
Aug 24 09:56:19.297048 n-d-852171-5 devstack@keystone.service[82108]: DEBUG keystone.server.flask.request_processing.req_logging [None req-d1ee664e-d0ff-4e56-af6d-a5afeda2ed36 None None] REQUEST_METHOD: `GET` {{(pid=82108) log_request_info /opt/stack/keystone/keystone/server/flask/request_processing/req_logging.py:27}}
Aug 24 09:56:19.297376 n-d-852171-5 devstack@keystone.service[82108]: DEBUG keystone.server.flask.request_processing.req_logging [None req-d1ee664e-d0ff-4e56-af6d-a5afeda2ed36 None None] SCRIPT_NAME: `/identity` {{(pid=82108) log_request_info /opt/stack/keystone/keystone/server/flask/request_processing/req_logging.py:28}}
Aug 24 09:56:19.297612 n-d-852171-5 devstack@keystone.service[82108]: DEBUG keystone.server.flask.request_processing.req_logging [None req-d1ee664e-d0ff-4e56-af6d-a5afeda2ed36 None None] PATH_INFO: `/` {{(pid=82108) log_request_info /opt/stack/keystone/keystone/server/flask/request_processing/req_logging.py:29}}
Aug 24 09:56:19.299112 n-d-852171-5 devstack@keystone.service[82108]: [pid: 82108|app: 0|req: 157/310] 10.222.0.87 () {54 vars in 927 bytes} [Wed Aug 24 09:56:19 2022] GET /identity => generated 270 bytes in 3 msecs (HTTP/1.1 300) 6 headers in 234 bytes (2 switches on core 0)
Aug 24 09:56:19.304549 n-d-852171-5 devstack@keystone.service[82108]: DEBUG keystone.server.flask.request_processing.req_logging [None req-d4d47ae6-9fc2-4774-bb70-b81d81a9bbfe None None] REQUEST_METHOD: `POST` {{(pid=82108) log_request_info /opt/stack/keystone/keystone/server/flask/request_processing/req_logging.py:27}}
Aug 24 09:56:19.305243 n-d-852171-5 devstack@keystone.service[82108]: DEBUG keystone.server.flask.request_processing.req_logging [None req-d4d47ae6-9fc2-4774-bb70-b81d81a9bbfe None None] SCRIPT_NAME: `/identity` {{(pid=82108) log_request_info /opt/stack/keystone/keystone/server/flask/request_processing/req_logging.py:28}}
Aug 24 09:56:19.305715 n-d-852171-5 devstack@keystone.service[82108]: DEBUG keystone.server.flask.request_processing.req_logging [None req-d4d47ae6-9fc2-4774-bb70-b81d81a9bbfe None None] PATH_INFO: `/v3/auth/tokens` {{(pid=82108) log_request_info /opt/stack/keystone/keystone/server/flask/request_processing/req_logging.py:29}}
Aug 24 09:56:19.313106 n-d-852171-5 devstack@keystone.service[82108]: DEBUG dbcounter [-] [82108] Writing DB stats keystone:SELECT=100 {{(pid=82108) stat_writer /usr/local/lib/python3.8/dist-packages/dbcounter.py:114}}
Aug 24 09:56:19.329000 n-d-852171-5 devstack@keystone.service[82108]: DEBUG keystone.auth.core [None req-d4d47ae6-9fc2-4774-bb70-b81d81a9bbfe None None] MFA Rules not processed for user `ba67504bd3504fddb0782d257ee93f62`. Rule list: `[]` (Enabled: `True`). {{(pid=82108) check_auth_methods_against_rules /opt/stack/keystone/keystone/auth/core.py:438}}
Aug 24 09:56:19.330649 n-d-852171-5 devstack@keystone.service[82108]: DEBUG keystone.common.fernet_utils [None req-d4d47ae6-9fc2-4774-bb70-b81d81a9bbfe None None] Loaded 2 Fernet keys from /etc/keystone/fernet-keys/, but `[fernet_tokens] max_active_keys = 3`; perhaps there have not been enough key rotations to reach `max_active_keys` yet? {{(pid=82108) load_keys /opt/stack/keystone/keystone/common/fernet_utils.py:286}}
Aug 24 09:56:19.354628 n-d-852171-5 devstack@keystone.service[82107]: DEBUG keystone.server.flask.request_processing.middleware.auth_context [None req-9ed9e33c-cc5f-44ec-81ec-031a117b20ca None admin] Validating token access rules against request {{(pid=82107) validate_allowed_request /usr/local/lib/python3.8/dist-packages/keystonemiddleware/auth_token/__init__.py:545}}
Aug 24 09:56:19.405314 n-d-852171-5 devstack@keystone.service[82107]: DEBUG keystone.server.flask.request_processing.middleware.auth_context [None req-a311ccd0-3f2d-46f3-8639-68ed71eee89f None admin] RBAC: auth_context: {'token': , 'domain_id': None, 'trust_id': None, 'trustor_id': None, 'trustee_id': None, 'domain_name': None, 'group_ids': [], 'user_id': 'ba67504bd3504fddb0782d257ee93f62', 'user_domain_id': 'default', 'system_scope': 'all', 'project_id': None, 'project_domain_id': None, 'roles': ['admin', 'member', 'reader'], 'is_admin_project': True, 'service_user_id': None, 'service_user_domain_id': None, 'service_project_id': None, 'service_project_domain_id': None, 'service_roles': []} {{(pid=82107) fill_context /opt/stack/keystone/keystone/server/flask/request_processing/middleware/auth_context.py:478}}
Aug 24 09:56:19.406655 n-d-852171-5 devstack@keystone.service[82107]: DEBUG keystone.server.flask.request_processing.req_logging [None req-a311ccd0-3f2d-46f3-8639-68ed71eee89f None admin] REQUEST_METHOD: `PUT` {{(pid=82107) log_request_info /opt/stack/keystone/keystone/server/flask/request_processing/req_logging.py:27}}
Aug 24 09:56:19.407161 n-d-852171-5 devstack@keystone.service[82107]: DEBUG keystone.server.flask.request_processing.req_logging [None req-a311ccd0-3f2d-46f3-8639-68ed71eee89f None admin] SCRIPT_NAME: `/identity` {{(pid=82107) log_request_info /opt/stack/keystone/keystone/server/flask/request_processing/req_logging.py:28}}
Aug 24 09:56:19.407935 n-d-852171-5 devstack@keystone.service[82107]: DEBUG keystone.server.flask.request_processing.req_logging [None req-a311ccd0-3f2d-46f3-8639-68ed71eee89f None admin] PATH_INFO: `/v3/system/users/5bb0a9aa761d4fa295c4ee0e0c7215b7/roles/312ff6f46ebb4aa9b62169e24e36ca93` {{(pid=82107) log_request_info /opt/stack/keystone/keystone/server/flask/request_processing/req_logging.py:29}}
