Aug 24 10:19:01.003753 n-d-852171-5 devstack@c-api.service[114378]: DEBUG cinder.api.openstack.wsgi [None req-944adf63-f133-406b-a0d1-d67343759693 tempest-LiveMigrationTest-544324072 tempest-LiveMigrationTest-544324072-project] Empty body provided in request {{(pid=114378) get_body /opt/stack/cinder/cinder/api/openstack/wsgi.py:715}}
Aug 24 10:19:01.016662 n-d-852171-5 devstack@c-api.service[114377]: INFO cinder.api.openstack.wsgi [None req-06efca66-c914-40dc-bb3c-464646f4d5cd tempest-LiveAutoBlockMigrationV225Test-1051550759 tempest-LiveAutoBlockMigrationV225Test-1051550759-project] http://10.222.0.87/volume/v3/3bb7ea1230654646a536ae81d135c776/volumes/4cf14361-96aa-4e4b-bf96-20575b0b842e returned with HTTP 200
Aug 24 10:19:01.022251 n-d-852171-5 devstack@c-api.service[114377]: [pid: 114377|app: 0|req: 66/118] 10.222.0.87 () {58 vars in 1325 bytes} [Wed Aug 24 10:19:00 2022] GET /volume/v3/3bb7ea1230654646a536ae81d135c776/volumes/4cf14361-96aa-4e4b-bf96-20575b0b842e => generated 913 bytes in 89 msecs (HTTP/1.1 200) 7 headers in 285 bytes (2 switches on core 0)
Aug 24 10:19:01.034090 n-d-852171-5 devstack@c-api.service[114378]: DEBUG cinder.api.openstack.wsgi [None req-944adf63-f133-406b-a0d1-d67343759693 tempest-LiveMigrationTest-544324072 tempest-LiveMigrationTest-544324072-project] Calling method 'show' {{(pid=114378) _process_stack /opt/stack/cinder/cinder/api/openstack/wsgi.py:868}}
Aug 24 10:19:01.052771 n-d-852171-5 devstack@c-api.service[114378]: /usr/local/lib/python3.8/dist-packages/oslo_context/context.py:100: DeprecationWarning: Policy enforcement is depending on the value of is_admin. This key is deprecated. Please update your policy file to use the standard policy values.
Aug 24 10:19:01.052771 n-d-852171-5 devstack@c-api.service[114378]: warnings.warn('Policy enforcement is depending on the value of '
Aug 24 10:19:01.063126 n-d-852171-5 devstack@c-api.service[114378]: INFO cinder.volume.api [None req-944adf63-f133-406b-a0d1-d67343759693 tempest-LiveMigrationTest-544324072 tempest-LiveMigrationTest-544324072-project] Volume info retrieved successfully.
Aug 24 10:19:01.079585 n-d-852171-5 devstack@c-api.service[114378]: INFO cinder.api.openstack.wsgi [None req-944adf63-f133-406b-a0d1-d67343759693 tempest-LiveMigrationTest-544324072 tempest-LiveMigrationTest-544324072-project] http://10.222.0.87/volume/v3/6f3c1d44bb874171a52b6fe48a4e5586/volumes/6693366e-2cac-45de-869c-6334ad376aa0 returned with HTTP 200
Aug 24 10:19:01.080491 n-d-852171-5 devstack@c-api.service[114378]: [pid: 114378|app: 0|req: 53/119] 10.222.0.87 () {58 vars in 1325 bytes} [Wed Aug 24 10:19:00 2022] GET /volume/v3/6f3c1d44bb874171a52b6fe48a4e5586/volumes/6693366e-2cac-45de-869c-6334ad376aa0 => generated 914 bytes in 83 msecs (HTTP/1.1 200) 7 headers in 285 bytes (2 switches on core 0)
Aug 24 10:19:02.043832 n-d-852171-5 devstack@c-api.service[114377]: DEBUG cinder.api.middleware.request_id [None req-f9763750-2efc-40e9-a7b3-0a5efdab03d1 None None] RequestId filter calling following filter/app {{(pid=114377) _context_setter /opt/stack/cinder/cinder/api/middleware/request_id.py:62}}
Aug 24 10:19:02.049994 n-d-852171-5 devstack@c-api.service[114377]: INFO cinder.api.openstack.wsgi [None req-f9763750-2efc-40e9-a7b3-0a5efdab03d1 tempest-LiveAutoBlockMigrationV225Test-1051550759 tempest-LiveAutoBlockMigrationV225Test-1051550759-project] GET http://10.222.0.87/volume/v3/3bb7ea1230654646a536ae81d135c776/volumes/4cf14361-96aa-4e4b-bf96-20575b0b842e
Aug 24 10:19:02.050478 n-d-852171-5 devstack@c-api.service[114377]: DEBUG cinder.api.openstack.wsgi [None req-f9763750-2efc-40e9-a7b3-0a5efdab03d1 tempest-LiveAutoBlockMigrationV225Test-1051550759 tempest-LiveAutoBlockMigrationV225Test-1051550759-project] Empty body provided in request {{(pid=114377) get_body /opt/stack/cinder/cinder/api/openstack/wsgi.py:715}}
Aug 24 10:19:02.050940 n-d-852171-5 devstack@c-api.service[114377]: DEBUG cinder.api.openstack.wsgi [None req-f9763750-2efc-40e9-a7b3-0a5efdab03d1 tempest-LiveAutoBlockMigrationV225Test-1051550759 tempest-LiveAutoBlockMigrationV225Test-1051550759-project] Calling method 'show' {{(pid=114377) _process_stack /opt/stack/cinder/cinder/api/openstack/wsgi.py:868}}
Aug 24 10:19:02.079174 n-d-852171-5 devstack@c-api.service[114377]: /usr/local/lib/python3.8/dist-packages/oslo_context/context.py:100: DeprecationWarning: Policy enforcement is depending on the value of is_admin. This key is deprecated. Please update your policy file to use the standard policy values.
Aug 24 10:19:02.079174 n-d-852171-5 devstack@c-api.service[114377]: warnings.warn('Policy enforcement is depending on the value of '
Aug 24 10:19:02.094822 n-d-852171-5 devstack@c-api.service[114377]: INFO cinder.volume.api [None req-f9763750-2efc-40e9-a7b3-0a5efdab03d1 tempest-LiveAutoBlockMigrationV225Test-1051550759 tempest-LiveAutoBlockMigrationV225Test-1051550759-project] Volume info retrieved successfully.
Aug 24 10:19:02.096111 n-d-852171-5 devstack@c-api.service[114378]: DEBUG cinder.api.middleware.request_id [None req-179f493f-2582-4e2a-97a1-17000675e2fd None None] RequestId filter calling following filter/app {{(pid=114378) _context_setter /opt/stack/cinder/cinder/api/middleware/request_id.py:62}}
Aug 24 10:19:02.101905 n-d-852171-5 devstack@c-api.service[114378]: INFO cinder.api.openstack.wsgi [None req-179f493f-2582-4e2a-97a1-17000675e2fd tempest-LiveMigrationTest-544324072 tempest-LiveMigrationTest-544324072-project] GET http://10.222.0.87/volume/v3/6f3c1d44bb874171a52b6fe48a4e5586/volumes/6693366e-2cac-45de-869c-6334ad376aa0
Aug 24 10:19:02.102692 n-d-852171-5 devstack@c-api.service[114378]: DEBUG cinder.api.openstack.wsgi [None req-179f493f-2582-4e2a-97a1-17000675e2fd tempest-LiveMigrationTest-544324072 tempest-LiveMigrationTest-544324072-project] Empty body provided in request {{(pid=114378) get_body /opt/stack/cinder/cinder/api/openstack/wsgi.py:715}}
Aug 24 10:19:02.103333 n-d-852171-5 devstack@c-api.service[114378]: DEBUG cinder.api.openstack.wsgi [None req-179f493f-2582-4e2a-97a1-17000675e2fd tempest-LiveMigrationTest-544324072 tempest-LiveMigrationTest-544324072-project] Calling method 'show' {{(pid=114378) _process_stack /opt/stack/cinder/cinder/api/openstack/wsgi.py:868}}
Aug 24 10:19:02.115149 n-d-852171-5 devstack@c-api.service[114377]: INFO cinder.api.openstack.wsgi [None req-f9763750-2efc-40e9-a7b3-0a5efdab03d1 tempest-LiveAutoBlockMigrationV225Test-1051550759 tempest-LiveAutoBlockMigrationV225Test-1051550759-project] http://10.222.0.87/volume/v3/3bb7ea1230654646a536ae81d135c776/volumes/4cf14361-96aa-4e4b-bf96-20575b0b842e returned with HTTP 200
Aug 24 10:19:02.116454 n-d-852171-5 devstack@c-api.service[114377]: [pid: 114377|app: 0|req: 67/120] 10.222.0.87 () {58 vars in 1325 bytes} [Wed Aug 24 10:19:02 2022] GET /volume/v3/3bb7ea1230654646a536ae81d135c776/volumes/4cf14361-96aa-4e4b-bf96-20575b0b842e => generated 913 bytes in 74 msecs (HTTP/1.1 200) 7 headers in 285 bytes (1 switches on core 0)
Aug 24 10:19:02.131121 n-d-852171-5 devstack@c-api.service[114378]: /usr/local/lib/python3.8/dist-packages/oslo_context/context.py:100: DeprecationWarning: Policy enforcement is depending on the value of is_admin. This key is deprecated. Please update your policy file to use the standard policy values.
Aug 24 10:19:02.131121 n-d-852171-5 devstack@c-api.service[114378]: warnings.warn('Policy enforcement is depending on the value of '
Aug 24 10:19:02.140013 n-d-852171-5 devstack@c-api.service[114378]: INFO cinder.volume.api [None req-179f493f-2582-4e2a-97a1-17000675e2fd tempest-LiveMigrationTest-544324072 tempest-LiveMigrationTest-544324072-project] Volume info retrieved successfully.
Aug 24 10:19:02.155292 n-d-852171-5 devstack@c-api.service[114378]: INFO cinder.api.openstack.wsgi [None req-179f493f-2582-4e2a-97a1-17000675e2fd tempest-LiveMigrationTest-544324072 tempest-LiveMigrationTest-544324072-project] http://10.222.0.87/volume/v3/6f3c1d44bb874171a52b6fe48a4e5586/volumes/6693366e-2cac-45de-869c-6334ad376aa0 returned with HTTP 200
Aug 24 10:19:02.162000 n-d-852171-5 devstack@c-api.service[114378]: [pid: 114378|app: 0|req: 54/121] 10.222.0.87 () {58 vars in 1325 bytes} [Wed Aug 24 10:19:02 2022] GET /volume/v3/6f3c1d44bb874171a52b6fe48a4e5586/volumes/6693366e-2cac-45de-869c-6334ad376aa0 => generated 914 bytes in 63 msecs (HTTP/1.1 200) 7 headers in 285 bytes (1 switches on core 0)
Aug 24 10:19:03.133915 n-d-852171-5 devstack@c-api.service[114377]: DEBUG cinder.api.middleware.request_id [None req-b923430a-ea15-49bd-8093-71d8de1cabab None None] RequestId filter calling following filter/app {{(pid=114377) _context_setter /opt/stack/cinder/cinder/api/middleware/request_id.py:62}}
Aug 24 10:19:03.138906 n-d-852171-5 devstack@c-api.service[114377]: INFO cinder.api.openstack.wsgi [None req-b923430a-ea15-49bd-8093-71d8de1cabab tempest-LiveAutoBlockMigrationV225Test-1051550759 tempest-LiveAutoBlockMigrationV225Test-1051550759-project] GET http://10.222.0.87/volume/v3/3bb7ea1230654646a536ae81d135c776/volumes/4cf14361-96aa-4e4b-bf96-20575b0b842e
Aug 24 10:19:03.140133 n-d-852171-5 devstack@c-api.service[114377]: DEBUG cinder.api.openstack.wsgi [None req-b923430a-ea15-49bd-8093-71d8de1cabab tempest-LiveAutoBlockMigrationV225Test-1051550759 tempest-LiveAutoBlockMigrationV225Test-1051550759-project] Empty body provided in request {{(pid=114377) get_body /opt/stack/cinder/cinder/api/openstack/wsgi.py:715}}
Aug 24 10:19:03.141112 n-d-852171-5 devstack@c-api.service[114377]: DEBUG cinder.api.openstack.wsgi [None req-b923430a-ea15-49bd-8093-71d8de1cabab tempest-LiveAutoBlockMigrationV225Test-1051550759 tempest-LiveAutoBlockMigrationV225Test-1051550759-project] Calling method 'show' {{(pid=114377) _process_stack /opt/stack/cinder/cinder/api/openstack/wsgi.py:868}}
Aug 24 10:19:03.164694 n-d-852171-5 devstack@c-api.service[114377]: /usr/local/lib/python3.8/dist-packages/oslo_context/context.py:100: DeprecationWarning: Policy enforcement is depending on the value of is_admin. This key is deprecated. Please update your policy file to use the standard policy values.
Aug 24 10:19:03.164694 n-d-852171-5 devstack@c-api.service[114377]: warnings.warn('Policy enforcement is depending on the value of '
Aug 24 10:19:03.173763 n-d-852171-5 devstack@c-api.service[114378]: DEBUG cinder.api.middleware.request_id [None req-fe0c4865-0e39-4f09-bf24-09f4a6b9b42b None None] RequestId filter calling following filter/app {{(pid=114378) _context_setter /opt/stack/cinder/cinder/api/middleware/request_id.py:62}}
Aug 24 10:19:03.178719 n-d-852171-5 devstack@c-api.service[114378]: INFO cinder.api.openstack.wsgi [None req-fe0c4865-0e39-4f09-bf24-09f4a6b9b42b tempest-LiveMigrationTest-544324072 tempest-LiveMigrationTest-544324072-project] GET http://10.222.0.87/volume/v3/6f3c1d44bb874171a52b6fe48a4e5586/volumes/6693366e-2cac-45de-869c-6334ad376aa0
Aug 24 10:19:03.179323 n-d-852171-5 devstack@c-api.service[114378]: DEBUG cinder.api.openstack.wsgi [None req-fe0c4865-0e39-4f09-bf24-09f4a6b9b42b tempest-LiveMigrationTest-544324072 tempest-LiveMigrationTest-544324072-project] Empty body provided in request {{(pid=114378) get_body /opt/stack/cinder/cinder/api/openstack/wsgi.py:715}}
Aug 24 10:19:03.186306 n-d-852171-5 devstack@c-api.service[114378]: DEBUG cinder.api.openstack.wsgi [None req-fe0c4865-0e39-4f09-bf24-09f4a6b9b42b tempest-LiveMigrationTest-544324072 tempest-LiveMigrationTest-544324072-project] Calling method 'show' {{(pid=114378) _process_stack /opt/stack/cinder/cinder/api/openstack/wsgi.py:868}}
Aug 24 10:19:03.200063 n-d-852171-5 devstack@c-api.service[114377]: INFO cinder.volume.api [None req-b923430a-ea15-49bd-8093-71d8de1cabab tempest-LiveAutoBlockMigrationV225Test-1051550759 tempest-LiveAutoBlockMigrationV225Test-1051550759-project] Volume info retrieved successfully.
Aug 24 10:19:03.220971 n-d-852171-5 devstack@c-api.service[114378]: /usr/local/lib/python3.8/dist-packages/oslo_context/context.py:100: DeprecationWarning: Policy enforcement is depending on the value of is_admin. This key is deprecated. Please update your policy file to use the standard policy values.
Aug 24 10:19:03.220971 n-d-852171-5 devstack@c-api.service[114378]: warnings.warn('Policy enforcement is depending on the value of '
Aug 24 10:19:03.227176 n-d-852171-5 devstack@c-api.service[114377]: INFO cinder.api.openstack.wsgi [None req-b923430a-ea15-49bd-8093-71d8de1cabab tempest-LiveAutoBlockMigrationV225Test-1051550759 tempest-LiveAutoBlockMigrationV225Test-1051550759-project] http://10.222.0.87/volume/v3/3bb7ea1230654646a536ae81d135c776/volumes/4cf14361-96aa-4e4b-bf96-20575b0b842e returned with HTTP 200
Aug 24 10:19:03.227951 n-d-852171-5 devstack@c-api.service[114377]: [pid: 114377|app: 0|req: 68/122] 10.222.0.87 () {58 vars in 1325 bytes} [Wed Aug 24 10:19:03 2022] GET /volume/v3/3bb7ea1230654646a536ae81d135c776/volumes/4cf14361-96aa-4e4b-bf96-20575b0b842e => generated 913 bytes in 96 msecs (HTTP/1.1 200) 7 headers in 285 bytes (1 switches on core 0)
Aug 24 10:19:03.233094 n-d-852171-5 devstack@c-api.service[114378]: INFO cinder.volume.api [None req-fe0c4865-0e39-4f09-bf24-09f4a6b9b42b tempest-LiveMigrationTest-544324072 tempest-LiveMigrationTest-544324072-project] Volume info retrieved successfully.
Aug 24 10:19:03.245643 n-d-852171-5 devstack@c-api.service[114378]: INFO cinder.api.openstack.wsgi [None req-fe0c4865-0e39-4f09-bf24-09f4a6b9b42b tempest-LiveMigrationTest-544324072 tempest-LiveMigrationTest-544324072-project] http://10.222.0.87/volume/v3/6f3c1d44bb874171a52b6fe48a4e5586/volumes/6693366e-2cac-45de-869c-6334ad376aa0 returned with HTTP 200
Aug 24 10:19:03.247299 n-d-852171-5 devstack@c-api.service[114378]: [pid: 114378|app: 0|req: 55/123] 10.222.0.87 () {58 vars in 1325 bytes} [Wed Aug 24 10:19:03 2022] GET /volume/v3/6f3c1d44bb874171a52b6fe48a4e5586/volumes/6693366e-2cac-45de-869c-6334ad376aa0 => generated 914 bytes in 74 msecs (HTTP/1.1 200) 7 headers in 285 bytes (1 switches on core 0)
Aug 24 10:19:04.244678 n-d-852171-5 devstack@c-api.service[114377]: DEBUG cinder.api.middleware.request_id [None req-197dc9d1-f27f-4cfe-81ae-4f6e39b778ee None None] RequestId filter calling following filter/app {{(pid=114377) _context_setter /opt/stack/cinder/cinder/api/middleware/request_id.py:62}}
Aug 24 10:19:04.249981 n-d-852171-5 devstack@c-api.service[114377]: INFO cinder.api.openstack.wsgi [None req-197dc9d1-f27f-4cfe-81ae-4f6e39b778ee tempest-LiveAutoBlockMigrationV225Test-1051550759 tempest-LiveAutoBlockMigrationV225Test-1051550759-project] GET http://10.222.0.87/volume/v3/3bb7ea1230654646a536ae81d135c776/volumes/4cf14361-96aa-4e4b-bf96-20575b0b842e
Aug 24 10:19:04.251501 n-d-852171-5 devstack@c-api.service[114377]: DEBUG cinder.api.openstack.wsgi [None req-197dc9d1-f27f-4cfe-81ae-4f6e39b778ee tempest-LiveAutoBlockMigrationV225Test-1051550759 tempest-LiveAutoBlockMigrationV225Test-1051550759-project] Empty body provided in request {{(pid=114377) get_body /opt/stack/cinder/cinder/api/openstack/wsgi.py:715}}
Aug 24 10:19:04.252234 n-d-852171-5 devstack@c-api.service[114377]: DEBUG cinder.api.openstack.wsgi [None req-197dc9d1-f27f-4cfe-81ae-4f6e39b778ee tempest-LiveAutoBlockMigrationV225Test-1051550759 tempest-LiveAutoBlockMigrationV225Test-1051550759-project] Calling method 'show' {{(pid=114377) _process_stack /opt/stack/cinder/cinder/api/openstack/wsgi.py:868}}
Aug 24 10:19:04.265374 n-d-852171-5 devstack@c-api.service[114378]: DEBUG cinder.api.middleware.request_id [None req-58fffa19-e43a-4692-afb4-215e9f59942e None None] RequestId filter calling following filter/app {{(pid=114378) _context_setter /opt/stack/cinder/cinder/api/middleware/request_id.py:62}}
Aug 24 10:19:04.269710 n-d-852171-5 devstack@c-api.service[114378]: INFO cinder.api.openstack.wsgi [None req-58fffa19-e43a-4692-afb4-215e9f59942e tempest-LiveMigrationTest-544324072 tempest-LiveMigrationTest-544324072-project] GET http://10.222.0.87/volume/v3/6f3c1d44bb874171a52b6fe48a4e5586/volumes/6693366e-2cac-45de-869c-6334ad376aa0
Aug 24 10:19:04.270553 n-d-852171-5 devstack@c-api.service[114378]: DEBUG cinder.api.openstack.wsgi [None req-58fffa19-e43a-4692-afb4-215e9f59942e tempest-LiveMigrationTest-544324072 tempest-LiveMigrationTest-544324072-project] Empty body provided in request {{(pid=114378) get_body /opt/stack/cinder/cinder/api/openstack/wsgi.py:715}}
Aug 24 10:19:04.271312 n-d-852171-5 devstack@c-api.service[114378]: DEBUG cinder.api.openstack.wsgi [None req-58fffa19-e43a-4692-afb4-215e9f59942e tempest-LiveMigrationTest-544324072 tempest-LiveMigrationTest-544324072-project] Calling method 'show' {{(pid=114378) _process_stack /opt/stack/cinder/cinder/api/openstack/wsgi.py:868}}
Aug 24 10:19:04.307774 n-d-852171-5 devstack@c-api.service[114377]: /usr/local/lib/python3.8/dist-packages/oslo_context/context.py:100: DeprecationWarning: Policy enforcement is depending on the value of is_admin. This key is deprecated. Please update your policy file to use the standard policy values.
Aug 24 10:19:04.307774 n-d-852171-5 devstack@c-api.service[114377]: warnings.warn('Policy enforcement is depending on the value of '
Aug 24 10:19:04.318033 n-d-852171-5 devstack@c-api.service[114378]: /usr/local/lib/python3.8/dist-packages/oslo_context/context.py:100: DeprecationWarning: Policy enforcement is depending on the value of is_admin. This key is deprecated. Please update your policy file to use the standard policy values.
Aug 24 10:19:04.318033 n-d-852171-5 devstack@c-api.service[114378]: warnings.warn('Policy enforcement is depending on the value of '
Aug 24 10:19:04.337929 n-d-852171-5 devstack@c-api.service[114377]: INFO cinder.volume.api [None req-197dc9d1-f27f-4cfe-81ae-4f6e39b778ee tempest-LiveAutoBlockMigrationV225Test-1051550759 tempest-LiveAutoBlockMigrationV225Test-1051550759-project] Volume info retrieved successfully.
Aug 24 10:19:04.369280 n-d-852171-5 devstack@c-api.service[114378]: INFO cinder.volume.api [None req-58fffa19-e43a-4692-afb4-215e9f59942e tempest-LiveMigrationTest-544324072 tempest-LiveMigrationTest-544324072-project] Volume info retrieved successfully.
Aug 24 10:19:04.382045 n-d-852171-5 devstack@c-api.service[114377]: INFO cinder.api.openstack.wsgi [None req-197dc9d1-f27f-4cfe-81ae-4f6e39b778ee tempest-LiveAutoBlockMigrationV225Test-1051550759 tempest-LiveAutoBlockMigrationV225Test-1051550759-project] http://10.222.0.87/volume/v3/3bb7ea1230654646a536ae81d135c776/volumes/4cf14361-96aa-4e4b-bf96-20575b0b842e returned with HTTP 200
Aug 24 10:19:04.390039 n-d-852171-5 devstack@c-api.service[114378]: DEBUG dbcounter [-] [114378] Writing DB stats cinder:SELECT=97,cinder:UPDATE=3 {{(pid=114378) stat_writer /usr/local/lib/python3.8/dist-packages/dbcounter.py:114}}
Aug 24 10:19:04.393582 n-d-852171-5 devstack@c-api.service[114377]: [pid: 114377|app: 0|req: 69/124] 10.222.0.87 () {58 vars in 1325 bytes} [Wed Aug 24 10:19:04 2022] GET /volume/v3/3bb7ea1230654646a536ae81d135c776/volumes/4cf14361-96aa-4e4b-bf96-20575b0b842e => generated 913 bytes in 141 msecs (HTTP/1.1 200) 7 headers in 285 bytes (1 switches on core 0)
Aug 24 10:19:04.413723 n-d-852171-5 devstack@c-api.service[114378]: INFO cinder.api.openstack.wsgi [None req-58fffa19-e43a-4692-afb4-215e9f59942e tempest-LiveMigrationTest-544324072 tempest-LiveMigrationTest-544324072-project] http://10.222.0.87/volume/v3/6f3c1d44bb874171a52b6fe48a4e5586/volumes/6693366e-2cac-45de-869c-6334ad376aa0 returned with HTTP 200
Aug 24 10:19:04.420024 n-d-852171-5 devstack@c-api.service[114378]: [pid: 114378|app: 0|req: 56/125] 10.222.0.87 () {58 vars in 1325 bytes} [Wed Aug 24 10:19:04 2022] GET /volume/v3/6f3c1d44bb874171a52b6fe48a4e5586/volumes/6693366e-2cac-45de-869c-6334ad376aa0 => generated 914 bytes in 156 msecs (HTTP/1.1 200) 7 headers in 285 bytes (2 switches on core 0)
Aug 24 10:19:05.400094 n-d-852171-5 devstack@c-api.service[114377]: DEBUG cinder.api.middleware.request_id [None req-32c1ffe3-e407-4303-b45c-6d3fb587db20 None None] RequestId filter calling following filter/app {{(pid=114377) _context_setter /opt/stack/cinder/cinder/api/middleware/request_id.py:62}}
Aug 24 10:19:05.406230 n-d-852171-5 devstack@c-api.service[114377]: INFO cinder.api.openstack.wsgi [None req-32c1ffe3-e407-4303-b45c-6d3fb587db20 tempest-LiveAutoBlockMigrationV225Test-1051550759 tempest-LiveAutoBlockMigrationV225Test-1051550759-project] GET http://10.222.0.87/volume/v3/3bb7ea1230654646a536ae81d135c776/volumes/4cf14361-96aa-4e4b-bf96-20575b0b842e
Aug 24 10:19:05.406987 n-d-852171-5 devstack@c-api.service[114377]: DEBUG cinder.api.openstack.wsgi [None req-32c1ffe3-e407-4303-b45c-6d3fb587db20 tempest-LiveAutoBlockMigrationV225Test-1051550759 tempest-LiveAutoBlockMigrationV225Test-1051550759-project] Empty body provided in request {{(pid=114377) get_body /opt/stack/cinder/cinder/api/openstack/wsgi.py:715}}
Aug 24 10:19:05.407622 n-d-852171-5 devstack@c-api.service[114377]: DEBUG cinder.api.openstack.wsgi [None req-32c1ffe3-e407-4303-b45c-6d3fb587db20 tempest-LiveAutoBlockMigrationV225Test-1051550759 tempest-LiveAutoBlockMigrationV225Test-1051550759-project] Calling method 'show' {{(pid=114377) _process_stack /opt/stack/cinder/cinder/api/openstack/wsgi.py:868}}
Aug 24 10:19:05.426500 n-d-852171-5 devstack@c-api.service[114377]: /usr/local/lib/python3.8/dist-packages/oslo_context/context.py:100: DeprecationWarning: Policy enforcement is depending on the value of is_admin. This key is deprecated. Please update your policy file to use the standard policy values.
Aug 24 10:19:05.426500 n-d-852171-5 devstack@c-api.service[114377]: warnings.warn('Policy enforcement is depending on the value of '
Aug 24 10:19:05.440614 n-d-852171-5 devstack@c-api.service[114378]: DEBUG cinder.api.middleware.request_id [None req-080c6288-d42b-457c-b747-904d57d6fc51 None None] RequestId filter calling following filter/app {{(pid=114378) _context_setter /opt/stack/cinder/cinder/api/middleware/request_id.py:62}}
Aug 24 10:19:05.444635 n-d-852171-5 devstack@c-api.service[114377]: INFO cinder.volume.api [None req-32c1ffe3-e407-4303-b45c-6d3fb587db20 tempest-LiveAutoBlockMigrationV225Test-1051550759 tempest-LiveAutoBlockMigrationV225Test-1051550759-project] Volume info retrieved successfully.
Aug 24 10:19:05.444835 n-d-852171-5 devstack@c-api.service[114378]: INFO cinder.api.openstack.wsgi [None req-080c6288-d42b-457c-b747-904d57d6fc51 tempest-LiveMigrationTest-544324072 tempest-LiveMigrationTest-544324072-project] GET http://10.222.0.87/volume/v3/6f3c1d44bb874171a52b6fe48a4e5586/volumes/6693366e-2cac-45de-869c-6334ad376aa0
Aug 24 10:19:05.445305 n-d-852171-5 devstack@c-api.service[114378]: DEBUG cinder.api.openstack.wsgi [None req-080c6288-d42b-457c-b747-904d57d6fc51 tempest-LiveMigrationTest-544324072 tempest-LiveMigrationTest-544324072-project] Empty body provided in request {{(pid=114378) get_body /opt/stack/cinder/cinder/api/openstack/wsgi.py:715}}
Aug 24 10:19:05.445806 n-d-852171-5 devstack@c-api.service[114378]: DEBUG cinder.api.openstack.wsgi [None req-080c6288-d42b-457c-b747-904d57d6fc51 tempest-LiveMigrationTest-544324072 tempest-LiveMigrationTest-544324072-project] Calling method 'show' {{(pid=114378) _process_stack /opt/stack/cinder/cinder/api/openstack/wsgi.py:868}}
Aug 24 10:19:05.470639 n-d-852171-5 devstack@c-api.service[114377]: INFO cinder.api.openstack.wsgi [None req-32c1ffe3-e407-4303-b45c-6d3fb587db20 tempest-LiveAutoBlockMigrationV225Test-1051550759 tempest-LiveAutoBlockMigrationV225Test-1051550759-project] http://10.222.0.87/volume/v3/3bb7ea1230654646a536ae81d135c776/volumes/4cf14361-96aa-4e4b-bf96-20575b0b842e returned with HTTP 200
Aug 24 10:19:05.471779 n-d-852171-5 devstack@c-api.service[114377]: [pid: 114377|app: 0|req: 70/126] 10.222.0.87 () {58 vars in 1325 bytes} [Wed Aug 24 10:19:05 2022] GET /volume/v3/3bb7ea1230654646a536ae81d135c776/volumes/4cf14361-96aa-4e4b-bf96-20575b0b842e => generated 971 bytes in 73 msecs (HTTP/1.1 200) 7 headers in 285 bytes (1 switches on core 0)
Aug 24 10:19:05.483666 n-d-852171-5 devstack@c-api.service[114378]: /usr/local/lib/python3.8/dist-packages/oslo_context/context.py:100: DeprecationWarning: Policy enforcement is depending on the value of is_admin. This key is deprecated. Please update your policy file to use the standard policy values.
Aug 24 10:19:05.483666 n-d-852171-5 devstack@c-api.service[114378]: warnings.warn('Policy enforcement is depending on the value of '
Aug 24 10:19:05.510895 n-d-852171-5 devstack@c-api.service[114378]: INFO cinder.volume.api [None req-080c6288-d42b-457c-b747-904d57d6fc51 tempest-LiveMigrationTest-544324072 tempest-LiveMigrationTest-544324072-project] Volume info retrieved successfully.
Aug 24 10:19:05.556672 n-d-852171-5 devstack@c-api.service[114378]: INFO cinder.api.openstack.wsgi [None req-080c6288-d42b-457c-b747-904d57d6fc51 tempest-LiveMigrationTest-544324072 tempest-LiveMigrationTest-544324072-project] http://10.222.0.87/volume/v3/6f3c1d44bb874171a52b6fe48a4e5586/volumes/6693366e-2cac-45de-869c-6334ad376aa0 returned with HTTP 200
Aug 24 10:19:05.557859 n-d-852171-5 devstack@c-api.service[114378]: [pid: 114378|app: 0|req: 57/127] 10.222.0.87 () {58 vars in 1325 bytes} [Wed Aug 24 10:19:05 2022] GET /volume/v3/6f3c1d44bb874171a52b6fe48a4e5586/volumes/6693366e-2cac-45de-869c-6334ad376aa0 => generated 914 bytes in 118 msecs (HTTP/1.1 200) 7 headers in 285 bytes (1 switches on core 0)
Aug 24 10:19:06.488427 n-d-852171-5 devstack@c-api.service[114377]: DEBUG cinder.api.middleware.request_id [None req-e40feb87-816a-40bf-b62e-a16aef5183ac None None] RequestId filter calling following filter/app {{(pid=114377) _context_setter /opt/stack/cinder/cinder/api/middleware/request_id.py:62}}
Aug 24 10:19:06.493911 n-d-852171-5 devstack@c-api.service[114377]: INFO cinder.api.openstack.wsgi [None req-e40feb87-816a-40bf-b62e-a16aef5183ac tempest-LiveAutoBlockMigrationV225Test-1051550759 tempest-LiveAutoBlockMigrationV225Test-1051550759-project] GET http://10.222.0.87/volume/v3/3bb7ea1230654646a536ae81d135c776/volumes/4cf14361-96aa-4e4b-bf96-20575b0b842e
Aug 24 10:19:06.494846 n-d-852171-5 devstack@c-api.service[114377]: DEBUG cinder.api.openstack.wsgi [None req-e40feb87-816a-40bf-b62e-a16aef5183ac tempest-LiveAutoBlockMigrationV225Test-1051550759 tempest-LiveAutoBlockMigrationV225Test-1051550759-project] Empty body provided in request {{(pid=114377) get_body /opt/stack/cinder/cinder/api/openstack/wsgi.py:715}}
Aug 24 10:19:06.496210 n-d-852171-5 devstack@c-api.service[114377]: DEBUG cinder.api.openstack.wsgi [None req-e40feb87-816a-40bf-b62e-a16aef5183ac tempest-LiveAutoBlockMigrationV225Test-1051550759 tempest-LiveAutoBlockMigrationV225Test-1051550759-project] Calling method 'show' {{(pid=114377) _process_stack /opt/stack/cinder/cinder/api/openstack/wsgi.py:868}}
Aug 24 10:19:06.503585 n-d-852171-5 devstack@c-api.service[114377]: DEBUG dbcounter [-] [114377] Writing DB stats cinder:SELECT=82,cinder:INSERT=6,cinder:UPDATE=12 {{(pid=114377) stat_writer /usr/local/lib/python3.8/dist-packages/dbcounter.py:114}}
Aug 24 10:19:06.554559 n-d-852171-5 devstack@c-api.service[114377]: /usr/local/lib/python3.8/dist-packages/oslo_context/context.py:100: DeprecationWarning: Policy enforcement is depending on the value of is_admin. This key is deprecated. Please update your policy file to use the standard policy values.
Aug 24 10:19:06.554559 n-d-852171-5 devstack@c-api.service[114377]: warnings.warn('Policy enforcement is depending on the value of '
Aug 24 10:19:06.574088 n-d-852171-5 devstack@c-api.service[114378]: DEBUG cinder.api.middleware.request_id [None req-b5762989-00a7-49cd-b33c-ccb0b730090f None None] RequestId filter calling following filter/app {{(pid=114378) _context_setter /opt/stack/cinder/cinder/api/middleware/request_id.py:62}}
Aug 24 10:19:06.579244 n-d-852171-5 devstack@c-api.service[114377]: INFO cinder.volume.api [None req-e40feb87-816a-40bf-b62e-a16aef5183ac tempest-LiveAutoBlockMigrationV225Test-1051550759 tempest-LiveAutoBlockMigrationV225Test-1051550759-project] Volume info retrieved successfully.
Aug 24 10:19:06.582175 n-d-852171-5 devstack@c-api.service[114378]: INFO cinder.api.openstack.wsgi [None req-b5762989-00a7-49cd-b33c-ccb0b730090f tempest-LiveMigrationTest-544324072 tempest-LiveMigrationTest-544324072-project] GET http://10.222.0.87/volume/v3/6f3c1d44bb874171a52b6fe48a4e5586/volumes/6693366e-2cac-45de-869c-6334ad376aa0
Aug 24 10:19:06.582993 n-d-852171-5 devstack@c-api.service[114378]: DEBUG cinder.api.openstack.wsgi [None req-b5762989-00a7-49cd-b33c-ccb0b730090f tempest-LiveMigrationTest-544324072 tempest-LiveMigrationTest-544324072-project] Empty body provided in request {{(pid=114378) get_body /opt/stack/cinder/cinder/api/openstack/wsgi.py:715}}
Aug 24 10:19:06.588260 n-d-852171-5 devstack@c-api.service[114378]: DEBUG cinder.api.openstack.wsgi [None req-b5762989-00a7-49cd-b33c-ccb0b730090f tempest-LiveMigrationTest-544324072 tempest-LiveMigrationTest-544324072-project] Calling method 'show' {{(pid=114378) _process_stack /opt/stack/cinder/cinder/api/openstack/wsgi.py:868}}
Aug 24 10:19:06.610924 n-d-852171-5 devstack@c-api.service[114377]: INFO cinder.api.openstack.wsgi [None req-e40feb87-816a-40bf-b62e-a16aef5183ac tempest-LiveAutoBlockMigrationV225Test-1051550759 tempest-LiveAutoBlockMigrationV225Test-1051550759-project] http://10.222.0.87/volume/v3/3bb7ea1230654646a536ae81d135c776/volumes/4cf14361-96aa-4e4b-bf96-20575b0b842e returned with HTTP 200
Aug 24 10:19:06.616165 n-d-852171-5 devstack@c-api.service[114377]: [pid: 114377|app: 0|req: 71/128] 10.222.0.87 () {58 vars in 1325 bytes} [Wed Aug 24 10:19:06 2022] GET /volume/v3/3bb7ea1230654646a536ae81d135c776/volumes/4cf14361-96aa-4e4b-bf96-20575b0b842e => generated 971 bytes in 129 msecs (HTTP/1.1 200) 7 headers in 285 bytes (1 switches on core 0)
Aug 24 10:19:06.665712 n-d-852171-5 devstack@c-api.service[114378]: /usr/local/lib/python3.8/dist-packages/oslo_context/context.py:100: DeprecationWarning: Policy enforcement is depending on the value of is_admin. This key is deprecated. Please update your policy file to use the standard policy values.
Aug 24 10:19:06.665712 n-d-852171-5 devstack@c-api.service[114378]: warnings.warn('Policy enforcement is depending on the value of '
Aug 24 10:19:06.688985 n-d-852171-5 devstack@c-api.service[114378]: INFO cinder.volume.api [None req-b5762989-00a7-49cd-b33c-ccb0b730090f tempest-LiveMigrationTest-544324072 tempest-LiveMigrationTest-544324072-project] Volume info retrieved successfully.
Aug 24 10:19:06.714846 n-d-852171-5 devstack@c-api.service[114378]: INFO cinder.api.openstack.wsgi [None req-b5762989-00a7-49cd-b33c-ccb0b730090f tempest-LiveMigrationTest-544324072 tempest-LiveMigrationTest-544324072-project] http://10.222.0.87/volume/v3/6f3c1d44bb874171a52b6fe48a4e5586/volumes/6693366e-2cac-45de-869c-6334ad376aa0 returned with HTTP 200
Aug 24 10:19:06.727278 n-d-852171-5 devstack@c-api.service[114378]: [pid: 114378|app: 0|req: 58/129] 10.222.0.87 () {58 vars in 1325 bytes} [Wed Aug 24 10:19:06 2022] GET /volume/v3/6f3c1d44bb874171a52b6fe48a4e5586/volumes/6693366e-2cac-45de-869c-6334ad376aa0 => generated 914 bytes in 148 msecs (HTTP/1.1 200) 7 headers in 285 bytes (1 switches on core 0)
Aug 24 10:19:07.630126 n-d-852171-5 devstack@c-api.service[114377]: DEBUG cinder.api.middleware.request_id [None req-8a6592c0-d2f4-43c3-a3e6-a7760a56e895 None None] RequestId filter calling following filter/app {{(pid=114377) _context_setter /opt/stack/cinder/cinder/api/middleware/request_id.py:62}}
Aug 24 10:19:07.634853 n-d-852171-5 devstack@c-api.service[114377]: INFO cinder.api.openstack.wsgi [None req-8a6592c0-d2f4-43c3-a3e6-a7760a56e895 tempest-LiveAutoBlockMigrationV225Test-1051550759 tempest-LiveAutoBlockMigrationV225Test-1051550759-project] GET http://10.222.0.87/volume/v3/3bb7ea1230654646a536ae81d135c776/volumes/4cf14361-96aa-4e4b-bf96-20575b0b842e
Aug 24 10:19:07.635506 n-d-852171-5 devstack@c-api.service[114377]: DEBUG cinder.api.openstack.wsgi [None req-8a6592c0-d2f4-43c3-a3e6-a7760a56e895 tempest-LiveAutoBlockMigrationV225Test-1051550759 tempest-LiveAutoBlockMigrationV225Test-1051550759-project] Empty body provided in request {{(pid=114377) get_body /opt/stack/cinder/cinder/api/openstack/wsgi.py:715}}
Aug 24 10:19:07.636407 n-d-852171-5 devstack@c-api.service[114377]: DEBUG cinder.api.openstack.wsgi [None req-8a6592c0-d2f4-43c3-a3e6-a7760a56e895 tempest-LiveAutoBlockMigrationV225Test-1051550759 tempest-LiveAutoBlockMigrationV225Test-1051550759-project] Calling method 'show' {{(pid=114377) _process_stack /opt/stack/cinder/cinder/api/openstack/wsgi.py:868}}
Aug 24 10:19:07.661073 n-d-852171-5 devstack@c-api.service[114377]: /usr/local/lib/python3.8/dist-packages/oslo_context/context.py:100: DeprecationWarning: Policy enforcement is depending on the value of is_admin. This key is deprecated. Please update your policy file to use the standard policy values.
Aug 24 10:19:07.661073 n-d-852171-5 devstack@c-api.service[114377]: warnings.warn('Policy enforcement is depending on the value of '
Aug 24 10:19:07.681864 n-d-852171-5 devstack@c-api.service[114377]: INFO cinder.volume.api [None req-8a6592c0-d2f4-43c3-a3e6-a7760a56e895 tempest-LiveAutoBlockMigrationV225Test-1051550759 tempest-LiveAutoBlockMigrationV225Test-1051550759-project] Volume info retrieved successfully.
Aug 24 10:19:07.692657 n-d-852171-5 devstack@c-api.service[114377]: INFO cinder.api.openstack.wsgi [None req-8a6592c0-d2f4-43c3-a3e6-a7760a56e895 tempest-LiveAutoBlockMigrationV225Test-1051550759 tempest-LiveAutoBlockMigrationV225Test-1051550759-project] http://10.222.0.87/volume/v3/3bb7ea1230654646a536ae81d135c776/volumes/4cf14361-96aa-4e4b-bf96-20575b0b842e returned with HTTP 200
Aug 24 10:19:07.694006 n-d-852171-5 devstack@c-api.service[114377]: [pid: 114377|app: 0|req: 72/130] 10.222.0.87 () {58 vars in 1325 bytes} [Wed Aug 24 10:19:07 2022] GET /volume/v3/3bb7ea1230654646a536ae81d135c776/volumes/4cf14361-96aa-4e4b-bf96-20575b0b842e => generated 971 bytes in 65 msecs (HTTP/1.1 200) 7 headers in 285 bytes (1 switches on core 0)
Aug 24 10:19:07.735957 n-d-852171-5 devstack@c-api.service[114378]: DEBUG cinder.api.middleware.request_id [None req-15b7b2a1-fea9-47ec-91c3-957f09a858fd None None] RequestId filter calling following filter/app {{(pid=114378) _context_setter /opt/stack/cinder/cinder/api/middleware/request_id.py:62}}
Aug 24 10:19:07.740528 n-d-852171-5 devstack@c-api.service[114378]: INFO cinder.api.openstack.wsgi [None req-15b7b2a1-fea9-47ec-91c3-957f09a858fd tempest-LiveMigrationTest-544324072 tempest-LiveMigrationTest-544324072-project] GET http://10.222.0.87/volume/v3/6f3c1d44bb874171a52b6fe48a4e5586/volumes/6693366e-2cac-45de-869c-6334ad376aa0
Aug 24 10:19:07.741046 n-d-852171-5 devstack@c-api.service[114378]: DEBUG cinder.api.openstack.wsgi [None req-15b7b2a1-fea9-47ec-91c3-957f09a858fd tempest-LiveMigrationTest-544324072 tempest-LiveMigrationTest-544324072-project] Empty body provided in request {{(pid=114378) get_body /opt/stack/cinder/cinder/api/openstack/wsgi.py:715}}
Aug 24 10:19:07.741513 n-d-852171-5 devstack@c-api.service[114378]: DEBUG cinder.api.openstack.wsgi [None req-15b7b2a1-fea9-47ec-91c3-957f09a858fd tempest-LiveMigrationTest-544324072 tempest-LiveMigrationTest-544324072-project] Calling method 'show' {{(pid=114378) _process_stack /opt/stack/cinder/cinder/api/openstack/wsgi.py:868}}
Aug 24 10:19:07.783400 n-d-852171-5 devstack@c-api.service[114378]: /usr/local/lib/python3.8/dist-packages/oslo_context/context.py:100: DeprecationWarning: Policy enforcement is depending on the value of is_admin. This key is deprecated. Please update your policy file to use the standard policy values.
Aug 24 10:19:07.783400 n-d-852171-5 devstack@c-api.service[114378]: warnings.warn('Policy enforcement is depending on the value of '
Aug 24 10:19:07.815531 n-d-852171-5 devstack@c-api.service[114378]: INFO cinder.volume.api [None req-15b7b2a1-fea9-47ec-91c3-957f09a858fd tempest-LiveMigrationTest-544324072 tempest-LiveMigrationTest-544324072-project] Volume info retrieved successfully.
Aug 24 10:19:07.840654 n-d-852171-5 devstack@c-api.service[114378]: INFO cinder.api.openstack.wsgi [None req-15b7b2a1-fea9-47ec-91c3-957f09a858fd tempest-LiveMigrationTest-544324072 tempest-LiveMigrationTest-544324072-project] http://10.222.0.87/volume/v3/6f3c1d44bb874171a52b6fe48a4e5586/volumes/6693366e-2cac-45de-869c-6334ad376aa0 returned with HTTP 200
Aug 24 10:19:07.858633 n-d-852171-5 devstack@c-api.service[114378]: [pid: 114378|app: 0|req: 59/131] 10.222.0.87 () {58 vars in 1325 bytes} [Wed Aug 24 10:19:07 2022] GET /volume/v3/6f3c1d44bb874171a52b6fe48a4e5586/volumes/6693366e-2cac-45de-869c-6334ad376aa0 => generated 914 bytes in 124 msecs (HTTP/1.1 200) 7 headers in 285 bytes (1 switches on core 0)
Aug 24 10:19:08.710951 n-d-852171-5 devstack@c-api.service[114377]: DEBUG cinder.api.middleware.request_id [None req-b720cae5-65a0-48e5-bffe-ecacab7f7f6d None None] RequestId filter calling following filter/app {{(pid=114377) _context_setter /opt/stack/cinder/cinder/api/middleware/request_id.py:62}}
Aug 24 10:19:08.715600 n-d-852171-5 devstack@c-api.service[114377]: INFO cinder.api.openstack.wsgi [None req-b720cae5-65a0-48e5-bffe-ecacab7f7f6d tempest-LiveAutoBlockMigrationV225Test-1051550759 tempest-LiveAutoBlockMigrationV225Test-1051550759-project] GET http://10.222.0.87/volume/v3/3bb7ea1230654646a536ae81d135c776/volumes/4cf14361-96aa-4e4b-bf96-20575b0b842e
Aug 24 10:19:08.716057 n-d-852171-5 devstack@c-api.service[114377]: DEBUG cinder.api.openstack.wsgi [None req-b720cae5-65a0-48e5-bffe-ecacab7f7f6d tempest-LiveAutoBlockMigrationV225Test-1051550759 tempest-LiveAutoBlockMigrationV225Test-1051550759-project] Empty body provided in request {{(pid=114377) get_body /opt/stack/cinder/cinder/api/openstack/wsgi.py:715}}
Aug 24 10:19:08.716509 n-d-852171-5 devstack@c-api.service[114377]: DEBUG cinder.api.openstack.wsgi [None req-b720cae5-65a0-48e5-bffe-ecacab7f7f6d tempest-LiveAutoBlockMigrationV225Test-1051550759 tempest-LiveAutoBlockMigrationV225Test-1051550759-project] Calling method 'show' {{(pid=114377) _process_stack /opt/stack/cinder/cinder/api/openstack/wsgi.py:868}}
Aug 24 10:19:08.744750 n-d-852171-5 devstack@c-api.service[114377]: /usr/local/lib/python3.8/dist-packages/oslo_context/context.py:100: DeprecationWarning: Policy enforcement is depending on the value of is_admin. This key is deprecated. Please update your policy file to use the standard policy values.
Aug 24 10:19:08.744750 n-d-852171-5 devstack@c-api.service[114377]: warnings.warn('Policy enforcement is depending on the value of '
Aug 24 10:19:08.763202 n-d-852171-5 devstack@c-api.service[114377]: INFO cinder.volume.api [None req-b720cae5-65a0-48e5-bffe-ecacab7f7f6d tempest-LiveAutoBlockMigrationV225Test-1051550759 tempest-LiveAutoBlockMigrationV225Test-1051550759-project] Volume info retrieved successfully.
Aug 24 10:19:08.784488 n-d-852171-5 devstack@c-api.service[114377]: INFO cinder.api.openstack.wsgi [None req-b720cae5-65a0-48e5-bffe-ecacab7f7f6d tempest-LiveAutoBlockMigrationV225Test-1051550759 tempest-LiveAutoBlockMigrationV225Test-1051550759-project] http://10.222.0.87/volume/v3/3bb7ea1230654646a536ae81d135c776/volumes/4cf14361-96aa-4e4b-bf96-20575b0b842e returned with HTTP 200
Aug 24 10:19:08.785543 n-d-852171-5 devstack@c-api.service[114377]: [pid: 114377|app: 0|req: 73/132] 10.222.0.87 () {58 vars in 1325 bytes} [Wed Aug 24 10:19:08 2022] GET /volume/v3/3bb7ea1230654646a536ae81d135c776/volumes/4cf14361-96aa-4e4b-bf96-20575b0b842e => generated 974 bytes in 75 msecs (HTTP/1.1 200) 7 headers in 285 bytes (1 switches on core 0)
Aug 24 10:19:08.858712 n-d-852171-5 devstack@c-api.service[114378]: DEBUG cinder.api.middleware.request_id [None req-c5ad902f-5791-4df0-a9c7-3c6caeaa4751 None None] RequestId filter calling following filter/app {{(pid=114378) _context_setter /opt/stack/cinder/cinder/api/middleware/request_id.py:62}}
Aug 24 10:19:08.863766 n-d-852171-5 devstack@c-api.service[114378]: INFO cinder.api.openstack.wsgi [None req-c5ad902f-5791-4df0-a9c7-3c6caeaa4751 tempest-LiveMigrationTest-544324072 tempest-LiveMigrationTest-544324072-project] GET http://10.222.0.87/volume/v3/6f3c1d44bb874171a52b6fe48a4e5586/volumes/6693366e-2cac-45de-869c-6334ad376aa0
Aug 24 10:19:08.864261 n-d-852171-5 devstack@c-api.service[114378]: DEBUG cinder.api.openstack.wsgi [None req-c5ad902f-5791-4df0-a9c7-3c6caeaa4751 tempest-LiveMigrationTest-544324072 tempest-LiveMigrationTest-544324072-project] Empty body provided in request {{(pid=114378) get_body /opt/stack/cinder/cinder/api/openstack/wsgi.py:715}}
Aug 24 10:19:08.864718 n-d-852171-5 devstack@c-api.service[114378]: DEBUG cinder.api.openstack.wsgi [None req-c5ad902f-5791-4df0-a9c7-3c6caeaa4751 tempest-LiveMigrationTest-544324072 tempest-LiveMigrationTest-544324072-project] Calling method 'show' {{(pid=114378) _process_stack /opt/stack/cinder/cinder/api/openstack/wsgi.py:868}}
Aug 24 10:19:08.890308 n-d-852171-5 devstack@c-api.service[114378]: /usr/local/lib/python3.8/dist-packages/oslo_context/context.py:100: DeprecationWarning: Policy enforcement is depending on the value of is_admin. This key is deprecated. Please update your policy file to use the standard policy values.
Aug 24 10:19:08.890308 n-d-852171-5 devstack@c-api.service[114378]: warnings.warn('Policy enforcement is depending on the value of '
Aug 24 10:19:08.918633 n-d-852171-5 devstack@c-api.service[114378]: INFO cinder.volume.api [None req-c5ad902f-5791-4df0-a9c7-3c6caeaa4751 tempest-LiveMigrationTest-544324072 tempest-LiveMigrationTest-544324072-project] Volume info retrieved successfully.
Aug 24 10:19:08.937827 n-d-852171-5 devstack@c-api.service[114378]: INFO cinder.api.openstack.wsgi [None req-c5ad902f-5791-4df0-a9c7-3c6caeaa4751 tempest-LiveMigrationTest-544324072 tempest-LiveMigrationTest-544324072-project] http://10.222.0.87/volume/v3/6f3c1d44bb874171a52b6fe48a4e5586/volumes/6693366e-2cac-45de-869c-6334ad376aa0 returned with HTTP 200
Aug 24 10:19:08.950172 n-d-852171-5 devstack@c-api.service[114378]: [pid: 114378|app: 0|req: 60/133] 10.222.0.87 () {58 vars in 1325 bytes} [Wed Aug 24 10:19:08 2022] GET /volume/v3/6f3c1d44bb874171a52b6fe48a4e5586/volumes/6693366e-2cac-45de-869c-6334ad376aa0 => generated 914 bytes in 81 msecs (HTTP/1.1 200) 7 headers in 285 bytes (1 switches on core 0)
Aug 24 10:19:09.804424 n-d-852171-5 devstack@c-api.service[114377]: DEBUG cinder.api.middleware.request_id [None req-b2e25399-1bcb-4d78-9ed8-d8575b80b502 None None] RequestId filter calling following filter/app {{(pid=114377) _context_setter /opt/stack/cinder/cinder/api/middleware/request_id.py:62}}
Aug 24 10:19:09.809506 n-d-852171-5 devstack@c-api.service[114377]: INFO cinder.api.openstack.wsgi [None req-b2e25399-1bcb-4d78-9ed8-d8575b80b502 tempest-LiveAutoBlockMigrationV225Test-1051550759 tempest-LiveAutoBlockMigrationV225Test-1051550759-project] GET http://10.222.0.87/volume/v3/3bb7ea1230654646a536ae81d135c776/volumes/4cf14361-96aa-4e4b-bf96-20575b0b842e
Aug 24 10:19:09.810854 n-d-852171-5 devstack@c-api.service[114377]: DEBUG cinder.api.openstack.wsgi [None req-b2e25399-1bcb-4d78-9ed8-d8575b80b502 tempest-LiveAutoBlockMigrationV225Test-1051550759 tempest-LiveAutoBlockMigrationV225Test-1051550759-project] Empty body provided in request {{(pid=114377) get_body /opt/stack/cinder/cinder/api/openstack/wsgi.py:715}}
Aug 24 10:19:09.811500 n-d-852171-5 devstack@c-api.service[114377]: DEBUG cinder.api.openstack.wsgi [None req-b2e25399-1bcb-4d78-9ed8-d8575b80b502 tempest-LiveAutoBlockMigrationV225Test-1051550759 tempest-LiveAutoBlockMigrationV225Test-1051550759-project] Calling method 'show' {{(pid=114377) _process_stack /opt/stack/cinder/cinder/api/openstack/wsgi.py:868}}
Aug 24 10:19:09.829892 n-d-852171-5 devstack@c-api.service[114377]: /usr/local/lib/python3.8/dist-packages/oslo_context/context.py:100: DeprecationWarning: Policy enforcement is depending on the value of is_admin. This key is deprecated. Please update your policy file to use the standard policy values.
Aug 24 10:19:09.829892 n-d-852171-5 devstack@c-api.service[114377]: warnings.warn('Policy enforcement is depending on the value of '
Aug 24 10:19:09.842514 n-d-852171-5 devstack@c-api.service[114377]: INFO cinder.volume.api [None req-b2e25399-1bcb-4d78-9ed8-d8575b80b502 tempest-LiveAutoBlockMigrationV225Test-1051550759 tempest-LiveAutoBlockMigrationV225Test-1051550759-project] Volume info retrieved successfully.
Aug 24 10:19:09.858650 n-d-852171-5 devstack@c-api.service[114377]: INFO cinder.api.openstack.wsgi [None req-b2e25399-1bcb-4d78-9ed8-d8575b80b502 tempest-LiveAutoBlockMigrationV225Test-1051550759 tempest-LiveAutoBlockMigrationV225Test-1051550759-project] http://10.222.0.87/volume/v3/3bb7ea1230654646a536ae81d135c776/volumes/4cf14361-96aa-4e4b-bf96-20575b0b842e returned with HTTP 200
Aug 24 10:19:09.870589 n-d-852171-5 devstack@c-api.service[114377]: [pid: 114377|app: 0|req: 74/134] 10.222.0.87 () {58 vars in 1325 bytes} [Wed Aug 24 10:19:09 2022] GET /volume/v3/3bb7ea1230654646a536ae81d135c776/volumes/4cf14361-96aa-4e4b-bf96-20575b0b842e => generated 974 bytes in 69 msecs (HTTP/1.1 200) 7 headers in 285 bytes (2 switches on core 0)
Aug 24 10:19:09.959646 n-d-852171-5 devstack@c-api.service[114378]: DEBUG cinder.api.middleware.request_id [None req-8e06571e-2147-4575-bb09-9d6085dacd94 None None] RequestId filter calling following filter/app {{(pid=114378) _context_setter /opt/stack/cinder/cinder/api/middleware/request_id.py:62}}
Aug 24 10:19:09.964953 n-d-852171-5 devstack@c-api.service[114378]: INFO cinder.api.openstack.wsgi [None req-8e06571e-2147-4575-bb09-9d6085dacd94 tempest-LiveMigrationTest-544324072 tempest-LiveMigrationTest-544324072-project] GET http://10.222.0.87/volume/v3/6f3c1d44bb874171a52b6fe48a4e5586/volumes/6693366e-2cac-45de-869c-6334ad376aa0
Aug 24 10:19:09.966071 n-d-852171-5 devstack@c-api.service[114378]: DEBUG cinder.api.openstack.wsgi [None req-8e06571e-2147-4575-bb09-9d6085dacd94 tempest-LiveMigrationTest-544324072 tempest-LiveMigrationTest-544324072-project] Empty body provided in request {{(pid=114378) get_body /opt/stack/cinder/cinder/api/openstack/wsgi.py:715}}
Aug 24 10:19:09.966817 n-d-852171-5 devstack@c-api.service[114378]: DEBUG cinder.api.openstack.wsgi [None req-8e06571e-2147-4575-bb09-9d6085dacd94 tempest-LiveMigrationTest-544324072 tempest-LiveMigrationTest-544324072-project] Calling method 'show' {{(pid=114378) _process_stack /opt/stack/cinder/cinder/api/openstack/wsgi.py:868}}
Aug 24 10:19:09.998304 n-d-852171-5 devstack@c-api.service[114378]: /usr/local/lib/python3.8/dist-packages/oslo_context/context.py:100: DeprecationWarning: Policy enforcement is depending on the value of is_admin. This key is deprecated. Please update your policy file to use the standard policy values.
Aug 24 10:19:09.998304 n-d-852171-5 devstack@c-api.service[114378]: warnings.warn('Policy enforcement is depending on the value of '
Aug 24 10:19:10.009153 n-d-852171-5 devstack@c-api.service[114378]: INFO cinder.volume.api [None req-8e06571e-2147-4575-bb09-9d6085dacd94 tempest-LiveMigrationTest-544324072 tempest-LiveMigrationTest-544324072-project] Volume info retrieved successfully.
Aug 24 10:19:10.037937 n-d-852171-5 devstack@c-api.service[114378]: INFO cinder.api.openstack.wsgi [None req-8e06571e-2147-4575-bb09-9d6085dacd94 tempest-LiveMigrationTest-544324072 tempest-LiveMigrationTest-544324072-project] http://10.222.0.87/volume/v3/6f3c1d44bb874171a52b6fe48a4e5586/volumes/6693366e-2cac-45de-869c-6334ad376aa0 returned with HTTP 200
Aug 24 10:19:10.045922 n-d-852171-5 devstack@c-api.service[114378]: [pid: 114378|app: 0|req: 61/135] 10.222.0.87 () {58 vars in 1325 bytes} [Wed Aug 24 10:19:09 2022] GET /volume/v3/6f3c1d44bb874171a52b6fe48a4e5586/volumes/6693366e-2cac-45de-869c-6334ad376aa0 => generated 914 bytes in 88 msecs (HTTP/1.1 200) 7 headers in 285 bytes (1 switches on core 0)
Aug 24 10:19:10.877649 n-d-852171-5 devstack@c-api.service[114377]: DEBUG cinder.api.middleware.request_id [None req-a6c7a1e2-67a0-4101-9b6f-5620341a5f75 None None] RequestId filter calling following filter/app {{(pid=114377) _context_setter /opt/stack/cinder/cinder/api/middleware/request_id.py:62}}
Aug 24 10:19:10.887617 n-d-852171-5 devstack@c-api.service[114377]: INFO cinder.api.openstack.wsgi [None req-a6c7a1e2-67a0-4101-9b6f-5620341a5f75 tempest-LiveAutoBlockMigrationV225Test-1051550759 tempest-LiveAutoBlockMigrationV225Test-1051550759-project] GET http://10.222.0.87/volume/v3/3bb7ea1230654646a536ae81d135c776/volumes/4cf14361-96aa-4e4b-bf96-20575b0b842e
Aug 24 10:19:10.889456 n-d-852171-5 devstack@c-api.service[114377]: DEBUG cinder.api.openstack.wsgi [None req-a6c7a1e2-67a0-4101-9b6f-5620341a5f75 tempest-LiveAutoBlockMigrationV225Test-1051550759 tempest-LiveAutoBlockMigrationV225Test-1051550759-project] Empty body provided in request {{(pid=114377) get_body /opt/stack/cinder/cinder/api/openstack/wsgi.py:715}}
Aug 24 10:19:10.890236 n-d-852171-5 devstack@c-api.service[114377]: DEBUG cinder.api.openstack.wsgi [None req-a6c7a1e2-67a0-4101-9b6f-5620341a5f75 tempest-LiveAutoBlockMigrationV225Test-1051550759 tempest-LiveAutoBlockMigrationV225Test-1051550759-project] Calling method 'show' {{(pid=114377) _process_stack /opt/stack/cinder/cinder/api/openstack/wsgi.py:868}}
Aug 24 10:19:10.915412 n-d-852171-5 devstack@c-api.service[114377]: /usr/local/lib/python3.8/dist-packages/oslo_context/context.py:100: DeprecationWarning: Policy enforcement is depending on the value of is_admin. This key is deprecated. Please update your policy file to use the standard policy values.
Aug 24 10:19:10.915412 n-d-852171-5 devstack@c-api.service[114377]: warnings.warn('Policy enforcement is depending on the value of '
Aug 24 10:19:10.925054 n-d-852171-5 devstack@c-api.service[114377]: INFO cinder.volume.api [None req-a6c7a1e2-67a0-4101-9b6f-5620341a5f75 tempest-LiveAutoBlockMigrationV225Test-1051550759 tempest-LiveAutoBlockMigrationV225Test-1051550759-project] Volume info retrieved successfully.
