Aug 23 22:20:01.837969 n-d-852171-4 devstack@placement-api.service[107834]: DEBUG placement.handlers.allocation [req-8fb76ab7-90f0-4a13-b48b-50176b87f66f req-529590a7-869e-410f-b473-5745de2fd1d1 service placement] Successfully deleted allocations [, , ] {{(pid=107834) delete_allocations /opt/stack/placement/placement/handlers/allocation.py:627}}
Aug 23 22:20:01.838732 n-d-852171-4 devstack@placement-api.service[107834]: INFO placement.requestlog [req-8fb76ab7-90f0-4a13-b48b-50176b87f66f req-529590a7-869e-410f-b473-5745de2fd1d1 service placement] 10.222.0.26 "DELETE /placement/allocations/9f2493ff-6838-4aec-8135-c0a2ec35ef24" status: 204 len: 0 microversion: 1.0
Aug 23 22:20:01.839909 n-d-852171-4 devstack@placement-api.service[107834]: [pid: 107834|app: 0|req: 352/700] 10.222.0.26 () {60 vars in 1355 bytes} [Tue Aug 23 22:20:01 2022] DELETE /placement/allocations/9f2493ff-6838-4aec-8135-c0a2ec35ef24 => generated 0 bytes in 74 msecs (HTTP/1.1 204) 5 headers in 198 bytes (1 switches on core 0)
Aug 23 22:20:02.417598 n-d-852171-4 devstack@placement-api.service[107833]: DEBUG placement.requestlog [req-b3364f43-7d7e-42a8-a256-b8636811cd76 req-5ba98907-c0aa-4248-9c8e-3082c4b88bd5 None None] Starting request: 10.222.0.26 "DELETE /placement/allocations/fb5e1555-b24d-41e1-a659-e793dd6d837b" {{(pid=107833) __call__ /opt/stack/placement/placement/requestlog.py:55}}
Aug 23 22:20:02.527696 n-d-852171-4 devstack@placement-api.service[107833]: DEBUG placement.handlers.allocation [req-b3364f43-7d7e-42a8-a256-b8636811cd76 req-5ba98907-c0aa-4248-9c8e-3082c4b88bd5 service placement] Successfully deleted allocations [, , ] {{(pid=107833) delete_allocations /opt/stack/placement/placement/handlers/allocation.py:627}}
Aug 23 22:20:02.528143 n-d-852171-4 devstack@placement-api.service[107833]: INFO placement.requestlog [req-b3364f43-7d7e-42a8-a256-b8636811cd76 req-5ba98907-c0aa-4248-9c8e-3082c4b88bd5 service placement] 10.222.0.26 "DELETE /placement/allocations/fb5e1555-b24d-41e1-a659-e793dd6d837b" status: 204 len: 0 microversion: 1.0
Aug 23 22:20:02.528753 n-d-852171-4 devstack@placement-api.service[107833]: [pid: 107833|app: 0|req: 349/701] 10.222.0.26 () {60 vars in 1355 bytes} [Tue Aug 23 22:20:02 2022] DELETE /placement/allocations/fb5e1555-b24d-41e1-a659-e793dd6d837b => generated 0 bytes in 111 msecs (HTTP/1.1 204) 5 headers in 198 bytes (1 switches on core 0)
Aug 23 22:20:04.610129 n-d-852171-4 devstack@placement-api.service[107834]: DEBUG placement.requestlog [None req-33d3dc59-76af-4a0c-95b2-25e17d7f1bde None None] Starting request: 10.222.0.15 "GET /placement/resource_providers/e3390102-3ce1-4fc5-96e5-a9be36eb40c8/aggregates" {{(pid=107834) __call__ /opt/stack/placement/placement/requestlog.py:55}}
Aug 23 22:20:05.037353 n-d-852171-4 devstack@placement-api.service[107834]: INFO placement.requestlog [None req-33d3dc59-76af-4a0c-95b2-25e17d7f1bde service placement] 10.222.0.15 "GET /placement/resource_providers/e3390102-3ce1-4fc5-96e5-a9be36eb40c8/aggregates" status: 404 len: 235 microversion: 1.1
Aug 23 22:20:05.043148 n-d-852171-4 devstack@placement-api.service[107834]: [pid: 107834|app: 0|req: 353/702] 10.222.0.15 () {58 vars in 1362 bytes} [Tue Aug 23 22:20:04 2022] GET /placement/resource_providers/e3390102-3ce1-4fc5-96e5-a9be36eb40c8/aggregates => generated 235 bytes in 433 msecs (HTTP/1.1 404) 5 headers in 202 bytes (1 switches on core 0)
Aug 23 22:20:05.062231 n-d-852171-4 devstack@placement-api.service[107833]: DEBUG placement.requestlog [None req-3f4e4e90-6412-4123-92a5-2b7c2034b313 None None] Starting request: 10.222.0.15 "DELETE /placement/resource_providers/e3390102-3ce1-4fc5-96e5-a9be36eb40c8" {{(pid=107833) __call__ /opt/stack/placement/placement/requestlog.py:55}}
Aug 23 22:20:05.080813 n-d-852171-4 devstack@placement-api.service[107833]: DEBUG dbcounter [-] [107833] Writing DB stats placement:SELECT=61,placement:INSERT=6,placement:DELETE=8,placement:UPDATE=2 {{(pid=107833) stat_writer /usr/local/lib/python3.8/dist-packages/dbcounter.py:114}}
Aug 23 22:20:05.104547 n-d-852171-4 devstack@placement-api.service[107833]: DEBUG placement.wsgi_wrapper [None req-3f4e4e90-6412-4123-92a5-2b7c2034b313 service placement] Placement API returning an error response: No resource provider with uuid e3390102-3ce1-4fc5-96e5-a9be36eb40c8 found for delete {{(pid=107833) call_func /opt/stack/placement/placement/wsgi_wrapper.py:31}}
Aug 23 22:20:05.106157 n-d-852171-4 devstack@placement-api.service[107833]: INFO placement.requestlog [None req-3f4e4e90-6412-4123-92a5-2b7c2034b313 service placement] 10.222.0.15 "DELETE /placement/resource_providers/e3390102-3ce1-4fc5-96e5-a9be36eb40c8" status: 404 len: 246 microversion: 1.1
Aug 23 22:20:05.111525 n-d-852171-4 devstack@placement-api.service[107833]: [pid: 107833|app: 0|req: 350/703] 10.222.0.15 () {60 vars in 1351 bytes} [Tue Aug 23 22:20:05 2022] DELETE /placement/resource_providers/e3390102-3ce1-4fc5-96e5-a9be36eb40c8 => generated 246 bytes in 50 msecs (HTTP/1.1 404) 6 headers in 231 bytes (2 switches on core 0)
Aug 23 22:20:11.081703 n-d-852171-4 devstack@placement-api.service[107834]: DEBUG placement.requestlog [req-e040dac2-bfd5-49db-a749-f2d197b01dfc req-95bc8041-c762-4f30-b6a0-a49ff6792c00 None None] Starting request: 10.222.0.40 "DELETE /placement/allocations/ba952d51-79e8-43f4-8b4a-9a1f5225e91c" {{(pid=107834) __call__ /opt/stack/placement/placement/requestlog.py:55}}
Aug 23 22:20:11.150199 n-d-852171-4 devstack@placement-api.service[107834]: DEBUG placement.handlers.allocation [req-e040dac2-bfd5-49db-a749-f2d197b01dfc req-95bc8041-c762-4f30-b6a0-a49ff6792c00 service placement] Successfully deleted allocations [, , ] {{(pid=107834) delete_allocations /opt/stack/placement/placement/handlers/allocation.py:627}}
Aug 23 22:20:11.150781 n-d-852171-4 devstack@placement-api.service[107834]: INFO placement.requestlog [req-e040dac2-bfd5-49db-a749-f2d197b01dfc req-95bc8041-c762-4f30-b6a0-a49ff6792c00 service placement] 10.222.0.40 "DELETE /placement/allocations/ba952d51-79e8-43f4-8b4a-9a1f5225e91c" status: 204 len: 0 microversion: 1.0
Aug 23 22:20:11.151301 n-d-852171-4 devstack@placement-api.service[107834]: [pid: 107834|app: 0|req: 354/704] 10.222.0.40 () {60 vars in 1355 bytes} [Tue Aug 23 22:20:11 2022] DELETE /placement/allocations/ba952d51-79e8-43f4-8b4a-9a1f5225e91c => generated 0 bytes in 71 msecs (HTTP/1.1 204) 5 headers in 198 bytes (1 switches on core 0)
Aug 23 22:20:15.109323 n-d-852171-4 devstack@placement-api.service[107833]: DEBUG dbcounter [-] [107833] Writing DB stats placement:SELECT=1 {{(pid=107833) stat_writer /usr/local/lib/python3.8/dist-packages/dbcounter.py:114}}
Aug 23 22:20:16.313235 n-d-852171-4 devstack@placement-api.service[107833]: DEBUG placement.requestlog [None req-a045251a-d2ab-46c7-b6ca-f803fbf526bc None None] Starting request: 10.222.0.15 "GET /placement/resource_providers/8d69ced7-87c4-44bd-af67-a82845359ead/aggregates" {{(pid=107833) __call__ /opt/stack/placement/placement/requestlog.py:55}}
Aug 23 22:20:16.348448 n-d-852171-4 devstack@placement-api.service[107833]: INFO placement.requestlog [None req-a045251a-d2ab-46c7-b6ca-f803fbf526bc service placement] 10.222.0.15 "GET /placement/resource_providers/8d69ced7-87c4-44bd-af67-a82845359ead/aggregates" status: 404 len: 235 microversion: 1.1
Aug 23 22:20:16.349294 n-d-852171-4 devstack@placement-api.service[107833]: [pid: 107833|app: 0|req: 351/705] 10.222.0.15 () {58 vars in 1362 bytes} [Tue Aug 23 22:20:16 2022] GET /placement/resource_providers/8d69ced7-87c4-44bd-af67-a82845359ead/aggregates => generated 235 bytes in 37 msecs (HTTP/1.1 404) 5 headers in 202 bytes (1 switches on core 0)
Aug 23 22:20:16.388436 n-d-852171-4 devstack@placement-api.service[107834]: DEBUG placement.requestlog [None req-25608b88-8a05-40ea-95ac-2618e8f8a930 None None] Starting request: 10.222.0.15 "DELETE /placement/resource_providers/8d69ced7-87c4-44bd-af67-a82845359ead" {{(pid=107834) __call__ /opt/stack/placement/placement/requestlog.py:55}}
Aug 23 22:20:16.398285 n-d-852171-4 devstack@placement-api.service[107834]: DEBUG dbcounter [-] [107834] Writing DB stats placement:SELECT=57,placement:INSERT=6,placement:DELETE=8,placement:UPDATE=2 {{(pid=107834) stat_writer /usr/local/lib/python3.8/dist-packages/dbcounter.py:114}}
Aug 23 22:20:16.412727 n-d-852171-4 devstack@placement-api.service[107834]: DEBUG placement.wsgi_wrapper [None req-25608b88-8a05-40ea-95ac-2618e8f8a930 service placement] Placement API returning an error response: No resource provider with uuid 8d69ced7-87c4-44bd-af67-a82845359ead found for delete {{(pid=107834) call_func /opt/stack/placement/placement/wsgi_wrapper.py:31}}
Aug 23 22:20:16.413999 n-d-852171-4 devstack@placement-api.service[107834]: INFO placement.requestlog [None req-25608b88-8a05-40ea-95ac-2618e8f8a930 service placement] 10.222.0.15 "DELETE /placement/resource_providers/8d69ced7-87c4-44bd-af67-a82845359ead" status: 404 len: 246 microversion: 1.1
Aug 23 22:20:16.419443 n-d-852171-4 devstack@placement-api.service[107834]: [pid: 107834|app: 0|req: 355/706] 10.222.0.15 () {60 vars in 1351 bytes} [Tue Aug 23 22:20:16 2022] DELETE /placement/resource_providers/8d69ced7-87c4-44bd-af67-a82845359ead => generated 246 bytes in 29 msecs (HTTP/1.1 404) 6 headers in 231 bytes (1 switches on core 0)
Aug 23 22:20:18.374765 n-d-852171-4 devstack@placement-api.service[107833]: DEBUG placement.requestlog [req-692e6585-f592-452b-bd09-67c484c92c01 req-d69ab48c-e0bd-4bee-8b72-ded90c76ee45 None None] Starting request: 10.222.0.40 "DELETE /placement/allocations/b1e753da-e987-49c6-865d-c9f520b3d95e" {{(pid=107833) __call__ /opt/stack/placement/placement/requestlog.py:55}}
Aug 23 22:20:18.429232 n-d-852171-4 devstack@placement-api.service[107833]: DEBUG placement.handlers.allocation [req-692e6585-f592-452b-bd09-67c484c92c01 req-d69ab48c-e0bd-4bee-8b72-ded90c76ee45 service placement] Successfully deleted allocations [, , ] {{(pid=107833) delete_allocations /opt/stack/placement/placement/handlers/allocation.py:627}}
Aug 23 22:20:18.431491 n-d-852171-4 devstack@placement-api.service[107833]: INFO placement.requestlog [req-692e6585-f592-452b-bd09-67c484c92c01 req-d69ab48c-e0bd-4bee-8b72-ded90c76ee45 service placement] 10.222.0.40 "DELETE /placement/allocations/b1e753da-e987-49c6-865d-c9f520b3d95e" status: 204 len: 0 microversion: 1.0
Aug 23 22:20:18.432728 n-d-852171-4 devstack@placement-api.service[107833]: [pid: 107833|app: 0|req: 352/707] 10.222.0.40 () {60 vars in 1355 bytes} [Tue Aug 23 22:20:18 2022] DELETE /placement/allocations/b1e753da-e987-49c6-865d-c9f520b3d95e => generated 0 bytes in 58 msecs (HTTP/1.1 204) 5 headers in 198 bytes (2 switches on core 0)
Aug 23 22:20:18.443601 n-d-852171-4 devstack@placement-api.service[107834]: DEBUG placement.requestlog [None req-72cc8a01-0239-462e-94c7-f87dea37229b None None] Starting request: 10.222.0.15 "GET /placement/resource_providers/4e437e3a-c7db-421a-869f-48727b53f867/aggregates" {{(pid=107834) __call__ /opt/stack/placement/placement/requestlog.py:55}}
Aug 23 22:20:18.459247 n-d-852171-4 devstack@placement-api.service[107834]: INFO placement.requestlog [None req-72cc8a01-0239-462e-94c7-f87dea37229b service placement] 10.222.0.15 "GET /placement/resource_providers/4e437e3a-c7db-421a-869f-48727b53f867/aggregates" status: 404 len: 235 microversion: 1.1
Aug 23 22:20:18.465199 n-d-852171-4 devstack@placement-api.service[107834]: [pid: 107834|app: 0|req: 356/708] 10.222.0.15 () {58 vars in 1362 bytes} [Tue Aug 23 22:20:18 2022] GET /placement/resource_providers/4e437e3a-c7db-421a-869f-48727b53f867/aggregates => generated 235 bytes in 22 msecs (HTTP/1.1 404) 5 headers in 202 bytes (1 switches on core 0)
Aug 23 22:20:18.471783 n-d-852171-4 devstack@placement-api.service[107833]: DEBUG placement.requestlog [None req-92b9ae7b-094b-4210-be8a-35601fea1cd0 None None] Starting request: 10.222.0.15 "DELETE /placement/resource_providers/4e437e3a-c7db-421a-869f-48727b53f867" {{(pid=107833) __call__ /opt/stack/placement/placement/requestlog.py:55}}
Aug 23 22:20:18.487537 n-d-852171-4 devstack@placement-api.service[107833]: DEBUG placement.wsgi_wrapper [None req-92b9ae7b-094b-4210-be8a-35601fea1cd0 service placement] Placement API returning an error response: No resource provider with uuid 4e437e3a-c7db-421a-869f-48727b53f867 found for delete {{(pid=107833) call_func /opt/stack/placement/placement/wsgi_wrapper.py:31}}
Aug 23 22:20:18.488722 n-d-852171-4 devstack@placement-api.service[107833]: INFO placement.requestlog [None req-92b9ae7b-094b-4210-be8a-35601fea1cd0 service placement] 10.222.0.15 "DELETE /placement/resource_providers/4e437e3a-c7db-421a-869f-48727b53f867" status: 404 len: 246 microversion: 1.1
Aug 23 22:20:18.497177 n-d-852171-4 devstack@placement-api.service[107833]: [pid: 107833|app: 0|req: 353/709] 10.222.0.15 () {60 vars in 1351 bytes} [Tue Aug 23 22:20:18 2022] DELETE /placement/resource_providers/4e437e3a-c7db-421a-869f-48727b53f867 => generated 246 bytes in 24 msecs (HTTP/1.1 404) 6 headers in 231 bytes (1 switches on core 0)
Aug 23 22:20:19.079463 n-d-852171-4 devstack@placement-api.service[107834]: DEBUG placement.requestlog [req-cacfb19a-f5b6-46a6-bdf4-b0fcc7785d42 req-9c172504-d19c-4da8-b720-2b0f6bdc27c7 None None] Starting request: 10.222.0.26 "DELETE /placement/allocations/9fd52322-f3e3-4070-a033-11cb80db8e6b" {{(pid=107834) __call__ /opt/stack/placement/placement/requestlog.py:55}}
Aug 23 22:20:19.177876 n-d-852171-4 devstack@placement-api.service[107834]: DEBUG placement.handlers.allocation [req-cacfb19a-f5b6-46a6-bdf4-b0fcc7785d42 req-9c172504-d19c-4da8-b720-2b0f6bdc27c7 service placement] Successfully deleted allocations [, , ] {{(pid=107834) delete_allocations /opt/stack/placement/placement/handlers/allocation.py:627}}
Aug 23 22:20:19.178688 n-d-852171-4 devstack@placement-api.service[107834]: INFO placement.requestlog [req-cacfb19a-f5b6-46a6-bdf4-b0fcc7785d42 req-9c172504-d19c-4da8-b720-2b0f6bdc27c7 service placement] 10.222.0.26 "DELETE /placement/allocations/9fd52322-f3e3-4070-a033-11cb80db8e6b" status: 204 len: 0 microversion: 1.0
Aug 23 22:20:19.179236 n-d-852171-4 devstack@placement-api.service[107834]: [pid: 107834|app: 0|req: 357/710] 10.222.0.26 () {60 vars in 1355 bytes} [Tue Aug 23 22:20:19 2022] DELETE /placement/allocations/9fd52322-f3e3-4070-a033-11cb80db8e6b => generated 0 bytes in 100 msecs (HTTP/1.1 204) 5 headers in 198 bytes (1 switches on core 0)
Aug 23 22:20:26.981644 n-d-852171-4 devstack@placement-api.service[107833]: DEBUG placement.requestlog [req-53f0efd1-01a6-4c67-8943-53455f3305cf req-ba5d7e4f-dfb8-4cec-a842-673a24f2d17c None None] Starting request: 10.222.0.15 "GET /placement/allocation_candidates?limit=1000&resources=DISK_GB%3A1%2CMEMORY_MB%3A1024%2CVCPU%3A1&root_required=%21COMPUTE_STATUS_DISABLED" {{(pid=107833) __call__ /opt/stack/placement/placement/requestlog.py:55}}
Aug 23 22:20:27.193203 n-d-852171-4 devstack@placement-api.service[107833]: DEBUG placement.objects.research_context [req-53f0efd1-01a6-4c67-8943-53455f3305cf req-ba5d7e4f-dfb8-4cec-a842-673a24f2d17c service placement] getting providers with 1 DISK_GB {{(pid=107833) __init__ /opt/stack/placement/placement/objects/research_context.py:136}}
Aug 23 22:20:27.210195 n-d-852171-4 devstack@placement-api.service[107833]: DEBUG placement.objects.research_context [req-53f0efd1-01a6-4c67-8943-53455f3305cf req-ba5d7e4f-dfb8-4cec-a842-673a24f2d17c service placement] getting providers with 1024 MEMORY_MB {{(pid=107833) __init__ /opt/stack/placement/placement/objects/research_context.py:136}}
Aug 23 22:20:27.219225 n-d-852171-4 devstack@placement-api.service[107833]: DEBUG placement.objects.research_context [req-53f0efd1-01a6-4c67-8943-53455f3305cf req-ba5d7e4f-dfb8-4cec-a842-673a24f2d17c service placement] getting providers with 1 VCPU {{(pid=107833) __init__ /opt/stack/placement/placement/objects/research_context.py:136}}
Aug 23 22:20:27.235101 n-d-852171-4 devstack@placement-api.service[107833]: DEBUG placement.objects.research_context [req-53f0efd1-01a6-4c67-8943-53455f3305cf req-ba5d7e4f-dfb8-4cec-a842-673a24f2d17c service placement] found 2 providers with available 1 DISK_GB {{(pid=107833) get_provider_ids_matching /opt/stack/placement/placement/objects/research_context.py:563}}
Aug 23 22:20:27.235725 n-d-852171-4 devstack@placement-api.service[107833]: DEBUG placement.objects.research_context [req-53f0efd1-01a6-4c67-8943-53455f3305cf req-ba5d7e4f-dfb8-4cec-a842-673a24f2d17c service placement] found 2 providers with available 1024 MEMORY_MB {{(pid=107833) get_provider_ids_matching /opt/stack/placement/placement/objects/research_context.py:563}}
Aug 23 22:20:27.236181 n-d-852171-4 devstack@placement-api.service[107833]: DEBUG placement.objects.research_context [req-53f0efd1-01a6-4c67-8943-53455f3305cf req-ba5d7e4f-dfb8-4cec-a842-673a24f2d17c service placement] found 2 providers after filtering by previous result {{(pid=107833) get_provider_ids_matching /opt/stack/placement/placement/objects/research_context.py:594}}
Aug 23 22:20:27.236619 n-d-852171-4 devstack@placement-api.service[107833]: DEBUG placement.objects.research_context [req-53f0efd1-01a6-4c67-8943-53455f3305cf req-ba5d7e4f-dfb8-4cec-a842-673a24f2d17c service placement] found 2 providers with available 1 VCPU {{(pid=107833) get_provider_ids_matching /opt/stack/placement/placement/objects/research_context.py:563}}
Aug 23 22:20:27.237086 n-d-852171-4 devstack@placement-api.service[107833]: DEBUG placement.objects.research_context [req-53f0efd1-01a6-4c67-8943-53455f3305cf req-ba5d7e4f-dfb8-4cec-a842-673a24f2d17c service placement] found 2 providers after filtering by previous result {{(pid=107833) get_provider_ids_matching /opt/stack/placement/placement/objects/research_context.py:594}}
Aug 23 22:20:27.261958 n-d-852171-4 devstack@placement-api.service[107833]: DEBUG placement.objects.allocation_candidate [req-53f0efd1-01a6-4c67-8943-53455f3305cf req-ba5d7e4f-dfb8-4cec-a842-673a24f2d17c service placement] RequestGroup(use_same_provider=False, resources={DISK_GB:1, MEMORY_MB:1024, VCPU:1}, traits=(), aggregates=[]) (suffix '') returned 2 matches {{(pid=107833) _get_by_requests /opt/stack/placement/placement/objects/allocation_candidate.py:156}}
Aug 23 22:20:27.262616 n-d-852171-4 devstack@placement-api.service[107833]: DEBUG placement.objects.allocation_candidate [req-53f0efd1-01a6-4c67-8943-53455f3305cf req-ba5d7e4f-dfb8-4cec-a842-673a24f2d17c service placement] Merging candidates yields 2 allocation requests and 2 provider summaries {{(pid=107833) _merge_candidates /opt/stack/placement/placement/objects/allocation_candidate.py:809}}
Aug 23 22:20:27.268593 n-d-852171-4 devstack@placement-api.service[107833]: INFO placement.requestlog [req-53f0efd1-01a6-4c67-8943-53455f3305cf req-ba5d7e4f-dfb8-4cec-a842-673a24f2d17c service placement] 10.222.0.15 "GET /placement/allocation_candidates?limit=1000&resources=DISK_GB%3A1%2CMEMORY_MB%3A1024%2CVCPU%3A1&root_required=%21COMPUTE_STATUS_DISABLED" status: 200 len: 1309 microversion: 1.36
Aug 23 22:20:27.269677 n-d-852171-4 devstack@placement-api.service[107833]: [pid: 107833|app: 0|req: 354/711] 10.222.0.15 () {60 vars in 1506 bytes} [Tue Aug 23 22:20:26 2022] GET /placement/allocation_candidates?limit=1000&resources=DISK_GB%3A1%2CMEMORY_MB%3A1024%2CVCPU%3A1&root_required=%21COMPUTE_STATUS_DISABLED => generated 1309 bytes in 289 msecs (HTTP/1.1 200) 8 headers in 297 bytes (1 switches on core 0)
Aug 23 22:20:27.496906 n-d-852171-4 devstack@placement-api.service[107834]: DEBUG placement.requestlog [req-53f0efd1-01a6-4c67-8943-53455f3305cf req-3062e8a9-a9ac-4542-b5dd-c233b0073b57 None None] Starting request: 10.222.0.15 "GET /placement/allocations/b140454a-09c4-4e57-b4c5-0188d6d32fb1" {{(pid=107834) __call__ /opt/stack/placement/placement/requestlog.py:55}}
Aug 23 22:20:27.518251 n-d-852171-4 devstack@placement-api.service[107834]: INFO placement.requestlog [req-53f0efd1-01a6-4c67-8943-53455f3305cf req-3062e8a9-a9ac-4542-b5dd-c233b0073b57 service placement] 10.222.0.15 "GET /placement/allocations/b140454a-09c4-4e57-b4c5-0188d6d32fb1" status: 200 len: 19 microversion: 1.28
Aug 23 22:20:27.520182 n-d-852171-4 devstack@placement-api.service[107834]: [pid: 107834|app: 0|req: 358/712] 10.222.0.15 () {60 vars in 1380 bytes} [Tue Aug 23 22:20:27 2022] GET /placement/allocations/b140454a-09c4-4e57-b4c5-0188d6d32fb1 => generated 19 bytes in 23 msecs (HTTP/1.1 200) 8 headers in 295 bytes (1 switches on core 0)
Aug 23 22:20:27.529651 n-d-852171-4 devstack@placement-api.service[107833]: DEBUG placement.requestlog [req-53f0efd1-01a6-4c67-8943-53455f3305cf req-903a299f-aa90-483d-b947-b1f7981d9f46 None None] Starting request: 10.222.0.15 "PUT /placement/allocations/b140454a-09c4-4e57-b4c5-0188d6d32fb1" {{(pid=107833) __call__ /opt/stack/placement/placement/requestlog.py:55}}
Aug 23 22:20:27.718118 n-d-852171-4 devstack@placement-api.service[107833]: DEBUG placement.handlers.allocation [req-53f0efd1-01a6-4c67-8943-53455f3305cf req-903a299f-aa90-483d-b947-b1f7981d9f46 service placement] Successfully wrote allocations [, , ] {{(pid=107833) _update_consumers_and_create_allocations /opt/stack/placement/placement/handlers/allocation.py:462}}
Aug 23 22:20:27.728440 n-d-852171-4 devstack@placement-api.service[107833]: INFO placement.requestlog [req-53f0efd1-01a6-4c67-8943-53455f3305cf req-903a299f-aa90-483d-b947-b1f7981d9f46 service placement] 10.222.0.15 "PUT /placement/allocations/b140454a-09c4-4e57-b4c5-0188d6d32fb1" status: 204 len: 0 microversion: 1.36
Aug 23 22:20:27.740208 n-d-852171-4 devstack@placement-api.service[107833]: [pid: 107833|app: 0|req: 355/713] 10.222.0.15 () {64 vars in 1433 bytes} [Tue Aug 23 22:20:27 2022] PUT /placement/allocations/b140454a-09c4-4e57-b4c5-0188d6d32fb1 => generated 0 bytes in 200 msecs (HTTP/1.1 204) 5 headers in 199 bytes (1 switches on core 0)
Aug 23 22:20:28.372160 n-d-852171-4 devstack@placement-api.service[107834]: DEBUG placement.requestlog [req-53f0efd1-01a6-4c67-8943-53455f3305cf req-cd275cd7-3bb7-4dd8-99b7-c8e44e898471 None None] Starting request: 10.222.0.40 "GET /placement/allocations/b140454a-09c4-4e57-b4c5-0188d6d32fb1" {{(pid=107834) __call__ /opt/stack/placement/placement/requestlog.py:55}}
Aug 23 22:20:28.408617 n-d-852171-4 devstack@placement-api.service[107834]: INFO placement.requestlog [req-53f0efd1-01a6-4c67-8943-53455f3305cf req-cd275cd7-3bb7-4dd8-99b7-c8e44e898471 service placement] 10.222.0.40 "GET /placement/allocations/b140454a-09c4-4e57-b4c5-0188d6d32fb1" status: 200 len: 259 microversion: 1.28
Aug 23 22:20:28.411794 n-d-852171-4 devstack@placement-api.service[107834]: [pid: 107834|app: 0|req: 359/714] 10.222.0.40 () {60 vars in 1377 bytes} [Tue Aug 23 22:20:28 2022] GET /placement/allocations/b140454a-09c4-4e57-b4c5-0188d6d32fb1 => generated 259 bytes in 41 msecs (HTTP/1.1 200) 8 headers in 296 bytes (1 switches on core 0)
Aug 23 22:20:28.968592 n-d-852171-4 devstack@placement-api.service[107833]: DEBUG placement.requestlog [None req-1c846731-e538-4916-ba29-30ed0e8adfe6 None None] Starting request: 10.222.0.15 "GET /placement/resource_providers/72debfb9-d8f9-4a49-b731-06b16db12a11/aggregates" {{(pid=107833) __call__ /opt/stack/placement/placement/requestlog.py:55}}
Aug 23 22:20:28.990153 n-d-852171-4 devstack@placement-api.service[107833]: INFO placement.requestlog [None req-1c846731-e538-4916-ba29-30ed0e8adfe6 service placement] 10.222.0.15 "GET /placement/resource_providers/72debfb9-d8f9-4a49-b731-06b16db12a11/aggregates" status: 404 len: 235 microversion: 1.1
Aug 23 22:20:29.005749 n-d-852171-4 devstack@placement-api.service[107833]: [pid: 107833|app: 0|req: 356/715] 10.222.0.15 () {58 vars in 1362 bytes} [Tue Aug 23 22:20:28 2022] GET /placement/resource_providers/72debfb9-d8f9-4a49-b731-06b16db12a11/aggregates => generated 235 bytes in 40 msecs (HTTP/1.1 404) 5 headers in 202 bytes (1 switches on core 0)
Aug 23 22:20:29.029359 n-d-852171-4 devstack@placement-api.service[107834]: DEBUG placement.requestlog [None req-f8e605ef-affc-4e16-813c-d0f2385709f5 None None] Starting request: 10.222.0.15 "DELETE /placement/resource_providers/72debfb9-d8f9-4a49-b731-06b16db12a11" {{(pid=107834) __call__ /opt/stack/placement/placement/requestlog.py:55}}
Aug 23 22:20:29.051140 n-d-852171-4 devstack@placement-api.service[107834]: DEBUG placement.wsgi_wrapper [None req-f8e605ef-affc-4e16-813c-d0f2385709f5 service placement] Placement API returning an error response: No resource provider with uuid 72debfb9-d8f9-4a49-b731-06b16db12a11 found for delete {{(pid=107834) call_func /opt/stack/placement/placement/wsgi_wrapper.py:31}}
Aug 23 22:20:29.053278 n-d-852171-4 devstack@placement-api.service[107834]: INFO placement.requestlog [None req-f8e605ef-affc-4e16-813c-d0f2385709f5 service placement] 10.222.0.15 "DELETE /placement/resource_providers/72debfb9-d8f9-4a49-b731-06b16db12a11" status: 404 len: 246 microversion: 1.1
Aug 23 22:20:29.055254 n-d-852171-4 devstack@placement-api.service[107834]: [pid: 107834|app: 0|req: 360/716] 10.222.0.15 () {60 vars in 1351 bytes} [Tue Aug 23 22:20:29 2022] DELETE /placement/resource_providers/72debfb9-d8f9-4a49-b731-06b16db12a11 => generated 246 bytes in 26 msecs (HTTP/1.1 404) 6 headers in 231 bytes (2 switches on core 0)
Aug 23 22:20:31.958725 n-d-852171-4 devstack@placement-api.service[107833]: DEBUG placement.requestlog [req-68b8e903-35e7-4918-bbc7-ed7cbbb7ed28 req-8dfd439b-894d-426f-91ab-24e7265c84ea None None] Starting request: 10.222.0.15 "GET /placement/allocation_candidates?limit=1000&resources=DISK_GB%3A1%2CMEMORY_MB%3A1024%2CVCPU%3A1&root_required=%21COMPUTE_STATUS_DISABLED" {{(pid=107833) __call__ /opt/stack/placement/placement/requestlog.py:55}}
Aug 23 22:20:32.024122 n-d-852171-4 devstack@placement-api.service[107833]: DEBUG placement.objects.research_context [req-68b8e903-35e7-4918-bbc7-ed7cbbb7ed28 req-8dfd439b-894d-426f-91ab-24e7265c84ea service placement] getting providers with 1 DISK_GB {{(pid=107833) __init__ /opt/stack/placement/placement/objects/research_context.py:136}}
Aug 23 22:20:32.032309 n-d-852171-4 devstack@placement-api.service[107833]: DEBUG placement.objects.research_context [req-68b8e903-35e7-4918-bbc7-ed7cbbb7ed28 req-8dfd439b-894d-426f-91ab-24e7265c84ea service placement] getting providers with 1024 MEMORY_MB {{(pid=107833) __init__ /opt/stack/placement/placement/objects/research_context.py:136}}
Aug 23 22:20:32.041302 n-d-852171-4 devstack@placement-api.service[107833]: DEBUG placement.objects.research_context [req-68b8e903-35e7-4918-bbc7-ed7cbbb7ed28 req-8dfd439b-894d-426f-91ab-24e7265c84ea service placement] getting providers with 1 VCPU {{(pid=107833) __init__ /opt/stack/placement/placement/objects/research_context.py:136}}
Aug 23 22:20:32.057163 n-d-852171-4 devstack@placement-api.service[107833]: DEBUG placement.objects.research_context [req-68b8e903-35e7-4918-bbc7-ed7cbbb7ed28 req-8dfd439b-894d-426f-91ab-24e7265c84ea service placement] found 2 providers with available 1 DISK_GB {{(pid=107833) get_provider_ids_matching /opt/stack/placement/placement/objects/research_context.py:563}}
Aug 23 22:20:32.057900 n-d-852171-4 devstack@placement-api.service[107833]: DEBUG placement.objects.research_context [req-68b8e903-35e7-4918-bbc7-ed7cbbb7ed28 req-8dfd439b-894d-426f-91ab-24e7265c84ea service placement] found 2 providers with available 1024 MEMORY_MB {{(pid=107833) get_provider_ids_matching /opt/stack/placement/placement/objects/research_context.py:563}}
Aug 23 22:20:32.058464 n-d-852171-4 devstack@placement-api.service[107833]: DEBUG placement.objects.research_context [req-68b8e903-35e7-4918-bbc7-ed7cbbb7ed28 req-8dfd439b-894d-426f-91ab-24e7265c84ea service placement] found 2 providers after filtering by previous result {{(pid=107833) get_provider_ids_matching /opt/stack/placement/placement/objects/research_context.py:594}}
Aug 23 22:20:32.059231 n-d-852171-4 devstack@placement-api.service[107833]: DEBUG placement.objects.research_context [req-68b8e903-35e7-4918-bbc7-ed7cbbb7ed28 req-8dfd439b-894d-426f-91ab-24e7265c84ea service placement] found 2 providers with available 1 VCPU {{(pid=107833) get_provider_ids_matching /opt/stack/placement/placement/objects/research_context.py:563}}
Aug 23 22:20:32.059976 n-d-852171-4 devstack@placement-api.service[107833]: DEBUG placement.objects.research_context [req-68b8e903-35e7-4918-bbc7-ed7cbbb7ed28 req-8dfd439b-894d-426f-91ab-24e7265c84ea service placement] found 2 providers after filtering by previous result {{(pid=107833) get_provider_ids_matching /opt/stack/placement/placement/objects/research_context.py:594}}
Aug 23 22:20:32.087695 n-d-852171-4 devstack@placement-api.service[107833]: DEBUG placement.objects.allocation_candidate [req-68b8e903-35e7-4918-bbc7-ed7cbbb7ed28 req-8dfd439b-894d-426f-91ab-24e7265c84ea service placement] RequestGroup(use_same_provider=False, resources={DISK_GB:1, MEMORY_MB:1024, VCPU:1}, traits=(), aggregates=[]) (suffix '') returned 2 matches {{(pid=107833) _get_by_requests /opt/stack/placement/placement/objects/allocation_candidate.py:156}}
Aug 23 22:20:32.088394 n-d-852171-4 devstack@placement-api.service[107833]: DEBUG placement.objects.allocation_candidate [req-68b8e903-35e7-4918-bbc7-ed7cbbb7ed28 req-8dfd439b-894d-426f-91ab-24e7265c84ea service placement] Merging candidates yields 2 allocation requests and 2 provider summaries {{(pid=107833) _merge_candidates /opt/stack/placement/placement/objects/allocation_candidate.py:809}}
Aug 23 22:20:32.092191 n-d-852171-4 devstack@placement-api.service[107833]: INFO placement.requestlog [req-68b8e903-35e7-4918-bbc7-ed7cbbb7ed28 req-8dfd439b-894d-426f-91ab-24e7265c84ea service placement] 10.222.0.15 "GET /placement/allocation_candidates?limit=1000&resources=DISK_GB%3A1%2CMEMORY_MB%3A1024%2CVCPU%3A1&root_required=%21COMPUTE_STATUS_DISABLED" status: 200 len: 1309 microversion: 1.36
Aug 23 22:20:32.093200 n-d-852171-4 devstack@placement-api.service[107833]: [pid: 107833|app: 0|req: 357/717] 10.222.0.15 () {60 vars in 1506 bytes} [Tue Aug 23 22:20:31 2022] GET /placement/allocation_candidates?limit=1000&resources=DISK_GB%3A1%2CMEMORY_MB%3A1024%2CVCPU%3A1&root_required=%21COMPUTE_STATUS_DISABLED => generated 1309 bytes in 135 msecs (HTTP/1.1 200) 8 headers in 297 bytes (1 switches on core 0)
Aug 23 22:20:32.257029 n-d-852171-4 devstack@placement-api.service[107834]: DEBUG placement.requestlog [req-68b8e903-35e7-4918-bbc7-ed7cbbb7ed28 req-6c215e44-eca8-4bcc-8bcf-26e67abd8786 None None] Starting request: 10.222.0.15 "GET /placement/allocations/3a1364f7-8ab2-4fb3-896b-4b1d9d9b0ef0" {{(pid=107834) __call__ /opt/stack/placement/placement/requestlog.py:55}}
Aug 23 22:20:32.276273 n-d-852171-4 devstack@placement-api.service[107834]: INFO placement.requestlog [req-68b8e903-35e7-4918-bbc7-ed7cbbb7ed28 req-6c215e44-eca8-4bcc-8bcf-26e67abd8786 service placement] 10.222.0.15 "GET /placement/allocations/3a1364f7-8ab2-4fb3-896b-4b1d9d9b0ef0" status: 200 len: 19 microversion: 1.28
Aug 23 22:20:32.286738 n-d-852171-4 devstack@placement-api.service[107833]: DEBUG placement.requestlog [req-68b8e903-35e7-4918-bbc7-ed7cbbb7ed28 req-8f02bd54-fb0b-4e85-ad7a-57626963397b None None] Starting request: 10.222.0.15 "PUT /placement/allocations/3a1364f7-8ab2-4fb3-896b-4b1d9d9b0ef0" {{(pid=107833) __call__ /opt/stack/placement/placement/requestlog.py:55}}
Aug 23 22:20:32.295588 n-d-852171-4 devstack@placement-api.service[107834]: [pid: 107834|app: 0|req: 361/718] 10.222.0.15 () {60 vars in 1380 bytes} [Tue Aug 23 22:20:32 2022] GET /placement/allocations/3a1364f7-8ab2-4fb3-896b-4b1d9d9b0ef0 => generated 19 bytes in 39 msecs (HTTP/1.1 200) 8 headers in 295 bytes (1 switches on core 0)
Aug 23 22:20:32.320420 n-d-852171-4 devstack@placement-api.service[107834]: DEBUG placement.requestlog [None req-9873d87b-b446-4945-b9eb-b44a3b818a47 None None] Starting request: 10.222.0.15 "GET /placement/resource_providers/8dfa86d3-af81-4246-8810-5f4d9e7d7e64/aggregates" {{(pid=107834) __call__ /opt/stack/placement/placement/requestlog.py:55}}
Aug 23 22:20:32.453171 n-d-852171-4 devstack@placement-api.service[107833]: DEBUG placement.handlers.allocation [req-68b8e903-35e7-4918-bbc7-ed7cbbb7ed28 req-8f02bd54-fb0b-4e85-ad7a-57626963397b service placement] Successfully wrote allocations [, , ] {{(pid=107833) _update_consumers_and_create_allocations /opt/stack/placement/placement/handlers/allocation.py:462}}
Aug 23 22:20:32.459809 n-d-852171-4 devstack@placement-api.service[107833]: INFO placement.requestlog [req-68b8e903-35e7-4918-bbc7-ed7cbbb7ed28 req-8f02bd54-fb0b-4e85-ad7a-57626963397b service placement] 10.222.0.15 "PUT /placement/allocations/3a1364f7-8ab2-4fb3-896b-4b1d9d9b0ef0" status: 204 len: 0 microversion: 1.36
Aug 23 22:20:32.460460 n-d-852171-4 devstack@placement-api.service[107833]: [pid: 107833|app: 0|req: 358/719] 10.222.0.15 () {64 vars in 1433 bytes} [Tue Aug 23 22:20:32 2022] PUT /placement/allocations/3a1364f7-8ab2-4fb3-896b-4b1d9d9b0ef0 => generated 0 bytes in 174 msecs (HTTP/1.1 204) 5 headers in 199 bytes (2 switches on core 0)
Aug 23 22:20:32.864449 n-d-852171-4 devstack@placement-api.service[107834]: INFO placement.requestlog [None req-9873d87b-b446-4945-b9eb-b44a3b818a47 service placement] 10.222.0.15 "GET /placement/resource_providers/8dfa86d3-af81-4246-8810-5f4d9e7d7e64/aggregates" status: 404 len: 235 microversion: 1.1
Aug 23 22:20:32.868679 n-d-852171-4 devstack@placement-api.service[107834]: [pid: 107834|app: 0|req: 362/720] 10.222.0.15 () {58 vars in 1362 bytes} [Tue Aug 23 22:20:32 2022] GET /placement/resource_providers/8dfa86d3-af81-4246-8810-5f4d9e7d7e64/aggregates => generated 235 bytes in 549 msecs (HTTP/1.1 404) 5 headers in 202 bytes (2 switches on core 0)
Aug 23 22:20:33.041549 n-d-852171-4 devstack@placement-api.service[107833]: DEBUG placement.requestlog [req-68b8e903-35e7-4918-bbc7-ed7cbbb7ed28 req-c7b6352a-32fb-420c-a835-9f6bf36459b6 None None] Starting request: 10.222.0.26 "GET /placement/allocations/3a1364f7-8ab2-4fb3-896b-4b1d9d9b0ef0" {{(pid=107833) __call__ /opt/stack/placement/placement/requestlog.py:55}}
Aug 23 22:20:33.081216 n-d-852171-4 devstack@placement-api.service[107833]: INFO placement.requestlog [req-68b8e903-35e7-4918-bbc7-ed7cbbb7ed28 req-c7b6352a-32fb-420c-a835-9f6bf36459b6 service placement] 10.222.0.26 "GET /placement/allocations/3a1364f7-8ab2-4fb3-896b-4b1d9d9b0ef0" status: 200 len: 259 microversion: 1.28
Aug 23 22:20:33.082118 n-d-852171-4 devstack@placement-api.service[107833]: [pid: 107833|app: 0|req: 359/721] 10.222.0.26 () {60 vars in 1377 bytes} [Tue Aug 23 22:20:33 2022] GET /placement/allocations/3a1364f7-8ab2-4fb3-896b-4b1d9d9b0ef0 => generated 259 bytes in 41 msecs (HTTP/1.1 200) 8 headers in 296 bytes (1 switches on core 0)
Aug 23 22:20:33.083482 n-d-852171-4 devstack@placement-api.service[107834]: DEBUG placement.requestlog [None req-f465050b-2572-46d1-9416-594fbd60bcbe None None] Starting request: 10.222.0.15 "DELETE /placement/resource_providers/8dfa86d3-af81-4246-8810-5f4d9e7d7e64" {{(pid=107834) __call__ /opt/stack/placement/placement/requestlog.py:55}}
Aug 23 22:20:33.101942 n-d-852171-4 devstack@placement-api.service[107834]: DEBUG placement.wsgi_wrapper [None req-f465050b-2572-46d1-9416-594fbd60bcbe service placement] Placement API returning an error response: No resource provider with uuid 8dfa86d3-af81-4246-8810-5f4d9e7d7e64 found for delete {{(pid=107834) call_func /opt/stack/placement/placement/wsgi_wrapper.py:31}}
Aug 23 22:20:33.105613 n-d-852171-4 devstack@placement-api.service[107834]: INFO placement.requestlog [None req-f465050b-2572-46d1-9416-594fbd60bcbe service placement] 10.222.0.15 "DELETE /placement/resource_providers/8dfa86d3-af81-4246-8810-5f4d9e7d7e64" status: 404 len: 246 microversion: 1.1
Aug 23 22:20:33.107703 n-d-852171-4 devstack@placement-api.service[107834]: [pid: 107834|app: 0|req: 363/722] 10.222.0.15 () {60 vars in 1351 bytes} [Tue Aug 23 22:20:33 2022] DELETE /placement/resource_providers/8dfa86d3-af81-4246-8810-5f4d9e7d7e64 => generated 246 bytes in 24 msecs (HTTP/1.1 404) 6 headers in 231 bytes (1 switches on core 0)
Aug 23 22:20:36.381061 n-d-852171-4 devstack@placement-api.service[107833]: DEBUG placement.requestlog [req-15955c1e-92f2-41d1-96bc-9829819d0a8d req-78dbe423-cdc6-41ba-8906-4b4f5556aafd None None] Starting request: 10.222.0.15 "GET /placement/allocation_candidates?limit=1000&resources=DISK_GB%3A1%2CMEMORY_MB%3A512%2CVCPU%3A1&root_required=%21COMPUTE_STATUS_DISABLED" {{(pid=107833) __call__ /opt/stack/placement/placement/requestlog.py:55}}
Aug 23 22:20:36.490277 n-d-852171-4 devstack@placement-api.service[107833]: DEBUG placement.objects.research_context [req-15955c1e-92f2-41d1-96bc-9829819d0a8d req-78dbe423-cdc6-41ba-8906-4b4f5556aafd service placement] getting providers with 1 DISK_GB {{(pid=107833) __init__ /opt/stack/placement/placement/objects/research_context.py:136}}
Aug 23 22:20:36.512117 n-d-852171-4 devstack@placement-api.service[107833]: DEBUG placement.objects.research_context [req-15955c1e-92f2-41d1-96bc-9829819d0a8d req-78dbe423-cdc6-41ba-8906-4b4f5556aafd service placement] getting providers with 512 MEMORY_MB {{(pid=107833) __init__ /opt/stack/placement/placement/objects/research_context.py:136}}
Aug 23 22:20:36.521416 n-d-852171-4 devstack@placement-api.service[107833]: DEBUG placement.objects.research_context [req-15955c1e-92f2-41d1-96bc-9829819d0a8d req-78dbe423-cdc6-41ba-8906-4b4f5556aafd service placement] getting providers with 1 VCPU {{(pid=107833) __init__ /opt/stack/placement/placement/objects/research_context.py:136}}
Aug 23 22:20:36.539715 n-d-852171-4 devstack@placement-api.service[107833]: DEBUG placement.objects.research_context [req-15955c1e-92f2-41d1-96bc-9829819d0a8d req-78dbe423-cdc6-41ba-8906-4b4f5556aafd service placement] found 2 providers with available 1 DISK_GB {{(pid=107833) get_provider_ids_matching /opt/stack/placement/placement/objects/research_context.py:563}}
Aug 23 22:20:36.539998 n-d-852171-4 devstack@placement-api.service[107833]: DEBUG placement.objects.research_context [req-15955c1e-92f2-41d1-96bc-9829819d0a8d req-78dbe423-cdc6-41ba-8906-4b4f5556aafd service placement] found 2 providers with available 512 MEMORY_MB {{(pid=107833) get_provider_ids_matching /opt/stack/placement/placement/objects/research_context.py:563}}
Aug 23 22:20:36.540282 n-d-852171-4 devstack@placement-api.service[107833]: DEBUG placement.objects.research_context [req-15955c1e-92f2-41d1-96bc-9829819d0a8d req-78dbe423-cdc6-41ba-8906-4b4f5556aafd service placement] found 2 providers after filtering by previous result {{(pid=107833) get_provider_ids_matching /opt/stack/placement/placement/objects/research_context.py:594}}
Aug 23 22:20:36.540551 n-d-852171-4 devstack@placement-api.service[107833]: DEBUG placement.objects.research_context [req-15955c1e-92f2-41d1-96bc-9829819d0a8d req-78dbe423-cdc6-41ba-8906-4b4f5556aafd service placement] found 2 providers with available 1 VCPU {{(pid=107833) get_provider_ids_matching /opt/stack/placement/placement/objects/research_context.py:563}}
Aug 23 22:20:36.540984 n-d-852171-4 devstack@placement-api.service[107833]: DEBUG placement.objects.research_context [req-15955c1e-92f2-41d1-96bc-9829819d0a8d req-78dbe423-cdc6-41ba-8906-4b4f5556aafd service placement] found 2 providers after filtering by previous result {{(pid=107833) get_provider_ids_matching /opt/stack/placement/placement/objects/research_context.py:594}}
Aug 23 22:20:36.557616 n-d-852171-4 devstack@placement-api.service[107833]: DEBUG dbcounter [-] [107833] Writing DB stats placement:SELECT=80,placement:DELETE=6,placement:INSERT=10,placement:UPDATE=4 {{(pid=107833) stat_writer /usr/local/lib/python3.8/dist-packages/dbcounter.py:114}}
Aug 23 22:20:36.568692 n-d-852171-4 devstack@placement-api.service[107833]: DEBUG placement.objects.allocation_candidate [req-15955c1e-92f2-41d1-96bc-9829819d0a8d req-78dbe423-cdc6-41ba-8906-4b4f5556aafd service placement] RequestGroup(use_same_provider=False, resources={DISK_GB:1, MEMORY_MB:512, VCPU:1}, traits=(), aggregates=[]) (suffix '') returned 2 matches {{(pid=107833) _get_by_requests /opt/stack/placement/placement/objects/allocation_candidate.py:156}}
Aug 23 22:20:36.569156 n-d-852171-4 devstack@placement-api.service[107833]: DEBUG placement.objects.allocation_candidate [req-15955c1e-92f2-41d1-96bc-9829819d0a8d req-78dbe423-cdc6-41ba-8906-4b4f5556aafd service placement] Merging candidates yields 2 allocation requests and 2 provider summaries {{(pid=107833) _merge_candidates /opt/stack/placement/placement/objects/allocation_candidate.py:809}}
Aug 23 22:20:36.576151 n-d-852171-4 devstack@placement-api.service[107833]: INFO placement.requestlog [req-15955c1e-92f2-41d1-96bc-9829819d0a8d req-78dbe423-cdc6-41ba-8906-4b4f5556aafd service placement] 10.222.0.15 "GET /placement/allocation_candidates?limit=1000&resources=DISK_GB%3A1%2CMEMORY_MB%3A512%2CVCPU%3A1&root_required=%21COMPUTE_STATUS_DISABLED" status: 200 len: 1307 microversion: 1.36
Aug 23 22:20:36.576617 n-d-852171-4 devstack@placement-api.service[107833]: [pid: 107833|app: 0|req: 360/723] 10.222.0.15 () {60 vars in 1504 bytes} [Tue Aug 23 22:20:36 2022] GET /placement/allocation_candidates?limit=1000&resources=DISK_GB%3A1%2CMEMORY_MB%3A512%2CVCPU%3A1&root_required=%21COMPUTE_STATUS_DISABLED => generated 1307 bytes in 196 msecs (HTTP/1.1 200) 8 headers in 297 bytes (1 switches on core 0)
Aug 23 22:20:36.684491 n-d-852171-4 devstack@placement-api.service[107834]: DEBUG placement.requestlog [req-15955c1e-92f2-41d1-96bc-9829819d0a8d req-a0e775d1-4e46-4eff-bf9c-48ecef958054 None None] Starting request: 10.222.0.15 "GET /placement/allocations/36543345-e950-445f-a728-af5e54644c9e" {{(pid=107834) __call__ /opt/stack/placement/placement/requestlog.py:55}}
Aug 23 22:20:36.698709 n-d-852171-4 devstack@placement-api.service[107834]: INFO placement.requestlog [req-15955c1e-92f2-41d1-96bc-9829819d0a8d req-a0e775d1-4e46-4eff-bf9c-48ecef958054 service placement] 10.222.0.15 "GET /placement/allocations/36543345-e950-445f-a728-af5e54644c9e" status: 200 len: 19 microversion: 1.28
Aug 23 22:20:36.699497 n-d-852171-4 devstack@placement-api.service[107834]: [pid: 107834|app: 0|req: 364/724] 10.222.0.15 () {60 vars in 1380 bytes} [Tue Aug 23 22:20:36 2022] GET /placement/allocations/36543345-e950-445f-a728-af5e54644c9e => generated 19 bytes in 15 msecs (HTTP/1.1 200) 8 headers in 295 bytes (1 switches on core 0)
Aug 23 22:20:36.707550 n-d-852171-4 devstack@placement-api.service[107833]: DEBUG placement.requestlog [req-15955c1e-92f2-41d1-96bc-9829819d0a8d req-7dca4a89-d3ad-42e5-b709-8012166907c1 None None] Starting request: 10.222.0.15 "PUT /placement/allocations/36543345-e950-445f-a728-af5e54644c9e" {{(pid=107833) __call__ /opt/stack/placement/placement/requestlog.py:55}}
Aug 23 22:20:36.837638 n-d-852171-4 devstack@placement-api.service[107833]: DEBUG placement.handlers.allocation [req-15955c1e-92f2-41d1-96bc-9829819d0a8d req-7dca4a89-d3ad-42e5-b709-8012166907c1 service placement] Successfully wrote allocations [, , ] {{(pid=107833) _update_consumers_and_create_allocations /opt/stack/placement/placement/handlers/allocation.py:462}}
Aug 23 22:20:36.845390 n-d-852171-4 devstack@placement-api.service[107833]: INFO placement.requestlog [req-15955c1e-92f2-41d1-96bc-9829819d0a8d req-7dca4a89-d3ad-42e5-b709-8012166907c1 service placement] 10.222.0.15 "PUT /placement/allocations/36543345-e950-445f-a728-af5e54644c9e" status: 204 len: 0 microversion: 1.36
Aug 23 22:20:36.847427 n-d-852171-4 devstack@placement-api.service[107833]: [pid: 107833|app: 0|req: 361/725] 10.222.0.15 () {64 vars in 1433 bytes} [Tue Aug 23 22:20:36 2022] PUT /placement/allocations/36543345-e950-445f-a728-af5e54644c9e => generated 0 bytes in 140 msecs (HTTP/1.1 204) 5 headers in 199 bytes (1 switches on core 0)
Aug 23 22:20:37.822895 n-d-852171-4 devstack@placement-api.service[107834]: DEBUG placement.requestlog [req-c8699812-bfd1-4887-80bd-9af9d280416a req-7b671599-8cbc-4c05-90ac-c8a5fa09c1b1 None None] Starting request: 10.222.0.15 "GET /placement/allocation_candidates?limit=1000&resources=DISK_GB%3A1%2CMEMORY_MB%3A1024%2CVCPU%3A1&root_required=%21COMPUTE_STATUS_DISABLED" {{(pid=107834) __call__ /opt/stack/placement/placement/requestlog.py:55}}
Aug 23 22:20:37.832404 n-d-852171-4 devstack@placement-api.service[107833]: DEBUG placement.requestlog [req-92b0654a-52b9-4e9d-82f2-fd7d88288de0 req-15e08657-f661-4863-9d80-a16c5df7139f None None] Starting request: 10.222.0.26 "DELETE /placement/allocations/8a18649a-10d5-47c7-8364-69168911e831" {{(pid=107833) __call__ /opt/stack/placement/placement/requestlog.py:55}}
Aug 23 22:20:37.930319 n-d-852171-4 devstack@placement-api.service[107833]: DEBUG placement.handlers.allocation [req-92b0654a-52b9-4e9d-82f2-fd7d88288de0 req-15e08657-f661-4863-9d80-a16c5df7139f service placement] Successfully deleted allocations [, , ] {{(pid=107833) delete_allocations /opt/stack/placement/placement/handlers/allocation.py:627}}
Aug 23 22:20:37.931359 n-d-852171-4 devstack@placement-api.service[107833]: INFO placement.requestlog [req-92b0654a-52b9-4e9d-82f2-fd7d88288de0 req-15e08657-f661-4863-9d80-a16c5df7139f service placement] 10.222.0.26 "DELETE /placement/allocations/8a18649a-10d5-47c7-8364-69168911e831" status: 204 len: 0 microversion: 1.0
Aug 23 22:20:37.937038 n-d-852171-4 devstack@placement-api.service[107833]: [pid: 107833|app: 0|req: 362/726] 10.222.0.26 () {60 vars in 1355 bytes} [Tue Aug 23 22:20:37 2022] DELETE /placement/allocations/8a18649a-10d5-47c7-8364-69168911e831 => generated 0 bytes in 103 msecs (HTTP/1.1 204) 5 headers in 198 bytes (1 switches on core 0)
Aug 23 22:20:37.941262 n-d-852171-4 devstack@placement-api.service[107833]: DEBUG placement.requestlog [req-15955c1e-92f2-41d1-96bc-9829819d0a8d req-40beaea2-a840-4edc-ab7a-f17375070389 None None] Starting request: 10.222.0.40 "GET /placement/allocations/36543345-e950-445f-a728-af5e54644c9e" {{(pid=107833) __call__ /opt/stack/placement/placement/requestlog.py:55}}
Aug 23 22:20:37.969832 n-d-852171-4 devstack@placement-api.service[107834]: DEBUG placement.objects.research_context [req-c8699812-bfd1-4887-80bd-9af9d280416a req-7b671599-8cbc-4c05-90ac-c8a5fa09c1b1 service placement] getting providers with 1 DISK_GB {{(pid=107834) __init__ /opt/stack/placement/placement/objects/research_context.py:136}}
Aug 23 22:20:37.995483 n-d-852171-4 devstack@placement-api.service[107834]: DEBUG placement.objects.research_context [req-c8699812-bfd1-4887-80bd-9af9d280416a req-7b671599-8cbc-4c05-90ac-c8a5fa09c1b1 service placement] getting providers with 1024 MEMORY_MB {{(pid=107834) __init__ /opt/stack/placement/placement/objects/research_context.py:136}}
Aug 23 22:20:38.023930 n-d-852171-4 devstack@placement-api.service[107834]: DEBUG placement.objects.research_context [req-c8699812-bfd1-4887-80bd-9af9d280416a req-7b671599-8cbc-4c05-90ac-c8a5fa09c1b1 service placement] getting providers with 1 VCPU {{(pid=107834) __init__ /opt/stack/placement/placement/objects/research_context.py:136}}
Aug 23 22:20:38.042444 n-d-852171-4 devstack@placement-api.service[107834]: DEBUG placement.objects.research_context [req-c8699812-bfd1-4887-80bd-9af9d280416a req-7b671599-8cbc-4c05-90ac-c8a5fa09c1b1 service placement] found 2 providers with available 1 DISK_GB {{(pid=107834) get_provider_ids_matching /opt/stack/placement/placement/objects/research_context.py:563}}
Aug 23 22:20:38.043775 n-d-852171-4 devstack@placement-api.service[107834]: DEBUG placement.objects.research_context [req-c8699812-bfd1-4887-80bd-9af9d280416a req-7b671599-8cbc-4c05-90ac-c8a5fa09c1b1 service placement] found 2 providers with available 1024 MEMORY_MB {{(pid=107834) get_provider_ids_matching /opt/stack/placement/placement/objects/research_context.py:563}}
Aug 23 22:20:38.044186 n-d-852171-4 devstack@placement-api.service[107834]: DEBUG placement.objects.research_context [req-c8699812-bfd1-4887-80bd-9af9d280416a req-7b671599-8cbc-4c05-90ac-c8a5fa09c1b1 service placement] found 2 providers after filtering by previous result {{(pid=107834) get_provider_ids_matching /opt/stack/placement/placement/objects/research_context.py:594}}
Aug 23 22:20:38.045688 n-d-852171-4 devstack@placement-api.service[107834]: DEBUG placement.objects.research_context [req-c8699812-bfd1-4887-80bd-9af9d280416a req-7b671599-8cbc-4c05-90ac-c8a5fa09c1b1 service placement] found 2 providers with available 1 VCPU {{(pid=107834) get_provider_ids_matching /opt/stack/placement/placement/objects/research_context.py:563}}
Aug 23 22:20:38.046408 n-d-852171-4 devstack@placement-api.service[107834]: DEBUG placement.objects.research_context [req-c8699812-bfd1-4887-80bd-9af9d280416a req-7b671599-8cbc-4c05-90ac-c8a5fa09c1b1 service placement] found 2 providers after filtering by previous result {{(pid=107834) get_provider_ids_matching /opt/stack/placement/placement/objects/research_context.py:594}}
Aug 23 22:20:38.060577 n-d-852171-4 devstack@placement-api.service[107833]: INFO placement.requestlog [req-15955c1e-92f2-41d1-96bc-9829819d0a8d req-40beaea2-a840-4edc-ab7a-f17375070389 service placement] 10.222.0.40 "GET /placement/allocations/36543345-e950-445f-a728-af5e54644c9e" status: 200 len: 258 microversion: 1.28
Aug 23 22:20:38.067680 n-d-852171-4 devstack@placement-api.service[107833]: [pid: 107833|app: 0|req: 363/727] 10.222.0.40 () {60 vars in 1377 bytes} [Tue Aug 23 22:20:37 2022] GET /placement/allocations/36543345-e950-445f-a728-af5e54644c9e => generated 258 bytes in 129 msecs (HTTP/1.1 200) 8 headers in 296 bytes (1 switches on core 0)
Aug 23 22:20:38.072453 n-d-852171-4 devstack@placement-api.service[107834]: DEBUG placement.objects.allocation_candidate [req-c8699812-bfd1-4887-80bd-9af9d280416a req-7b671599-8cbc-4c05-90ac-c8a5fa09c1b1 service placement] RequestGroup(use_same_provider=False, resources={DISK_GB:1, MEMORY_MB:1024, VCPU:1}, traits=(), aggregates=[]) (suffix '') returned 2 matches {{(pid=107834) _get_by_requests /opt/stack/placement/placement/objects/allocation_candidate.py:156}}
