Aug 23 22:07:30.616498 n-d-852171-4 devstack@placement-api.service[107833]: DEBUG placement.requestlog [req-e97e5b39-604f-4094-80f2-6ea4212ff75f req-2a822694-7c69-45e3-94fb-59a166b24eed None None] Starting request: 10.222.0.15 "PUT /placement/allocations/253f001a-0709-4bee-8833-5e075623114e" {{(pid=107833) __call__ /opt/stack/placement/placement/requestlog.py:55}}
Aug 23 22:07:30.749677 n-d-852171-4 devstack@placement-api.service[107833]: DEBUG placement.handlers.allocation [req-e97e5b39-604f-4094-80f2-6ea4212ff75f req-2a822694-7c69-45e3-94fb-59a166b24eed service placement] Successfully wrote allocations [, , ] {{(pid=107833) _update_consumers_and_create_allocations /opt/stack/placement/placement/handlers/allocation.py:462}}
Aug 23 22:07:30.760887 n-d-852171-4 devstack@placement-api.service[107833]: INFO placement.requestlog [req-e97e5b39-604f-4094-80f2-6ea4212ff75f req-2a822694-7c69-45e3-94fb-59a166b24eed service placement] 10.222.0.15 "PUT /placement/allocations/253f001a-0709-4bee-8833-5e075623114e" status: 204 len: 0 microversion: 1.36
Aug 23 22:07:30.762251 n-d-852171-4 devstack@placement-api.service[107833]: [pid: 107833|app: 0|req: 121/242] 10.222.0.15 () {64 vars in 1433 bytes} [Tue Aug 23 22:07:30 2022] PUT /placement/allocations/253f001a-0709-4bee-8833-5e075623114e => generated 0 bytes in 146 msecs (HTTP/1.1 204) 5 headers in 199 bytes (1 switches on core 0)
Aug 23 22:07:31.431901 n-d-852171-4 devstack@placement-api.service[107834]: DEBUG placement.requestlog [req-e97e5b39-604f-4094-80f2-6ea4212ff75f req-3ac7307c-125d-4eb0-aaa2-55ed9e26a01f None None] Starting request: 10.222.0.40 "GET /placement/allocations/253f001a-0709-4bee-8833-5e075623114e" {{(pid=107834) __call__ /opt/stack/placement/placement/requestlog.py:55}}
Aug 23 22:07:31.454699 n-d-852171-4 devstack@placement-api.service[107834]: INFO placement.requestlog [req-e97e5b39-604f-4094-80f2-6ea4212ff75f req-3ac7307c-125d-4eb0-aaa2-55ed9e26a01f service placement] 10.222.0.40 "GET /placement/allocations/253f001a-0709-4bee-8833-5e075623114e" status: 200 len: 259 microversion: 1.28
Aug 23 22:07:31.456228 n-d-852171-4 devstack@placement-api.service[107834]: [pid: 107834|app: 0|req: 122/243] 10.222.0.40 () {60 vars in 1377 bytes} [Tue Aug 23 22:07:31 2022] GET /placement/allocations/253f001a-0709-4bee-8833-5e075623114e => generated 259 bytes in 25 msecs (HTTP/1.1 200) 8 headers in 296 bytes (1 switches on core 0)
Aug 23 22:07:31.635369 n-d-852171-4 devstack@placement-api.service[107833]: DEBUG placement.requestlog [req-5b166e83-588a-4dad-ac7e-1cc04808c710 req-29ad35d4-66f2-47ea-ae94-a94f12146b74 None None] Starting request: 10.222.0.15 "GET /placement/allocation_candidates?limit=1000&resources=DISK_GB%3A1%2CMEMORY_MB%3A1024%2CVCPU%3A1&root_required=%21COMPUTE_STATUS_DISABLED" {{(pid=107833) __call__ /opt/stack/placement/placement/requestlog.py:55}}
Aug 23 22:07:31.670242 n-d-852171-4 devstack@placement-api.service[107834]: DEBUG placement.requestlog [req-1d98c66b-9206-45e6-8ac7-758861d1113f req-ec7497ea-7eda-4559-a6af-20ab2ecfe88c None None] Starting request: 10.222.0.15 "GET /placement/allocations/87fdabb5-2552-4367-9fe8-d78c701ee956" {{(pid=107834) __call__ /opt/stack/placement/placement/requestlog.py:55}}
Aug 23 22:07:31.734075 n-d-852171-4 devstack@placement-api.service[107833]: DEBUG placement.objects.research_context [req-5b166e83-588a-4dad-ac7e-1cc04808c710 req-29ad35d4-66f2-47ea-ae94-a94f12146b74 service placement] getting providers with 1 DISK_GB {{(pid=107833) __init__ /opt/stack/placement/placement/objects/research_context.py:136}}
Aug 23 22:07:31.740146 n-d-852171-4 devstack@placement-api.service[107834]: INFO placement.requestlog [req-1d98c66b-9206-45e6-8ac7-758861d1113f req-ec7497ea-7eda-4559-a6af-20ab2ecfe88c service placement] 10.222.0.15 "GET /placement/allocations/87fdabb5-2552-4367-9fe8-d78c701ee956" status: 200 len: 259 microversion: 1.28
Aug 23 22:07:31.741048 n-d-852171-4 devstack@placement-api.service[107834]: [pid: 107834|app: 0|req: 123/244] 10.222.0.15 () {60 vars in 1380 bytes} [Tue Aug 23 22:07:31 2022] GET /placement/allocations/87fdabb5-2552-4367-9fe8-d78c701ee956 => generated 259 bytes in 71 msecs (HTTP/1.1 200) 8 headers in 296 bytes (2 switches on core 0)
Aug 23 22:07:31.751852 n-d-852171-4 devstack@placement-api.service[107834]: DEBUG placement.requestlog [req-1d98c66b-9206-45e6-8ac7-758861d1113f req-c29b3daf-d53c-4c7d-a28c-0067e428b903 None None] Starting request: 10.222.0.15 "GET /placement/allocations/87fdabb5-2552-4367-9fe8-d78c701ee956" {{(pid=107834) __call__ /opt/stack/placement/placement/requestlog.py:55}}
Aug 23 22:07:31.773379 n-d-852171-4 devstack@placement-api.service[107833]: DEBUG placement.objects.research_context [req-5b166e83-588a-4dad-ac7e-1cc04808c710 req-29ad35d4-66f2-47ea-ae94-a94f12146b74 service placement] getting providers with 1024 MEMORY_MB {{(pid=107833) __init__ /opt/stack/placement/placement/objects/research_context.py:136}}
Aug 23 22:07:31.790506 n-d-852171-4 devstack@placement-api.service[107833]: DEBUG placement.objects.research_context [req-5b166e83-588a-4dad-ac7e-1cc04808c710 req-29ad35d4-66f2-47ea-ae94-a94f12146b74 service placement] getting providers with 1 VCPU {{(pid=107833) __init__ /opt/stack/placement/placement/objects/research_context.py:136}}
Aug 23 22:07:31.796022 n-d-852171-4 devstack@placement-api.service[107834]: INFO placement.requestlog [req-1d98c66b-9206-45e6-8ac7-758861d1113f req-c29b3daf-d53c-4c7d-a28c-0067e428b903 service placement] 10.222.0.15 "GET /placement/allocations/87fdabb5-2552-4367-9fe8-d78c701ee956" status: 200 len: 259 microversion: 1.28
Aug 23 22:07:31.797487 n-d-852171-4 devstack@placement-api.service[107834]: [pid: 107834|app: 0|req: 124/245] 10.222.0.15 () {60 vars in 1380 bytes} [Tue Aug 23 22:07:31 2022] GET /placement/allocations/87fdabb5-2552-4367-9fe8-d78c701ee956 => generated 259 bytes in 46 msecs (HTTP/1.1 200) 8 headers in 296 bytes (1 switches on core 0)
Aug 23 22:07:31.808012 n-d-852171-4 devstack@placement-api.service[107834]: DEBUG placement.requestlog [req-1d98c66b-9206-45e6-8ac7-758861d1113f req-0cff35af-231b-4094-a3fd-4d43f96afb69 None None] Starting request: 10.222.0.15 "GET /placement/allocations/03c4d5ca-1107-4623-bb41-558ad1f4fd8a" {{(pid=107834) __call__ /opt/stack/placement/placement/requestlog.py:55}}
Aug 23 22:07:31.809246 n-d-852171-4 devstack@placement-api.service[107833]: DEBUG placement.objects.research_context [req-5b166e83-588a-4dad-ac7e-1cc04808c710 req-29ad35d4-66f2-47ea-ae94-a94f12146b74 service placement] found 2 providers with available 1 DISK_GB {{(pid=107833) get_provider_ids_matching /opt/stack/placement/placement/objects/research_context.py:563}}
Aug 23 22:07:31.810027 n-d-852171-4 devstack@placement-api.service[107833]: DEBUG placement.objects.research_context [req-5b166e83-588a-4dad-ac7e-1cc04808c710 req-29ad35d4-66f2-47ea-ae94-a94f12146b74 service placement] found 2 providers with available 1024 MEMORY_MB {{(pid=107833) get_provider_ids_matching /opt/stack/placement/placement/objects/research_context.py:563}}
Aug 23 22:07:31.810856 n-d-852171-4 devstack@placement-api.service[107833]: DEBUG placement.objects.research_context [req-5b166e83-588a-4dad-ac7e-1cc04808c710 req-29ad35d4-66f2-47ea-ae94-a94f12146b74 service placement] found 2 providers after filtering by previous result {{(pid=107833) get_provider_ids_matching /opt/stack/placement/placement/objects/research_context.py:594}}
Aug 23 22:07:31.811784 n-d-852171-4 devstack@placement-api.service[107833]: DEBUG placement.objects.research_context [req-5b166e83-588a-4dad-ac7e-1cc04808c710 req-29ad35d4-66f2-47ea-ae94-a94f12146b74 service placement] found 2 providers with available 1 VCPU {{(pid=107833) get_provider_ids_matching /opt/stack/placement/placement/objects/research_context.py:563}}
Aug 23 22:07:31.812585 n-d-852171-4 devstack@placement-api.service[107833]: DEBUG placement.objects.research_context [req-5b166e83-588a-4dad-ac7e-1cc04808c710 req-29ad35d4-66f2-47ea-ae94-a94f12146b74 service placement] found 2 providers after filtering by previous result {{(pid=107833) get_provider_ids_matching /opt/stack/placement/placement/objects/research_context.py:594}}
Aug 23 22:07:31.839615 n-d-852171-4 devstack@placement-api.service[107834]: INFO placement.requestlog [req-1d98c66b-9206-45e6-8ac7-758861d1113f req-0cff35af-231b-4094-a3fd-4d43f96afb69 service placement] 10.222.0.15 "GET /placement/allocations/03c4d5ca-1107-4623-bb41-558ad1f4fd8a" status: 200 len: 19 microversion: 1.28
Aug 23 22:07:31.840228 n-d-852171-4 devstack@placement-api.service[107834]: [pid: 107834|app: 0|req: 125/246] 10.222.0.15 () {60 vars in 1380 bytes} [Tue Aug 23 22:07:31 2022] GET /placement/allocations/03c4d5ca-1107-4623-bb41-558ad1f4fd8a => generated 19 bytes in 33 msecs (HTTP/1.1 200) 8 headers in 295 bytes (2 switches on core 0)
Aug 23 22:07:31.850533 n-d-852171-4 devstack@placement-api.service[107834]: DEBUG placement.requestlog [req-1d98c66b-9206-45e6-8ac7-758861d1113f req-5da30ee4-9754-48a6-9a78-8417aa57b46e None None] Starting request: 10.222.0.15 "POST /placement/allocations" {{(pid=107834) __call__ /opt/stack/placement/placement/requestlog.py:55}}
Aug 23 22:07:31.875554 n-d-852171-4 devstack@placement-api.service[107833]: DEBUG placement.objects.allocation_candidate [req-5b166e83-588a-4dad-ac7e-1cc04808c710 req-29ad35d4-66f2-47ea-ae94-a94f12146b74 service placement] RequestGroup(use_same_provider=False, resources={DISK_GB:1, MEMORY_MB:1024, VCPU:1}, traits=(), aggregates=[]) (suffix '') returned 2 matches {{(pid=107833) _get_by_requests /opt/stack/placement/placement/objects/allocation_candidate.py:156}}
Aug 23 22:07:31.877106 n-d-852171-4 devstack@placement-api.service[107833]: DEBUG placement.objects.allocation_candidate [req-5b166e83-588a-4dad-ac7e-1cc04808c710 req-29ad35d4-66f2-47ea-ae94-a94f12146b74 service placement] Merging candidates yields 2 allocation requests and 2 provider summaries {{(pid=107833) _merge_candidates /opt/stack/placement/placement/objects/allocation_candidate.py:809}}
Aug 23 22:07:31.890147 n-d-852171-4 devstack@placement-api.service[107833]: INFO placement.requestlog [req-5b166e83-588a-4dad-ac7e-1cc04808c710 req-29ad35d4-66f2-47ea-ae94-a94f12146b74 service placement] 10.222.0.15 "GET /placement/allocation_candidates?limit=1000&resources=DISK_GB%3A1%2CMEMORY_MB%3A1024%2CVCPU%3A1&root_required=%21COMPUTE_STATUS_DISABLED" status: 200 len: 1309 microversion: 1.36
Aug 23 22:07:31.891459 n-d-852171-4 devstack@placement-api.service[107833]: [pid: 107833|app: 0|req: 122/247] 10.222.0.15 () {60 vars in 1506 bytes} [Tue Aug 23 22:07:31 2022] GET /placement/allocation_candidates?limit=1000&resources=DISK_GB%3A1%2CMEMORY_MB%3A1024%2CVCPU%3A1&root_required=%21COMPUTE_STATUS_DISABLED => generated 1309 bytes in 257 msecs (HTTP/1.1 200) 8 headers in 297 bytes (2 switches on core 0)
Aug 23 22:07:31.950296 n-d-852171-4 devstack@placement-api.service[107834]: DEBUG dbcounter [-] [107834] Writing DB stats placement:SELECT=90,placement:INSERT=6,placement:DELETE=2,placement:UPDATE=2 {{(pid=107834) stat_writer /usr/local/lib/python3.8/dist-packages/dbcounter.py:114}}
Aug 23 22:07:32.111798 n-d-852171-4 devstack@placement-api.service[107834]: DEBUG placement.handlers.allocation [req-1d98c66b-9206-45e6-8ac7-758861d1113f req-5da30ee4-9754-48a6-9a78-8417aa57b46e service placement] Successfully wrote allocations [, , , , , ] {{(pid=107834) _update_consumers_and_create_allocations /opt/stack/placement/placement/handlers/allocation.py:572}}
Aug 23 22:07:32.112142 n-d-852171-4 devstack@placement-api.service[107833]: DEBUG placement.requestlog [req-5b166e83-588a-4dad-ac7e-1cc04808c710 req-b97ef2f9-cf35-4e7e-af57-d827631532f8 None None] Starting request: 10.222.0.15 "GET /placement/allocations/67c5595e-4dee-402d-9be4-4e8f912a667b" {{(pid=107833) __call__ /opt/stack/placement/placement/requestlog.py:55}}
Aug 23 22:07:32.118891 n-d-852171-4 devstack@placement-api.service[107834]: INFO placement.requestlog [req-1d98c66b-9206-45e6-8ac7-758861d1113f req-5da30ee4-9754-48a6-9a78-8417aa57b46e service placement] 10.222.0.15 "POST /placement/allocations" status: 204 len: 0 microversion: 1.28
Aug 23 22:07:32.119405 n-d-852171-4 devstack@placement-api.service[107834]: [pid: 107834|app: 0|req: 126/248] 10.222.0.15 () {64 vars in 1323 bytes} [Tue Aug 23 22:07:31 2022] POST /placement/allocations => generated 0 bytes in 270 msecs (HTTP/1.1 204) 5 headers in 199 bytes (1 switches on core 0)
Aug 23 22:07:32.176973 n-d-852171-4 devstack@placement-api.service[107833]: INFO placement.requestlog [req-5b166e83-588a-4dad-ac7e-1cc04808c710 req-b97ef2f9-cf35-4e7e-af57-d827631532f8 service placement] 10.222.0.15 "GET /placement/allocations/67c5595e-4dee-402d-9be4-4e8f912a667b" status: 200 len: 19 microversion: 1.28
Aug 23 22:07:32.181077 n-d-852171-4 devstack@placement-api.service[107833]: [pid: 107833|app: 0|req: 123/249] 10.222.0.15 () {60 vars in 1380 bytes} [Tue Aug 23 22:07:32 2022] GET /placement/allocations/67c5595e-4dee-402d-9be4-4e8f912a667b => generated 19 bytes in 69 msecs (HTTP/1.1 200) 8 headers in 295 bytes (1 switches on core 0)
Aug 23 22:07:32.192282 n-d-852171-4 devstack@placement-api.service[107834]: DEBUG placement.requestlog [req-5b166e83-588a-4dad-ac7e-1cc04808c710 req-e8edf2d3-0853-4b1e-b347-3076198e4102 None None] Starting request: 10.222.0.15 "PUT /placement/allocations/67c5595e-4dee-402d-9be4-4e8f912a667b" {{(pid=107834) __call__ /opt/stack/placement/placement/requestlog.py:55}}
Aug 23 22:07:32.386243 n-d-852171-4 devstack@placement-api.service[107834]: DEBUG placement.handlers.allocation [req-5b166e83-588a-4dad-ac7e-1cc04808c710 req-e8edf2d3-0853-4b1e-b347-3076198e4102 service placement] Successfully wrote allocations [, , ] {{(pid=107834) _update_consumers_and_create_allocations /opt/stack/placement/placement/handlers/allocation.py:462}}
Aug 23 22:07:32.404381 n-d-852171-4 devstack@placement-api.service[107834]: INFO placement.requestlog [req-5b166e83-588a-4dad-ac7e-1cc04808c710 req-e8edf2d3-0853-4b1e-b347-3076198e4102 service placement] 10.222.0.15 "PUT /placement/allocations/67c5595e-4dee-402d-9be4-4e8f912a667b" status: 204 len: 0 microversion: 1.36
Aug 23 22:07:32.409065 n-d-852171-4 devstack@placement-api.service[107834]: [pid: 107834|app: 0|req: 127/250] 10.222.0.15 () {64 vars in 1433 bytes} [Tue Aug 23 22:07:32 2022] PUT /placement/allocations/67c5595e-4dee-402d-9be4-4e8f912a667b => generated 0 bytes in 221 msecs (HTTP/1.1 204) 5 headers in 199 bytes (1 switches on core 0)
Aug 23 22:07:32.789900 n-d-852171-4 devstack@placement-api.service[107833]: DEBUG placement.requestlog [req-1d98c66b-9206-45e6-8ac7-758861d1113f req-5da4f9ca-a9a5-4511-b0b1-f23459b3ee97 None None] Starting request: 10.222.0.15 "GET /placement/allocation_candidates?limit=1000&resources=DISK_GB%3A1%2CMEMORY_MB%3A512%2CVCPU%3A1&root_required=%21COMPUTE_STATUS_DISABLED" {{(pid=107833) __call__ /opt/stack/placement/placement/requestlog.py:55}}
Aug 23 22:07:33.036924 n-d-852171-4 devstack@placement-api.service[107833]: DEBUG placement.objects.research_context [req-1d98c66b-9206-45e6-8ac7-758861d1113f req-5da4f9ca-a9a5-4511-b0b1-f23459b3ee97 service placement] getting providers with 1 DISK_GB {{(pid=107833) __init__ /opt/stack/placement/placement/objects/research_context.py:136}}
Aug 23 22:07:33.058130 n-d-852171-4 devstack@placement-api.service[107833]: DEBUG placement.objects.research_context [req-1d98c66b-9206-45e6-8ac7-758861d1113f req-5da4f9ca-a9a5-4511-b0b1-f23459b3ee97 service placement] getting providers with 512 MEMORY_MB {{(pid=107833) __init__ /opt/stack/placement/placement/objects/research_context.py:136}}
Aug 23 22:07:33.088073 n-d-852171-4 devstack@placement-api.service[107833]: DEBUG placement.objects.research_context [req-1d98c66b-9206-45e6-8ac7-758861d1113f req-5da4f9ca-a9a5-4511-b0b1-f23459b3ee97 service placement] getting providers with 1 VCPU {{(pid=107833) __init__ /opt/stack/placement/placement/objects/research_context.py:136}}
Aug 23 22:07:33.126881 n-d-852171-4 devstack@placement-api.service[107833]: DEBUG placement.objects.research_context [req-1d98c66b-9206-45e6-8ac7-758861d1113f req-5da4f9ca-a9a5-4511-b0b1-f23459b3ee97 service placement] found 2 providers with available 1 DISK_GB {{(pid=107833) get_provider_ids_matching /opt/stack/placement/placement/objects/research_context.py:563}}
Aug 23 22:07:33.128241 n-d-852171-4 devstack@placement-api.service[107833]: DEBUG placement.objects.research_context [req-1d98c66b-9206-45e6-8ac7-758861d1113f req-5da4f9ca-a9a5-4511-b0b1-f23459b3ee97 service placement] found 2 providers with available 512 MEMORY_MB {{(pid=107833) get_provider_ids_matching /opt/stack/placement/placement/objects/research_context.py:563}}
Aug 23 22:07:33.129183 n-d-852171-4 devstack@placement-api.service[107833]: DEBUG placement.objects.research_context [req-1d98c66b-9206-45e6-8ac7-758861d1113f req-5da4f9ca-a9a5-4511-b0b1-f23459b3ee97 service placement] found 2 providers after filtering by previous result {{(pid=107833) get_provider_ids_matching /opt/stack/placement/placement/objects/research_context.py:594}}
Aug 23 22:07:33.130110 n-d-852171-4 devstack@placement-api.service[107833]: DEBUG placement.objects.research_context [req-1d98c66b-9206-45e6-8ac7-758861d1113f req-5da4f9ca-a9a5-4511-b0b1-f23459b3ee97 service placement] found 2 providers with available 1 VCPU {{(pid=107833) get_provider_ids_matching /opt/stack/placement/placement/objects/research_context.py:563}}
Aug 23 22:07:33.130876 n-d-852171-4 devstack@placement-api.service[107833]: DEBUG placement.objects.research_context [req-1d98c66b-9206-45e6-8ac7-758861d1113f req-5da4f9ca-a9a5-4511-b0b1-f23459b3ee97 service placement] found 2 providers after filtering by previous result {{(pid=107833) get_provider_ids_matching /opt/stack/placement/placement/objects/research_context.py:594}}
Aug 23 22:07:33.184813 n-d-852171-4 devstack@placement-api.service[107833]: DEBUG placement.objects.allocation_candidate [req-1d98c66b-9206-45e6-8ac7-758861d1113f req-5da4f9ca-a9a5-4511-b0b1-f23459b3ee97 service placement] RequestGroup(use_same_provider=False, resources={DISK_GB:1, MEMORY_MB:512, VCPU:1}, traits=(), aggregates=[]) (suffix '') returned 2 matches {{(pid=107833) _get_by_requests /opt/stack/placement/placement/objects/allocation_candidate.py:156}}
Aug 23 22:07:33.193155 n-d-852171-4 devstack@placement-api.service[107833]: DEBUG placement.objects.allocation_candidate [req-1d98c66b-9206-45e6-8ac7-758861d1113f req-5da4f9ca-a9a5-4511-b0b1-f23459b3ee97 service placement] Merging candidates yields 2 allocation requests and 2 provider summaries {{(pid=107833) _merge_candidates /opt/stack/placement/placement/objects/allocation_candidate.py:809}}
Aug 23 22:07:33.196851 n-d-852171-4 devstack@placement-api.service[107833]: INFO placement.requestlog [req-1d98c66b-9206-45e6-8ac7-758861d1113f req-5da4f9ca-a9a5-4511-b0b1-f23459b3ee97 service placement] 10.222.0.15 "GET /placement/allocation_candidates?limit=1000&resources=DISK_GB%3A1%2CMEMORY_MB%3A512%2CVCPU%3A1&root_required=%21COMPUTE_STATUS_DISABLED" status: 200 len: 1307 microversion: 1.36
Aug 23 22:07:33.198445 n-d-852171-4 devstack@placement-api.service[107833]: [pid: 107833|app: 0|req: 124/251] 10.222.0.15 () {60 vars in 1504 bytes} [Tue Aug 23 22:07:32 2022] GET /placement/allocation_candidates?limit=1000&resources=DISK_GB%3A1%2CMEMORY_MB%3A512%2CVCPU%3A1&root_required=%21COMPUTE_STATUS_DISABLED => generated 1307 bytes in 409 msecs (HTTP/1.1 200) 8 headers in 297 bytes (1 switches on core 0)
Aug 23 22:07:33.224763 n-d-852171-4 devstack@placement-api.service[107834]: DEBUG placement.requestlog [req-5b166e83-588a-4dad-ac7e-1cc04808c710 req-e4a1459b-c9fb-41df-bff7-4c9f6b19a771 None None] Starting request: 10.222.0.26 "GET /placement/allocations/67c5595e-4dee-402d-9be4-4e8f912a667b" {{(pid=107834) __call__ /opt/stack/placement/placement/requestlog.py:55}}
Aug 23 22:07:33.259750 n-d-852171-4 devstack@placement-api.service[107834]: INFO placement.requestlog [req-5b166e83-588a-4dad-ac7e-1cc04808c710 req-e4a1459b-c9fb-41df-bff7-4c9f6b19a771 service placement] 10.222.0.26 "GET /placement/allocations/67c5595e-4dee-402d-9be4-4e8f912a667b" status: 200 len: 259 microversion: 1.28
Aug 23 22:07:33.262172 n-d-852171-4 devstack@placement-api.service[107834]: [pid: 107834|app: 0|req: 128/252] 10.222.0.26 () {60 vars in 1377 bytes} [Tue Aug 23 22:07:33 2022] GET /placement/allocations/67c5595e-4dee-402d-9be4-4e8f912a667b => generated 259 bytes in 38 msecs (HTTP/1.1 200) 8 headers in 296 bytes (1 switches on core 0)
Aug 23 22:07:33.382718 n-d-852171-4 devstack@placement-api.service[107833]: DEBUG placement.requestlog [req-1d98c66b-9206-45e6-8ac7-758861d1113f req-78eed66a-ba2d-408a-a71a-2125ebc051e2 None None] Starting request: 10.222.0.15 "GET /placement/allocations/87fdabb5-2552-4367-9fe8-d78c701ee956" {{(pid=107833) __call__ /opt/stack/placement/placement/requestlog.py:55}}
Aug 23 22:07:33.397025 n-d-852171-4 devstack@placement-api.service[107833]: INFO placement.requestlog [req-1d98c66b-9206-45e6-8ac7-758861d1113f req-78eed66a-ba2d-408a-a71a-2125ebc051e2 service placement] 10.222.0.15 "GET /placement/allocations/87fdabb5-2552-4367-9fe8-d78c701ee956" status: 200 len: 19 microversion: 1.28
Aug 23 22:07:33.398180 n-d-852171-4 devstack@placement-api.service[107833]: [pid: 107833|app: 0|req: 125/253] 10.222.0.15 () {60 vars in 1380 bytes} [Tue Aug 23 22:07:33 2022] GET /placement/allocations/87fdabb5-2552-4367-9fe8-d78c701ee956 => generated 19 bytes in 16 msecs (HTTP/1.1 200) 8 headers in 295 bytes (1 switches on core 0)
Aug 23 22:07:33.406744 n-d-852171-4 devstack@placement-api.service[107834]: DEBUG placement.requestlog [req-1d98c66b-9206-45e6-8ac7-758861d1113f req-0bf2acf3-f6dc-4bd7-93bf-4739983593a9 None None] Starting request: 10.222.0.15 "PUT /placement/allocations/87fdabb5-2552-4367-9fe8-d78c701ee956" {{(pid=107834) __call__ /opt/stack/placement/placement/requestlog.py:55}}
Aug 23 22:07:33.628107 n-d-852171-4 devstack@placement-api.service[107834]: DEBUG placement.handlers.allocation [req-1d98c66b-9206-45e6-8ac7-758861d1113f req-0bf2acf3-f6dc-4bd7-93bf-4739983593a9 service placement] Successfully wrote allocations [, , ] {{(pid=107834) _update_consumers_and_create_allocations /opt/stack/placement/placement/handlers/allocation.py:462}}
Aug 23 22:07:33.635660 n-d-852171-4 devstack@placement-api.service[107834]: INFO placement.requestlog [req-1d98c66b-9206-45e6-8ac7-758861d1113f req-0bf2acf3-f6dc-4bd7-93bf-4739983593a9 service placement] 10.222.0.15 "PUT /placement/allocations/87fdabb5-2552-4367-9fe8-d78c701ee956" status: 204 len: 0 microversion: 1.36
Aug 23 22:07:33.636331 n-d-852171-4 devstack@placement-api.service[107834]: [pid: 107834|app: 0|req: 129/254] 10.222.0.15 () {64 vars in 1433 bytes} [Tue Aug 23 22:07:33 2022] PUT /placement/allocations/87fdabb5-2552-4367-9fe8-d78c701ee956 => generated 0 bytes in 230 msecs (HTTP/1.1 204) 5 headers in 199 bytes (2 switches on core 0)
Aug 23 22:07:33.976677 n-d-852171-4 devstack@placement-api.service[107833]: DEBUG placement.requestlog [req-1d98c66b-9206-45e6-8ac7-758861d1113f req-0b450f26-cea6-4b45-aff3-740283896b71 None None] Starting request: 10.222.0.26 "GET /placement/allocations/87fdabb5-2552-4367-9fe8-d78c701ee956" {{(pid=107833) __call__ /opt/stack/placement/placement/requestlog.py:55}}
Aug 23 22:07:33.987755 n-d-852171-4 devstack@placement-api.service[107833]: DEBUG dbcounter [-] [107833] Writing DB stats placement:SELECT=82,placement:INSERT=10,placement:DELETE=4,placement:UPDATE=4 {{(pid=107833) stat_writer /usr/local/lib/python3.8/dist-packages/dbcounter.py:114}}
Aug 23 22:07:34.007377 n-d-852171-4 devstack@placement-api.service[107833]: INFO placement.requestlog [req-1d98c66b-9206-45e6-8ac7-758861d1113f req-0b450f26-cea6-4b45-aff3-740283896b71 service placement] 10.222.0.26 "GET /placement/allocations/87fdabb5-2552-4367-9fe8-d78c701ee956" status: 200 len: 258 microversion: 1.28
Aug 23 22:07:34.007899 n-d-852171-4 devstack@placement-api.service[107833]: [pid: 107833|app: 0|req: 126/255] 10.222.0.26 () {60 vars in 1377 bytes} [Tue Aug 23 22:07:33 2022] GET /placement/allocations/87fdabb5-2552-4367-9fe8-d78c701ee956 => generated 258 bytes in 32 msecs (HTTP/1.1 200) 8 headers in 296 bytes (2 switches on core 0)
Aug 23 22:07:36.455448 n-d-852171-4 devstack@placement-api.service[107834]: DEBUG placement.requestlog [req-f51ff0a0-0661-493b-96c0-a077c5efbcc1 req-c5f87659-fe2d-4bf0-9514-2109d4653383 None None] Starting request: 10.222.0.26 "GET /placement/resource_providers/e23702ac-720c-4c6d-b731-f3791a501a2e/allocations" {{(pid=107834) __call__ /opt/stack/placement/placement/requestlog.py:55}}
Aug 23 22:07:36.489430 n-d-852171-4 devstack@placement-api.service[107834]: INFO placement.requestlog [req-f51ff0a0-0661-493b-96c0-a077c5efbcc1 req-c5f87659-fe2d-4bf0-9514-2109d4653383 service placement] 10.222.0.26 "GET /placement/resource_providers/e23702ac-720c-4c6d-b731-f3791a501a2e/allocations" status: 200 len: 961 microversion: 1.0
Aug 23 22:07:36.489731 n-d-852171-4 devstack@placement-api.service[107834]: [pid: 107834|app: 0|req: 130/256] 10.222.0.26 () {58 vars in 1390 bytes} [Tue Aug 23 22:07:36 2022] GET /placement/resource_providers/e23702ac-720c-4c6d-b731-f3791a501a2e/allocations => generated 961 bytes in 35 msecs (HTTP/1.1 200) 6 headers in 224 bytes (1 switches on core 0)
Aug 23 22:07:44.005122 n-d-852171-4 devstack@placement-api.service[107833]: DEBUG dbcounter [-] [107833] Writing DB stats placement:SELECT=2 {{(pid=107833) stat_writer /usr/local/lib/python3.8/dist-packages/dbcounter.py:114}}
Aug 23 22:07:46.482453 n-d-852171-4 devstack@placement-api.service[107834]: DEBUG dbcounter [-] [107834] Writing DB stats placement:INSERT=12,placement:SELECT=45,placement:DELETE=7,placement:UPDATE=7 {{(pid=107834) stat_writer /usr/local/lib/python3.8/dist-packages/dbcounter.py:114}}
Aug 23 22:07:48.946485 n-d-852171-4 devstack@placement-api.service[107833]: DEBUG placement.requestlog [req-c1ebe780-3c0d-40dd-b7a9-1f5df1061db6 req-138946cf-0c36-4129-bacb-1db553699cf9 None None] Starting request: 10.222.0.40 "GET /placement/resource_providers/2415b0ce-ed2c-4728-a5b9-a1c32a36aa77/allocations" {{(pid=107833) __call__ /opt/stack/placement/placement/requestlog.py:55}}
Aug 23 22:07:48.994720 n-d-852171-4 devstack@placement-api.service[107833]: INFO placement.requestlog [req-c1ebe780-3c0d-40dd-b7a9-1f5df1061db6 req-138946cf-0c36-4129-bacb-1db553699cf9 service placement] 10.222.0.40 "GET /placement/resource_providers/2415b0ce-ed2c-4728-a5b9-a1c32a36aa77/allocations" status: 200 len: 759 microversion: 1.0
Aug 23 22:07:48.995792 n-d-852171-4 devstack@placement-api.service[107833]: [pid: 107833|app: 0|req: 127/257] 10.222.0.40 () {58 vars in 1390 bytes} [Tue Aug 23 22:07:48 2022] GET /placement/resource_providers/2415b0ce-ed2c-4728-a5b9-a1c32a36aa77/allocations => generated 759 bytes in 51 msecs (HTTP/1.1 200) 6 headers in 224 bytes (1 switches on core 0)
Aug 23 22:07:55.688777 n-d-852171-4 devstack@placement-api.service[107834]: DEBUG placement.requestlog [req-72915335-907a-4f2f-a7ea-e9556214f792 req-2da3b305-9178-40e4-87d3-14881a5f9825 None None] Starting request: 10.222.0.15 "GET /placement/allocation_candidates?limit=1000&resources=DISK_GB%3A1%2CMEMORY_MB%3A1024%2CVCPU%3A1&root_required=%21COMPUTE_STATUS_DISABLED" {{(pid=107834) __call__ /opt/stack/placement/placement/requestlog.py:55}}
Aug 23 22:07:55.731483 n-d-852171-4 devstack@placement-api.service[107834]: DEBUG placement.objects.research_context [req-72915335-907a-4f2f-a7ea-e9556214f792 req-2da3b305-9178-40e4-87d3-14881a5f9825 service placement] getting providers with 1 DISK_GB {{(pid=107834) __init__ /opt/stack/placement/placement/objects/research_context.py:136}}
Aug 23 22:07:55.738077 n-d-852171-4 devstack@placement-api.service[107834]: DEBUG placement.objects.research_context [req-72915335-907a-4f2f-a7ea-e9556214f792 req-2da3b305-9178-40e4-87d3-14881a5f9825 service placement] getting providers with 1024 MEMORY_MB {{(pid=107834) __init__ /opt/stack/placement/placement/objects/research_context.py:136}}
Aug 23 22:07:55.744383 n-d-852171-4 devstack@placement-api.service[107834]: DEBUG placement.objects.research_context [req-72915335-907a-4f2f-a7ea-e9556214f792 req-2da3b305-9178-40e4-87d3-14881a5f9825 service placement] getting providers with 1 VCPU {{(pid=107834) __init__ /opt/stack/placement/placement/objects/research_context.py:136}}
Aug 23 22:07:55.752813 n-d-852171-4 devstack@placement-api.service[107834]: DEBUG placement.objects.research_context [req-72915335-907a-4f2f-a7ea-e9556214f792 req-2da3b305-9178-40e4-87d3-14881a5f9825 service placement] found 2 providers with available 1 DISK_GB {{(pid=107834) get_provider_ids_matching /opt/stack/placement/placement/objects/research_context.py:563}}
Aug 23 22:07:55.753251 n-d-852171-4 devstack@placement-api.service[107834]: DEBUG placement.objects.research_context [req-72915335-907a-4f2f-a7ea-e9556214f792 req-2da3b305-9178-40e4-87d3-14881a5f9825 service placement] found 2 providers with available 1024 MEMORY_MB {{(pid=107834) get_provider_ids_matching /opt/stack/placement/placement/objects/research_context.py:563}}
Aug 23 22:07:55.753738 n-d-852171-4 devstack@placement-api.service[107834]: DEBUG placement.objects.research_context [req-72915335-907a-4f2f-a7ea-e9556214f792 req-2da3b305-9178-40e4-87d3-14881a5f9825 service placement] found 2 providers after filtering by previous result {{(pid=107834) get_provider_ids_matching /opt/stack/placement/placement/objects/research_context.py:594}}
Aug 23 22:07:55.754138 n-d-852171-4 devstack@placement-api.service[107834]: DEBUG placement.objects.research_context [req-72915335-907a-4f2f-a7ea-e9556214f792 req-2da3b305-9178-40e4-87d3-14881a5f9825 service placement] found 2 providers with available 1 VCPU {{(pid=107834) get_provider_ids_matching /opt/stack/placement/placement/objects/research_context.py:563}}
Aug 23 22:07:55.754528 n-d-852171-4 devstack@placement-api.service[107834]: DEBUG placement.objects.research_context [req-72915335-907a-4f2f-a7ea-e9556214f792 req-2da3b305-9178-40e4-87d3-14881a5f9825 service placement] found 2 providers after filtering by previous result {{(pid=107834) get_provider_ids_matching /opt/stack/placement/placement/objects/research_context.py:594}}
Aug 23 22:07:55.768555 n-d-852171-4 devstack@placement-api.service[107834]: DEBUG placement.objects.allocation_candidate [req-72915335-907a-4f2f-a7ea-e9556214f792 req-2da3b305-9178-40e4-87d3-14881a5f9825 service placement] RequestGroup(use_same_provider=False, resources={DISK_GB:1, MEMORY_MB:1024, VCPU:1}, traits=(), aggregates=[]) (suffix '') returned 2 matches {{(pid=107834) _get_by_requests /opt/stack/placement/placement/objects/allocation_candidate.py:156}}
Aug 23 22:07:55.768928 n-d-852171-4 devstack@placement-api.service[107834]: DEBUG placement.objects.allocation_candidate [req-72915335-907a-4f2f-a7ea-e9556214f792 req-2da3b305-9178-40e4-87d3-14881a5f9825 service placement] Merging candidates yields 2 allocation requests and 2 provider summaries {{(pid=107834) _merge_candidates /opt/stack/placement/placement/objects/allocation_candidate.py:809}}
Aug 23 22:07:55.770532 n-d-852171-4 devstack@placement-api.service[107834]: INFO placement.requestlog [req-72915335-907a-4f2f-a7ea-e9556214f792 req-2da3b305-9178-40e4-87d3-14881a5f9825 service placement] 10.222.0.15 "GET /placement/allocation_candidates?limit=1000&resources=DISK_GB%3A1%2CMEMORY_MB%3A1024%2CVCPU%3A1&root_required=%21COMPUTE_STATUS_DISABLED" status: 200 len: 1310 microversion: 1.36
Aug 23 22:07:55.771310 n-d-852171-4 devstack@placement-api.service[107834]: [pid: 107834|app: 0|req: 131/258] 10.222.0.15 () {60 vars in 1506 bytes} [Tue Aug 23 22:07:55 2022] GET /placement/allocation_candidates?limit=1000&resources=DISK_GB%3A1%2CMEMORY_MB%3A1024%2CVCPU%3A1&root_required=%21COMPUTE_STATUS_DISABLED => generated 1310 bytes in 85 msecs (HTTP/1.1 200) 8 headers in 297 bytes (1 switches on core 0)
Aug 23 22:07:55.861434 n-d-852171-4 devstack@placement-api.service[107833]: DEBUG placement.requestlog [req-72915335-907a-4f2f-a7ea-e9556214f792 req-95801a71-563c-4b6e-95e2-db62fd72a0f8 None None] Starting request: 10.222.0.15 "GET /placement/allocations/5ecac3da-c937-4b83-888b-f86ae9e402e5" {{(pid=107833) __call__ /opt/stack/placement/placement/requestlog.py:55}}
Aug 23 22:07:55.875441 n-d-852171-4 devstack@placement-api.service[107833]: INFO placement.requestlog [req-72915335-907a-4f2f-a7ea-e9556214f792 req-95801a71-563c-4b6e-95e2-db62fd72a0f8 service placement] 10.222.0.15 "GET /placement/allocations/5ecac3da-c937-4b83-888b-f86ae9e402e5" status: 200 len: 19 microversion: 1.28
Aug 23 22:07:55.876115 n-d-852171-4 devstack@placement-api.service[107833]: [pid: 107833|app: 0|req: 128/259] 10.222.0.15 () {60 vars in 1380 bytes} [Tue Aug 23 22:07:55 2022] GET /placement/allocations/5ecac3da-c937-4b83-888b-f86ae9e402e5 => generated 19 bytes in 15 msecs (HTTP/1.1 200) 8 headers in 295 bytes (2 switches on core 0)
Aug 23 22:07:55.883294 n-d-852171-4 devstack@placement-api.service[107834]: DEBUG placement.requestlog [req-72915335-907a-4f2f-a7ea-e9556214f792 req-2899b925-f909-4a56-80bd-0318a85ed936 None None] Starting request: 10.222.0.15 "PUT /placement/allocations/5ecac3da-c937-4b83-888b-f86ae9e402e5" {{(pid=107834) __call__ /opt/stack/placement/placement/requestlog.py:55}}
Aug 23 22:07:55.958892 n-d-852171-4 devstack@placement-api.service[107834]: DEBUG placement.handlers.allocation [req-72915335-907a-4f2f-a7ea-e9556214f792 req-2899b925-f909-4a56-80bd-0318a85ed936 service placement] Successfully wrote allocations [, , ] {{(pid=107834) _update_consumers_and_create_allocations /opt/stack/placement/placement/handlers/allocation.py:462}}
Aug 23 22:07:55.966684 n-d-852171-4 devstack@placement-api.service[107834]: INFO placement.requestlog [req-72915335-907a-4f2f-a7ea-e9556214f792 req-2899b925-f909-4a56-80bd-0318a85ed936 service placement] 10.222.0.15 "PUT /placement/allocations/5ecac3da-c937-4b83-888b-f86ae9e402e5" status: 204 len: 0 microversion: 1.36
Aug 23 22:07:55.967441 n-d-852171-4 devstack@placement-api.service[107834]: [pid: 107834|app: 0|req: 132/260] 10.222.0.15 () {64 vars in 1433 bytes} [Tue Aug 23 22:07:55 2022] PUT /placement/allocations/5ecac3da-c937-4b83-888b-f86ae9e402e5 => generated 0 bytes in 85 msecs (HTTP/1.1 204) 5 headers in 199 bytes (1 switches on core 0)
Aug 23 22:07:56.288239 n-d-852171-4 devstack@placement-api.service[107833]: DEBUG placement.requestlog [req-ca70c15c-affd-418b-be62-0057b6bd0aba req-ab6bd38c-680d-4117-94c1-2632f55a5166 None None] Starting request: 10.222.0.15 "GET /placement/allocation_candidates?resources=DISK_GB%3A1%2CMEMORY_MB%3A1024%2CVCPU%3A1&root_required=%21COMPUTE_STATUS_DISABLED" {{(pid=107833) __call__ /opt/stack/placement/placement/requestlog.py:55}}
Aug 23 22:07:56.375081 n-d-852171-4 devstack@placement-api.service[107833]: DEBUG placement.objects.research_context [req-ca70c15c-affd-418b-be62-0057b6bd0aba req-ab6bd38c-680d-4117-94c1-2632f55a5166 service placement] getting providers with 1 DISK_GB {{(pid=107833) __init__ /opt/stack/placement/placement/objects/research_context.py:136}}
Aug 23 22:07:56.382187 n-d-852171-4 devstack@placement-api.service[107833]: DEBUG placement.objects.research_context [req-ca70c15c-affd-418b-be62-0057b6bd0aba req-ab6bd38c-680d-4117-94c1-2632f55a5166 service placement] getting providers with 1024 MEMORY_MB {{(pid=107833) __init__ /opt/stack/placement/placement/objects/research_context.py:136}}
Aug 23 22:07:56.389792 n-d-852171-4 devstack@placement-api.service[107833]: DEBUG placement.objects.research_context [req-ca70c15c-affd-418b-be62-0057b6bd0aba req-ab6bd38c-680d-4117-94c1-2632f55a5166 service placement] getting providers with 1 VCPU {{(pid=107833) __init__ /opt/stack/placement/placement/objects/research_context.py:136}}
Aug 23 22:07:56.399521 n-d-852171-4 devstack@placement-api.service[107833]: DEBUG placement.objects.research_context [req-ca70c15c-affd-418b-be62-0057b6bd0aba req-ab6bd38c-680d-4117-94c1-2632f55a5166 service placement] found 2 providers with available 1 DISK_GB {{(pid=107833) get_provider_ids_matching /opt/stack/placement/placement/objects/research_context.py:563}}
Aug 23 22:07:56.400189 n-d-852171-4 devstack@placement-api.service[107833]: DEBUG placement.objects.research_context [req-ca70c15c-affd-418b-be62-0057b6bd0aba req-ab6bd38c-680d-4117-94c1-2632f55a5166 service placement] found 2 providers with available 1024 MEMORY_MB {{(pid=107833) get_provider_ids_matching /opt/stack/placement/placement/objects/research_context.py:563}}
Aug 23 22:07:56.400620 n-d-852171-4 devstack@placement-api.service[107833]: DEBUG placement.objects.research_context [req-ca70c15c-affd-418b-be62-0057b6bd0aba req-ab6bd38c-680d-4117-94c1-2632f55a5166 service placement] found 2 providers after filtering by previous result {{(pid=107833) get_provider_ids_matching /opt/stack/placement/placement/objects/research_context.py:594}}
Aug 23 22:07:56.401163 n-d-852171-4 devstack@placement-api.service[107833]: DEBUG placement.objects.research_context [req-ca70c15c-affd-418b-be62-0057b6bd0aba req-ab6bd38c-680d-4117-94c1-2632f55a5166 service placement] found 2 providers with available 1 VCPU {{(pid=107833) get_provider_ids_matching /opt/stack/placement/placement/objects/research_context.py:563}}
Aug 23 22:07:56.401641 n-d-852171-4 devstack@placement-api.service[107833]: DEBUG placement.objects.research_context [req-ca70c15c-affd-418b-be62-0057b6bd0aba req-ab6bd38c-680d-4117-94c1-2632f55a5166 service placement] found 2 providers after filtering by previous result {{(pid=107833) get_provider_ids_matching /opt/stack/placement/placement/objects/research_context.py:594}}
Aug 23 22:07:56.425079 n-d-852171-4 devstack@placement-api.service[107833]: DEBUG placement.objects.allocation_candidate [req-ca70c15c-affd-418b-be62-0057b6bd0aba req-ab6bd38c-680d-4117-94c1-2632f55a5166 service placement] RequestGroup(use_same_provider=False, resources={DISK_GB:1, MEMORY_MB:1024, VCPU:1}, traits=(), aggregates=[]) (suffix '') returned 2 matches {{(pid=107833) _get_by_requests /opt/stack/placement/placement/objects/allocation_candidate.py:156}}
Aug 23 22:07:56.426090 n-d-852171-4 devstack@placement-api.service[107833]: DEBUG placement.objects.allocation_candidate [req-ca70c15c-affd-418b-be62-0057b6bd0aba req-ab6bd38c-680d-4117-94c1-2632f55a5166 service placement] Merging candidates yields 2 allocation requests and 2 provider summaries {{(pid=107833) _merge_candidates /opt/stack/placement/placement/objects/allocation_candidate.py:809}}
Aug 23 22:07:56.429654 n-d-852171-4 devstack@placement-api.service[107833]: INFO placement.requestlog [req-ca70c15c-affd-418b-be62-0057b6bd0aba req-ab6bd38c-680d-4117-94c1-2632f55a5166 service placement] 10.222.0.15 "GET /placement/allocation_candidates?resources=DISK_GB%3A1%2CMEMORY_MB%3A1024%2CVCPU%3A1&root_required=%21COMPUTE_STATUS_DISABLED" status: 200 len: 1310 microversion: 1.36
Aug 23 22:07:56.431107 n-d-852171-4 devstack@placement-api.service[107833]: [pid: 107833|app: 0|req: 129/261] 10.222.0.15 () {60 vars in 1484 bytes} [Tue Aug 23 22:07:56 2022] GET /placement/allocation_candidates?resources=DISK_GB%3A1%2CMEMORY_MB%3A1024%2CVCPU%3A1&root_required=%21COMPUTE_STATUS_DISABLED => generated 1310 bytes in 143 msecs (HTTP/1.1 200) 8 headers in 297 bytes (1 switches on core 0)
Aug 23 22:07:56.443044 n-d-852171-4 devstack@placement-api.service[107834]: DEBUG placement.requestlog [req-72915335-907a-4f2f-a7ea-e9556214f792 req-c06a41ca-b19b-4acc-8a52-7bbf7a0edec6 None None] Starting request: 10.222.0.40 "GET /placement/allocations/5ecac3da-c937-4b83-888b-f86ae9e402e5" {{(pid=107834) __call__ /opt/stack/placement/placement/requestlog.py:55}}
Aug 23 22:07:56.475169 n-d-852171-4 devstack@placement-api.service[107834]: INFO placement.requestlog [req-72915335-907a-4f2f-a7ea-e9556214f792 req-c06a41ca-b19b-4acc-8a52-7bbf7a0edec6 service placement] 10.222.0.40 "GET /placement/allocations/5ecac3da-c937-4b83-888b-f86ae9e402e5" status: 200 len: 259 microversion: 1.28
Aug 23 22:07:56.476444 n-d-852171-4 devstack@placement-api.service[107834]: [pid: 107834|app: 0|req: 133/262] 10.222.0.40 () {60 vars in 1377 bytes} [Tue Aug 23 22:07:56 2022] GET /placement/allocations/5ecac3da-c937-4b83-888b-f86ae9e402e5 => generated 259 bytes in 34 msecs (HTTP/1.1 200) 8 headers in 296 bytes (1 switches on core 0)
Aug 23 22:07:56.499568 n-d-852171-4 devstack@placement-api.service[107833]: DEBUG placement.requestlog [req-ca70c15c-affd-418b-be62-0057b6bd0aba req-b893825d-1af7-4613-bedb-5e0d680d62f0 None None] Starting request: 10.222.0.15 "GET /placement/allocations/40890915-4016-488a-a843-b6527e99579d" {{(pid=107833) __call__ /opt/stack/placement/placement/requestlog.py:55}}
Aug 23 22:07:56.512856 n-d-852171-4 devstack@placement-api.service[107833]: INFO placement.requestlog [req-ca70c15c-affd-418b-be62-0057b6bd0aba req-b893825d-1af7-4613-bedb-5e0d680d62f0 service placement] 10.222.0.15 "GET /placement/allocations/40890915-4016-488a-a843-b6527e99579d" status: 200 len: 19 microversion: 1.28
Aug 23 22:07:56.513269 n-d-852171-4 devstack@placement-api.service[107833]: [pid: 107833|app: 0|req: 130/263] 10.222.0.15 () {60 vars in 1380 bytes} [Tue Aug 23 22:07:56 2022] GET /placement/allocations/40890915-4016-488a-a843-b6527e99579d => generated 19 bytes in 14 msecs (HTTP/1.1 200) 8 headers in 295 bytes (1 switches on core 0)
Aug 23 22:07:56.521412 n-d-852171-4 devstack@placement-api.service[107834]: DEBUG placement.requestlog [req-ca70c15c-affd-418b-be62-0057b6bd0aba req-a11dd10c-f448-4068-8b38-c3077c97b0f1 None None] Starting request: 10.222.0.15 "PUT /placement/allocations/40890915-4016-488a-a843-b6527e99579d" {{(pid=107834) __call__ /opt/stack/placement/placement/requestlog.py:55}}
Aug 23 22:07:56.602738 n-d-852171-4 devstack@placement-api.service[107834]: DEBUG placement.handlers.allocation [req-ca70c15c-affd-418b-be62-0057b6bd0aba req-a11dd10c-f448-4068-8b38-c3077c97b0f1 service placement] Successfully wrote allocations [, , ] {{(pid=107834) _update_consumers_and_create_allocations /opt/stack/placement/placement/handlers/allocation.py:462}}
Aug 23 22:07:56.608604 n-d-852171-4 devstack@placement-api.service[107834]: INFO placement.requestlog [req-ca70c15c-affd-418b-be62-0057b6bd0aba req-a11dd10c-f448-4068-8b38-c3077c97b0f1 service placement] 10.222.0.15 "PUT /placement/allocations/40890915-4016-488a-a843-b6527e99579d" status: 204 len: 0 microversion: 1.36
Aug 23 22:07:56.609437 n-d-852171-4 devstack@placement-api.service[107834]: [pid: 107834|app: 0|req: 134/264] 10.222.0.15 () {64 vars in 1433 bytes} [Tue Aug 23 22:07:56 2022] PUT /placement/allocations/40890915-4016-488a-a843-b6527e99579d => generated 0 bytes in 88 msecs (HTTP/1.1 204) 5 headers in 199 bytes (1 switches on core 0)
Aug 23 22:07:57.714729 n-d-852171-4 devstack@placement-api.service[107833]: DEBUG placement.requestlog [req-ca70c15c-affd-418b-be62-0057b6bd0aba req-b6ee70d0-54a9-49c0-be0a-7e788ca3f5fc None None] Starting request: 10.222.0.40 "GET /placement/allocations/40890915-4016-488a-a843-b6527e99579d" {{(pid=107833) __call__ /opt/stack/placement/placement/requestlog.py:55}}
Aug 23 22:07:57.755228 n-d-852171-4 devstack@placement-api.service[107833]: INFO placement.requestlog [req-ca70c15c-affd-418b-be62-0057b6bd0aba req-b6ee70d0-54a9-49c0-be0a-7e788ca3f5fc service placement] 10.222.0.40 "GET /placement/allocations/40890915-4016-488a-a843-b6527e99579d" status: 200 len: 259 microversion: 1.28
Aug 23 22:07:57.756730 n-d-852171-4 devstack@placement-api.service[107833]: [pid: 107833|app: 0|req: 131/265] 10.222.0.40 () {60 vars in 1377 bytes} [Tue Aug 23 22:07:57 2022] GET /placement/allocations/40890915-4016-488a-a843-b6527e99579d => generated 259 bytes in 43 msecs (HTTP/1.1 200) 8 headers in 296 bytes (1 switches on core 0)
Aug 23 22:08:01.776147 n-d-852171-4 devstack@placement-api.service[107834]: DEBUG placement.requestlog [req-1d98c66b-9206-45e6-8ac7-758861d1113f req-c4e34f02-1906-4bac-b49a-c16588952b50 None None] Starting request: 10.222.0.26 "GET /placement/allocations/87fdabb5-2552-4367-9fe8-d78c701ee956" {{(pid=107834) __call__ /opt/stack/placement/placement/requestlog.py:55}}
Aug 23 22:08:01.822437 n-d-852171-4 devstack@placement-api.service[107834]: INFO placement.requestlog [req-1d98c66b-9206-45e6-8ac7-758861d1113f req-c4e34f02-1906-4bac-b49a-c16588952b50 service placement] 10.222.0.26 "GET /placement/allocations/87fdabb5-2552-4367-9fe8-d78c701ee956" status: 200 len: 258 microversion: 1.28
Aug 23 22:08:01.822980 n-d-852171-4 devstack@placement-api.service[107834]: [pid: 107834|app: 0|req: 135/266] 10.222.0.26 () {60 vars in 1377 bytes} [Tue Aug 23 22:08:01 2022] GET /placement/allocations/87fdabb5-2552-4367-9fe8-d78c701ee956 => generated 258 bytes in 48 msecs (HTTP/1.1 200) 8 headers in 296 bytes (1 switches on core 0)
Aug 23 22:08:07.749911 n-d-852171-4 devstack@placement-api.service[107833]: DEBUG dbcounter [-] [107833] Writing DB stats placement:SELECT=26 {{(pid=107833) stat_writer /usr/local/lib/python3.8/dist-packages/dbcounter.py:114}}
Aug 23 22:08:10.903190 n-d-852171-4 devstack@placement-api.service[107833]: DEBUG placement.requestlog [req-dfdeec17-ca89-40f5-a1db-2fe3867839db req-bdd24c00-1c63-4aaa-90fd-d2a885748a1d None None] Starting request: 10.222.0.40 "DELETE /placement/allocations/8d73b705-e7a0-4e2e-bceb-aff91cc309c7" {{(pid=107833) __call__ /opt/stack/placement/placement/requestlog.py:55}}
Aug 23 22:08:10.970550 n-d-852171-4 devstack@placement-api.service[107833]: DEBUG placement.handlers.allocation [req-dfdeec17-ca89-40f5-a1db-2fe3867839db req-bdd24c00-1c63-4aaa-90fd-d2a885748a1d service placement] Successfully deleted allocations [, , ] {{(pid=107833) delete_allocations /opt/stack/placement/placement/handlers/allocation.py:627}}
Aug 23 22:08:10.971722 n-d-852171-4 devstack@placement-api.service[107833]: INFO placement.requestlog [req-dfdeec17-ca89-40f5-a1db-2fe3867839db req-bdd24c00-1c63-4aaa-90fd-d2a885748a1d service placement] 10.222.0.40 "DELETE /placement/allocations/8d73b705-e7a0-4e2e-bceb-aff91cc309c7" status: 204 len: 0 microversion: 1.0
Aug 23 22:08:10.972964 n-d-852171-4 devstack@placement-api.service[107833]: [pid: 107833|app: 0|req: 132/267] 10.222.0.40 () {60 vars in 1355 bytes} [Tue Aug 23 22:08:10 2022] DELETE /placement/allocations/8d73b705-e7a0-4e2e-bceb-aff91cc309c7 => generated 0 bytes in 70 msecs (HTTP/1.1 204) 5 headers in 198 bytes (2 switches on core 0)
Aug 23 22:08:11.819487 n-d-852171-4 devstack@placement-api.service[107834]: DEBUG dbcounter [-] [107834] Writing DB stats placement:SELECT=46,placement:INSERT=8,placement:DELETE=4,placement:UPDATE=4 {{(pid=107834) stat_writer /usr/local/lib/python3.8/dist-packages/dbcounter.py:114}}
Aug 23 22:08:13.468244 n-d-852171-4 devstack@placement-api.service[107834]: DEBUG placement.requestlog [req-ba1cb1a0-5a4b-4dec-82a7-f63c0d880671 req-be20a3bc-3ddc-4794-9b3e-0bdb0c2a73d4 None None] Starting request: 10.222.0.26 "GET /placement/allocations/03c4d5ca-1107-4623-bb41-558ad1f4fd8a" {{(pid=107834) __call__ /opt/stack/placement/placement/requestlog.py:55}}
Aug 23 22:08:13.489040 n-d-852171-4 devstack@placement-api.service[107834]: INFO placement.requestlog [req-ba1cb1a0-5a4b-4dec-82a7-f63c0d880671 req-be20a3bc-3ddc-4794-9b3e-0bdb0c2a73d4 service placement] 10.222.0.26 "GET /placement/allocations/03c4d5ca-1107-4623-bb41-558ad1f4fd8a" status: 200 len: 259 microversion: 1.28
Aug 23 22:08:13.489911 n-d-852171-4 devstack@placement-api.service[107834]: [pid: 107834|app: 0|req: 136/268] 10.222.0.26 () {60 vars in 1377 bytes} [Tue Aug 23 22:08:13 2022] GET /placement/allocations/03c4d5ca-1107-4623-bb41-558ad1f4fd8a => generated 259 bytes in 22 msecs (HTTP/1.1 200) 8 headers in 296 bytes (1 switches on core 0)
Aug 23 22:08:13.507217 n-d-852171-4 devstack@placement-api.service[107833]: DEBUG placement.requestlog [req-ba1cb1a0-5a4b-4dec-82a7-f63c0d880671 req-de09f513-11fa-48d9-964f-bbc42e48d943 None None] Starting request: 10.222.0.26 "GET /placement/allocations/03c4d5ca-1107-4623-bb41-558ad1f4fd8a" {{(pid=107833) __call__ /opt/stack/placement/placement/requestlog.py:55}}
Aug 23 22:08:13.526559 n-d-852171-4 devstack@placement-api.service[107833]: INFO placement.requestlog [req-ba1cb1a0-5a4b-4dec-82a7-f63c0d880671 req-de09f513-11fa-48d9-964f-bbc42e48d943 service placement] 10.222.0.26 "GET /placement/allocations/03c4d5ca-1107-4623-bb41-558ad1f4fd8a" status: 200 len: 259 microversion: 1.28
Aug 23 22:08:13.526958 n-d-852171-4 devstack@placement-api.service[107833]: [pid: 107833|app: 0|req: 133/269] 10.222.0.26 () {60 vars in 1377 bytes} [Tue Aug 23 22:08:13 2022] GET /placement/allocations/03c4d5ca-1107-4623-bb41-558ad1f4fd8a => generated 259 bytes in 20 msecs (HTTP/1.1 200) 8 headers in 296 bytes (1 switches on core 0)
Aug 23 22:08:13.535847 n-d-852171-4 devstack@placement-api.service[107834]: DEBUG placement.requestlog [req-ba1cb1a0-5a4b-4dec-82a7-f63c0d880671 req-a4ae83ea-d301-4226-a1ed-c11a643ba441 None None] Starting request: 10.222.0.26 "GET /placement/allocations/87fdabb5-2552-4367-9fe8-d78c701ee956" {{(pid=107834) __call__ /opt/stack/placement/placement/requestlog.py:55}}
Aug 23 22:08:13.558442 n-d-852171-4 devstack@placement-api.service[107834]: INFO placement.requestlog [req-ba1cb1a0-5a4b-4dec-82a7-f63c0d880671 req-a4ae83ea-d301-4226-a1ed-c11a643ba441 service placement] 10.222.0.26 "GET /placement/allocations/87fdabb5-2552-4367-9fe8-d78c701ee956" status: 200 len: 258 microversion: 1.28
Aug 23 22:08:13.559546 n-d-852171-4 devstack@placement-api.service[107834]: [pid: 107834|app: 0|req: 137/270] 10.222.0.26 () {60 vars in 1377 bytes} [Tue Aug 23 22:08:13 2022] GET /placement/allocations/87fdabb5-2552-4367-9fe8-d78c701ee956 => generated 258 bytes in 24 msecs (HTTP/1.1 200) 8 headers in 296 bytes (2 switches on core 0)
