Aug 11 09:03:09.573357 n-d-852168-2 devstack@keystone.service[82007]: DEBUG keystone.server.flask.request_processing.req_logging [None req-2272deab-5dfc-4a39-9915-cccd8e5840ae None admin] PATH_INFO: `/v3/roles/member` {{(pid=82007) log_request_info /opt/stack/keystone/keystone/server/flask/request_processing/req_logging.py:29}}
Aug 11 09:03:09.588138 n-d-852168-2 devstack@keystone.service[82007]: DEBUG keystone.common.rbac_enforcer.enforcer [None req-2272deab-5dfc-4a39-9915-cccd8e5840ae None admin] Extracting inferred target data resulted in "NOT FOUND (404)". {{(pid=82007) enforce_call /opt/stack/keystone/keystone/common/rbac_enforcer/enforcer.py:409}}
Aug 11 09:03:09.593476 n-d-852168-2 devstack@keystone.service[82007]: ERROR keystone.server.flask.application [None req-2272deab-5dfc-4a39-9915-cccd8e5840ae None admin] Could not find role: member.: keystone.exception.RoleNotFound: Could not find role: member.
Aug 11 09:03:09.593476 n-d-852168-2 devstack@keystone.service[82007]: ERROR keystone.server.flask.application
Traceback (most recent call last):
Aug 11 09:03:09.593476 n-d-852168-2 devstack@keystone.service[82007]: ERROR keystone.server.flask.application
File "/usr/local/lib/python3.8/dist-packages/flask/app.py", line 1820, in full_dispatch_request
Aug 11 09:03:09.593476 n-d-852168-2 devstack@keystone.service[82007]: ERROR keystone.server.flask.application rv = self.dispatch_request()
Aug 11 09:03:09.593476 n-d-852168-2 devstack@keystone.service[82007]: ERROR keystone.server.flask.application
File "/usr/local/lib/python3.8/dist-packages/flask/app.py", line 1796, in dispatch_request
Aug 11 09:03:09.593476 n-d-852168-2 devstack@keystone.service[82007]: ERROR keystone.server.flask.application return self.ensure_sync(self.view_functions[rule.endpoint])(**view_args)
Aug 11 09:03:09.593476 n-d-852168-2 devstack@keystone.service[82007]: ERROR keystone.server.flask.application
File "/usr/local/lib/python3.8/dist-packages/flask_restful/__init__.py", line 467, in wrapper
Aug 11 09:03:09.593476 n-d-852168-2 devstack@keystone.service[82007]: ERROR keystone.server.flask.application resp = resource(*args, **kwargs)
Aug 11 09:03:09.593476 n-d-852168-2 devstack@keystone.service[82007]: ERROR keystone.server.flask.application
File "/usr/local/lib/python3.8/dist-packages/flask/views.py", line 107, in view
Aug 11 09:03:09.593476 n-d-852168-2 devstack@keystone.service[82007]: ERROR keystone.server.flask.application return current_app.ensure_sync(self.dispatch_request)(**kwargs)
Aug 11 09:03:09.593476 n-d-852168-2 devstack@keystone.service[82007]: ERROR keystone.server.flask.application
File "/usr/local/lib/python3.8/dist-packages/flask_restful/__init__.py", line 582, in dispatch_request
Aug 11 09:03:09.593476 n-d-852168-2 devstack@keystone.service[82007]: ERROR keystone.server.flask.application resp = meth(*args, **kwargs)
Aug 11 09:03:09.593476 n-d-852168-2 devstack@keystone.service[82007]: ERROR keystone.server.flask.application
File "/opt/stack/keystone/keystone/api/roles.py", line 50, in get
Aug 11 09:03:09.593476 n-d-852168-2 devstack@keystone.service[82007]: ERROR keystone.server.flask.application return self._get_role(role_id)
Aug 11 09:03:09.593476 n-d-852168-2 devstack@keystone.service[82007]: ERROR keystone.server.flask.application
File "/opt/stack/keystone/keystone/api/roles.py", line 70, in _get_role
Aug 11 09:03:09.593476 n-d-852168-2 devstack@keystone.service[82007]: ERROR keystone.server.flask.application ENFORCER.enforce_call(action='identity:get_role')
Aug 11 09:03:09.594347 n-d-852168-2 devstack@keystone.service[82007]: ERROR keystone.server.flask.application
File "/opt/stack/keystone/keystone/common/rbac_enforcer/enforcer.py", line 402, in enforce_call
Aug 11 09:03:09.594347 n-d-852168-2 devstack@keystone.service[82007]: ERROR keystone.server.flask.application policy_dict.update(cls._extract_member_target_data(
Aug 11 09:03:09.594347 n-d-852168-2 devstack@keystone.service[82007]: ERROR keystone.server.flask.application
File "/opt/stack/keystone/keystone/common/rbac_enforcer/enforcer.py", line 234, in _extract_member_target_data
Aug 11 09:03:09.594347 n-d-852168-2 devstack@keystone.service[82007]: ERROR keystone.server.flask.application member_name: func(flask.request.view_args[key])
Aug 11 09:03:09.594347 n-d-852168-2 devstack@keystone.service[82007]: ERROR keystone.server.flask.application
File "/opt/stack/keystone/keystone/common/manager.py", line 115, in wrapped
Aug 11 09:03:09.594347 n-d-852168-2 devstack@keystone.service[82007]: ERROR keystone.server.flask.application __ret_val = __f(*args, **kwargs)
Aug 11 09:03:09.594347 n-d-852168-2 devstack@keystone.service[82007]: ERROR keystone.server.flask.application
File "/usr/local/lib/python3.8/dist-packages/decorator.py", line 232, in fun
Aug 11 09:03:09.594347 n-d-852168-2 devstack@keystone.service[82007]: ERROR keystone.server.flask.application return caller(func, *(extras + args), **kw)
Aug 11 09:03:09.594347 n-d-852168-2 devstack@keystone.service[82007]: ERROR keystone.server.flask.application
File "/usr/local/lib/python3.8/dist-packages/dogpile/cache/region.py", line 1577, in get_or_create_for_user_func
Aug 11 09:03:09.594347 n-d-852168-2 devstack@keystone.service[82007]: ERROR keystone.server.flask.application return self.get_or_create(
Aug 11 09:03:09.594347 n-d-852168-2 devstack@keystone.service[82007]: ERROR keystone.server.flask.application
File "/usr/local/lib/python3.8/dist-packages/dogpile/cache/region.py", line 1042, in get_or_create
Aug 11 09:03:09.594347 n-d-852168-2 devstack@keystone.service[82007]: ERROR keystone.server.flask.application with Lock(
Aug 11 09:03:09.594347 n-d-852168-2 devstack@keystone.service[82007]: ERROR keystone.server.flask.application
File "/usr/local/lib/python3.8/dist-packages/dogpile/lock.py", line 185, in __enter__
Aug 11 09:03:09.594347 n-d-852168-2 devstack@keystone.service[82007]: ERROR keystone.server.flask.application return self._enter()
Aug 11 09:03:09.594347 n-d-852168-2 devstack@keystone.service[82007]: ERROR keystone.server.flask.application
File "/usr/local/lib/python3.8/dist-packages/dogpile/lock.py", line 94, in _enter
Aug 11 09:03:09.594347 n-d-852168-2 devstack@keystone.service[82007]: ERROR keystone.server.flask.application generated = self._enter_create(value, createdtime)
Aug 11 09:03:09.595060 n-d-852168-2 devstack@keystone.service[82007]: ERROR keystone.server.flask.application
File "/usr/local/lib/python3.8/dist-packages/dogpile/lock.py", line 178, in _enter_create
Aug 11 09:03:09.595060 n-d-852168-2 devstack@keystone.service[82007]: ERROR keystone.server.flask.application return self.creator()
Aug 11 09:03:09.595060 n-d-852168-2 devstack@keystone.service[82007]: ERROR keystone.server.flask.application
File "/usr/local/lib/python3.8/dist-packages/dogpile/cache/region.py", line 995, in gen_value
Aug 11 09:03:09.595060 n-d-852168-2 devstack@keystone.service[82007]: ERROR keystone.server.flask.application created_value = creator(
Aug 11 09:03:09.595060 n-d-852168-2 devstack@keystone.service[82007]: ERROR keystone.server.flask.application
File "/opt/stack/keystone/keystone/assignment/core.py", line 1276, in get_role
Aug 11 09:03:09.595060 n-d-852168-2 devstack@keystone.service[82007]: ERROR keystone.server.flask.application return self.driver.get_role(role_id)
Aug 11 09:03:09.595060 n-d-852168-2 devstack@keystone.service[82007]: ERROR keystone.server.flask.application
File "/opt/stack/keystone/keystone/assignment/role_backends/sql.py", line 70, in get_role
Aug 11 09:03:09.595060 n-d-852168-2 devstack@keystone.service[82007]: ERROR keystone.server.flask.application return self._get_role(session, role_id).to_dict()
Aug 11 09:03:09.595060 n-d-852168-2 devstack@keystone.service[82007]: ERROR keystone.server.flask.application
File "/opt/stack/keystone/keystone/assignment/role_backends/sql.py", line 65, in _get_role
Aug 11 09:03:09.595060 n-d-852168-2 devstack@keystone.service[82007]: ERROR keystone.server.flask.application raise exception.RoleNotFound(role_id=role_id)
Aug 11 09:03:09.595060 n-d-852168-2 devstack@keystone.service[82007]: ERROR keystone.server.flask.application keystone.exception.RoleNotFound: Could not find role: member.
Aug 11 09:03:09.595060 n-d-852168-2 devstack@keystone.service[82007]: ERROR keystone.server.flask.application
Aug 11 09:03:09.597360 n-d-852168-2 devstack@keystone.service[82007]: [pid: 82007|app: 0|req: 50/100] 10.222.0.27 () {56 vars in 1099 bytes} [Thu Aug 11 09:03:09 2022] GET /identity/v3/roles/member => generated 84 bytes in 214 msecs (HTTP/1.1 404) 5 headers in 183 bytes (1 switches on core 0)
Aug 11 09:03:09.603899 n-d-852168-2 devstack@keystone.service[82006]: DEBUG keystone.server.flask.request_processing.middleware.auth_context [None req-9ea5edca-9c16-43e8-8cb4-04b2df8abd78 None None] Authenticating user token {{(pid=82006) process_request /usr/local/lib/python3.8/dist-packages/keystonemiddleware/auth_token/__init__.py:407}}
Aug 11 09:03:09.671412 n-d-852168-2 devstack@keystone.service[82006]: DEBUG dbcounter [-] [82006] Writing DB stats keystone:SELECT=100 {{(pid=82006) stat_writer /usr/local/lib/python3.8/dist-packages/dbcounter.py:114}}
Aug 11 09:03:09.753940 n-d-852168-2 devstack@keystone.service[82007]: DEBUG keystone.server.flask.request_processing.req_logging [None req-e0aa0643-48a2-4eee-b7a6-fe454eb866e8 None None] REQUEST_METHOD: `GET` {{(pid=82007) log_request_info /opt/stack/keystone/keystone/server/flask/request_processing/req_logging.py:27}}
Aug 11 09:03:09.754580 n-d-852168-2 devstack@keystone.service[82007]: DEBUG keystone.server.flask.request_processing.req_logging [None req-e0aa0643-48a2-4eee-b7a6-fe454eb866e8 None None] SCRIPT_NAME: `/identity` {{(pid=82007) log_request_info /opt/stack/keystone/keystone/server/flask/request_processing/req_logging.py:28}}
Aug 11 09:03:09.755045 n-d-852168-2 devstack@keystone.service[82007]: DEBUG keystone.server.flask.request_processing.req_logging [None req-e0aa0643-48a2-4eee-b7a6-fe454eb866e8 None None] PATH_INFO: `/` {{(pid=82007) log_request_info /opt/stack/keystone/keystone/server/flask/request_processing/req_logging.py:29}}
Aug 11 09:03:09.756678 n-d-852168-2 devstack@keystone.service[82007]: [pid: 82007|app: 0|req: 51/101] 10.222.0.27 () {54 vars in 927 bytes} [Thu Aug 11 09:03:09 2022] GET /identity => generated 270 bytes in 4 msecs (HTTP/1.1 300) 6 headers in 234 bytes (2 switches on core 0)
Aug 11 09:03:09.763270 n-d-852168-2 devstack@keystone.service[82007]: DEBUG keystone.server.flask.request_processing.req_logging [None req-c87d86cc-e485-4f59-88ea-a994a250ddb5 None None] REQUEST_METHOD: `POST` {{(pid=82007) log_request_info /opt/stack/keystone/keystone/server/flask/request_processing/req_logging.py:27}}
Aug 11 09:03:09.763796 n-d-852168-2 devstack@keystone.service[82007]: DEBUG keystone.server.flask.request_processing.req_logging [None req-c87d86cc-e485-4f59-88ea-a994a250ddb5 None None] SCRIPT_NAME: `/identity` {{(pid=82007) log_request_info /opt/stack/keystone/keystone/server/flask/request_processing/req_logging.py:28}}
Aug 11 09:03:09.764258 n-d-852168-2 devstack@keystone.service[82007]: DEBUG keystone.server.flask.request_processing.req_logging [None req-c87d86cc-e485-4f59-88ea-a994a250ddb5 None None] PATH_INFO: `/v3/auth/tokens` {{(pid=82007) log_request_info /opt/stack/keystone/keystone/server/flask/request_processing/req_logging.py:29}}
Aug 11 09:03:09.769581 n-d-852168-2 devstack@keystone.service[82006]: DEBUG keystone.server.flask.request_processing.middleware.auth_context [None req-9ea5edca-9c16-43e8-8cb4-04b2df8abd78 None None] Validating token access rules against request {{(pid=82006) validate_allowed_request /usr/local/lib/python3.8/dist-packages/keystonemiddleware/auth_token/__init__.py:545}}
Aug 11 09:03:09.798352 n-d-852168-2 devstack@keystone.service[82007]: DEBUG keystone.auth.core [None req-c87d86cc-e485-4f59-88ea-a994a250ddb5 None None] MFA Rules not processed for user `6e4993badea143d795a5b35978ed2667`. Rule list: `[]` (Enabled: `True`). {{(pid=82007) check_auth_methods_against_rules /opt/stack/keystone/keystone/auth/core.py:438}}
Aug 11 09:03:09.799603 n-d-852168-2 devstack@keystone.service[82007]: DEBUG keystone.common.fernet_utils [None req-c87d86cc-e485-4f59-88ea-a994a250ddb5 None None] Loaded 2 Fernet keys from /etc/keystone/fernet-keys/, but `[fernet_tokens] max_active_keys = 3`; perhaps there have not been enough key rotations to reach `max_active_keys` yet? {{(pid=82007) load_keys /opt/stack/keystone/keystone/common/fernet_utils.py:286}}
Aug 11 09:03:09.812318 n-d-852168-2 devstack@keystone.service[82006]: DEBUG keystone.server.flask.request_processing.middleware.auth_context [None req-fac22e1d-f6a6-4408-9990-c8ad1fefbe09 None admin] RBAC: auth_context: {'token': , 'domain_id': None, 'trust_id': None, 'trustor_id': None, 'trustee_id': None, 'domain_name': None, 'group_ids': [], 'user_id': '6e4993badea143d795a5b35978ed2667', 'user_domain_id': 'default', 'system_scope': 'all', 'project_id': None, 'project_domain_id': None, 'roles': ['admin', 'member', 'reader'], 'is_admin_project': True, 'service_user_id': None, 'service_user_domain_id': None, 'service_project_id': None, 'service_project_domain_id': None, 'service_roles': []} {{(pid=82006) fill_context /opt/stack/keystone/keystone/server/flask/request_processing/middleware/auth_context.py:478}}
Aug 11 09:03:09.813189 n-d-852168-2 devstack@keystone.service[82006]: DEBUG keystone.server.flask.request_processing.req_logging [None req-fac22e1d-f6a6-4408-9990-c8ad1fefbe09 None admin] REQUEST_METHOD: `GET` {{(pid=82006) log_request_info /opt/stack/keystone/keystone/server/flask/request_processing/req_logging.py:27}}
Aug 11 09:03:09.813670 n-d-852168-2 devstack@keystone.service[82006]: DEBUG keystone.server.flask.request_processing.req_logging [None req-fac22e1d-f6a6-4408-9990-c8ad1fefbe09 None admin] SCRIPT_NAME: `/identity` {{(pid=82006) log_request_info /opt/stack/keystone/keystone/server/flask/request_processing/req_logging.py:28}}
Aug 11 09:03:09.814105 n-d-852168-2 devstack@keystone.service[82006]: DEBUG keystone.server.flask.request_processing.req_logging [None req-fac22e1d-f6a6-4408-9990-c8ad1fefbe09 None admin] PATH_INFO: `/v3/roles` {{(pid=82006) log_request_info /opt/stack/keystone/keystone/server/flask/request_processing/req_logging.py:29}}
Aug 11 09:03:09.814915 n-d-852168-2 devstack@keystone.service[82006]: DEBUG keystone.common.rbac_enforcer.enforcer [None req-fac22e1d-f6a6-4408-9990-c8ad1fefbe09 None admin] RBAC: Adding query filter params (name=member) {{(pid=82006) _extract_filter_values /opt/stack/keystone/keystone/common/rbac_enforcer/enforcer.py:167}}
Aug 11 09:03:09.815364 n-d-852168-2 devstack@keystone.service[82006]: DEBUG keystone.common.rbac_enforcer.enforcer [None req-fac22e1d-f6a6-4408-9990-c8ad1fefbe09 None admin] RBAC: Authorizing `identity:list_roles()` {{(pid=82006) enforce_call /opt/stack/keystone/keystone/common/rbac_enforcer/enforcer.py:449}}
Aug 11 09:03:09.816898 n-d-852168-2 devstack@keystone.service[82006]: DEBUG keystone.common.rbac_enforcer.enforcer [None req-fac22e1d-f6a6-4408-9990-c8ad1fefbe09 None admin] RBAC: Authorization granted {{(pid=82006) enforce_call /opt/stack/keystone/keystone/common/rbac_enforcer/enforcer.py:457}}
Aug 11 09:03:09.825580 n-d-852168-2 devstack@keystone.service[82006]: [pid: 82006|app: 0|req: 51/102] 10.222.0.27 () {56 vars in 1101 bytes} [Thu Aug 11 09:03:09 2022] GET /identity/v3/roles?name=member => generated 341 bytes in 222 msecs (HTTP/1.1 200) 5 headers in 177 bytes (1 switches on core 0)
Aug 11 09:03:09.831336 n-d-852168-2 devstack@keystone.service[82006]: DEBUG keystone.server.flask.request_processing.middleware.auth_context [None req-fac22e1d-f6a6-4408-9990-c8ad1fefbe09 None admin] Authenticating user token {{(pid=82006) process_request /usr/local/lib/python3.8/dist-packages/keystonemiddleware/auth_token/__init__.py:407}}
Aug 11 09:03:09.923596 n-d-852168-2 devstack@keystone.service[82007]: [pid: 82007|app: 0|req: 52/103] 10.222.0.27 () {58 vars in 1024 bytes} [Thu Aug 11 09:03:09 2022] POST /identity/v3/auth/tokens => generated 799 bytes in 161 msecs (HTTP/1.1 201) 6 headers in 363 bytes (2 switches on core 0)
Aug 11 09:03:09.967291 n-d-852168-2 devstack@keystone.service[82006]: DEBUG dbcounter [-] [82006] Writing DB stats keystone:SELECT=100 {{(pid=82006) stat_writer /usr/local/lib/python3.8/dist-packages/dbcounter.py:114}}
Aug 11 09:03:09.971038 n-d-852168-2 devstack@keystone.service[82007]: DEBUG keystone.server.flask.request_processing.middleware.auth_context [None req-c87d86cc-e485-4f59-88ea-a994a250ddb5 None None] Authenticating user token {{(pid=82007) process_request /usr/local/lib/python3.8/dist-packages/keystonemiddleware/auth_token/__init__.py:407}}
Aug 11 09:03:09.979694 n-d-852168-2 devstack@keystone.service[82006]: DEBUG keystone.server.flask.request_processing.middleware.auth_context [None req-fac22e1d-f6a6-4408-9990-c8ad1fefbe09 None admin] Validating token access rules against request {{(pid=82006) validate_allowed_request /usr/local/lib/python3.8/dist-packages/keystonemiddleware/auth_token/__init__.py:545}}
Aug 11 09:03:10.035884 n-d-852168-2 devstack@keystone.service[82006]: DEBUG keystone.server.flask.request_processing.middleware.auth_context [None req-1adce77c-8aac-4732-9b32-8cddefe80343 None admin] RBAC: auth_context: {'token': , 'domain_id': None, 'trust_id': None, 'trustor_id': None, 'trustee_id': None, 'domain_name': None, 'group_ids': [], 'user_id': '6e4993badea143d795a5b35978ed2667', 'user_domain_id': 'default', 'system_scope': 'all', 'project_id': None, 'project_domain_id': None, 'roles': ['admin', 'member', 'reader'], 'is_admin_project': True, 'service_user_id': None, 'service_user_domain_id': None, 'service_project_id': None, 'service_project_domain_id': None, 'service_roles': []} {{(pid=82006) fill_context /opt/stack/keystone/keystone/server/flask/request_processing/middleware/auth_context.py:478}}
Aug 11 09:03:10.036917 n-d-852168-2 devstack@keystone.service[82006]: DEBUG keystone.server.flask.request_processing.req_logging [None req-1adce77c-8aac-4732-9b32-8cddefe80343 None admin] REQUEST_METHOD: `GET` {{(pid=82006) log_request_info /opt/stack/keystone/keystone/server/flask/request_processing/req_logging.py:27}}
Aug 11 09:03:10.037423 n-d-852168-2 devstack@keystone.service[82006]: DEBUG keystone.server.flask.request_processing.req_logging [None req-1adce77c-8aac-4732-9b32-8cddefe80343 None admin] SCRIPT_NAME: `/identity` {{(pid=82006) log_request_info /opt/stack/keystone/keystone/server/flask/request_processing/req_logging.py:28}}
Aug 11 09:03:10.037915 n-d-852168-2 devstack@keystone.service[82006]: DEBUG keystone.server.flask.request_processing.req_logging [None req-1adce77c-8aac-4732-9b32-8cddefe80343 None admin] PATH_INFO: `/v3/users/3d327f9789b24c8a9f3ad72f2cbecacd` {{(pid=82006) log_request_info /opt/stack/keystone/keystone/server/flask/request_processing/req_logging.py:29}}
Aug 11 09:03:10.040122 n-d-852168-2 devstack@keystone.service[82006]: DEBUG keystone.common.rbac_enforcer.enforcer [None req-1adce77c-8aac-4732-9b32-8cddefe80343 None admin] RBAC: Authorizing `identity:get_user(user_id=3d327f9789b24c8a9f3ad72f2cbecacd)` {{(pid=82006) enforce_call /opt/stack/keystone/keystone/common/rbac_enforcer/enforcer.py:449}}
Aug 11 09:03:10.041813 n-d-852168-2 devstack@keystone.service[82006]: DEBUG keystone.common.rbac_enforcer.enforcer [None req-1adce77c-8aac-4732-9b32-8cddefe80343 None admin] RBAC: Authorization granted {{(pid=82006) enforce_call /opt/stack/keystone/keystone/common/rbac_enforcer/enforcer.py:457}}
Aug 11 09:03:10.045965 n-d-852168-2 devstack@keystone.service[82006]: [pid: 82006|app: 0|req: 52/104] 10.222.0.27 () {56 vars in 1177 bytes} [Thu Aug 11 09:03:09 2022] GET /identity/v3/users/3d327f9789b24c8a9f3ad72f2cbecacd => generated 275 bytes in 215 msecs (HTTP/1.1 200) 5 headers in 177 bytes (2 switches on core 0)
Aug 11 09:03:10.051611 n-d-852168-2 devstack@keystone.service[82006]: DEBUG keystone.server.flask.request_processing.middleware.auth_context [None req-1adce77c-8aac-4732-9b32-8cddefe80343 None admin] Authenticating user token {{(pid=82006) process_request /usr/local/lib/python3.8/dist-packages/keystonemiddleware/auth_token/__init__.py:407}}
Aug 11 09:03:10.158257 n-d-852168-2 devstack@keystone.service[82007]: DEBUG keystone.server.flask.request_processing.middleware.auth_context [None req-c87d86cc-e485-4f59-88ea-a994a250ddb5 None None] Validating token access rules against request {{(pid=82007) validate_allowed_request /usr/local/lib/python3.8/dist-packages/keystonemiddleware/auth_token/__init__.py:545}}
Aug 11 09:03:10.194452 n-d-852168-2 devstack@keystone.service[82006]: DEBUG keystone.server.flask.request_processing.middleware.auth_context [None req-1adce77c-8aac-4732-9b32-8cddefe80343 None admin] Validating token access rules against request {{(pid=82006) validate_allowed_request /usr/local/lib/python3.8/dist-packages/keystonemiddleware/auth_token/__init__.py:545}}
Aug 11 09:03:10.206986 n-d-852168-2 devstack@keystone.service[82007]: DEBUG dbcounter [-] [82007] Writing DB stats keystone:SELECT=100 {{(pid=82007) stat_writer /usr/local/lib/python3.8/dist-packages/dbcounter.py:114}}
Aug 11 09:03:10.255455 n-d-852168-2 devstack@keystone.service[82007]: DEBUG keystone.server.flask.request_processing.middleware.auth_context [None req-4050817c-7dcc-4752-9a7b-1831c692ffd4 None admin] RBAC: auth_context: {'token': , 'domain_id': None, 'trust_id': None, 'trustor_id': None, 'trustee_id': None, 'domain_name': None, 'group_ids': [], 'user_id': '6e4993badea143d795a5b35978ed2667', 'user_domain_id': 'default', 'system_scope': 'all', 'project_id': None, 'project_domain_id': None, 'roles': ['admin', 'member', 'reader'], 'is_admin_project': True, 'service_user_id': None, 'service_user_domain_id': None, 'service_project_id': None, 'service_project_domain_id': None, 'service_roles': []} {{(pid=82007) fill_context /opt/stack/keystone/keystone/server/flask/request_processing/middleware/auth_context.py:478}}
Aug 11 09:03:10.256952 n-d-852168-2 devstack@keystone.service[82007]: DEBUG keystone.server.flask.request_processing.req_logging [None req-4050817c-7dcc-4752-9a7b-1831c692ffd4 None admin] REQUEST_METHOD: `GET` {{(pid=82007) log_request_info /opt/stack/keystone/keystone/server/flask/request_processing/req_logging.py:27}}
Aug 11 09:03:10.257486 n-d-852168-2 devstack@keystone.service[82007]: DEBUG keystone.server.flask.request_processing.req_logging [None req-4050817c-7dcc-4752-9a7b-1831c692ffd4 None admin] SCRIPT_NAME: `/identity` {{(pid=82007) log_request_info /opt/stack/keystone/keystone/server/flask/request_processing/req_logging.py:28}}
Aug 11 09:03:10.257981 n-d-852168-2 devstack@keystone.service[82007]: DEBUG keystone.server.flask.request_processing.req_logging [None req-4050817c-7dcc-4752-9a7b-1831c692ffd4 None admin] PATH_INFO: `/v3/domains/default` {{(pid=82007) log_request_info /opt/stack/keystone/keystone/server/flask/request_processing/req_logging.py:29}}
Aug 11 09:03:10.260715 n-d-852168-2 devstack@keystone.service[82007]: DEBUG keystone.common.rbac_enforcer.enforcer [None req-4050817c-7dcc-4752-9a7b-1831c692ffd4 None admin] RBAC: Authorizing `identity:get_domain(domain_id=default)` {{(pid=82007) enforce_call /opt/stack/keystone/keystone/common/rbac_enforcer/enforcer.py:449}}
Aug 11 09:03:10.262483 n-d-852168-2 devstack@keystone.service[82007]: DEBUG keystone.common.rbac_enforcer.enforcer [None req-4050817c-7dcc-4752-9a7b-1831c692ffd4 None admin] RBAC: Authorization granted {{(pid=82007) enforce_call /opt/stack/keystone/keystone/common/rbac_enforcer/enforcer.py:457}}
Aug 11 09:03:10.264590 n-d-852168-2 devstack@keystone.service[82007]: [pid: 82007|app: 0|req: 53/105] 10.222.0.27 () {56 vars in 1108 bytes} [Thu Aug 11 09:03:09 2022] GET /identity/v3/domains/default => generated 199 bytes in 294 msecs (HTTP/1.1 200) 5 headers in 177 bytes (1 switches on core 0)
Aug 11 09:03:10.270613 n-d-852168-2 devstack@keystone.service[82006]: DEBUG keystone.server.flask.request_processing.middleware.auth_context [None req-85f93169-e5de-4db9-96f7-2b3a9c2fc524 None admin] RBAC: auth_context: {'token': , 'domain_id': None, 'trust_id': None, 'trustor_id': None, 'trustee_id': None, 'domain_name': None, 'group_ids': [], 'user_id': '6e4993badea143d795a5b35978ed2667', 'user_domain_id': 'default', 'system_scope': 'all', 'project_id': None, 'project_domain_id': None, 'roles': ['admin', 'member', 'reader'], 'is_admin_project': True, 'service_user_id': None, 'service_user_domain_id': None, 'service_project_id': None, 'service_project_domain_id': None, 'service_roles': []} {{(pid=82006) fill_context /opt/stack/keystone/keystone/server/flask/request_processing/middleware/auth_context.py:478}}
Aug 11 09:03:10.271244 n-d-852168-2 devstack@keystone.service[82007]: DEBUG keystone.server.flask.request_processing.middleware.auth_context [None req-4050817c-7dcc-4752-9a7b-1831c692ffd4 None admin] Authenticating user token {{(pid=82007) process_request /usr/local/lib/python3.8/dist-packages/keystonemiddleware/auth_token/__init__.py:407}}
Aug 11 09:03:10.271341 n-d-852168-2 devstack@keystone.service[82006]: DEBUG keystone.server.flask.request_processing.req_logging [None req-85f93169-e5de-4db9-96f7-2b3a9c2fc524 None admin] REQUEST_METHOD: `GET` {{(pid=82006) log_request_info /opt/stack/keystone/keystone/server/flask/request_processing/req_logging.py:27}}
Aug 11 09:03:10.271545 n-d-852168-2 devstack@keystone.service[82006]: DEBUG keystone.server.flask.request_processing.req_logging [None req-85f93169-e5de-4db9-96f7-2b3a9c2fc524 None admin] SCRIPT_NAME: `/identity` {{(pid=82006) log_request_info /opt/stack/keystone/keystone/server/flask/request_processing/req_logging.py:28}}
Aug 11 09:03:10.271825 n-d-852168-2 devstack@keystone.service[82006]: DEBUG keystone.server.flask.request_processing.req_logging [None req-85f93169-e5de-4db9-96f7-2b3a9c2fc524 None admin] PATH_INFO: `/v3/projects/d6b446f4de2a4c8a841dcd45d645143e` {{(pid=82006) log_request_info /opt/stack/keystone/keystone/server/flask/request_processing/req_logging.py:29}}
Aug 11 09:03:10.272993 n-d-852168-2 devstack@keystone.service[82006]: DEBUG keystone.common.rbac_enforcer.enforcer [None req-85f93169-e5de-4db9-96f7-2b3a9c2fc524 None admin] RBAC: Authorizing `identity:get_project(project_id=d6b446f4de2a4c8a841dcd45d645143e)` {{(pid=82006) enforce_call /opt/stack/keystone/keystone/common/rbac_enforcer/enforcer.py:449}}
Aug 11 09:03:10.274523 n-d-852168-2 devstack@keystone.service[82006]: DEBUG keystone.common.rbac_enforcer.enforcer [None req-85f93169-e5de-4db9-96f7-2b3a9c2fc524 None admin] RBAC: Authorization granted {{(pid=82006) enforce_call /opt/stack/keystone/keystone/common/rbac_enforcer/enforcer.py:457}}
Aug 11 09:03:10.281554 n-d-852168-2 devstack@keystone.service[82006]: [pid: 82006|app: 0|req: 53/106] 10.222.0.27 () {56 vars in 1186 bytes} [Thu Aug 11 09:03:10 2022] GET /identity/v3/projects/d6b446f4de2a4c8a841dcd45d645143e => generated 298 bytes in 225 msecs (HTTP/1.1 200) 5 headers in 177 bytes (1 switches on core 0)
Aug 11 09:03:10.281945 n-d-852168-2 devstack@keystone.service[82006]: DEBUG keystone.server.flask.request_processing.middleware.auth_context [None req-85f93169-e5de-4db9-96f7-2b3a9c2fc524 None admin] Authenticating user token {{(pid=82006) process_request /usr/local/lib/python3.8/dist-packages/keystonemiddleware/auth_token/__init__.py:407}}
Aug 11 09:03:10.347284 n-d-852168-2 devstack@keystone.service[82006]: DEBUG dbcounter [-] [82006] Writing DB stats keystone:SELECT=100 {{(pid=82006) stat_writer /usr/local/lib/python3.8/dist-packages/dbcounter.py:114}}
Aug 11 09:03:10.456508 n-d-852168-2 devstack@keystone.service[82007]: DEBUG keystone.server.flask.request_processing.middleware.auth_context [None req-4050817c-7dcc-4752-9a7b-1831c692ffd4 None admin] Validating token access rules against request {{(pid=82007) validate_allowed_request /usr/local/lib/python3.8/dist-packages/keystonemiddleware/auth_token/__init__.py:545}}
Aug 11 09:03:10.496964 n-d-852168-2 devstack@keystone.service[82007]: DEBUG keystone.server.flask.request_processing.middleware.auth_context [None req-4d25a21c-9224-4aa5-b3dd-0c57b8ae7230 None admin] RBAC: auth_context: {'token': , 'domain_id': None, 'trust_id': None, 'trustor_id': None, 'trustee_id': None, 'domain_name': None, 'group_ids': [], 'user_id': '6e4993badea143d795a5b35978ed2667', 'user_domain_id': 'default', 'system_scope': 'all', 'project_id': None, 'project_domain_id': None, 'roles': ['admin', 'member', 'reader'], 'is_admin_project': True, 'service_user_id': None, 'service_user_domain_id': None, 'service_project_id': None, 'service_project_domain_id': None, 'service_roles': []} {{(pid=82007) fill_context /opt/stack/keystone/keystone/server/flask/request_processing/middleware/auth_context.py:478}}
Aug 11 09:03:10.497621 n-d-852168-2 devstack@keystone.service[82007]: DEBUG keystone.server.flask.request_processing.req_logging [None req-4d25a21c-9224-4aa5-b3dd-0c57b8ae7230 None admin] REQUEST_METHOD: `POST` {{(pid=82007) log_request_info /opt/stack/keystone/keystone/server/flask/request_processing/req_logging.py:27}}
Aug 11 09:03:10.497905 n-d-852168-2 devstack@keystone.service[82007]: DEBUG keystone.server.flask.request_processing.req_logging [None req-4d25a21c-9224-4aa5-b3dd-0c57b8ae7230 None admin] SCRIPT_NAME: `/identity` {{(pid=82007) log_request_info /opt/stack/keystone/keystone/server/flask/request_processing/req_logging.py:28}}
Aug 11 09:03:10.498179 n-d-852168-2 devstack@keystone.service[82007]: DEBUG keystone.server.flask.request_processing.req_logging [None req-4d25a21c-9224-4aa5-b3dd-0c57b8ae7230 None admin] PATH_INFO: `/v3/projects` {{(pid=82007) log_request_info /opt/stack/keystone/keystone/server/flask/request_processing/req_logging.py:29}}
Aug 11 09:03:10.498837 n-d-852168-2 devstack@keystone.service[82007]: DEBUG keystone.common.rbac_enforcer.enforcer [None req-4d25a21c-9224-4aa5-b3dd-0c57b8ae7230 None admin] RBAC: Authorizing `identity:create_project()` {{(pid=82007) enforce_call /opt/stack/keystone/keystone/common/rbac_enforcer/enforcer.py:449}}
Aug 11 09:03:10.500346 n-d-852168-2 devstack@keystone.service[82007]: DEBUG keystone.common.rbac_enforcer.enforcer [None req-4d25a21c-9224-4aa5-b3dd-0c57b8ae7230 None admin] RBAC: Authorization granted {{(pid=82007) enforce_call /opt/stack/keystone/keystone/common/rbac_enforcer/enforcer.py:457}}
Aug 11 09:03:10.512516 n-d-852168-2 devstack@keystone.service[82006]: DEBUG keystone.server.flask.request_processing.middleware.auth_context [None req-85f93169-e5de-4db9-96f7-2b3a9c2fc524 None admin] Validating token access rules against request {{(pid=82006) validate_allowed_request /usr/local/lib/python3.8/dist-packages/keystonemiddleware/auth_token/__init__.py:545}}
Aug 11 09:03:10.565246 n-d-852168-2 devstack@keystone.service[82007]: [pid: 82007|app: 0|req: 54/107] 10.222.0.27 () {60 vars in 1141 bytes} [Thu Aug 11 09:03:10 2022] POST /identity/v3/projects => generated 302 bytes in 295 msecs (HTTP/1.1 201) 5 headers in 182 bytes (2 switches on core 0)
Aug 11 09:03:10.566614 n-d-852168-2 devstack@keystone.service[82007]: DEBUG keystone.server.flask.request_processing.req_logging [None req-6027ae60-f268-437d-919a-09a9df16e9a1 None None] REQUEST_METHOD: `GET` {{(pid=82007) log_request_info /opt/stack/keystone/keystone/server/flask/request_processing/req_logging.py:27}}
Aug 11 09:03:10.566911 n-d-852168-2 devstack@keystone.service[82007]: DEBUG keystone.server.flask.request_processing.req_logging [None req-6027ae60-f268-437d-919a-09a9df16e9a1 None None] SCRIPT_NAME: `/identity` {{(pid=82007) log_request_info /opt/stack/keystone/keystone/server/flask/request_processing/req_logging.py:28}}
Aug 11 09:03:10.567190 n-d-852168-2 devstack@keystone.service[82007]: DEBUG keystone.server.flask.request_processing.req_logging [None req-6027ae60-f268-437d-919a-09a9df16e9a1 None None] PATH_INFO: `/` {{(pid=82007) log_request_info /opt/stack/keystone/keystone/server/flask/request_processing/req_logging.py:29}}
Aug 11 09:03:10.569378 n-d-852168-2 devstack@keystone.service[82007]: [pid: 82007|app: 0|req: 55/108] 10.222.0.27 () {54 vars in 927 bytes} [Thu Aug 11 09:03:10 2022] GET /identity => generated 270 bytes in 3 msecs (HTTP/1.1 300) 6 headers in 234 bytes (1 switches on core 0)
Aug 11 09:03:10.576019 n-d-852168-2 devstack@keystone.service[82007]: DEBUG keystone.server.flask.request_processing.req_logging [None req-7c24c030-210c-49b8-bced-83537ddb995f None None] REQUEST_METHOD: `POST` {{(pid=82007) log_request_info /opt/stack/keystone/keystone/server/flask/request_processing/req_logging.py:27}}
Aug 11 09:03:10.576350 n-d-852168-2 devstack@keystone.service[82007]: DEBUG keystone.server.flask.request_processing.req_logging [None req-7c24c030-210c-49b8-bced-83537ddb995f None None] SCRIPT_NAME: `/identity` {{(pid=82007) log_request_info /opt/stack/keystone/keystone/server/flask/request_processing/req_logging.py:28}}
Aug 11 09:03:10.576593 n-d-852168-2 devstack@keystone.service[82007]: DEBUG keystone.server.flask.request_processing.req_logging [None req-7c24c030-210c-49b8-bced-83537ddb995f None None] PATH_INFO: `/v3/auth/tokens` {{(pid=82007) log_request_info /opt/stack/keystone/keystone/server/flask/request_processing/req_logging.py:29}}
Aug 11 09:03:10.588651 n-d-852168-2 devstack@keystone.service[82006]: DEBUG keystone.server.flask.request_processing.middleware.auth_context [None req-68441dd0-38ff-43de-8e9b-fb2e3f033b8f None admin] RBAC: auth_context: {'token': , 'domain_id': None, 'trust_id': None, 'trustor_id': None, 'trustee_id': None, 'domain_name': None, 'group_ids': [], 'user_id': '6e4993badea143d795a5b35978ed2667', 'user_domain_id': 'default', 'system_scope': 'all', 'project_id': None, 'project_domain_id': None, 'roles': ['admin', 'member', 'reader'], 'is_admin_project': True, 'service_user_id': None, 'service_user_domain_id': None, 'service_project_id': None, 'service_project_domain_id': None, 'service_roles': []} {{(pid=82006) fill_context /opt/stack/keystone/keystone/server/flask/request_processing/middleware/auth_context.py:478}}
Aug 11 09:03:10.589350 n-d-852168-2 devstack@keystone.service[82006]: DEBUG keystone.server.flask.request_processing.req_logging [None req-68441dd0-38ff-43de-8e9b-fb2e3f033b8f None admin] REQUEST_METHOD: `PUT` {{(pid=82006) log_request_info /opt/stack/keystone/keystone/server/flask/request_processing/req_logging.py:27}}
Aug 11 09:03:10.589661 n-d-852168-2 devstack@keystone.service[82006]: DEBUG keystone.server.flask.request_processing.req_logging [None req-68441dd0-38ff-43de-8e9b-fb2e3f033b8f None admin] SCRIPT_NAME: `/identity` {{(pid=82006) log_request_info /opt/stack/keystone/keystone/server/flask/request_processing/req_logging.py:28}}
Aug 11 09:03:10.589940 n-d-852168-2 devstack@keystone.service[82006]: DEBUG keystone.server.flask.request_processing.req_logging [None req-68441dd0-38ff-43de-8e9b-fb2e3f033b8f None admin] PATH_INFO: `/v3/projects/d6b446f4de2a4c8a841dcd45d645143e/users/3d327f9789b24c8a9f3ad72f2cbecacd/roles/52ca63149e1146baa3086f5fa2a84b37` {{(pid=82006) log_request_info /opt/stack/keystone/keystone/server/flask/request_processing/req_logging.py:29}}
Aug 11 09:03:10.592094 n-d-852168-2 devstack@keystone.service[82006]: DEBUG keystone.common.rbac_enforcer.enforcer [None req-68441dd0-38ff-43de-8e9b-fb2e3f033b8f None admin] RBAC: Authorizing `identity:create_grant(project_id=d6b446f4de2a4c8a841dcd45d645143e, user_id=3d327f9789b24c8a9f3ad72f2cbecacd, role_id=52ca63149e1146baa3086f5fa2a84b37)` {{(pid=82006) enforce_call /opt/stack/keystone/keystone/common/rbac_enforcer/enforcer.py:449}}
Aug 11 09:03:10.593610 n-d-852168-2 devstack@keystone.service[82006]: DEBUG keystone.common.rbac_enforcer.enforcer [None req-68441dd0-38ff-43de-8e9b-fb2e3f033b8f None admin] RBAC: Authorization granted {{(pid=82006) enforce_call /opt/stack/keystone/keystone/common/rbac_enforcer/enforcer.py:457}}
Aug 11 09:03:10.618936 n-d-852168-2 devstack@keystone.service[82007]: DEBUG keystone.auth.core [None req-7c24c030-210c-49b8-bced-83537ddb995f None None] MFA Rules not processed for user `6e4993badea143d795a5b35978ed2667`. Rule list: `[]` (Enabled: `True`). {{(pid=82007) check_auth_methods_against_rules /opt/stack/keystone/keystone/auth/core.py:438}}
Aug 11 09:03:10.621693 n-d-852168-2 devstack@keystone.service[82007]: DEBUG keystone.common.fernet_utils [None req-7c24c030-210c-49b8-bced-83537ddb995f None None] Loaded 2 Fernet keys from /etc/keystone/fernet-keys/, but `[fernet_tokens] max_active_keys = 3`; perhaps there have not been enough key rotations to reach `max_active_keys` yet? {{(pid=82007) load_keys /opt/stack/keystone/keystone/common/fernet_utils.py:286}}
Aug 11 09:03:10.622533 n-d-852168-2 devstack@keystone.service[82006]: [pid: 82006|app: 0|req: 54/109] 10.222.0.27 () {58 vars in 1439 bytes} [Thu Aug 11 09:03:10 2022] PUT /identity/v3/projects/d6b446f4de2a4c8a841dcd45d645143e/users/3d327f9789b24c8a9f3ad72f2cbecacd/roles/52ca63149e1146baa3086f5fa2a84b37 => generated 0 bytes in 341 msecs (HTTP/1.1 204) 3 headers in 132 bytes (0 switches on core 0)
Aug 11 09:03:10.641489 n-d-852168-2 devstack@keystone.service[82006]: DEBUG keystone.server.flask.request_processing.req_logging [None req-636ec549-346b-46b7-8928-86b28ad617fc None None] REQUEST_METHOD: `GET` {{(pid=82006) log_request_info /opt/stack/keystone/keystone/server/flask/request_processing/req_logging.py:27}}
Aug 11 09:03:10.641849 n-d-852168-2 devstack@keystone.service[82006]: DEBUG keystone.server.flask.request_processing.req_logging [None req-636ec549-346b-46b7-8928-86b28ad617fc None None] SCRIPT_NAME: `/identity` {{(pid=82006) log_request_info /opt/stack/keystone/keystone/server/flask/request_processing/req_logging.py:28}}
Aug 11 09:03:10.642104 n-d-852168-2 devstack@keystone.service[82006]: DEBUG keystone.server.flask.request_processing.req_logging [None req-636ec549-346b-46b7-8928-86b28ad617fc None None] PATH_INFO: `/` {{(pid=82006) log_request_info /opt/stack/keystone/keystone/server/flask/request_processing/req_logging.py:29}}
Aug 11 09:03:10.643456 n-d-852168-2 devstack@keystone.service[82006]: [pid: 82006|app: 0|req: 55/110] 10.222.0.27 () {54 vars in 927 bytes} [Thu Aug 11 09:03:10 2022] GET /identity => generated 270 bytes in 3 msecs (HTTP/1.1 300) 6 headers in 234 bytes (2 switches on core 0)
Aug 11 09:03:10.649275 n-d-852168-2 devstack@keystone.service[82006]: DEBUG keystone.server.flask.request_processing.req_logging [None req-49feb7dc-7748-489b-b68e-0b07ee652a20 None None] REQUEST_METHOD: `POST` {{(pid=82006) log_request_info /opt/stack/keystone/keystone/server/flask/request_processing/req_logging.py:27}}
Aug 11 09:03:10.649601 n-d-852168-2 devstack@keystone.service[82006]: DEBUG keystone.server.flask.request_processing.req_logging [None req-49feb7dc-7748-489b-b68e-0b07ee652a20 None None] SCRIPT_NAME: `/identity` {{(pid=82006) log_request_info /opt/stack/keystone/keystone/server/flask/request_processing/req_logging.py:28}}
Aug 11 09:03:10.649885 n-d-852168-2 devstack@keystone.service[82006]: DEBUG keystone.server.flask.request_processing.req_logging [None req-49feb7dc-7748-489b-b68e-0b07ee652a20 None None] PATH_INFO: `/v3/auth/tokens` {{(pid=82006) log_request_info /opt/stack/keystone/keystone/server/flask/request_processing/req_logging.py:29}}
Aug 11 09:03:10.666272 n-d-852168-2 devstack@keystone.service[82007]: DEBUG dbcounter [-] [82007] Writing DB stats keystone:SELECT=99,keystone:INSERT=1 {{(pid=82007) stat_writer /usr/local/lib/python3.8/dist-packages/dbcounter.py:114}}
Aug 11 09:03:10.677574 n-d-852168-2 devstack@keystone.service[82006]: DEBUG keystone.auth.core [None req-49feb7dc-7748-489b-b68e-0b07ee652a20 None None] MFA Rules not processed for user `6e4993badea143d795a5b35978ed2667`. Rule list: `[]` (Enabled: `True`). {{(pid=82006) check_auth_methods_against_rules /opt/stack/keystone/keystone/auth/core.py:438}}
Aug 11 09:03:10.678821 n-d-852168-2 devstack@keystone.service[82006]: DEBUG keystone.common.fernet_utils [None req-49feb7dc-7748-489b-b68e-0b07ee652a20 None None] Loaded 2 Fernet keys from /etc/keystone/fernet-keys/, but `[fernet_tokens] max_active_keys = 3`; perhaps there have not been enough key rotations to reach `max_active_keys` yet? {{(pid=82006) load_keys /opt/stack/keystone/keystone/common/fernet_utils.py:286}}
Aug 11 09:03:10.768930 n-d-852168-2 devstack@keystone.service[82007]: [pid: 82007|app: 0|req: 56/111] 10.222.0.27 () {58 vars in 1024 bytes} [Thu Aug 11 09:03:10 2022] POST /identity/v3/auth/tokens => generated 799 bytes in 193 msecs (HTTP/1.1 201) 6 headers in 363 bytes (2 switches on core 0)
Aug 11 09:03:10.812695 n-d-852168-2 devstack@keystone.service[82007]: DEBUG keystone.server.flask.request_processing.middleware.auth_context [None req-7c24c030-210c-49b8-bced-83537ddb995f None None] Authenticating user token {{(pid=82007) process_request /usr/local/lib/python3.8/dist-packages/keystonemiddleware/auth_token/__init__.py:407}}
Aug 11 09:03:10.844074 n-d-852168-2 devstack@keystone.service[82006]: [pid: 82006|app: 0|req: 56/112] 10.222.0.27 () {58 vars in 1024 bytes} [Thu Aug 11 09:03:10 2022] POST /identity/v3/auth/tokens => generated 799 bytes in 196 msecs (HTTP/1.1 201) 6 headers in 363 bytes (2 switches on core 0)
Aug 11 09:03:10.889114 n-d-852168-2 devstack@keystone.service[82006]: DEBUG keystone.server.flask.request_processing.middleware.auth_context [None req-49feb7dc-7748-489b-b68e-0b07ee652a20 None None] Authenticating user token {{(pid=82006) process_request /usr/local/lib/python3.8/dist-packages/keystonemiddleware/auth_token/__init__.py:407}}
Aug 11 09:03:10.918726 n-d-852168-2 devstack@keystone.service[82006]: DEBUG dbcounter [-] [82006] Writing DB stats keystone:SELECT=99,keystone:INSERT=1 {{(pid=82006) stat_writer /usr/local/lib/python3.8/dist-packages/dbcounter.py:114}}
Aug 11 09:03:10.968501 n-d-852168-2 devstack@keystone.service[82007]: DEBUG keystone.server.flask.request_processing.middleware.auth_context [None req-7c24c030-210c-49b8-bced-83537ddb995f None None] Validating token access rules against request {{(pid=82007) validate_allowed_request /usr/local/lib/python3.8/dist-packages/keystonemiddleware/auth_token/__init__.py:545}}
Aug 11 09:03:11.009128 n-d-852168-2 devstack@keystone.service[82007]: DEBUG keystone.server.flask.request_processing.middleware.auth_context [None req-6874b880-fdb9-497c-9641-0a42666d3219 None admin] RBAC: auth_context: {'token': , 'domain_id': None, 'trust_id': None, 'trustor_id': None, 'trustee_id': None, 'domain_name': None, 'group_ids': [], 'user_id': '6e4993badea143d795a5b35978ed2667', 'user_domain_id': 'default', 'system_scope': 'all', 'project_id': None, 'project_domain_id': None, 'roles': ['admin', 'member', 'reader'], 'is_admin_project': True, 'service_user_id': None, 'service_user_domain_id': None, 'service_project_id': None, 'service_project_domain_id': None, 'service_roles': []} {{(pid=82007) fill_context /opt/stack/keystone/keystone/server/flask/request_processing/middleware/auth_context.py:478}}
Aug 11 09:03:11.009812 n-d-852168-2 devstack@keystone.service[82007]: DEBUG keystone.server.flask.request_processing.req_logging [None req-6874b880-fdb9-497c-9641-0a42666d3219 None admin] REQUEST_METHOD: `GET` {{(pid=82007) log_request_info /opt/stack/keystone/keystone/server/flask/request_processing/req_logging.py:27}}
Aug 11 09:03:11.010096 n-d-852168-2 devstack@keystone.service[82007]: DEBUG keystone.server.flask.request_processing.req_logging [None req-6874b880-fdb9-497c-9641-0a42666d3219 None admin] SCRIPT_NAME: `/identity` {{(pid=82007) log_request_info /opt/stack/keystone/keystone/server/flask/request_processing/req_logging.py:28}}
Aug 11 09:03:11.010378 n-d-852168-2 devstack@keystone.service[82007]: DEBUG keystone.server.flask.request_processing.req_logging [None req-6874b880-fdb9-497c-9641-0a42666d3219 None admin] PATH_INFO: `/v3/roles/reader` {{(pid=82007) log_request_info /opt/stack/keystone/keystone/server/flask/request_processing/req_logging.py:29}}
Aug 11 09:03:11.014621 n-d-852168-2 devstack@keystone.service[82006]: DEBUG keystone.server.flask.request_processing.middleware.auth_context [None req-49feb7dc-7748-489b-b68e-0b07ee652a20 None None] Validating token access rules against request {{(pid=82006) validate_allowed_request /usr/local/lib/python3.8/dist-packages/keystonemiddleware/auth_token/__init__.py:545}}
Aug 11 09:03:11.022386 n-d-852168-2 devstack@keystone.service[82007]: DEBUG keystone.common.rbac_enforcer.enforcer [None req-6874b880-fdb9-497c-9641-0a42666d3219 None admin] Extracting inferred target data resulted in "NOT FOUND (404)". {{(pid=82007) enforce_call /opt/stack/keystone/keystone/common/rbac_enforcer/enforcer.py:409}}
Aug 11 09:03:11.027058 n-d-852168-2 devstack@keystone.service[82007]: ERROR keystone.server.flask.application [None req-6874b880-fdb9-497c-9641-0a42666d3219 None admin] Could not find role: reader.: keystone.exception.RoleNotFound: Could not find role: reader.
Aug 11 09:03:11.027058 n-d-852168-2 devstack@keystone.service[82007]: ERROR keystone.server.flask.application
Traceback (most recent call last):
Aug 11 09:03:11.027058 n-d-852168-2 devstack@keystone.service[82007]: ERROR keystone.server.flask.application
File "/usr/local/lib/python3.8/dist-packages/flask/app.py", line 1820, in full_dispatch_request
Aug 11 09:03:11.027058 n-d-852168-2 devstack@keystone.service[82007]: ERROR keystone.server.flask.application rv = self.dispatch_request()
Aug 11 09:03:11.027058 n-d-852168-2 devstack@keystone.service[82007]: ERROR keystone.server.flask.application
File "/usr/local/lib/python3.8/dist-packages/flask/app.py", line 1796, in dispatch_request
Aug 11 09:03:11.027058 n-d-852168-2 devstack@keystone.service[82007]: ERROR keystone.server.flask.application return self.ensure_sync(self.view_functions[rule.endpoint])(**view_args)
Aug 11 09:03:11.027058 n-d-852168-2 devstack@keystone.service[82007]: ERROR keystone.server.flask.application
File "/usr/local/lib/python3.8/dist-packages/flask_restful/__init__.py", line 467, in wrapper
Aug 11 09:03:11.027058 n-d-852168-2 devstack@keystone.service[82007]: ERROR keystone.server.flask.application resp = resource(*args, **kwargs)
Aug 11 09:03:11.027058 n-d-852168-2 devstack@keystone.service[82007]: ERROR keystone.server.flask.application
File "/usr/local/lib/python3.8/dist-packages/flask/views.py", line 107, in view
Aug 11 09:03:11.027058 n-d-852168-2 devstack@keystone.service[82007]: ERROR keystone.server.flask.application return current_app.ensure_sync(self.dispatch_request)(**kwargs)
Aug 11 09:03:11.027058 n-d-852168-2 devstack@keystone.service[82007]: ERROR keystone.server.flask.application
File "/usr/local/lib/python3.8/dist-packages/flask_restful/__init__.py", line 582, in dispatch_request
Aug 11 09:03:11.027058 n-d-852168-2 devstack@keystone.service[82007]: ERROR keystone.server.flask.application resp = meth(*args, **kwargs)
Aug 11 09:03:11.027058 n-d-852168-2 devstack@keystone.service[82007]: ERROR keystone.server.flask.application
File "/opt/stack/keystone/keystone/api/roles.py", line 50, in get
Aug 11 09:03:11.027058 n-d-852168-2 devstack@keystone.service[82007]: ERROR keystone.server.flask.application return self._get_role(role_id)
Aug 11 09:03:11.027058 n-d-852168-2 devstack@keystone.service[82007]: ERROR keystone.server.flask.application
File "/opt/stack/keystone/keystone/api/roles.py", line 70, in _get_role
Aug 11 09:03:11.027058 n-d-852168-2 devstack@keystone.service[82007]: ERROR keystone.server.flask.application ENFORCER.enforce_call(action='identity:get_role')
Aug 11 09:03:11.027920 n-d-852168-2 devstack@keystone.service[82007]: ERROR keystone.server.flask.application
File "/opt/stack/keystone/keystone/common/rbac_enforcer/enforcer.py", line 402, in enforce_call
Aug 11 09:03:11.027920 n-d-852168-2 devstack@keystone.service[82007]: ERROR keystone.server.flask.application policy_dict.update(cls._extract_member_target_data(
Aug 11 09:03:11.027920 n-d-852168-2 devstack@keystone.service[82007]: ERROR keystone.server.flask.application
File "/opt/stack/keystone/keystone/common/rbac_enforcer/enforcer.py", line 234, in _extract_member_target_data
Aug 11 09:03:11.027920 n-d-852168-2 devstack@keystone.service[82007]: ERROR keystone.server.flask.application member_name: func(flask.request.view_args[key])
Aug 11 09:03:11.027920 n-d-852168-2 devstack@keystone.service[82007]: ERROR keystone.server.flask.application
File "/opt/stack/keystone/keystone/common/manager.py", line 115, in wrapped
Aug 11 09:03:11.027920 n-d-852168-2 devstack@keystone.service[82007]: ERROR keystone.server.flask.application __ret_val = __f(*args, **kwargs)
Aug 11 09:03:11.027920 n-d-852168-2 devstack@keystone.service[82007]: ERROR keystone.server.flask.application
File "/usr/local/lib/python3.8/dist-packages/decorator.py", line 232, in fun
Aug 11 09:03:11.027920 n-d-852168-2 devstack@keystone.service[82007]: ERROR keystone.server.flask.application return caller(func, *(extras + args), **kw)
Aug 11 09:03:11.027920 n-d-852168-2 devstack@keystone.service[82007]: ERROR keystone.server.flask.application
File "/usr/local/lib/python3.8/dist-packages/dogpile/cache/region.py", line 1577, in get_or_create_for_user_func
Aug 11 09:03:11.027920 n-d-852168-2 devstack@keystone.service[82007]: ERROR keystone.server.flask.application return self.get_or_create(
Aug 11 09:03:11.027920 n-d-852168-2 devstack@keystone.service[82007]: ERROR keystone.server.flask.application
File "/usr/local/lib/python3.8/dist-packages/dogpile/cache/region.py", line 1042, in get_or_create
Aug 11 09:03:11.027920 n-d-852168-2 devstack@keystone.service[82007]: ERROR keystone.server.flask.application with Lock(
Aug 11 09:03:11.027920 n-d-852168-2 devstack@keystone.service[82007]: ERROR keystone.server.flask.application
File "/usr/local/lib/python3.8/dist-packages/dogpile/lock.py", line 185, in __enter__
