Aug 04 11:56:46.138537 n-d-852135-1 devstack@placement-api.service[106549]: DEBUG placement.objects.research_context [req-ed77a6a8-4d06-4d6c-a0a3-f000464c92aa req-0de446e4-798c-40b7-babd-abacc6bdf04a service placement] found 2 providers with available 1 DISK_GB {{(pid=106549) get_provider_ids_matching /opt/stack/placement/placement/objects/research_context.py:563}}
Aug 04 11:56:46.139161 n-d-852135-1 devstack@placement-api.service[106549]: DEBUG placement.objects.research_context [req-ed77a6a8-4d06-4d6c-a0a3-f000464c92aa req-0de446e4-798c-40b7-babd-abacc6bdf04a service placement] found 2 providers with available 1024 MEMORY_MB {{(pid=106549) get_provider_ids_matching /opt/stack/placement/placement/objects/research_context.py:563}}
Aug 04 11:56:46.139657 n-d-852135-1 devstack@placement-api.service[106549]: DEBUG placement.objects.research_context [req-ed77a6a8-4d06-4d6c-a0a3-f000464c92aa req-0de446e4-798c-40b7-babd-abacc6bdf04a service placement] found 2 providers after filtering by previous result {{(pid=106549) get_provider_ids_matching /opt/stack/placement/placement/objects/research_context.py:594}}
Aug 04 11:56:46.140331 n-d-852135-1 devstack@placement-api.service[106549]: DEBUG placement.objects.research_context [req-ed77a6a8-4d06-4d6c-a0a3-f000464c92aa req-0de446e4-798c-40b7-babd-abacc6bdf04a service placement] found 2 providers with available 1 VCPU {{(pid=106549) get_provider_ids_matching /opt/stack/placement/placement/objects/research_context.py:563}}
Aug 04 11:56:46.140827 n-d-852135-1 devstack@placement-api.service[106549]: DEBUG placement.objects.research_context [req-ed77a6a8-4d06-4d6c-a0a3-f000464c92aa req-0de446e4-798c-40b7-babd-abacc6bdf04a service placement] found 2 providers after filtering by previous result {{(pid=106549) get_provider_ids_matching /opt/stack/placement/placement/objects/research_context.py:594}}
Aug 04 11:56:46.156241 n-d-852135-1 devstack@placement-api.service[106549]: DEBUG placement.objects.allocation_candidate [req-ed77a6a8-4d06-4d6c-a0a3-f000464c92aa req-0de446e4-798c-40b7-babd-abacc6bdf04a service placement] RequestGroup(use_same_provider=False, resources={DISK_GB:1, MEMORY_MB:1024, VCPU:1}, traits=(), aggregates=[]) (suffix '') returned 2 matches {{(pid=106549) _get_by_requests /opt/stack/placement/placement/objects/allocation_candidate.py:156}}
Aug 04 11:56:46.157634 n-d-852135-1 devstack@placement-api.service[106549]: DEBUG placement.objects.allocation_candidate [req-ed77a6a8-4d06-4d6c-a0a3-f000464c92aa req-0de446e4-798c-40b7-babd-abacc6bdf04a service placement] Merging candidates yields 2 allocation requests and 2 provider summaries {{(pid=106549) _merge_candidates /opt/stack/placement/placement/objects/allocation_candidate.py:809}}
Aug 04 11:56:46.162513 n-d-852135-1 devstack@placement-api.service[106549]: INFO placement.requestlog [req-ed77a6a8-4d06-4d6c-a0a3-f000464c92aa req-0de446e4-798c-40b7-babd-abacc6bdf04a service placement] 10.222.0.148 "GET /placement/allocation_candidates?limit=1000&resources=DISK_GB%3A1%2CMEMORY_MB%3A1024%2CVCPU%3A1&root_required=%21COMPUTE_STATUS_DISABLED" status: 200 len: 1311 microversion: 1.36
Aug 04 11:56:46.163166 n-d-852135-1 devstack@placement-api.service[106549]: [pid: 106549|app: 0|req: 331/666] 10.222.0.148 () {60 vars in 1511 bytes} [Thu Aug 4 11:56:46 2022] GET /placement/allocation_candidates?limit=1000&resources=DISK_GB%3A1%2CMEMORY_MB%3A1024%2CVCPU%3A1&root_required=%21COMPUTE_STATUS_DISABLED => generated 1311 bytes in 102 msecs (HTTP/1.1 200) 8 headers in 297 bytes (1 switches on core 0)
Aug 04 11:56:46.288551 n-d-852135-1 devstack@placement-api.service[106550]: DEBUG placement.requestlog [req-ed77a6a8-4d06-4d6c-a0a3-f000464c92aa req-24509ecb-b178-4640-965e-1908cfcf8ecb None None] Starting request: 10.222.0.148 "GET /placement/allocations/030c54b3-218e-41d3-af72-02119ce41818" {{(pid=106550) __call__ /opt/stack/placement/placement/requestlog.py:55}}
Aug 04 11:56:46.315285 n-d-852135-1 devstack@placement-api.service[106550]: INFO placement.requestlog [req-ed77a6a8-4d06-4d6c-a0a3-f000464c92aa req-24509ecb-b178-4640-965e-1908cfcf8ecb service placement] 10.222.0.148 "GET /placement/allocations/030c54b3-218e-41d3-af72-02119ce41818" status: 200 len: 19 microversion: 1.28
Aug 04 11:56:46.315909 n-d-852135-1 devstack@placement-api.service[106550]: [pid: 106550|app: 0|req: 336/667] 10.222.0.148 () {60 vars in 1385 bytes} [Thu Aug 4 11:56:46 2022] GET /placement/allocations/030c54b3-218e-41d3-af72-02119ce41818 => generated 19 bytes in 28 msecs (HTTP/1.1 200) 8 headers in 295 bytes (2 switches on core 0)
Aug 04 11:56:46.324547 n-d-852135-1 devstack@placement-api.service[106549]: DEBUG placement.requestlog [req-ed77a6a8-4d06-4d6c-a0a3-f000464c92aa req-e4cf9a89-f8b6-46e7-9c3e-47e06e26a2fe None None] Starting request: 10.222.0.148 "PUT /placement/allocations/030c54b3-218e-41d3-af72-02119ce41818" {{(pid=106549) __call__ /opt/stack/placement/placement/requestlog.py:55}}
Aug 04 11:56:46.560517 n-d-852135-1 devstack@placement-api.service[106549]: DEBUG placement.handlers.allocation [req-ed77a6a8-4d06-4d6c-a0a3-f000464c92aa req-e4cf9a89-f8b6-46e7-9c3e-47e06e26a2fe service placement] Successfully wrote allocations [, , ] {{(pid=106549) _update_consumers_and_create_allocations /opt/stack/placement/placement/handlers/allocation.py:462}}
Aug 04 11:56:46.655732 n-d-852135-1 devstack@placement-api.service[106549]: INFO placement.requestlog [req-ed77a6a8-4d06-4d6c-a0a3-f000464c92aa req-e4cf9a89-f8b6-46e7-9c3e-47e06e26a2fe service placement] 10.222.0.148 "PUT /placement/allocations/030c54b3-218e-41d3-af72-02119ce41818" status: 204 len: 0 microversion: 1.36
Aug 04 11:56:46.656174 n-d-852135-1 devstack@placement-api.service[106549]: [pid: 106549|app: 0|req: 332/668] 10.222.0.148 () {64 vars in 1438 bytes} [Thu Aug 4 11:56:46 2022] PUT /placement/allocations/030c54b3-218e-41d3-af72-02119ce41818 => generated 0 bytes in 332 msecs (HTTP/1.1 204) 5 headers in 199 bytes (1 switches on core 0)
Aug 04 11:56:46.895886 n-d-852135-1 devstack@placement-api.service[106550]: DEBUG placement.requestlog [req-81366e75-11fc-4184-bcdb-ce4ac2ff1745 req-5e825aa3-6549-48a3-b235-07901225b82f None None] Starting request: 10.222.0.71 "GET /placement/allocations/4a20d45d-79fc-46fa-968d-122fcedebbda" {{(pid=106550) __call__ /opt/stack/placement/placement/requestlog.py:55}}
Aug 04 11:56:46.929741 n-d-852135-1 devstack@placement-api.service[106550]: INFO placement.requestlog [req-81366e75-11fc-4184-bcdb-ce4ac2ff1745 req-5e825aa3-6549-48a3-b235-07901225b82f service placement] 10.222.0.71 "GET /placement/allocations/4a20d45d-79fc-46fa-968d-122fcedebbda" status: 200 len: 259 microversion: 1.28
Aug 04 11:56:46.931212 n-d-852135-1 devstack@placement-api.service[106550]: [pid: 106550|app: 0|req: 337/669] 10.222.0.71 () {60 vars in 1381 bytes} [Thu Aug 4 11:56:46 2022] GET /placement/allocations/4a20d45d-79fc-46fa-968d-122fcedebbda => generated 259 bytes in 35 msecs (HTTP/1.1 200) 8 headers in 296 bytes (1 switches on core 0)
Aug 04 11:56:46.946821 n-d-852135-1 devstack@placement-api.service[106549]: DEBUG placement.requestlog [req-81366e75-11fc-4184-bcdb-ce4ac2ff1745 req-9667d164-6ebf-4b8f-9f63-17e4d4dd94fe None None] Starting request: 10.222.0.71 "GET /placement/allocations/4a20d45d-79fc-46fa-968d-122fcedebbda" {{(pid=106549) __call__ /opt/stack/placement/placement/requestlog.py:55}}
Aug 04 11:56:46.990157 n-d-852135-1 devstack@placement-api.service[106549]: INFO placement.requestlog [req-81366e75-11fc-4184-bcdb-ce4ac2ff1745 req-9667d164-6ebf-4b8f-9f63-17e4d4dd94fe service placement] 10.222.0.71 "GET /placement/allocations/4a20d45d-79fc-46fa-968d-122fcedebbda" status: 200 len: 259 microversion: 1.28
Aug 04 11:56:46.993542 n-d-852135-1 devstack@placement-api.service[106549]: [pid: 106549|app: 0|req: 333/670] 10.222.0.71 () {60 vars in 1381 bytes} [Thu Aug 4 11:56:46 2022] GET /placement/allocations/4a20d45d-79fc-46fa-968d-122fcedebbda => generated 259 bytes in 47 msecs (HTTP/1.1 200) 8 headers in 296 bytes (1 switches on core 0)
Aug 04 11:56:47.001092 n-d-852135-1 devstack@placement-api.service[106550]: DEBUG placement.requestlog [req-81366e75-11fc-4184-bcdb-ce4ac2ff1745 req-6b9bb2bf-0fd2-498e-ac66-a3a1600c1aed None None] Starting request: 10.222.0.71 "GET /placement/allocations/dcc3072d-b408-4d43-85d0-9d999a920c50" {{(pid=106550) __call__ /opt/stack/placement/placement/requestlog.py:55}}
Aug 04 11:56:47.025433 n-d-852135-1 devstack@placement-api.service[106550]: INFO placement.requestlog [req-81366e75-11fc-4184-bcdb-ce4ac2ff1745 req-6b9bb2bf-0fd2-498e-ac66-a3a1600c1aed service placement] 10.222.0.71 "GET /placement/allocations/dcc3072d-b408-4d43-85d0-9d999a920c50" status: 200 len: 258 microversion: 1.28
Aug 04 11:56:47.025913 n-d-852135-1 devstack@placement-api.service[106550]: [pid: 106550|app: 0|req: 338/671] 10.222.0.71 () {60 vars in 1381 bytes} [Thu Aug 4 11:56:46 2022] GET /placement/allocations/dcc3072d-b408-4d43-85d0-9d999a920c50 => generated 258 bytes in 26 msecs (HTTP/1.1 200) 8 headers in 296 bytes (1 switches on core 0)
Aug 04 11:56:47.046139 n-d-852135-1 devstack@placement-api.service[106549]: DEBUG placement.requestlog [req-81366e75-11fc-4184-bcdb-ce4ac2ff1745 req-7589d08d-6efe-4bae-b333-3896997b9220 None None] Starting request: 10.222.0.71 "POST /placement/allocations" {{(pid=106549) __call__ /opt/stack/placement/placement/requestlog.py:55}}
Aug 04 11:56:47.063582 n-d-852135-1 devstack@placement-api.service[106550]: DEBUG placement.requestlog [req-b41e3fea-c8e3-4672-89f3-c262aa7a7191 req-b3bedaeb-21c5-4d11-b0d0-332194b223ed None None] Starting request: 10.222.0.71 "GET /placement/allocations/38df619d-8e4f-4c4f-9038-262f5f9d805f" {{(pid=106550) __call__ /opt/stack/placement/placement/requestlog.py:55}}
Aug 04 11:56:47.091903 n-d-852135-1 devstack@placement-api.service[106550]: INFO placement.requestlog [req-b41e3fea-c8e3-4672-89f3-c262aa7a7191 req-b3bedaeb-21c5-4d11-b0d0-332194b223ed service placement] 10.222.0.71 "GET /placement/allocations/38df619d-8e4f-4c4f-9038-262f5f9d805f" status: 200 len: 259 microversion: 1.28
Aug 04 11:56:47.096998 n-d-852135-1 devstack@placement-api.service[106550]: [pid: 106550|app: 0|req: 339/672] 10.222.0.71 () {60 vars in 1381 bytes} [Thu Aug 4 11:56:47 2022] GET /placement/allocations/38df619d-8e4f-4c4f-9038-262f5f9d805f => generated 259 bytes in 33 msecs (HTTP/1.1 200) 8 headers in 296 bytes (1 switches on core 0)
Aug 04 11:56:47.199535 n-d-852135-1 devstack@placement-api.service[106549]: DEBUG dbcounter [-] [106549] Writing DB stats placement:SELECT=76,placement:INSERT=11,placement:DELETE=6,placement:UPDATE=7 {{(pid=106549) stat_writer /usr/local/lib/python3.8/dist-packages/dbcounter.py:114}}
Aug 04 11:56:47.205321 n-d-852135-1 devstack@placement-api.service[106549]: DEBUG placement.handlers.allocation [req-81366e75-11fc-4184-bcdb-ce4ac2ff1745 req-7589d08d-6efe-4bae-b333-3896997b9220 service placement] Successfully wrote allocations [, , , , , ] {{(pid=106549) _update_consumers_and_create_allocations /opt/stack/placement/placement/handlers/allocation.py:572}}
Aug 04 11:56:47.275861 n-d-852135-1 devstack@placement-api.service[106550]: DEBUG placement.requestlog [req-4536e422-02ef-44e3-b0c5-859a7d52b42b req-254fe897-4403-43c3-9f36-64e6e2a70f5e None None] Starting request: 10.222.0.71 "GET /placement/allocations/798be644-672c-4fa1-a6cd-4b916ec16a8e" {{(pid=106550) __call__ /opt/stack/placement/placement/requestlog.py:55}}
Aug 04 11:56:47.279845 n-d-852135-1 devstack@placement-api.service[106549]: INFO placement.requestlog [req-81366e75-11fc-4184-bcdb-ce4ac2ff1745 req-7589d08d-6efe-4bae-b333-3896997b9220 service placement] 10.222.0.71 "POST /placement/allocations" status: 204 len: 0 microversion: 1.28
Aug 04 11:56:47.280258 n-d-852135-1 devstack@placement-api.service[106549]: [pid: 106549|app: 0|req: 334/673] 10.222.0.71 () {64 vars in 1324 bytes} [Thu Aug 4 11:56:47 2022] POST /placement/allocations => generated 0 bytes in 235 msecs (HTTP/1.1 204) 5 headers in 199 bytes (1 switches on core 0)
Aug 04 11:56:47.304495 n-d-852135-1 devstack@placement-api.service[106550]: INFO placement.requestlog [req-4536e422-02ef-44e3-b0c5-859a7d52b42b req-254fe897-4403-43c3-9f36-64e6e2a70f5e service placement] 10.222.0.71 "GET /placement/allocations/798be644-672c-4fa1-a6cd-4b916ec16a8e" status: 200 len: 259 microversion: 1.28
Aug 04 11:56:47.305977 n-d-852135-1 devstack@placement-api.service[106550]: [pid: 106550|app: 0|req: 340/674] 10.222.0.71 () {60 vars in 1381 bytes} [Thu Aug 4 11:56:47 2022] GET /placement/allocations/798be644-672c-4fa1-a6cd-4b916ec16a8e => generated 259 bytes in 30 msecs (HTTP/1.1 200) 8 headers in 296 bytes (1 switches on core 0)
Aug 04 11:56:48.400551 n-d-852135-1 devstack@placement-api.service[106549]: DEBUG placement.requestlog [req-ed77a6a8-4d06-4d6c-a0a3-f000464c92aa req-9f8f3a19-4f72-4494-83e5-c33eef4b71e1 None None] Starting request: 10.222.0.71 "GET /placement/allocations/030c54b3-218e-41d3-af72-02119ce41818" {{(pid=106549) __call__ /opt/stack/placement/placement/requestlog.py:55}}
Aug 04 11:56:48.478086 n-d-852135-1 devstack@placement-api.service[106549]: INFO placement.requestlog [req-ed77a6a8-4d06-4d6c-a0a3-f000464c92aa req-9f8f3a19-4f72-4494-83e5-c33eef4b71e1 service placement] 10.222.0.71 "GET /placement/allocations/030c54b3-218e-41d3-af72-02119ce41818" status: 200 len: 259 microversion: 1.28
Aug 04 11:56:48.479181 n-d-852135-1 devstack@placement-api.service[106549]: [pid: 106549|app: 0|req: 335/675] 10.222.0.71 () {60 vars in 1381 bytes} [Thu Aug 4 11:56:48 2022] GET /placement/allocations/030c54b3-218e-41d3-af72-02119ce41818 => generated 259 bytes in 79 msecs (HTTP/1.1 200) 8 headers in 296 bytes (1 switches on core 0)
Aug 04 11:56:57.301448 n-d-852135-1 devstack@placement-api.service[106550]: DEBUG dbcounter [-] [106550] Writing DB stats placement:SELECT=50,placement:INSERT=7,placement:DELETE=3,placement:UPDATE=3 {{(pid=106550) stat_writer /usr/local/lib/python3.8/dist-packages/dbcounter.py:114}}
Aug 04 11:56:59.128111 n-d-852135-1 devstack@placement-api.service[106550]: DEBUG placement.requestlog [req-0dab730a-6993-4306-b9fe-3ada593016af req-58001778-f0a3-488d-a25d-254db60091ca None None] Starting request: 10.222.0.148 "GET /placement/allocation_candidates?limit=1000&resources=DISK_GB%3A1%2CMEMORY_MB%3A1024%2CVCPU%3A1&root_required=%21COMPUTE_STATUS_DISABLED" {{(pid=106550) __call__ /opt/stack/placement/placement/requestlog.py:55}}
Aug 04 11:56:59.226810 n-d-852135-1 devstack@placement-api.service[106550]: DEBUG placement.objects.research_context [req-0dab730a-6993-4306-b9fe-3ada593016af req-58001778-f0a3-488d-a25d-254db60091ca service placement] getting providers with 1 DISK_GB {{(pid=106550) __init__ /opt/stack/placement/placement/objects/research_context.py:136}}
Aug 04 11:56:59.239588 n-d-852135-1 devstack@placement-api.service[106550]: DEBUG placement.objects.research_context [req-0dab730a-6993-4306-b9fe-3ada593016af req-58001778-f0a3-488d-a25d-254db60091ca service placement] getting providers with 1024 MEMORY_MB {{(pid=106550) __init__ /opt/stack/placement/placement/objects/research_context.py:136}}
Aug 04 11:56:59.247888 n-d-852135-1 devstack@placement-api.service[106550]: DEBUG placement.objects.research_context [req-0dab730a-6993-4306-b9fe-3ada593016af req-58001778-f0a3-488d-a25d-254db60091ca service placement] getting providers with 1 VCPU {{(pid=106550) __init__ /opt/stack/placement/placement/objects/research_context.py:136}}
Aug 04 11:56:59.255108 n-d-852135-1 devstack@placement-api.service[106550]: DEBUG placement.objects.research_context [req-0dab730a-6993-4306-b9fe-3ada593016af req-58001778-f0a3-488d-a25d-254db60091ca service placement] found 2 providers with available 1 DISK_GB {{(pid=106550) get_provider_ids_matching /opt/stack/placement/placement/objects/research_context.py:563}}
Aug 04 11:56:59.255603 n-d-852135-1 devstack@placement-api.service[106550]: DEBUG placement.objects.research_context [req-0dab730a-6993-4306-b9fe-3ada593016af req-58001778-f0a3-488d-a25d-254db60091ca service placement] found 2 providers with available 1024 MEMORY_MB {{(pid=106550) get_provider_ids_matching /opt/stack/placement/placement/objects/research_context.py:563}}
Aug 04 11:56:59.256216 n-d-852135-1 devstack@placement-api.service[106550]: DEBUG placement.objects.research_context [req-0dab730a-6993-4306-b9fe-3ada593016af req-58001778-f0a3-488d-a25d-254db60091ca service placement] found 2 providers after filtering by previous result {{(pid=106550) get_provider_ids_matching /opt/stack/placement/placement/objects/research_context.py:594}}
Aug 04 11:56:59.256762 n-d-852135-1 devstack@placement-api.service[106550]: DEBUG placement.objects.research_context [req-0dab730a-6993-4306-b9fe-3ada593016af req-58001778-f0a3-488d-a25d-254db60091ca service placement] found 2 providers with available 1 VCPU {{(pid=106550) get_provider_ids_matching /opt/stack/placement/placement/objects/research_context.py:563}}
Aug 04 11:56:59.257200 n-d-852135-1 devstack@placement-api.service[106550]: DEBUG placement.objects.research_context [req-0dab730a-6993-4306-b9fe-3ada593016af req-58001778-f0a3-488d-a25d-254db60091ca service placement] found 2 providers after filtering by previous result {{(pid=106550) get_provider_ids_matching /opt/stack/placement/placement/objects/research_context.py:594}}
Aug 04 11:56:59.277281 n-d-852135-1 devstack@placement-api.service[106550]: DEBUG placement.objects.allocation_candidate [req-0dab730a-6993-4306-b9fe-3ada593016af req-58001778-f0a3-488d-a25d-254db60091ca service placement] RequestGroup(use_same_provider=False, resources={DISK_GB:1, MEMORY_MB:1024, VCPU:1}, traits=(), aggregates=[]) (suffix '') returned 2 matches {{(pid=106550) _get_by_requests /opt/stack/placement/placement/objects/allocation_candidate.py:156}}
Aug 04 11:56:59.277871 n-d-852135-1 devstack@placement-api.service[106550]: DEBUG placement.objects.allocation_candidate [req-0dab730a-6993-4306-b9fe-3ada593016af req-58001778-f0a3-488d-a25d-254db60091ca service placement] Merging candidates yields 2 allocation requests and 2 provider summaries {{(pid=106550) _merge_candidates /opt/stack/placement/placement/objects/allocation_candidate.py:809}}
Aug 04 11:56:59.284694 n-d-852135-1 devstack@placement-api.service[106550]: INFO placement.requestlog [req-0dab730a-6993-4306-b9fe-3ada593016af req-58001778-f0a3-488d-a25d-254db60091ca service placement] 10.222.0.148 "GET /placement/allocation_candidates?limit=1000&resources=DISK_GB%3A1%2CMEMORY_MB%3A1024%2CVCPU%3A1&root_required=%21COMPUTE_STATUS_DISABLED" status: 200 len: 1311 microversion: 1.36
Aug 04 11:56:59.285894 n-d-852135-1 devstack@placement-api.service[106550]: [pid: 106550|app: 0|req: 341/676] 10.222.0.148 () {60 vars in 1511 bytes} [Thu Aug 4 11:56:59 2022] GET /placement/allocation_candidates?limit=1000&resources=DISK_GB%3A1%2CMEMORY_MB%3A1024%2CVCPU%3A1&root_required=%21COMPUTE_STATUS_DISABLED => generated 1311 bytes in 158 msecs (HTTP/1.1 200) 8 headers in 297 bytes (1 switches on core 0)
Aug 04 11:56:59.409662 n-d-852135-1 devstack@placement-api.service[106549]: DEBUG placement.requestlog [req-0dab730a-6993-4306-b9fe-3ada593016af req-c7872e58-37e1-4d19-b41a-b3a35cbd36ec None None] Starting request: 10.222.0.148 "GET /placement/allocations/a02f4c57-4872-46be-86f8-fcce4fbc78be" {{(pid=106549) __call__ /opt/stack/placement/placement/requestlog.py:55}}
Aug 04 11:56:59.480045 n-d-852135-1 devstack@placement-api.service[106549]: INFO placement.requestlog [req-0dab730a-6993-4306-b9fe-3ada593016af req-c7872e58-37e1-4d19-b41a-b3a35cbd36ec service placement] 10.222.0.148 "GET /placement/allocations/a02f4c57-4872-46be-86f8-fcce4fbc78be" status: 200 len: 19 microversion: 1.28
Aug 04 11:56:59.481580 n-d-852135-1 devstack@placement-api.service[106549]: [pid: 106549|app: 0|req: 336/677] 10.222.0.148 () {60 vars in 1385 bytes} [Thu Aug 4 11:56:59 2022] GET /placement/allocations/a02f4c57-4872-46be-86f8-fcce4fbc78be => generated 19 bytes in 72 msecs (HTTP/1.1 200) 8 headers in 295 bytes (2 switches on core 0)
Aug 04 11:56:59.489468 n-d-852135-1 devstack@placement-api.service[106550]: DEBUG placement.requestlog [req-0dab730a-6993-4306-b9fe-3ada593016af req-d6edcf0a-9ea5-4ee3-b237-4dd87a97a327 None None] Starting request: 10.222.0.148 "PUT /placement/allocations/a02f4c57-4872-46be-86f8-fcce4fbc78be" {{(pid=106550) __call__ /opt/stack/placement/placement/requestlog.py:55}}
Aug 04 11:56:59.669311 n-d-852135-1 devstack@placement-api.service[106550]: DEBUG placement.handlers.allocation [req-0dab730a-6993-4306-b9fe-3ada593016af req-d6edcf0a-9ea5-4ee3-b237-4dd87a97a327 service placement] Successfully wrote allocations [, , ] {{(pid=106550) _update_consumers_and_create_allocations /opt/stack/placement/placement/handlers/allocation.py:462}}
Aug 04 11:56:59.774431 n-d-852135-1 devstack@placement-api.service[106550]: INFO placement.requestlog [req-0dab730a-6993-4306-b9fe-3ada593016af req-d6edcf0a-9ea5-4ee3-b237-4dd87a97a327 service placement] 10.222.0.148 "PUT /placement/allocations/a02f4c57-4872-46be-86f8-fcce4fbc78be" status: 204 len: 0 microversion: 1.36
Aug 04 11:56:59.775206 n-d-852135-1 devstack@placement-api.service[106550]: [pid: 106550|app: 0|req: 342/678] 10.222.0.148 () {64 vars in 1438 bytes} [Thu Aug 4 11:56:59 2022] PUT /placement/allocations/a02f4c57-4872-46be-86f8-fcce4fbc78be => generated 0 bytes in 286 msecs (HTTP/1.1 204) 5 headers in 199 bytes (1 switches on core 0)
Aug 04 11:57:00.277531 n-d-852135-1 devstack@placement-api.service[106549]: DEBUG placement.requestlog [req-c199f1b5-e7d8-4f6e-a176-2b9619dde9c7 req-323c8d94-e61f-4727-a78c-498223cdac60 None None] Starting request: 10.222.0.86 "GET /placement/resource_providers/79a12389-a68d-4fc3-904d-a5ba41b0a1da/allocations" {{(pid=106549) __call__ /opt/stack/placement/placement/requestlog.py:55}}
Aug 04 11:57:00.308485 n-d-852135-1 devstack@placement-api.service[106549]: INFO placement.requestlog [req-c199f1b5-e7d8-4f6e-a176-2b9619dde9c7 req-323c8d94-e61f-4727-a78c-498223cdac60 service placement] 10.222.0.86 "GET /placement/resource_providers/79a12389-a68d-4fc3-904d-a5ba41b0a1da/allocations" status: 200 len: 154 microversion: 1.0
Aug 04 11:57:00.308883 n-d-852135-1 devstack@placement-api.service[106549]: [pid: 106549|app: 0|req: 337/679] 10.222.0.86 () {58 vars in 1394 bytes} [Thu Aug 4 11:57:00 2022] GET /placement/resource_providers/79a12389-a68d-4fc3-904d-a5ba41b0a1da/allocations => generated 154 bytes in 32 msecs (HTTP/1.1 200) 6 headers in 224 bytes (1 switches on core 0)
Aug 04 11:57:00.936283 n-d-852135-1 devstack@placement-api.service[106550]: DEBUG placement.requestlog [None req-64d61ca3-0c6d-40f6-927c-4c0696d3c1f1 None None] Starting request: 10.222.0.148 "GET /placement/resource_providers/a78e30ae-0547-47ab-af87-d2c8ab861b1c/aggregates" {{(pid=106550) __call__ /opt/stack/placement/placement/requestlog.py:55}}
Aug 04 11:57:00.952427 n-d-852135-1 devstack@placement-api.service[106550]: INFO placement.requestlog [None req-64d61ca3-0c6d-40f6-927c-4c0696d3c1f1 service placement] 10.222.0.148 "GET /placement/resource_providers/a78e30ae-0547-47ab-af87-d2c8ab861b1c/aggregates" status: 404 len: 235 microversion: 1.1
Aug 04 11:57:00.953412 n-d-852135-1 devstack@placement-api.service[106550]: [pid: 106550|app: 0|req: 343/680] 10.222.0.148 () {58 vars in 1367 bytes} [Thu Aug 4 11:57:00 2022] GET /placement/resource_providers/a78e30ae-0547-47ab-af87-d2c8ab861b1c/aggregates => generated 235 bytes in 17 msecs (HTTP/1.1 404) 5 headers in 202 bytes (1 switches on core 0)
Aug 04 11:57:00.987412 n-d-852135-1 devstack@placement-api.service[106549]: DEBUG placement.requestlog [None req-b77ee82c-527f-4efc-819c-65fad80d76b4 None None] Starting request: 10.222.0.148 "DELETE /placement/resource_providers/a78e30ae-0547-47ab-af87-d2c8ab861b1c" {{(pid=106549) __call__ /opt/stack/placement/placement/requestlog.py:55}}
Aug 04 11:57:01.005831 n-d-852135-1 devstack@placement-api.service[106549]: DEBUG placement.wsgi_wrapper [None req-b77ee82c-527f-4efc-819c-65fad80d76b4 service placement] Placement API returning an error response: No resource provider with uuid a78e30ae-0547-47ab-af87-d2c8ab861b1c found for delete {{(pid=106549) call_func /opt/stack/placement/placement/wsgi_wrapper.py:31}}
Aug 04 11:57:01.008436 n-d-852135-1 devstack@placement-api.service[106549]: INFO placement.requestlog [None req-b77ee82c-527f-4efc-819c-65fad80d76b4 service placement] 10.222.0.148 "DELETE /placement/resource_providers/a78e30ae-0547-47ab-af87-d2c8ab861b1c" status: 404 len: 246 microversion: 1.1
Aug 04 11:57:01.008436 n-d-852135-1 devstack@placement-api.service[106549]: [pid: 106549|app: 0|req: 338/681] 10.222.0.148 () {60 vars in 1356 bytes} [Thu Aug 4 11:57:00 2022] DELETE /placement/resource_providers/a78e30ae-0547-47ab-af87-d2c8ab861b1c => generated 246 bytes in 22 msecs (HTTP/1.1 404) 6 headers in 231 bytes (1 switches on core 0)
Aug 04 11:57:07.106817 n-d-852135-1 devstack@placement-api.service[106550]: DEBUG placement.requestlog [req-0dab730a-6993-4306-b9fe-3ada593016af req-8f867dcd-6982-4b85-abb6-2b7ce1707e30 None None] Starting request: 10.222.0.71 "GET /placement/allocations/a02f4c57-4872-46be-86f8-fcce4fbc78be" {{(pid=106550) __call__ /opt/stack/placement/placement/requestlog.py:55}}
Aug 04 11:57:07.147033 n-d-852135-1 devstack@placement-api.service[106550]: INFO placement.requestlog [req-0dab730a-6993-4306-b9fe-3ada593016af req-8f867dcd-6982-4b85-abb6-2b7ce1707e30 service placement] 10.222.0.71 "GET /placement/allocations/a02f4c57-4872-46be-86f8-fcce4fbc78be" status: 200 len: 259 microversion: 1.28
Aug 04 11:57:07.148035 n-d-852135-1 devstack@placement-api.service[106550]: [pid: 106550|app: 0|req: 344/682] 10.222.0.71 () {60 vars in 1381 bytes} [Thu Aug 4 11:57:07 2022] GET /placement/allocations/a02f4c57-4872-46be-86f8-fcce4fbc78be => generated 259 bytes in 42 msecs (HTTP/1.1 200) 8 headers in 296 bytes (1 switches on core 0)
Aug 04 11:57:07.558912 n-d-852135-1 devstack@placement-api.service[106549]: DEBUG placement.requestlog [None req-9e48ceb5-8479-415e-a6d7-9efed4fe3dca None None] Starting request: 10.222.0.148 "GET /placement/resource_providers/58dbf2e8-8706-4a47-b08f-aa63046e33d8/aggregates" {{(pid=106549) __call__ /opt/stack/placement/placement/requestlog.py:55}}
Aug 04 11:57:07.575466 n-d-852135-1 devstack@placement-api.service[106549]: INFO placement.requestlog [None req-9e48ceb5-8479-415e-a6d7-9efed4fe3dca service placement] 10.222.0.148 "GET /placement/resource_providers/58dbf2e8-8706-4a47-b08f-aa63046e33d8/aggregates" status: 404 len: 235 microversion: 1.1
Aug 04 11:57:07.575861 n-d-852135-1 devstack@placement-api.service[106549]: [pid: 106549|app: 0|req: 339/683] 10.222.0.148 () {58 vars in 1367 bytes} [Thu Aug 4 11:57:07 2022] GET /placement/resource_providers/58dbf2e8-8706-4a47-b08f-aa63046e33d8/aggregates => generated 235 bytes in 17 msecs (HTTP/1.1 404) 5 headers in 202 bytes (1 switches on core 0)
Aug 04 11:57:07.601420 n-d-852135-1 devstack@placement-api.service[106550]: DEBUG placement.requestlog [None req-3c403dec-63e9-4a41-a9c6-15458a37959b None None] Starting request: 10.222.0.148 "DELETE /placement/resource_providers/58dbf2e8-8706-4a47-b08f-aa63046e33d8" {{(pid=106550) __call__ /opt/stack/placement/placement/requestlog.py:55}}
Aug 04 11:57:07.615167 n-d-852135-1 devstack@placement-api.service[106550]: DEBUG placement.wsgi_wrapper [None req-3c403dec-63e9-4a41-a9c6-15458a37959b service placement] Placement API returning an error response: No resource provider with uuid 58dbf2e8-8706-4a47-b08f-aa63046e33d8 found for delete {{(pid=106550) call_func /opt/stack/placement/placement/wsgi_wrapper.py:31}}
Aug 04 11:57:07.616323 n-d-852135-1 devstack@placement-api.service[106550]: INFO placement.requestlog [None req-3c403dec-63e9-4a41-a9c6-15458a37959b service placement] 10.222.0.148 "DELETE /placement/resource_providers/58dbf2e8-8706-4a47-b08f-aa63046e33d8" status: 404 len: 246 microversion: 1.1
Aug 04 11:57:07.616987 n-d-852135-1 devstack@placement-api.service[106550]: [pid: 106550|app: 0|req: 345/684] 10.222.0.148 () {60 vars in 1356 bytes} [Thu Aug 4 11:57:07 2022] DELETE /placement/resource_providers/58dbf2e8-8706-4a47-b08f-aa63046e33d8 => generated 246 bytes in 16 msecs (HTTP/1.1 404) 6 headers in 231 bytes (1 switches on core 0)
Aug 04 11:57:14.725176 n-d-852135-1 devstack@placement-api.service[106549]: DEBUG placement.requestlog [None req-9b6f57b0-2f74-4377-a167-882de15348fd None None] Starting request: 10.222.0.148 "GET /placement/resource_providers/b9e6c05c-3a51-4add-9caf-fc51b766c3d8/aggregates" {{(pid=106549) __call__ /opt/stack/placement/placement/requestlog.py:55}}
Aug 04 11:57:14.746779 n-d-852135-1 devstack@placement-api.service[106549]: INFO placement.requestlog [None req-9b6f57b0-2f74-4377-a167-882de15348fd service placement] 10.222.0.148 "GET /placement/resource_providers/b9e6c05c-3a51-4add-9caf-fc51b766c3d8/aggregates" status: 404 len: 235 microversion: 1.1
Aug 04 11:57:14.754557 n-d-852135-1 devstack@placement-api.service[106549]: [pid: 106549|app: 0|req: 340/685] 10.222.0.148 () {58 vars in 1367 bytes} [Thu Aug 4 11:57:14 2022] GET /placement/resource_providers/b9e6c05c-3a51-4add-9caf-fc51b766c3d8/aggregates => generated 235 bytes in 36 msecs (HTTP/1.1 404) 5 headers in 202 bytes (2 switches on core 0)
Aug 04 11:57:14.800948 n-d-852135-1 devstack@placement-api.service[106550]: DEBUG placement.requestlog [None req-b9157873-171a-4ec5-9025-d8c29f93db1e None None] Starting request: 10.222.0.148 "DELETE /placement/resource_providers/b9e6c05c-3a51-4add-9caf-fc51b766c3d8" {{(pid=106550) __call__ /opt/stack/placement/placement/requestlog.py:55}}
Aug 04 11:57:14.816294 n-d-852135-1 devstack@placement-api.service[106550]: DEBUG placement.wsgi_wrapper [None req-b9157873-171a-4ec5-9025-d8c29f93db1e service placement] Placement API returning an error response: No resource provider with uuid b9e6c05c-3a51-4add-9caf-fc51b766c3d8 found for delete {{(pid=106550) call_func /opt/stack/placement/placement/wsgi_wrapper.py:31}}
Aug 04 11:57:14.817103 n-d-852135-1 devstack@placement-api.service[106550]: INFO placement.requestlog [None req-b9157873-171a-4ec5-9025-d8c29f93db1e service placement] 10.222.0.148 "DELETE /placement/resource_providers/b9e6c05c-3a51-4add-9caf-fc51b766c3d8" status: 404 len: 246 microversion: 1.1
Aug 04 11:57:14.818016 n-d-852135-1 devstack@placement-api.service[106550]: [pid: 106550|app: 0|req: 346/686] 10.222.0.148 () {60 vars in 1356 bytes} [Thu Aug 4 11:57:14 2022] DELETE /placement/resource_providers/b9e6c05c-3a51-4add-9caf-fc51b766c3d8 => generated 246 bytes in 19 msecs (HTTP/1.1 404) 6 headers in 231 bytes (1 switches on core 0)
Aug 04 11:57:20.890933 n-d-852135-1 devstack@placement-api.service[106549]: DEBUG placement.requestlog [req-3e548931-3a3b-4844-88a9-dc8c3089d0a1 req-40b9fdf7-688a-4c69-ba2f-b0779bfca3aa None None] Starting request: 10.222.0.71 "GET /placement/resource_providers/ebf5715b-57c9-4e02-8aaf-0dfd57509856/allocations" {{(pid=106549) __call__ /opt/stack/placement/placement/requestlog.py:55}}
Aug 04 11:57:20.900278 n-d-852135-1 devstack@placement-api.service[106549]: DEBUG dbcounter [-] [106549] Writing DB stats placement:DELETE=1,placement:SELECT=19 {{(pid=106549) stat_writer /usr/local/lib/python3.8/dist-packages/dbcounter.py:114}}
Aug 04 11:57:20.946596 n-d-852135-1 devstack@placement-api.service[106549]: INFO placement.requestlog [req-3e548931-3a3b-4844-88a9-dc8c3089d0a1 req-40b9fdf7-688a-4c69-ba2f-b0779bfca3aa service placement] 10.222.0.71 "GET /placement/resource_providers/ebf5715b-57c9-4e02-8aaf-0dfd57509856/allocations" status: 200 len: 1163 microversion: 1.0
Aug 04 11:57:20.947045 n-d-852135-1 devstack@placement-api.service[106549]: [pid: 106549|app: 0|req: 341/687] 10.222.0.71 () {58 vars in 1394 bytes} [Thu Aug 4 11:57:20 2022] GET /placement/resource_providers/ebf5715b-57c9-4e02-8aaf-0dfd57509856/allocations => generated 1163 bytes in 56 msecs (HTTP/1.1 200) 6 headers in 225 bytes (1 switches on core 0)
Aug 04 11:57:24.815315 n-d-852135-1 devstack@placement-api.service[106550]: DEBUG dbcounter [-] [106550] Writing DB stats placement:SELECT=35,placement:INSERT=4,placement:DELETE=2,placement:UPDATE=2 {{(pid=106550) stat_writer /usr/local/lib/python3.8/dist-packages/dbcounter.py:114}}
Aug 04 11:57:26.251558 n-d-852135-1 devstack@placement-api.service[106550]: DEBUG placement.requestlog [None req-53a418ea-dabd-4dc5-812a-0e581cee3652 None None] Starting request: 10.222.0.148 "GET /placement/resource_providers/5250ed45-edfb-489c-ac1b-c421a79203f5/aggregates" {{(pid=106550) __call__ /opt/stack/placement/placement/requestlog.py:55}}
Aug 04 11:57:26.269786 n-d-852135-1 devstack@placement-api.service[106550]: INFO placement.requestlog [None req-53a418ea-dabd-4dc5-812a-0e581cee3652 service placement] 10.222.0.148 "GET /placement/resource_providers/5250ed45-edfb-489c-ac1b-c421a79203f5/aggregates" status: 404 len: 235 microversion: 1.1
Aug 04 11:57:26.273042 n-d-852135-1 devstack@placement-api.service[106550]: [pid: 106550|app: 0|req: 347/688] 10.222.0.148 () {58 vars in 1367 bytes} [Thu Aug 4 11:57:26 2022] GET /placement/resource_providers/5250ed45-edfb-489c-ac1b-c421a79203f5/aggregates => generated 235 bytes in 22 msecs (HTTP/1.1 404) 5 headers in 202 bytes (1 switches on core 0)
Aug 04 11:57:26.291235 n-d-852135-1 devstack@placement-api.service[106549]: DEBUG placement.requestlog [None req-3bbb3bce-0a70-4ba4-b155-5b869689856b None None] Starting request: 10.222.0.148 "DELETE /placement/resource_providers/5250ed45-edfb-489c-ac1b-c421a79203f5" {{(pid=106549) __call__ /opt/stack/placement/placement/requestlog.py:55}}
Aug 04 11:57:26.305230 n-d-852135-1 devstack@placement-api.service[106549]: DEBUG placement.wsgi_wrapper [None req-3bbb3bce-0a70-4ba4-b155-5b869689856b service placement] Placement API returning an error response: No resource provider with uuid 5250ed45-edfb-489c-ac1b-c421a79203f5 found for delete {{(pid=106549) call_func /opt/stack/placement/placement/wsgi_wrapper.py:31}}
Aug 04 11:57:26.306644 n-d-852135-1 devstack@placement-api.service[106549]: INFO placement.requestlog [None req-3bbb3bce-0a70-4ba4-b155-5b869689856b service placement] 10.222.0.148 "DELETE /placement/resource_providers/5250ed45-edfb-489c-ac1b-c421a79203f5" status: 404 len: 246 microversion: 1.1
Aug 04 11:57:26.307250 n-d-852135-1 devstack@placement-api.service[106549]: [pid: 106549|app: 0|req: 342/689] 10.222.0.148 () {60 vars in 1356 bytes} [Thu Aug 4 11:57:26 2022] DELETE /placement/resource_providers/5250ed45-edfb-489c-ac1b-c421a79203f5 => generated 246 bytes in 16 msecs (HTTP/1.1 404) 6 headers in 231 bytes (1 switches on core 0)
Aug 04 11:57:30.139956 n-d-852135-1 devstack@placement-api.service[106550]: DEBUG placement.requestlog [req-ec846cd8-5208-47e9-a6b5-dad3068df721 req-cc006acf-6d6d-404d-826c-eb4acb5a224d None None] Starting request: 10.222.0.148 "GET /placement/resource_providers/ebf5715b-57c9-4e02-8aaf-0dfd57509856/traits" {{(pid=106550) __call__ /opt/stack/placement/placement/requestlog.py:55}}
Aug 04 11:57:30.169224 n-d-852135-1 devstack@placement-api.service[106550]: INFO placement.requestlog [req-ec846cd8-5208-47e9-a6b5-dad3068df721 req-cc006acf-6d6d-404d-826c-eb4acb5a224d service placement] 10.222.0.148 "GET /placement/resource_providers/ebf5715b-57c9-4e02-8aaf-0dfd57509856/traits" status: 200 len: 212 microversion: 1.6
Aug 04 11:57:30.170055 n-d-852135-1 devstack@placement-api.service[106550]: [pid: 106550|app: 0|req: 348/690] 10.222.0.148 () {60 vars in 1417 bytes} [Thu Aug 4 11:57:30 2022] GET /placement/resource_providers/ebf5715b-57c9-4e02-8aaf-0dfd57509856/traits => generated 212 bytes in 34 msecs (HTTP/1.1 200) 6 headers in 224 bytes (1 switches on core 0)
Aug 04 11:57:30.942110 n-d-852135-1 devstack@placement-api.service[106549]: DEBUG placement.requestlog [None req-0a5d57bf-e470-432b-b3b8-97e2adcb8b3b None None] Starting request: 10.222.0.148 "GET /placement/" {{(pid=106549) __call__ /opt/stack/placement/placement/requestlog.py:55}}
Aug 04 11:57:30.943529 n-d-852135-1 devstack@placement-api.service[106549]: INFO placement.requestlog [None req-0a5d57bf-e470-432b-b3b8-97e2adcb8b3b None None] 10.222.0.148 "GET /placement/" status: 200 len: 136 microversion: 1.0
Aug 04 11:57:30.944518 n-d-852135-1 devstack@placement-api.service[106549]: [pid: 106549|app: 0|req: 343/691] 10.222.0.148 () {54 vars in 921 bytes} [Thu Aug 4 11:57:30 2022] GET /placement => generated 136 bytes in 3 msecs (HTTP/1.1 200) 6 headers in 224 bytes (2 switches on core 0)
Aug 04 11:57:30.961838 n-d-852135-1 devstack@placement-api.service[106550]: DEBUG placement.requestlog [req-ec846cd8-5208-47e9-a6b5-dad3068df721 req-8ca0fdc7-4c69-4b04-925c-ddafdea83331 None None] Starting request: 10.222.0.148 "GET /placement/allocations/a02f4c57-4872-46be-86f8-fcce4fbc78be" {{(pid=106550) __call__ /opt/stack/placement/placement/requestlog.py:55}}
Aug 04 11:57:31.103605 n-d-852135-1 devstack@placement-api.service[106550]: INFO placement.requestlog [req-ec846cd8-5208-47e9-a6b5-dad3068df721 req-8ca0fdc7-4c69-4b04-925c-ddafdea83331 service placement] 10.222.0.148 "GET /placement/allocations/a02f4c57-4872-46be-86f8-fcce4fbc78be" status: 200 len: 259 microversion: 1.28
Aug 04 11:57:31.104111 n-d-852135-1 devstack@placement-api.service[106550]: [pid: 106550|app: 0|req: 349/692] 10.222.0.148 () {60 vars in 1385 bytes} [Thu Aug 4 11:57:30 2022] GET /placement/allocations/a02f4c57-4872-46be-86f8-fcce4fbc78be => generated 259 bytes in 143 msecs (HTTP/1.1 200) 8 headers in 296 bytes (1 switches on core 0)
Aug 04 11:57:31.113481 n-d-852135-1 devstack@placement-api.service[106549]: DEBUG placement.requestlog [req-ec846cd8-5208-47e9-a6b5-dad3068df721 req-3e6bc7ae-8c43-408b-b2d2-8a1de8fd966f None None] Starting request: 10.222.0.148 "GET /placement/allocations/a02f4c57-4872-46be-86f8-fcce4fbc78be" {{(pid=106549) __call__ /opt/stack/placement/placement/requestlog.py:55}}
Aug 04 11:57:31.146298 n-d-852135-1 devstack@placement-api.service[106549]: INFO placement.requestlog [req-ec846cd8-5208-47e9-a6b5-dad3068df721 req-3e6bc7ae-8c43-408b-b2d2-8a1de8fd966f service placement] 10.222.0.148 "GET /placement/allocations/a02f4c57-4872-46be-86f8-fcce4fbc78be" status: 200 len: 259 microversion: 1.28
Aug 04 11:57:31.154570 n-d-852135-1 devstack@placement-api.service[106550]: DEBUG placement.requestlog [req-ec846cd8-5208-47e9-a6b5-dad3068df721 req-295b76c8-d304-4c38-8560-30f81e84092f None None] Starting request: 10.222.0.148 "GET /placement/allocations/9b793ea8-8454-4aa8-96dc-3fda91278f53" {{(pid=106550) __call__ /opt/stack/placement/placement/requestlog.py:55}}
Aug 04 11:57:31.166131 n-d-852135-1 devstack@placement-api.service[106549]: [pid: 106549|app: 0|req: 344/693] 10.222.0.148 () {60 vars in 1385 bytes} [Thu Aug 4 11:57:31 2022] GET /placement/allocations/a02f4c57-4872-46be-86f8-fcce4fbc78be => generated 259 bytes in 53 msecs (HTTP/1.1 200) 8 headers in 296 bytes (1 switches on core 0)
Aug 04 11:57:31.175927 n-d-852135-1 devstack@placement-api.service[106550]: INFO placement.requestlog [req-ec846cd8-5208-47e9-a6b5-dad3068df721 req-295b76c8-d304-4c38-8560-30f81e84092f service placement] 10.222.0.148 "GET /placement/allocations/9b793ea8-8454-4aa8-96dc-3fda91278f53" status: 200 len: 19 microversion: 1.28
Aug 04 11:57:31.185342 n-d-852135-1 devstack@placement-api.service[106549]: DEBUG placement.requestlog [req-ec846cd8-5208-47e9-a6b5-dad3068df721 req-73c4006a-9538-4ef0-8104-649b35ccc392 None None] Starting request: 10.222.0.148 "POST /placement/allocations" {{(pid=106549) __call__ /opt/stack/placement/placement/requestlog.py:55}}
Aug 04 11:57:31.194699 n-d-852135-1 devstack@placement-api.service[106550]: [pid: 106550|app: 0|req: 350/694] 10.222.0.148 () {60 vars in 1385 bytes} [Thu Aug 4 11:57:31 2022] GET /placement/allocations/9b793ea8-8454-4aa8-96dc-3fda91278f53 => generated 19 bytes in 41 msecs (HTTP/1.1 200) 8 headers in 295 bytes (2 switches on core 0)
Aug 04 11:57:31.382881 n-d-852135-1 devstack@placement-api.service[106549]: DEBUG placement.handlers.allocation [req-ec846cd8-5208-47e9-a6b5-dad3068df721 req-73c4006a-9538-4ef0-8104-649b35ccc392 service placement] Successfully wrote allocations [, , , , , ] {{(pid=106549) _update_consumers_and_create_allocations /opt/stack/placement/placement/handlers/allocation.py:572}}
Aug 04 11:57:31.481481 n-d-852135-1 devstack@placement-api.service[106549]: INFO placement.requestlog [req-ec846cd8-5208-47e9-a6b5-dad3068df721 req-73c4006a-9538-4ef0-8104-649b35ccc392 service placement] 10.222.0.148 "POST /placement/allocations" status: 204 len: 0 microversion: 1.28
Aug 04 11:57:31.482334 n-d-852135-1 devstack@placement-api.service[106549]: [pid: 106549|app: 0|req: 345/695] 10.222.0.148 () {64 vars in 1328 bytes} [Thu Aug 4 11:57:31 2022] POST /placement/allocations => generated 0 bytes in 297 msecs (HTTP/1.1 204) 5 headers in 199 bytes (1 switches on core 0)
Aug 04 11:57:31.919777 n-d-852135-1 devstack@placement-api.service[106550]: DEBUG placement.requestlog [req-ec846cd8-5208-47e9-a6b5-dad3068df721 req-d960249b-1cc3-41c4-8d8e-30f290cdbc04 None None] Starting request: 10.222.0.148 "GET /placement/allocation_candidates?limit=1000&resources=DISK_GB%3A1%2CMEMORY_MB%3A1024%2CVCPU%3A1&root_required=%21COMPUTE_STATUS_DISABLED" {{(pid=106550) __call__ /opt/stack/placement/placement/requestlog.py:55}}
Aug 04 11:57:31.972928 n-d-852135-1 devstack@placement-api.service[106550]: DEBUG placement.objects.research_context [req-ec846cd8-5208-47e9-a6b5-dad3068df721 req-d960249b-1cc3-41c4-8d8e-30f290cdbc04 service placement] getting providers with 1 DISK_GB {{(pid=106550) __init__ /opt/stack/placement/placement/objects/research_context.py:136}}
Aug 04 11:57:31.980476 n-d-852135-1 devstack@placement-api.service[106550]: DEBUG placement.objects.research_context [req-ec846cd8-5208-47e9-a6b5-dad3068df721 req-d960249b-1cc3-41c4-8d8e-30f290cdbc04 service placement] getting providers with 1024 MEMORY_MB {{(pid=106550) __init__ /opt/stack/placement/placement/objects/research_context.py:136}}
Aug 04 11:57:31.987900 n-d-852135-1 devstack@placement-api.service[106550]: DEBUG placement.objects.research_context [req-ec846cd8-5208-47e9-a6b5-dad3068df721 req-d960249b-1cc3-41c4-8d8e-30f290cdbc04 service placement] getting providers with 1 VCPU {{(pid=106550) __init__ /opt/stack/placement/placement/objects/research_context.py:136}}
Aug 04 11:57:31.992151 n-d-852135-1 devstack@placement-api.service[106549]: DEBUG placement.requestlog [None req-4d22cdab-d8aa-4293-916e-13ce23bc0cc8 None None] Starting request: 10.222.0.148 "GET /placement/resource_providers/f9e46019-cab2-4d95-bad2-f5bdeb19b5bf/aggregates" {{(pid=106549) __call__ /opt/stack/placement/placement/requestlog.py:55}}
Aug 04 11:57:31.998876 n-d-852135-1 devstack@placement-api.service[106550]: DEBUG placement.objects.research_context [req-ec846cd8-5208-47e9-a6b5-dad3068df721 req-d960249b-1cc3-41c4-8d8e-30f290cdbc04 service placement] found 2 providers with available 1 DISK_GB {{(pid=106550) get_provider_ids_matching /opt/stack/placement/placement/objects/research_context.py:563}}
Aug 04 11:57:32.000003 n-d-852135-1 devstack@placement-api.service[106550]: DEBUG placement.objects.research_context [req-ec846cd8-5208-47e9-a6b5-dad3068df721 req-d960249b-1cc3-41c4-8d8e-30f290cdbc04 service placement] found 2 providers with available 1024 MEMORY_MB {{(pid=106550) get_provider_ids_matching /opt/stack/placement/placement/objects/research_context.py:563}}
Aug 04 11:57:32.000376 n-d-852135-1 devstack@placement-api.service[106550]: DEBUG placement.objects.research_context [req-ec846cd8-5208-47e9-a6b5-dad3068df721 req-d960249b-1cc3-41c4-8d8e-30f290cdbc04 service placement] found 2 providers after filtering by previous result {{(pid=106550) get_provider_ids_matching /opt/stack/placement/placement/objects/research_context.py:594}}
Aug 04 11:57:32.001493 n-d-852135-1 devstack@placement-api.service[106550]: DEBUG placement.objects.research_context [req-ec846cd8-5208-47e9-a6b5-dad3068df721 req-d960249b-1cc3-41c4-8d8e-30f290cdbc04 service placement] found 2 providers with available 1 VCPU {{(pid=106550) get_provider_ids_matching /opt/stack/placement/placement/objects/research_context.py:563}}
Aug 04 11:57:32.002034 n-d-852135-1 devstack@placement-api.service[106550]: DEBUG placement.objects.research_context [req-ec846cd8-5208-47e9-a6b5-dad3068df721 req-d960249b-1cc3-41c4-8d8e-30f290cdbc04 service placement] found 2 providers after filtering by previous result {{(pid=106550) get_provider_ids_matching /opt/stack/placement/placement/objects/research_context.py:594}}
Aug 04 11:57:32.006986 n-d-852135-1 devstack@placement-api.service[106549]: INFO placement.requestlog [None req-4d22cdab-d8aa-4293-916e-13ce23bc0cc8 service placement] 10.222.0.148 "GET /placement/resource_providers/f9e46019-cab2-4d95-bad2-f5bdeb19b5bf/aggregates" status: 404 len: 235 microversion: 1.1
Aug 04 11:57:32.007755 n-d-852135-1 devstack@placement-api.service[106549]: [pid: 106549|app: 0|req: 346/696] 10.222.0.148 () {58 vars in 1367 bytes} [Thu Aug 4 11:57:31 2022] GET /placement/resource_providers/f9e46019-cab2-4d95-bad2-f5bdeb19b5bf/aggregates => generated 235 bytes in 16 msecs (HTTP/1.1 404) 5 headers in 202 bytes (2 switches on core 0)
Aug 04 11:57:32.017512 n-d-852135-1 devstack@placement-api.service[106550]: DEBUG placement.objects.allocation_candidate [req-ec846cd8-5208-47e9-a6b5-dad3068df721 req-d960249b-1cc3-41c4-8d8e-30f290cdbc04 service placement] RequestGroup(use_same_provider=False, resources={DISK_GB:1, MEMORY_MB:1024, VCPU:1}, traits=(), aggregates=[]) (suffix '') returned 2 matches {{(pid=106550) _get_by_requests /opt/stack/placement/placement/objects/allocation_candidate.py:156}}
Aug 04 11:57:32.017986 n-d-852135-1 devstack@placement-api.service[106550]: DEBUG placement.objects.allocation_candidate [req-ec846cd8-5208-47e9-a6b5-dad3068df721 req-d960249b-1cc3-41c4-8d8e-30f290cdbc04 service placement] Merging candidates yields 2 allocation requests and 2 provider summaries {{(pid=106550) _merge_candidates /opt/stack/placement/placement/objects/allocation_candidate.py:809}}
Aug 04 11:57:32.022103 n-d-852135-1 devstack@placement-api.service[106550]: INFO placement.requestlog [req-ec846cd8-5208-47e9-a6b5-dad3068df721 req-d960249b-1cc3-41c4-8d8e-30f290cdbc04 service placement] 10.222.0.148 "GET /placement/allocation_candidates?limit=1000&resources=DISK_GB%3A1%2CMEMORY_MB%3A1024%2CVCPU%3A1&root_required=%21COMPUTE_STATUS_DISABLED" status: 200 len: 1312 microversion: 1.36
Aug 04 11:57:32.022926 n-d-852135-1 devstack@placement-api.service[106550]: [pid: 106550|app: 0|req: 351/697] 10.222.0.148 () {60 vars in 1511 bytes} [Thu Aug 4 11:57:31 2022] GET /placement/allocation_candidates?limit=1000&resources=DISK_GB%3A1%2CMEMORY_MB%3A1024%2CVCPU%3A1&root_required=%21COMPUTE_STATUS_DISABLED => generated 1312 bytes in 103 msecs (HTTP/1.1 200) 8 headers in 297 bytes (1 switches on core 0)
Aug 04 11:57:32.035130 n-d-852135-1 devstack@placement-api.service[106549]: DEBUG placement.requestlog [None req-d2f90299-a10e-4425-a088-809fffdc2a84 None None] Starting request: 10.222.0.148 "DELETE /placement/resource_providers/f9e46019-cab2-4d95-bad2-f5bdeb19b5bf" {{(pid=106549) __call__ /opt/stack/placement/placement/requestlog.py:55}}
Aug 04 11:57:32.060362 n-d-852135-1 devstack@placement-api.service[106549]: DEBUG placement.wsgi_wrapper [None req-d2f90299-a10e-4425-a088-809fffdc2a84 service placement] Placement API returning an error response: No resource provider with uuid f9e46019-cab2-4d95-bad2-f5bdeb19b5bf found for delete {{(pid=106549) call_func /opt/stack/placement/placement/wsgi_wrapper.py:31}}
Aug 04 11:57:32.061383 n-d-852135-1 devstack@placement-api.service[106549]: INFO placement.requestlog [None req-d2f90299-a10e-4425-a088-809fffdc2a84 service placement] 10.222.0.148 "DELETE /placement/resource_providers/f9e46019-cab2-4d95-bad2-f5bdeb19b5bf" status: 404 len: 246 microversion: 1.1
Aug 04 11:57:32.061919 n-d-852135-1 devstack@placement-api.service[106549]: [pid: 106549|app: 0|req: 347/698] 10.222.0.148 () {60 vars in 1356 bytes} [Thu Aug 4 11:57:32 2022] DELETE /placement/resource_providers/f9e46019-cab2-4d95-bad2-f5bdeb19b5bf => generated 246 bytes in 28 msecs (HTTP/1.1 404) 6 headers in 231 bytes (1 switches on core 0)
Aug 04 11:57:32.094830 n-d-852135-1 devstack@placement-api.service[106550]: DEBUG placement.requestlog [req-ec846cd8-5208-47e9-a6b5-dad3068df721 req-d22a35fa-8946-4672-87a4-a02ea0fbe6ed None None] Starting request: 10.222.0.148 "GET /placement/allocations/a02f4c57-4872-46be-86f8-fcce4fbc78be" {{(pid=106550) __call__ /opt/stack/placement/placement/requestlog.py:55}}
Aug 04 11:57:32.106955 n-d-852135-1 devstack@placement-api.service[106550]: INFO placement.requestlog [req-ec846cd8-5208-47e9-a6b5-dad3068df721 req-d22a35fa-8946-4672-87a4-a02ea0fbe6ed service placement] 10.222.0.148 "GET /placement/allocations/a02f4c57-4872-46be-86f8-fcce4fbc78be" status: 200 len: 19 microversion: 1.28
Aug 04 11:57:32.107333 n-d-852135-1 devstack@placement-api.service[106550]: [pid: 106550|app: 0|req: 352/699] 10.222.0.148 () {60 vars in 1385 bytes} [Thu Aug 4 11:57:32 2022] GET /placement/allocations/a02f4c57-4872-46be-86f8-fcce4fbc78be => generated 19 bytes in 13 msecs (HTTP/1.1 200) 8 headers in 295 bytes (1 switches on core 0)
Aug 04 11:57:32.114424 n-d-852135-1 devstack@placement-api.service[106549]: DEBUG placement.requestlog [req-ec846cd8-5208-47e9-a6b5-dad3068df721 req-9093cf63-048a-47d0-ac55-87b4bac1ad1f None None] Starting request: 10.222.0.148 "PUT /placement/allocations/a02f4c57-4872-46be-86f8-fcce4fbc78be" {{(pid=106549) __call__ /opt/stack/placement/placement/requestlog.py:55}}
Aug 04 11:57:32.326377 n-d-852135-1 devstack@placement-api.service[106549]: DEBUG placement.handlers.allocation [req-ec846cd8-5208-47e9-a6b5-dad3068df721 req-9093cf63-048a-47d0-ac55-87b4bac1ad1f service placement] Successfully wrote allocations [, , ] {{(pid=106549) _update_consumers_and_create_allocations /opt/stack/placement/placement/handlers/allocation.py:462}}
