Aug 04 11:52:35.302725 n-d-852135-1 devstack@placement-api.service[106549]: DEBUG placement.objects.research_context [req-0ba05052-d2fd-4649-a770-b012937696f7 req-948455fe-5066-4fa0-a7b6-36cacd1cbb49 service placement] found 2 providers with available 1024 MEMORY_MB {{(pid=106549) get_provider_ids_matching /opt/stack/placement/placement/objects/research_context.py:563}}
Aug 04 11:52:35.303257 n-d-852135-1 devstack@placement-api.service[106549]: DEBUG placement.objects.research_context [req-0ba05052-d2fd-4649-a770-b012937696f7 req-948455fe-5066-4fa0-a7b6-36cacd1cbb49 service placement] found 2 providers after filtering by previous result {{(pid=106549) get_provider_ids_matching /opt/stack/placement/placement/objects/research_context.py:594}}
Aug 04 11:52:35.303749 n-d-852135-1 devstack@placement-api.service[106549]: DEBUG placement.objects.research_context [req-0ba05052-d2fd-4649-a770-b012937696f7 req-948455fe-5066-4fa0-a7b6-36cacd1cbb49 service placement] found 2 providers with available 1 VCPU {{(pid=106549) get_provider_ids_matching /opt/stack/placement/placement/objects/research_context.py:563}}
Aug 04 11:52:35.304252 n-d-852135-1 devstack@placement-api.service[106549]: DEBUG placement.objects.research_context [req-0ba05052-d2fd-4649-a770-b012937696f7 req-948455fe-5066-4fa0-a7b6-36cacd1cbb49 service placement] found 2 providers after filtering by previous result {{(pid=106549) get_provider_ids_matching /opt/stack/placement/placement/objects/research_context.py:594}}
Aug 04 11:52:35.322982 n-d-852135-1 devstack@placement-api.service[106550]: INFO placement.requestlog [req-f78403b0-f810-4b46-aa74-d5f8b59d1df5 req-601a63e9-579a-4368-a87c-36ecfdccf42d service placement] 10.222.0.148 "GET /placement/allocations/e8de5fba-cc7c-41d4-8139-11a323086ed8" status: 200 len: 19 microversion: 1.28
Aug 04 11:52:35.326491 n-d-852135-1 devstack@placement-api.service[106550]: [pid: 106550|app: 0|req: 245/493] 10.222.0.148 () {60 vars in 1385 bytes} [Thu Aug 4 11:52:35 2022] GET /placement/allocations/e8de5fba-cc7c-41d4-8139-11a323086ed8 => generated 19 bytes in 33 msecs (HTTP/1.1 200) 8 headers in 295 bytes (2 switches on core 0)
Aug 04 11:52:35.329860 n-d-852135-1 devstack@placement-api.service[106549]: DEBUG placement.objects.allocation_candidate [req-0ba05052-d2fd-4649-a770-b012937696f7 req-948455fe-5066-4fa0-a7b6-36cacd1cbb49 service placement] RequestGroup(use_same_provider=False, resources={DISK_GB:1, MEMORY_MB:1024, VCPU:1}, traits=(), aggregates=[]) (suffix '') returned 2 matches {{(pid=106549) _get_by_requests /opt/stack/placement/placement/objects/allocation_candidate.py:156}}
Aug 04 11:52:35.330584 n-d-852135-1 devstack@placement-api.service[106549]: DEBUG placement.objects.allocation_candidate [req-0ba05052-d2fd-4649-a770-b012937696f7 req-948455fe-5066-4fa0-a7b6-36cacd1cbb49 service placement] Merging candidates yields 2 allocation requests and 2 provider summaries {{(pid=106549) _merge_candidates /opt/stack/placement/placement/objects/allocation_candidate.py:809}}
Aug 04 11:52:35.332607 n-d-852135-1 devstack@placement-api.service[106549]: INFO placement.requestlog [req-0ba05052-d2fd-4649-a770-b012937696f7 req-948455fe-5066-4fa0-a7b6-36cacd1cbb49 service placement] 10.222.0.148 "GET /placement/allocation_candidates?limit=1000&resources=DISK_GB%3A1%2CMEMORY_MB%3A1024%2CVCPU%3A1&root_required=%21COMPUTE_STATUS_DISABLED" status: 200 len: 1309 microversion: 1.36
Aug 04 11:52:35.333026 n-d-852135-1 devstack@placement-api.service[106549]: [pid: 106549|app: 0|req: 249/494] 10.222.0.148 () {60 vars in 1511 bytes} [Thu Aug 4 11:52:35 2022] GET /placement/allocation_candidates?limit=1000&resources=DISK_GB%3A1%2CMEMORY_MB%3A1024%2CVCPU%3A1&root_required=%21COMPUTE_STATUS_DISABLED => generated 1309 bytes in 123 msecs (HTTP/1.1 200) 8 headers in 297 bytes (1 switches on core 0)
Aug 04 11:52:35.335232 n-d-852135-1 devstack@placement-api.service[106550]: DEBUG placement.requestlog [req-f78403b0-f810-4b46-aa74-d5f8b59d1df5 req-6cca192e-92dd-4864-b836-b1ef73b7768f None None] Starting request: 10.222.0.148 "PUT /placement/allocations/e8de5fba-cc7c-41d4-8139-11a323086ed8" {{(pid=106550) __call__ /opt/stack/placement/placement/requestlog.py:55}}
Aug 04 11:52:35.392381 n-d-852135-1 devstack@placement-api.service[106549]: DEBUG placement.requestlog [req-0ba05052-d2fd-4649-a770-b012937696f7 req-f1cfe1c0-be5a-44ca-a42e-8962418de96e None None] Starting request: 10.222.0.148 "GET /placement/allocations/c7f96032-5552-4b59-9939-340e9907c16d" {{(pid=106549) __call__ /opt/stack/placement/placement/requestlog.py:55}}
Aug 04 11:52:35.404837 n-d-852135-1 devstack@placement-api.service[106549]: INFO placement.requestlog [req-0ba05052-d2fd-4649-a770-b012937696f7 req-f1cfe1c0-be5a-44ca-a42e-8962418de96e service placement] 10.222.0.148 "GET /placement/allocations/c7f96032-5552-4b59-9939-340e9907c16d" status: 200 len: 19 microversion: 1.28
Aug 04 11:52:35.405668 n-d-852135-1 devstack@placement-api.service[106549]: [pid: 106549|app: 0|req: 250/495] 10.222.0.148 () {60 vars in 1385 bytes} [Thu Aug 4 11:52:35 2022] GET /placement/allocations/c7f96032-5552-4b59-9939-340e9907c16d => generated 19 bytes in 14 msecs (HTTP/1.1 200) 8 headers in 295 bytes (2 switches on core 0)
Aug 04 11:52:35.413879 n-d-852135-1 devstack@placement-api.service[106549]: DEBUG placement.requestlog [req-0ba05052-d2fd-4649-a770-b012937696f7 req-a66c76d0-3fe8-4454-84b7-319292d14bcf None None] Starting request: 10.222.0.148 "PUT /placement/allocations/c7f96032-5552-4b59-9939-340e9907c16d" {{(pid=106549) __call__ /opt/stack/placement/placement/requestlog.py:55}}
Aug 04 11:52:35.536298 n-d-852135-1 devstack@placement-api.service[106550]: DEBUG placement.handlers.allocation [req-f78403b0-f810-4b46-aa74-d5f8b59d1df5 req-6cca192e-92dd-4864-b836-b1ef73b7768f service placement] Successfully wrote allocations [, , ] {{(pid=106550) _update_consumers_and_create_allocations /opt/stack/placement/placement/handlers/allocation.py:462}}
Aug 04 11:52:35.577768 n-d-852135-1 devstack@placement-api.service[106549]: DEBUG placement.handlers.allocation [req-0ba05052-d2fd-4649-a770-b012937696f7 req-a66c76d0-3fe8-4454-84b7-319292d14bcf service placement] Successfully wrote allocations [, , ] {{(pid=106549) _update_consumers_and_create_allocations /opt/stack/placement/placement/handlers/allocation.py:462}}
Aug 04 11:52:35.602142 n-d-852135-1 devstack@placement-api.service[106550]: INFO placement.requestlog [req-f78403b0-f810-4b46-aa74-d5f8b59d1df5 req-6cca192e-92dd-4864-b836-b1ef73b7768f service placement] 10.222.0.148 "PUT /placement/allocations/e8de5fba-cc7c-41d4-8139-11a323086ed8" status: 204 len: 0 microversion: 1.36
Aug 04 11:52:35.606636 n-d-852135-1 devstack@placement-api.service[106550]: [pid: 106550|app: 0|req: 246/496] 10.222.0.148 () {64 vars in 1438 bytes} [Thu Aug 4 11:52:35 2022] PUT /placement/allocations/e8de5fba-cc7c-41d4-8139-11a323086ed8 => generated 0 bytes in 268 msecs (HTTP/1.1 204) 5 headers in 199 bytes (1 switches on core 0)
Aug 04 11:52:35.677954 n-d-852135-1 devstack@placement-api.service[106549]: INFO placement.requestlog [req-0ba05052-d2fd-4649-a770-b012937696f7 req-a66c76d0-3fe8-4454-84b7-319292d14bcf service placement] 10.222.0.148 "PUT /placement/allocations/c7f96032-5552-4b59-9939-340e9907c16d" status: 204 len: 0 microversion: 1.36
Aug 04 11:52:35.677954 n-d-852135-1 devstack@placement-api.service[106549]: [pid: 106549|app: 0|req: 251/497] 10.222.0.148 () {64 vars in 1438 bytes} [Thu Aug 4 11:52:35 2022] PUT /placement/allocations/c7f96032-5552-4b59-9939-340e9907c16d => generated 0 bytes in 262 msecs (HTTP/1.1 204) 5 headers in 199 bytes (2 switches on core 0)
Aug 04 11:52:36.264935 n-d-852135-1 devstack@placement-api.service[106550]: DEBUG placement.requestlog [req-0ba05052-d2fd-4649-a770-b012937696f7 req-96512c39-c4b5-4476-9941-bf7c5e041373 None None] Starting request: 10.222.0.86 "GET /placement/allocations/c7f96032-5552-4b59-9939-340e9907c16d" {{(pid=106550) __call__ /opt/stack/placement/placement/requestlog.py:55}}
Aug 04 11:52:36.284343 n-d-852135-1 devstack@placement-api.service[106550]: INFO placement.requestlog [req-0ba05052-d2fd-4649-a770-b012937696f7 req-96512c39-c4b5-4476-9941-bf7c5e041373 service placement] 10.222.0.86 "GET /placement/allocations/c7f96032-5552-4b59-9939-340e9907c16d" status: 200 len: 259 microversion: 1.28
Aug 04 11:52:36.290832 n-d-852135-1 devstack@placement-api.service[106550]: [pid: 106550|app: 0|req: 247/498] 10.222.0.86 () {60 vars in 1381 bytes} [Thu Aug 4 11:52:36 2022] GET /placement/allocations/c7f96032-5552-4b59-9939-340e9907c16d => generated 259 bytes in 20 msecs (HTTP/1.1 200) 8 headers in 296 bytes (2 switches on core 0)
Aug 04 11:52:37.234085 n-d-852135-1 devstack@placement-api.service[106549]: DEBUG placement.requestlog [req-0a4baaba-01ff-4776-9897-4f910c7d0d31 req-325475cd-de02-46ce-b4b5-a523b5dcf983 None None] Starting request: 10.222.0.71 "GET /placement/resource_providers/ebf5715b-57c9-4e02-8aaf-0dfd57509856/allocations" {{(pid=106549) __call__ /opt/stack/placement/placement/requestlog.py:55}}
Aug 04 11:52:37.273784 n-d-852135-1 devstack@placement-api.service[106549]: INFO placement.requestlog [req-0a4baaba-01ff-4776-9897-4f910c7d0d31 req-325475cd-de02-46ce-b4b5-a523b5dcf983 service placement] 10.222.0.71 "GET /placement/resource_providers/ebf5715b-57c9-4e02-8aaf-0dfd57509856/allocations" status: 200 len: 847 microversion: 1.0
Aug 04 11:52:37.274401 n-d-852135-1 devstack@placement-api.service[106549]: [pid: 106549|app: 0|req: 252/499] 10.222.0.71 () {58 vars in 1394 bytes} [Thu Aug 4 11:52:37 2022] GET /placement/resource_providers/ebf5715b-57c9-4e02-8aaf-0dfd57509856/allocations => generated 847 bytes in 42 msecs (HTTP/1.1 200) 6 headers in 224 bytes (1 switches on core 0)
Aug 04 11:52:38.033849 n-d-852135-1 devstack@placement-api.service[106550]: DEBUG placement.requestlog [req-f78403b0-f810-4b46-aa74-d5f8b59d1df5 req-e97d5535-4f83-4470-a040-71896edc807d None None] Starting request: 10.222.0.71 "GET /placement/allocations/e8de5fba-cc7c-41d4-8139-11a323086ed8" {{(pid=106550) __call__ /opt/stack/placement/placement/requestlog.py:55}}
Aug 04 11:52:38.071913 n-d-852135-1 devstack@placement-api.service[106550]: INFO placement.requestlog [req-f78403b0-f810-4b46-aa74-d5f8b59d1df5 req-e97d5535-4f83-4470-a040-71896edc807d service placement] 10.222.0.71 "GET /placement/allocations/e8de5fba-cc7c-41d4-8139-11a323086ed8" status: 200 len: 259 microversion: 1.28
Aug 04 11:52:38.073325 n-d-852135-1 devstack@placement-api.service[106550]: [pid: 106550|app: 0|req: 248/500] 10.222.0.71 () {60 vars in 1381 bytes} [Thu Aug 4 11:52:38 2022] GET /placement/allocations/e8de5fba-cc7c-41d4-8139-11a323086ed8 => generated 259 bytes in 40 msecs (HTTP/1.1 200) 8 headers in 296 bytes (1 switches on core 0)
Aug 04 11:52:39.382747 n-d-852135-1 devstack@placement-api.service[106549]: DEBUG placement.requestlog [req-0a4baaba-01ff-4776-9897-4f910c7d0d31 req-d3eccd75-c208-4a8e-8d83-333f589673cb None None] Starting request: 10.222.0.71 "GET /placement/allocations/6d21495b-1466-42cc-a907-ec9201e6aac5" {{(pid=106549) __call__ /opt/stack/placement/placement/requestlog.py:55}}
Aug 04 11:52:39.436455 n-d-852135-1 devstack@placement-api.service[106549]: INFO placement.requestlog [req-0a4baaba-01ff-4776-9897-4f910c7d0d31 req-d3eccd75-c208-4a8e-8d83-333f589673cb service placement] 10.222.0.71 "GET /placement/allocations/6d21495b-1466-42cc-a907-ec9201e6aac5" status: 200 len: 245 microversion: 1.28
Aug 04 11:52:39.437338 n-d-852135-1 devstack@placement-api.service[106549]: [pid: 106549|app: 0|req: 253/501] 10.222.0.71 () {60 vars in 1381 bytes} [Thu Aug 4 11:52:39 2022] GET /placement/allocations/6d21495b-1466-42cc-a907-ec9201e6aac5 => generated 245 bytes in 55 msecs (HTTP/1.1 200) 8 headers in 296 bytes (1 switches on core 0)
Aug 04 11:52:39.476651 n-d-852135-1 devstack@placement-api.service[106550]: DEBUG placement.requestlog [req-0a4baaba-01ff-4776-9897-4f910c7d0d31 req-5107fcba-feba-4463-ad6d-889bf6f404a8 None None] Starting request: 10.222.0.71 "PUT /placement/allocations/6d21495b-1466-42cc-a907-ec9201e6aac5" {{(pid=106550) __call__ /opt/stack/placement/placement/requestlog.py:55}}
Aug 04 11:52:39.650432 n-d-852135-1 devstack@placement-api.service[106550]: DEBUG placement.handlers.allocation [req-0a4baaba-01ff-4776-9897-4f910c7d0d31 req-5107fcba-feba-4463-ad6d-889bf6f404a8 service placement] Successfully wrote allocations [, ] {{(pid=106550) _update_consumers_and_create_allocations /opt/stack/placement/placement/handlers/allocation.py:462}}
Aug 04 11:52:39.748525 n-d-852135-1 devstack@placement-api.service[106550]: INFO placement.requestlog [req-0a4baaba-01ff-4776-9897-4f910c7d0d31 req-5107fcba-feba-4463-ad6d-889bf6f404a8 service placement] 10.222.0.71 "PUT /placement/allocations/6d21495b-1466-42cc-a907-ec9201e6aac5" status: 204 len: 0 microversion: 1.28
Aug 04 11:52:39.749014 n-d-852135-1 devstack@placement-api.service[106550]: [pid: 106550|app: 0|req: 249/502] 10.222.0.71 () {64 vars in 1434 bytes} [Thu Aug 4 11:52:39 2022] PUT /placement/allocations/6d21495b-1466-42cc-a907-ec9201e6aac5 => generated 0 bytes in 273 msecs (HTTP/1.1 204) 5 headers in 199 bytes (1 switches on core 0)
Aug 04 11:52:40.989798 n-d-852135-1 devstack@placement-api.service[106549]: DEBUG placement.requestlog [req-1c50ff4f-3e9f-4d75-ba66-f9040c6b1b32 req-8d44d385-e1e6-4d98-baf9-1f4c0f28a015 None None] Starting request: 10.222.0.71 "DELETE /placement/allocations/e357d7cd-1f76-46d2-975b-16ee176d17a2" {{(pid=106549) __call__ /opt/stack/placement/placement/requestlog.py:55}}
Aug 04 11:52:41.017981 n-d-852135-1 devstack@placement-api.service[106549]: DEBUG dbcounter [-] [106549] Writing DB stats placement:SELECT=80,placement:DELETE=7,placement:INSERT=8,placement:UPDATE=5 {{(pid=106549) stat_writer /usr/local/lib/python3.8/dist-packages/dbcounter.py:114}}
Aug 04 11:52:41.251441 n-d-852135-1 devstack@placement-api.service[106549]: DEBUG placement.handlers.allocation [req-1c50ff4f-3e9f-4d75-ba66-f9040c6b1b32 req-8d44d385-e1e6-4d98-baf9-1f4c0f28a015 service placement] Successfully deleted allocations [, , ] {{(pid=106549) delete_allocations /opt/stack/placement/placement/handlers/allocation.py:627}}
Aug 04 11:52:41.252217 n-d-852135-1 devstack@placement-api.service[106549]: INFO placement.requestlog [req-1c50ff4f-3e9f-4d75-ba66-f9040c6b1b32 req-8d44d385-e1e6-4d98-baf9-1f4c0f28a015 service placement] 10.222.0.71 "DELETE /placement/allocations/e357d7cd-1f76-46d2-975b-16ee176d17a2" status: 204 len: 0 microversion: 1.0
Aug 04 11:52:41.252906 n-d-852135-1 devstack@placement-api.service[106549]: [pid: 106549|app: 0|req: 254/503] 10.222.0.71 () {60 vars in 1359 bytes} [Thu Aug 4 11:52:40 2022] DELETE /placement/allocations/e357d7cd-1f76-46d2-975b-16ee176d17a2 => generated 0 bytes in 263 msecs (HTTP/1.1 204) 5 headers in 198 bytes (1 switches on core 0)
Aug 04 11:52:41.262093 n-d-852135-1 devstack@placement-api.service[106550]: DEBUG placement.requestlog [req-9a7e5908-f7af-4df8-aa77-3d8458bdfec9 req-29543dfc-c05c-42ee-9365-2714720154ac None None] Starting request: 10.222.0.148 "GET /placement/allocation_candidates?limit=1000&resources=DISK_GB%3A1%2CMEMORY_MB%3A1024%2CVCPU%3A1&root_required=%21COMPUTE_STATUS_DISABLED" {{(pid=106550) __call__ /opt/stack/placement/placement/requestlog.py:55}}
Aug 04 11:52:41.327544 n-d-852135-1 devstack@placement-api.service[106550]: DEBUG placement.objects.research_context [req-9a7e5908-f7af-4df8-aa77-3d8458bdfec9 req-29543dfc-c05c-42ee-9365-2714720154ac service placement] getting providers with 1 DISK_GB {{(pid=106550) __init__ /opt/stack/placement/placement/objects/research_context.py:136}}
Aug 04 11:52:41.336963 n-d-852135-1 devstack@placement-api.service[106550]: DEBUG placement.objects.research_context [req-9a7e5908-f7af-4df8-aa77-3d8458bdfec9 req-29543dfc-c05c-42ee-9365-2714720154ac service placement] getting providers with 1024 MEMORY_MB {{(pid=106550) __init__ /opt/stack/placement/placement/objects/research_context.py:136}}
Aug 04 11:52:41.349391 n-d-852135-1 devstack@placement-api.service[106550]: DEBUG placement.objects.research_context [req-9a7e5908-f7af-4df8-aa77-3d8458bdfec9 req-29543dfc-c05c-42ee-9365-2714720154ac service placement] getting providers with 1 VCPU {{(pid=106550) __init__ /opt/stack/placement/placement/objects/research_context.py:136}}
Aug 04 11:52:41.358278 n-d-852135-1 devstack@placement-api.service[106550]: DEBUG placement.objects.research_context [req-9a7e5908-f7af-4df8-aa77-3d8458bdfec9 req-29543dfc-c05c-42ee-9365-2714720154ac service placement] found 2 providers with available 1 DISK_GB {{(pid=106550) get_provider_ids_matching /opt/stack/placement/placement/objects/research_context.py:563}}
Aug 04 11:52:41.359527 n-d-852135-1 devstack@placement-api.service[106550]: DEBUG placement.objects.research_context [req-9a7e5908-f7af-4df8-aa77-3d8458bdfec9 req-29543dfc-c05c-42ee-9365-2714720154ac service placement] found 2 providers with available 1024 MEMORY_MB {{(pid=106550) get_provider_ids_matching /opt/stack/placement/placement/objects/research_context.py:563}}
Aug 04 11:52:41.360036 n-d-852135-1 devstack@placement-api.service[106550]: DEBUG placement.objects.research_context [req-9a7e5908-f7af-4df8-aa77-3d8458bdfec9 req-29543dfc-c05c-42ee-9365-2714720154ac service placement] found 2 providers after filtering by previous result {{(pid=106550) get_provider_ids_matching /opt/stack/placement/placement/objects/research_context.py:594}}
Aug 04 11:52:41.360544 n-d-852135-1 devstack@placement-api.service[106550]: DEBUG placement.objects.research_context [req-9a7e5908-f7af-4df8-aa77-3d8458bdfec9 req-29543dfc-c05c-42ee-9365-2714720154ac service placement] found 2 providers with available 1 VCPU {{(pid=106550) get_provider_ids_matching /opt/stack/placement/placement/objects/research_context.py:563}}
Aug 04 11:52:41.361314 n-d-852135-1 devstack@placement-api.service[106550]: DEBUG placement.objects.research_context [req-9a7e5908-f7af-4df8-aa77-3d8458bdfec9 req-29543dfc-c05c-42ee-9365-2714720154ac service placement] found 2 providers after filtering by previous result {{(pid=106550) get_provider_ids_matching /opt/stack/placement/placement/objects/research_context.py:594}}
Aug 04 11:52:41.377795 n-d-852135-1 devstack@placement-api.service[106550]: DEBUG placement.objects.allocation_candidate [req-9a7e5908-f7af-4df8-aa77-3d8458bdfec9 req-29543dfc-c05c-42ee-9365-2714720154ac service placement] RequestGroup(use_same_provider=False, resources={DISK_GB:1, MEMORY_MB:1024, VCPU:1}, traits=(), aggregates=[]) (suffix '') returned 2 matches {{(pid=106550) _get_by_requests /opt/stack/placement/placement/objects/allocation_candidate.py:156}}
Aug 04 11:52:41.378506 n-d-852135-1 devstack@placement-api.service[106550]: DEBUG placement.objects.allocation_candidate [req-9a7e5908-f7af-4df8-aa77-3d8458bdfec9 req-29543dfc-c05c-42ee-9365-2714720154ac service placement] Merging candidates yields 2 allocation requests and 2 provider summaries {{(pid=106550) _merge_candidates /opt/stack/placement/placement/objects/allocation_candidate.py:809}}
Aug 04 11:52:41.380765 n-d-852135-1 devstack@placement-api.service[106550]: INFO placement.requestlog [req-9a7e5908-f7af-4df8-aa77-3d8458bdfec9 req-29543dfc-c05c-42ee-9365-2714720154ac service placement] 10.222.0.148 "GET /placement/allocation_candidates?limit=1000&resources=DISK_GB%3A1%2CMEMORY_MB%3A1024%2CVCPU%3A1&root_required=%21COMPUTE_STATUS_DISABLED" status: 200 len: 1309 microversion: 1.36
Aug 04 11:52:41.388212 n-d-852135-1 devstack@placement-api.service[106550]: [pid: 106550|app: 0|req: 250/504] 10.222.0.148 () {60 vars in 1511 bytes} [Thu Aug 4 11:52:41 2022] GET /placement/allocation_candidates?limit=1000&resources=DISK_GB%3A1%2CMEMORY_MB%3A1024%2CVCPU%3A1&root_required=%21COMPUTE_STATUS_DISABLED => generated 1309 bytes in 126 msecs (HTTP/1.1 200) 8 headers in 297 bytes (1 switches on core 0)
Aug 04 11:52:41.483166 n-d-852135-1 devstack@placement-api.service[106549]: DEBUG placement.requestlog [req-9a7e5908-f7af-4df8-aa77-3d8458bdfec9 req-ac23a779-28a3-46fe-b856-08ab2b9d3843 None None] Starting request: 10.222.0.148 "GET /placement/allocations/2c1fb9c6-699a-4b4e-9e2f-6de869553b04" {{(pid=106549) __call__ /opt/stack/placement/placement/requestlog.py:55}}
Aug 04 11:52:41.511577 n-d-852135-1 devstack@placement-api.service[106549]: INFO placement.requestlog [req-9a7e5908-f7af-4df8-aa77-3d8458bdfec9 req-ac23a779-28a3-46fe-b856-08ab2b9d3843 service placement] 10.222.0.148 "GET /placement/allocations/2c1fb9c6-699a-4b4e-9e2f-6de869553b04" status: 200 len: 19 microversion: 1.28
Aug 04 11:52:41.511972 n-d-852135-1 devstack@placement-api.service[106549]: [pid: 106549|app: 0|req: 255/505] 10.222.0.148 () {60 vars in 1385 bytes} [Thu Aug 4 11:52:41 2022] GET /placement/allocations/2c1fb9c6-699a-4b4e-9e2f-6de869553b04 => generated 19 bytes in 30 msecs (HTTP/1.1 200) 8 headers in 295 bytes (1 switches on core 0)
Aug 04 11:52:41.524623 n-d-852135-1 devstack@placement-api.service[106550]: DEBUG placement.requestlog [req-9a7e5908-f7af-4df8-aa77-3d8458bdfec9 req-38e2cd75-4c80-4c88-abda-5ee87568d231 None None] Starting request: 10.222.0.148 "PUT /placement/allocations/2c1fb9c6-699a-4b4e-9e2f-6de869553b04" {{(pid=106550) __call__ /opt/stack/placement/placement/requestlog.py:55}}
Aug 04 11:52:41.555254 n-d-852135-1 devstack@placement-api.service[106550]: DEBUG dbcounter [-] [106550] Writing DB stats placement:SELECT=84,placement:DELETE=8,placement:INSERT=4,placement:UPDATE=4 {{(pid=106550) stat_writer /usr/local/lib/python3.8/dist-packages/dbcounter.py:114}}
Aug 04 11:52:41.577595 n-d-852135-1 devstack@placement-api.service[106549]: DEBUG placement.requestlog [req-66176473-f3f5-41f3-9172-4cd702c06f72 req-1bdefa30-2f14-4aaa-bb62-e112378c38b8 None None] Starting request: 10.222.0.71 "DELETE /placement/allocations/22375442-d0e5-4779-a75c-95c055e5d5fa" {{(pid=106549) __call__ /opt/stack/placement/placement/requestlog.py:55}}
Aug 04 11:52:41.719035 n-d-852135-1 devstack@placement-api.service[106550]: DEBUG placement.handlers.allocation [req-9a7e5908-f7af-4df8-aa77-3d8458bdfec9 req-38e2cd75-4c80-4c88-abda-5ee87568d231 service placement] Successfully wrote allocations [, , ] {{(pid=106550) _update_consumers_and_create_allocations /opt/stack/placement/placement/handlers/allocation.py:462}}
Aug 04 11:52:41.875021 n-d-852135-1 devstack@placement-api.service[106550]: INFO placement.requestlog [req-9a7e5908-f7af-4df8-aa77-3d8458bdfec9 req-38e2cd75-4c80-4c88-abda-5ee87568d231 service placement] 10.222.0.148 "PUT /placement/allocations/2c1fb9c6-699a-4b4e-9e2f-6de869553b04" status: 204 len: 0 microversion: 1.36
Aug 04 11:52:41.875338 n-d-852135-1 devstack@placement-api.service[106550]: [pid: 106550|app: 0|req: 251/506] 10.222.0.148 () {64 vars in 1438 bytes} [Thu Aug 4 11:52:41 2022] PUT /placement/allocations/2c1fb9c6-699a-4b4e-9e2f-6de869553b04 => generated 0 bytes in 352 msecs (HTTP/1.1 204) 5 headers in 199 bytes (1 switches on core 0)
Aug 04 11:52:41.952308 n-d-852135-1 devstack@placement-api.service[106549]: DEBUG placement.handlers.allocation [req-66176473-f3f5-41f3-9172-4cd702c06f72 req-1bdefa30-2f14-4aaa-bb62-e112378c38b8 service placement] Successfully deleted allocations [, , ] {{(pid=106549) delete_allocations /opt/stack/placement/placement/handlers/allocation.py:627}}
Aug 04 11:52:41.953817 n-d-852135-1 devstack@placement-api.service[106549]: INFO placement.requestlog [req-66176473-f3f5-41f3-9172-4cd702c06f72 req-1bdefa30-2f14-4aaa-bb62-e112378c38b8 service placement] 10.222.0.71 "DELETE /placement/allocations/22375442-d0e5-4779-a75c-95c055e5d5fa" status: 204 len: 0 microversion: 1.0
Aug 04 11:52:41.954632 n-d-852135-1 devstack@placement-api.service[106549]: [pid: 106549|app: 0|req: 256/507] 10.222.0.71 () {60 vars in 1359 bytes} [Thu Aug 4 11:52:41 2022] DELETE /placement/allocations/22375442-d0e5-4779-a75c-95c055e5d5fa => generated 0 bytes in 377 msecs (HTTP/1.1 204) 5 headers in 198 bytes (2 switches on core 0)
Aug 04 11:52:43.151513 n-d-852135-1 devstack@placement-api.service[106550]: DEBUG placement.requestlog [req-9a7e5908-f7af-4df8-aa77-3d8458bdfec9 req-5e7a4295-e22d-48d0-be02-0f24a5009e10 None None] Starting request: 10.222.0.71 "GET /placement/allocations/2c1fb9c6-699a-4b4e-9e2f-6de869553b04" {{(pid=106550) __call__ /opt/stack/placement/placement/requestlog.py:55}}
Aug 04 11:52:43.194021 n-d-852135-1 devstack@placement-api.service[106550]: INFO placement.requestlog [req-9a7e5908-f7af-4df8-aa77-3d8458bdfec9 req-5e7a4295-e22d-48d0-be02-0f24a5009e10 service placement] 10.222.0.71 "GET /placement/allocations/2c1fb9c6-699a-4b4e-9e2f-6de869553b04" status: 200 len: 259 microversion: 1.28
Aug 04 11:52:43.195004 n-d-852135-1 devstack@placement-api.service[106550]: [pid: 106550|app: 0|req: 252/508] 10.222.0.71 () {60 vars in 1381 bytes} [Thu Aug 4 11:52:43 2022] GET /placement/allocations/2c1fb9c6-699a-4b4e-9e2f-6de869553b04 => generated 259 bytes in 44 msecs (HTTP/1.1 200) 8 headers in 296 bytes (1 switches on core 0)
Aug 04 11:52:45.758882 n-d-852135-1 devstack@placement-api.service[106549]: DEBUG placement.requestlog [req-daed8617-a47b-41c4-997d-8e868ceb9445 req-8f688e00-0487-4379-a9aa-787fd7f5511c None None] Starting request: 10.222.0.86 "DELETE /placement/allocations/ef94f41e-78cc-4b99-8ab1-9b10fd065f93" {{(pid=106549) __call__ /opt/stack/placement/placement/requestlog.py:55}}
Aug 04 11:52:45.948515 n-d-852135-1 devstack@placement-api.service[106549]: DEBUG placement.handlers.allocation [req-daed8617-a47b-41c4-997d-8e868ceb9445 req-8f688e00-0487-4379-a9aa-787fd7f5511c service placement] Successfully deleted allocations [, ] {{(pid=106549) delete_allocations /opt/stack/placement/placement/handlers/allocation.py:627}}
Aug 04 11:52:45.949038 n-d-852135-1 devstack@placement-api.service[106549]: INFO placement.requestlog [req-daed8617-a47b-41c4-997d-8e868ceb9445 req-8f688e00-0487-4379-a9aa-787fd7f5511c service placement] 10.222.0.86 "DELETE /placement/allocations/ef94f41e-78cc-4b99-8ab1-9b10fd065f93" status: 204 len: 0 microversion: 1.0
Aug 04 11:52:45.949624 n-d-852135-1 devstack@placement-api.service[106549]: [pid: 106549|app: 0|req: 257/509] 10.222.0.86 () {60 vars in 1359 bytes} [Thu Aug 4 11:52:45 2022] DELETE /placement/allocations/ef94f41e-78cc-4b99-8ab1-9b10fd065f93 => generated 0 bytes in 191 msecs (HTTP/1.1 204) 5 headers in 198 bytes (1 switches on core 0)
Aug 04 11:52:47.807876 n-d-852135-1 devstack@placement-api.service[106550]: DEBUG placement.requestlog [req-3bc59e35-7399-47ff-bd50-f76c92cf5342 req-ed7cfd67-a560-4b96-8ced-369034e9ab3a None None] Starting request: 10.222.0.71 "DELETE /placement/allocations/453da8a6-a2a8-4684-afd8-a351c49474dc" {{(pid=106550) __call__ /opt/stack/placement/placement/requestlog.py:55}}
Aug 04 11:52:48.068232 n-d-852135-1 devstack@placement-api.service[106550]: DEBUG placement.handlers.allocation [req-3bc59e35-7399-47ff-bd50-f76c92cf5342 req-ed7cfd67-a560-4b96-8ced-369034e9ab3a service placement] Successfully deleted allocations [, , ] {{(pid=106550) delete_allocations /opt/stack/placement/placement/handlers/allocation.py:627}}
Aug 04 11:52:48.068844 n-d-852135-1 devstack@placement-api.service[106550]: INFO placement.requestlog [req-3bc59e35-7399-47ff-bd50-f76c92cf5342 req-ed7cfd67-a560-4b96-8ced-369034e9ab3a service placement] 10.222.0.71 "DELETE /placement/allocations/453da8a6-a2a8-4684-afd8-a351c49474dc" status: 204 len: 0 microversion: 1.0
Aug 04 11:52:48.069411 n-d-852135-1 devstack@placement-api.service[106550]: [pid: 106550|app: 0|req: 253/510] 10.222.0.71 () {60 vars in 1359 bytes} [Thu Aug 4 11:52:47 2022] DELETE /placement/allocations/453da8a6-a2a8-4684-afd8-a351c49474dc => generated 0 bytes in 263 msecs (HTTP/1.1 204) 5 headers in 198 bytes (1 switches on core 0)
Aug 04 11:52:50.074208 n-d-852135-1 devstack@placement-api.service[106549]: DEBUG placement.requestlog [req-13dcfe85-0722-4d03-b6eb-a9c4247a50cf req-5133c854-0ecd-46f1-8866-7ea93934a2eb None None] Starting request: 10.222.0.148 "GET /placement/allocation_candidates?limit=1000&resources=DISK_GB%3A1%2CMEMORY_MB%3A1024%2CVCPU%3A1&root_required=%21COMPUTE_STATUS_DISABLED" {{(pid=106549) __call__ /opt/stack/placement/placement/requestlog.py:55}}
Aug 04 11:52:50.136383 n-d-852135-1 devstack@placement-api.service[106549]: DEBUG placement.objects.research_context [req-13dcfe85-0722-4d03-b6eb-a9c4247a50cf req-5133c854-0ecd-46f1-8866-7ea93934a2eb service placement] getting providers with 1 DISK_GB {{(pid=106549) __init__ /opt/stack/placement/placement/objects/research_context.py:136}}
Aug 04 11:52:50.151844 n-d-852135-1 devstack@placement-api.service[106549]: DEBUG placement.objects.research_context [req-13dcfe85-0722-4d03-b6eb-a9c4247a50cf req-5133c854-0ecd-46f1-8866-7ea93934a2eb service placement] getting providers with 1024 MEMORY_MB {{(pid=106549) __init__ /opt/stack/placement/placement/objects/research_context.py:136}}
Aug 04 11:52:50.164751 n-d-852135-1 devstack@placement-api.service[106549]: DEBUG placement.objects.research_context [req-13dcfe85-0722-4d03-b6eb-a9c4247a50cf req-5133c854-0ecd-46f1-8866-7ea93934a2eb service placement] getting providers with 1 VCPU {{(pid=106549) __init__ /opt/stack/placement/placement/objects/research_context.py:136}}
Aug 04 11:52:50.181012 n-d-852135-1 devstack@placement-api.service[106549]: DEBUG placement.objects.research_context [req-13dcfe85-0722-4d03-b6eb-a9c4247a50cf req-5133c854-0ecd-46f1-8866-7ea93934a2eb service placement] found 2 providers with available 1 DISK_GB {{(pid=106549) get_provider_ids_matching /opt/stack/placement/placement/objects/research_context.py:563}}
Aug 04 11:52:50.187078 n-d-852135-1 devstack@placement-api.service[106549]: DEBUG placement.objects.research_context [req-13dcfe85-0722-4d03-b6eb-a9c4247a50cf req-5133c854-0ecd-46f1-8866-7ea93934a2eb service placement] found 2 providers with available 1024 MEMORY_MB {{(pid=106549) get_provider_ids_matching /opt/stack/placement/placement/objects/research_context.py:563}}
Aug 04 11:52:50.188069 n-d-852135-1 devstack@placement-api.service[106549]: DEBUG placement.objects.research_context [req-13dcfe85-0722-4d03-b6eb-a9c4247a50cf req-5133c854-0ecd-46f1-8866-7ea93934a2eb service placement] found 2 providers after filtering by previous result {{(pid=106549) get_provider_ids_matching /opt/stack/placement/placement/objects/research_context.py:594}}
Aug 04 11:52:50.188603 n-d-852135-1 devstack@placement-api.service[106549]: DEBUG placement.objects.research_context [req-13dcfe85-0722-4d03-b6eb-a9c4247a50cf req-5133c854-0ecd-46f1-8866-7ea93934a2eb service placement] found 2 providers with available 1 VCPU {{(pid=106549) get_provider_ids_matching /opt/stack/placement/placement/objects/research_context.py:563}}
Aug 04 11:52:50.189469 n-d-852135-1 devstack@placement-api.service[106549]: DEBUG placement.objects.research_context [req-13dcfe85-0722-4d03-b6eb-a9c4247a50cf req-5133c854-0ecd-46f1-8866-7ea93934a2eb service placement] found 2 providers after filtering by previous result {{(pid=106549) get_provider_ids_matching /opt/stack/placement/placement/objects/research_context.py:594}}
Aug 04 11:52:50.238718 n-d-852135-1 devstack@placement-api.service[106549]: DEBUG placement.objects.allocation_candidate [req-13dcfe85-0722-4d03-b6eb-a9c4247a50cf req-5133c854-0ecd-46f1-8866-7ea93934a2eb service placement] RequestGroup(use_same_provider=False, resources={DISK_GB:1, MEMORY_MB:1024, VCPU:1}, traits=(), aggregates=[]) (suffix '') returned 2 matches {{(pid=106549) _get_by_requests /opt/stack/placement/placement/objects/allocation_candidate.py:156}}
Aug 04 11:52:50.239103 n-d-852135-1 devstack@placement-api.service[106549]: DEBUG placement.objects.allocation_candidate [req-13dcfe85-0722-4d03-b6eb-a9c4247a50cf req-5133c854-0ecd-46f1-8866-7ea93934a2eb service placement] Merging candidates yields 2 allocation requests and 2 provider summaries {{(pid=106549) _merge_candidates /opt/stack/placement/placement/objects/allocation_candidate.py:809}}
Aug 04 11:52:50.243515 n-d-852135-1 devstack@placement-api.service[106549]: INFO placement.requestlog [req-13dcfe85-0722-4d03-b6eb-a9c4247a50cf req-5133c854-0ecd-46f1-8866-7ea93934a2eb service placement] 10.222.0.148 "GET /placement/allocation_candidates?limit=1000&resources=DISK_GB%3A1%2CMEMORY_MB%3A1024%2CVCPU%3A1&root_required=%21COMPUTE_STATUS_DISABLED" status: 200 len: 1309 microversion: 1.36
Aug 04 11:52:50.246498 n-d-852135-1 devstack@placement-api.service[106549]: [pid: 106549|app: 0|req: 258/511] 10.222.0.148 () {60 vars in 1511 bytes} [Thu Aug 4 11:52:50 2022] GET /placement/allocation_candidates?limit=1000&resources=DISK_GB%3A1%2CMEMORY_MB%3A1024%2CVCPU%3A1&root_required=%21COMPUTE_STATUS_DISABLED => generated 1309 bytes in 172 msecs (HTTP/1.1 200) 8 headers in 297 bytes (1 switches on core 0)
Aug 04 11:52:50.350824 n-d-852135-1 devstack@placement-api.service[106550]: DEBUG placement.requestlog [req-13dcfe85-0722-4d03-b6eb-a9c4247a50cf req-0228a7f2-027b-488c-b57b-3a989d3366d9 None None] Starting request: 10.222.0.148 "GET /placement/allocations/0feb701a-1bfe-424c-b489-b211f0cc3bbf" {{(pid=106550) __call__ /opt/stack/placement/placement/requestlog.py:55}}
Aug 04 11:52:50.367926 n-d-852135-1 devstack@placement-api.service[106550]: INFO placement.requestlog [req-13dcfe85-0722-4d03-b6eb-a9c4247a50cf req-0228a7f2-027b-488c-b57b-3a989d3366d9 service placement] 10.222.0.148 "GET /placement/allocations/0feb701a-1bfe-424c-b489-b211f0cc3bbf" status: 200 len: 19 microversion: 1.28
Aug 04 11:52:50.368641 n-d-852135-1 devstack@placement-api.service[106550]: [pid: 106550|app: 0|req: 254/512] 10.222.0.148 () {60 vars in 1385 bytes} [Thu Aug 4 11:52:50 2022] GET /placement/allocations/0feb701a-1bfe-424c-b489-b211f0cc3bbf => generated 19 bytes in 18 msecs (HTTP/1.1 200) 8 headers in 295 bytes (2 switches on core 0)
Aug 04 11:52:50.378849 n-d-852135-1 devstack@placement-api.service[106549]: DEBUG placement.requestlog [req-13dcfe85-0722-4d03-b6eb-a9c4247a50cf req-0eb73869-0e3e-4777-9fac-c73b82ac5174 None None] Starting request: 10.222.0.148 "PUT /placement/allocations/0feb701a-1bfe-424c-b489-b211f0cc3bbf" {{(pid=106549) __call__ /opt/stack/placement/placement/requestlog.py:55}}
Aug 04 11:52:50.830932 n-d-852135-1 devstack@placement-api.service[106549]: DEBUG placement.handlers.allocation [req-13dcfe85-0722-4d03-b6eb-a9c4247a50cf req-0eb73869-0e3e-4777-9fac-c73b82ac5174 service placement] Successfully wrote allocations [, , ] {{(pid=106549) _update_consumers_and_create_allocations /opt/stack/placement/placement/handlers/allocation.py:462}}
Aug 04 11:52:50.931803 n-d-852135-1 devstack@placement-api.service[106549]: INFO placement.requestlog [req-13dcfe85-0722-4d03-b6eb-a9c4247a50cf req-0eb73869-0e3e-4777-9fac-c73b82ac5174 service placement] 10.222.0.148 "PUT /placement/allocations/0feb701a-1bfe-424c-b489-b211f0cc3bbf" status: 204 len: 0 microversion: 1.36
Aug 04 11:52:50.932536 n-d-852135-1 devstack@placement-api.service[106549]: [pid: 106549|app: 0|req: 259/513] 10.222.0.148 () {64 vars in 1438 bytes} [Thu Aug 4 11:52:50 2022] PUT /placement/allocations/0feb701a-1bfe-424c-b489-b211f0cc3bbf => generated 0 bytes in 554 msecs (HTTP/1.1 204) 5 headers in 199 bytes (1 switches on core 0)
Aug 04 11:52:52.072422 n-d-852135-1 devstack@placement-api.service[106550]: DEBUG placement.requestlog [req-c7fbb5c0-891a-4625-bdb1-8f4e24704339 req-ee27ff8f-681a-45be-8875-7733169feff7 None None] Starting request: 10.222.0.148 "GET /placement/allocation_candidates?limit=1000&resources=DISK_GB%3A1%2CMEMORY_MB%3A1024%2CVCPU%3A1&root_required=%21COMPUTE_STATUS_DISABLED" {{(pid=106550) __call__ /opt/stack/placement/placement/requestlog.py:55}}
Aug 04 11:52:52.188161 n-d-852135-1 devstack@placement-api.service[106550]: DEBUG placement.objects.research_context [req-c7fbb5c0-891a-4625-bdb1-8f4e24704339 req-ee27ff8f-681a-45be-8875-7733169feff7 service placement] getting providers with 1 DISK_GB {{(pid=106550) __init__ /opt/stack/placement/placement/objects/research_context.py:136}}
Aug 04 11:52:52.208786 n-d-852135-1 devstack@placement-api.service[106550]: DEBUG placement.objects.research_context [req-c7fbb5c0-891a-4625-bdb1-8f4e24704339 req-ee27ff8f-681a-45be-8875-7733169feff7 service placement] getting providers with 1024 MEMORY_MB {{(pid=106550) __init__ /opt/stack/placement/placement/objects/research_context.py:136}}
Aug 04 11:52:52.226399 n-d-852135-1 devstack@placement-api.service[106550]: DEBUG placement.objects.research_context [req-c7fbb5c0-891a-4625-bdb1-8f4e24704339 req-ee27ff8f-681a-45be-8875-7733169feff7 service placement] getting providers with 1 VCPU {{(pid=106550) __init__ /opt/stack/placement/placement/objects/research_context.py:136}}
Aug 04 11:52:52.233717 n-d-852135-1 devstack@placement-api.service[106550]: DEBUG placement.objects.research_context [req-c7fbb5c0-891a-4625-bdb1-8f4e24704339 req-ee27ff8f-681a-45be-8875-7733169feff7 service placement] found 2 providers with available 1 DISK_GB {{(pid=106550) get_provider_ids_matching /opt/stack/placement/placement/objects/research_context.py:563}}
Aug 04 11:52:52.233898 n-d-852135-1 devstack@placement-api.service[106550]: DEBUG placement.objects.research_context [req-c7fbb5c0-891a-4625-bdb1-8f4e24704339 req-ee27ff8f-681a-45be-8875-7733169feff7 service placement] found 2 providers with available 1024 MEMORY_MB {{(pid=106550) get_provider_ids_matching /opt/stack/placement/placement/objects/research_context.py:563}}
Aug 04 11:52:52.234227 n-d-852135-1 devstack@placement-api.service[106550]: DEBUG placement.objects.research_context [req-c7fbb5c0-891a-4625-bdb1-8f4e24704339 req-ee27ff8f-681a-45be-8875-7733169feff7 service placement] found 2 providers after filtering by previous result {{(pid=106550) get_provider_ids_matching /opt/stack/placement/placement/objects/research_context.py:594}}
Aug 04 11:52:52.234670 n-d-852135-1 devstack@placement-api.service[106550]: DEBUG placement.objects.research_context [req-c7fbb5c0-891a-4625-bdb1-8f4e24704339 req-ee27ff8f-681a-45be-8875-7733169feff7 service placement] found 2 providers with available 1 VCPU {{(pid=106550) get_provider_ids_matching /opt/stack/placement/placement/objects/research_context.py:563}}
Aug 04 11:52:52.235085 n-d-852135-1 devstack@placement-api.service[106550]: DEBUG placement.objects.research_context [req-c7fbb5c0-891a-4625-bdb1-8f4e24704339 req-ee27ff8f-681a-45be-8875-7733169feff7 service placement] found 2 providers after filtering by previous result {{(pid=106550) get_provider_ids_matching /opt/stack/placement/placement/objects/research_context.py:594}}
Aug 04 11:52:52.247661 n-d-852135-1 devstack@placement-api.service[106550]: DEBUG placement.objects.allocation_candidate [req-c7fbb5c0-891a-4625-bdb1-8f4e24704339 req-ee27ff8f-681a-45be-8875-7733169feff7 service placement] RequestGroup(use_same_provider=False, resources={DISK_GB:1, MEMORY_MB:1024, VCPU:1}, traits=(), aggregates=[]) (suffix '') returned 2 matches {{(pid=106550) _get_by_requests /opt/stack/placement/placement/objects/allocation_candidate.py:156}}
Aug 04 11:52:52.248289 n-d-852135-1 devstack@placement-api.service[106550]: DEBUG placement.objects.allocation_candidate [req-c7fbb5c0-891a-4625-bdb1-8f4e24704339 req-ee27ff8f-681a-45be-8875-7733169feff7 service placement] Merging candidates yields 2 allocation requests and 2 provider summaries {{(pid=106550) _merge_candidates /opt/stack/placement/placement/objects/allocation_candidate.py:809}}
Aug 04 11:52:52.250091 n-d-852135-1 devstack@placement-api.service[106550]: INFO placement.requestlog [req-c7fbb5c0-891a-4625-bdb1-8f4e24704339 req-ee27ff8f-681a-45be-8875-7733169feff7 service placement] 10.222.0.148 "GET /placement/allocation_candidates?limit=1000&resources=DISK_GB%3A1%2CMEMORY_MB%3A1024%2CVCPU%3A1&root_required=%21COMPUTE_STATUS_DISABLED" status: 200 len: 1309 microversion: 1.36
Aug 04 11:52:52.253856 n-d-852135-1 devstack@placement-api.service[106550]: [pid: 106550|app: 0|req: 255/514] 10.222.0.148 () {60 vars in 1511 bytes} [Thu Aug 4 11:52:52 2022] GET /placement/allocation_candidates?limit=1000&resources=DISK_GB%3A1%2CMEMORY_MB%3A1024%2CVCPU%3A1&root_required=%21COMPUTE_STATUS_DISABLED => generated 1309 bytes in 179 msecs (HTTP/1.1 200) 8 headers in 297 bytes (1 switches on core 0)
Aug 04 11:52:52.359505 n-d-852135-1 devstack@placement-api.service[106549]: DEBUG placement.requestlog [req-c7fbb5c0-891a-4625-bdb1-8f4e24704339 req-38d1a0a1-ffb4-4460-ba43-5c1061672eb3 None None] Starting request: 10.222.0.148 "GET /placement/allocations/86ad3802-fe81-4677-b3e9-779d358d8415" {{(pid=106549) __call__ /opt/stack/placement/placement/requestlog.py:55}}
Aug 04 11:52:52.380073 n-d-852135-1 devstack@placement-api.service[106549]: INFO placement.requestlog [req-c7fbb5c0-891a-4625-bdb1-8f4e24704339 req-38d1a0a1-ffb4-4460-ba43-5c1061672eb3 service placement] 10.222.0.148 "GET /placement/allocations/86ad3802-fe81-4677-b3e9-779d358d8415" status: 200 len: 19 microversion: 1.28
Aug 04 11:52:52.382489 n-d-852135-1 devstack@placement-api.service[106549]: [pid: 106549|app: 0|req: 260/515] 10.222.0.148 () {60 vars in 1385 bytes} [Thu Aug 4 11:52:52 2022] GET /placement/allocations/86ad3802-fe81-4677-b3e9-779d358d8415 => generated 19 bytes in 24 msecs (HTTP/1.1 200) 8 headers in 295 bytes (1 switches on core 0)
Aug 04 11:52:52.392348 n-d-852135-1 devstack@placement-api.service[106550]: DEBUG placement.requestlog [req-c7fbb5c0-891a-4625-bdb1-8f4e24704339 req-b7367e12-1c5c-4e26-bb82-aed37ab79768 None None] Starting request: 10.222.0.148 "PUT /placement/allocations/86ad3802-fe81-4677-b3e9-779d358d8415" {{(pid=106550) __call__ /opt/stack/placement/placement/requestlog.py:55}}
Aug 04 11:52:52.852192 n-d-852135-1 devstack@placement-api.service[106550]: DEBUG placement.handlers.allocation [req-c7fbb5c0-891a-4625-bdb1-8f4e24704339 req-b7367e12-1c5c-4e26-bb82-aed37ab79768 service placement] Successfully wrote allocations [, , ] {{(pid=106550) _update_consumers_and_create_allocations /opt/stack/placement/placement/handlers/allocation.py:462}}
Aug 04 11:52:52.949631 n-d-852135-1 devstack@placement-api.service[106550]: INFO placement.requestlog [req-c7fbb5c0-891a-4625-bdb1-8f4e24704339 req-b7367e12-1c5c-4e26-bb82-aed37ab79768 service placement] 10.222.0.148 "PUT /placement/allocations/86ad3802-fe81-4677-b3e9-779d358d8415" status: 204 len: 0 microversion: 1.36
Aug 04 11:52:52.960067 n-d-852135-1 devstack@placement-api.service[106550]: [pid: 106550|app: 0|req: 256/516] 10.222.0.148 () {64 vars in 1438 bytes} [Thu Aug 4 11:52:52 2022] PUT /placement/allocations/86ad3802-fe81-4677-b3e9-779d358d8415 => generated 0 bytes in 563 msecs (HTTP/1.1 204) 5 headers in 199 bytes (1 switches on core 0)
Aug 04 11:52:53.585871 n-d-852135-1 devstack@placement-api.service[106549]: DEBUG placement.requestlog [req-7be3083d-1f61-4d68-9ae9-c221ee82f0c4 req-9e18e948-2ee8-4ee7-b627-1a835b632a3f None None] Starting request: 10.222.0.148 "GET /placement/allocation_candidates?limit=1000&resources=DISK_GB%3A1%2CMEMORY_MB%3A1024%2CVCPU%3A1&root_required=%21COMPUTE_STATUS_DISABLED" {{(pid=106549) __call__ /opt/stack/placement/placement/requestlog.py:55}}
Aug 04 11:52:53.671411 n-d-852135-1 devstack@placement-api.service[106549]: DEBUG placement.objects.research_context [req-7be3083d-1f61-4d68-9ae9-c221ee82f0c4 req-9e18e948-2ee8-4ee7-b627-1a835b632a3f service placement] getting providers with 1 DISK_GB {{(pid=106549) __init__ /opt/stack/placement/placement/objects/research_context.py:136}}
Aug 04 11:52:53.677691 n-d-852135-1 devstack@placement-api.service[106549]: DEBUG placement.objects.research_context [req-7be3083d-1f61-4d68-9ae9-c221ee82f0c4 req-9e18e948-2ee8-4ee7-b627-1a835b632a3f service placement] getting providers with 1024 MEMORY_MB {{(pid=106549) __init__ /opt/stack/placement/placement/objects/research_context.py:136}}
Aug 04 11:52:53.683004 n-d-852135-1 devstack@placement-api.service[106549]: DEBUG placement.objects.research_context [req-7be3083d-1f61-4d68-9ae9-c221ee82f0c4 req-9e18e948-2ee8-4ee7-b627-1a835b632a3f service placement] getting providers with 1 VCPU {{(pid=106549) __init__ /opt/stack/placement/placement/objects/research_context.py:136}}
Aug 04 11:52:53.690133 n-d-852135-1 devstack@placement-api.service[106549]: DEBUG placement.objects.research_context [req-7be3083d-1f61-4d68-9ae9-c221ee82f0c4 req-9e18e948-2ee8-4ee7-b627-1a835b632a3f service placement] found 2 providers with available 1 DISK_GB {{(pid=106549) get_provider_ids_matching /opt/stack/placement/placement/objects/research_context.py:563}}
Aug 04 11:52:53.690711 n-d-852135-1 devstack@placement-api.service[106549]: DEBUG placement.objects.research_context [req-7be3083d-1f61-4d68-9ae9-c221ee82f0c4 req-9e18e948-2ee8-4ee7-b627-1a835b632a3f service placement] found 2 providers with available 1024 MEMORY_MB {{(pid=106549) get_provider_ids_matching /opt/stack/placement/placement/objects/research_context.py:563}}
Aug 04 11:52:53.691263 n-d-852135-1 devstack@placement-api.service[106549]: DEBUG placement.objects.research_context [req-7be3083d-1f61-4d68-9ae9-c221ee82f0c4 req-9e18e948-2ee8-4ee7-b627-1a835b632a3f service placement] found 2 providers after filtering by previous result {{(pid=106549) get_provider_ids_matching /opt/stack/placement/placement/objects/research_context.py:594}}
Aug 04 11:52:53.699745 n-d-852135-1 devstack@placement-api.service[106549]: DEBUG placement.objects.research_context [req-7be3083d-1f61-4d68-9ae9-c221ee82f0c4 req-9e18e948-2ee8-4ee7-b627-1a835b632a3f service placement] found 2 providers with available 1 VCPU {{(pid=106549) get_provider_ids_matching /opt/stack/placement/placement/objects/research_context.py:563}}
Aug 04 11:52:53.699745 n-d-852135-1 devstack@placement-api.service[106549]: DEBUG placement.objects.research_context [req-7be3083d-1f61-4d68-9ae9-c221ee82f0c4 req-9e18e948-2ee8-4ee7-b627-1a835b632a3f service placement] found 2 providers after filtering by previous result {{(pid=106549) get_provider_ids_matching /opt/stack/placement/placement/objects/research_context.py:594}}
Aug 04 11:52:53.703720 n-d-852135-1 devstack@placement-api.service[106549]: DEBUG placement.objects.allocation_candidate [req-7be3083d-1f61-4d68-9ae9-c221ee82f0c4 req-9e18e948-2ee8-4ee7-b627-1a835b632a3f service placement] RequestGroup(use_same_provider=False, resources={DISK_GB:1, MEMORY_MB:1024, VCPU:1}, traits=(), aggregates=[]) (suffix '') returned 2 matches {{(pid=106549) _get_by_requests /opt/stack/placement/placement/objects/allocation_candidate.py:156}}
Aug 04 11:52:53.704105 n-d-852135-1 devstack@placement-api.service[106549]: DEBUG placement.objects.allocation_candidate [req-7be3083d-1f61-4d68-9ae9-c221ee82f0c4 req-9e18e948-2ee8-4ee7-b627-1a835b632a3f service placement] Merging candidates yields 2 allocation requests and 2 provider summaries {{(pid=106549) _merge_candidates /opt/stack/placement/placement/objects/allocation_candidate.py:809}}
Aug 04 11:52:53.705774 n-d-852135-1 devstack@placement-api.service[106549]: INFO placement.requestlog [req-7be3083d-1f61-4d68-9ae9-c221ee82f0c4 req-9e18e948-2ee8-4ee7-b627-1a835b632a3f service placement] 10.222.0.148 "GET /placement/allocation_candidates?limit=1000&resources=DISK_GB%3A1%2CMEMORY_MB%3A1024%2CVCPU%3A1&root_required=%21COMPUTE_STATUS_DISABLED" status: 200 len: 1309 microversion: 1.36
Aug 04 11:52:53.706545 n-d-852135-1 devstack@placement-api.service[106549]: [pid: 106549|app: 0|req: 261/517] 10.222.0.148 () {60 vars in 1511 bytes} [Thu Aug 4 11:52:53 2022] GET /placement/allocation_candidates?limit=1000&resources=DISK_GB%3A1%2CMEMORY_MB%3A1024%2CVCPU%3A1&root_required=%21COMPUTE_STATUS_DISABLED => generated 1309 bytes in 121 msecs (HTTP/1.1 200) 8 headers in 297 bytes (1 switches on core 0)
Aug 04 11:52:53.784619 n-d-852135-1 devstack@placement-api.service[106550]: DEBUG placement.requestlog [req-7be3083d-1f61-4d68-9ae9-c221ee82f0c4 req-9f3ef800-b0a6-4092-a63c-27e634bb0d97 None None] Starting request: 10.222.0.148 "GET /placement/allocations/c62ae16f-0746-46e8-8dbb-7f74b9c7a8e5" {{(pid=106550) __call__ /opt/stack/placement/placement/requestlog.py:55}}
Aug 04 11:52:53.797606 n-d-852135-1 devstack@placement-api.service[106550]: INFO placement.requestlog [req-7be3083d-1f61-4d68-9ae9-c221ee82f0c4 req-9f3ef800-b0a6-4092-a63c-27e634bb0d97 service placement] 10.222.0.148 "GET /placement/allocations/c62ae16f-0746-46e8-8dbb-7f74b9c7a8e5" status: 200 len: 19 microversion: 1.28
Aug 04 11:52:53.798501 n-d-852135-1 devstack@placement-api.service[106550]: [pid: 106550|app: 0|req: 257/518] 10.222.0.148 () {60 vars in 1385 bytes} [Thu Aug 4 11:52:53 2022] GET /placement/allocations/c62ae16f-0746-46e8-8dbb-7f74b9c7a8e5 => generated 19 bytes in 14 msecs (HTTP/1.1 200) 8 headers in 295 bytes (1 switches on core 0)
Aug 04 11:52:53.805154 n-d-852135-1 devstack@placement-api.service[106549]: DEBUG placement.requestlog [req-7be3083d-1f61-4d68-9ae9-c221ee82f0c4 req-2070877d-92e2-434a-8559-6ebf541c7bb1 None None] Starting request: 10.222.0.148 "PUT /placement/allocations/c62ae16f-0746-46e8-8dbb-7f74b9c7a8e5" {{(pid=106549) __call__ /opt/stack/placement/placement/requestlog.py:55}}
Aug 04 11:52:54.179723 n-d-852135-1 devstack@placement-api.service[106549]: DEBUG dbcounter [-] [106549] Writing DB stats placement:SELECT=75,placement:DELETE=9,placement:INSERT=12,placement:UPDATE=4 {{(pid=106549) stat_writer /usr/local/lib/python3.8/dist-packages/dbcounter.py:114}}
Aug 04 11:52:54.187985 n-d-852135-1 devstack@placement-api.service[106549]: DEBUG placement.handlers.allocation [req-7be3083d-1f61-4d68-9ae9-c221ee82f0c4 req-2070877d-92e2-434a-8559-6ebf541c7bb1 service placement] Successfully wrote allocations [, , ] {{(pid=106549) _update_consumers_and_create_allocations /opt/stack/placement/placement/handlers/allocation.py:462}}
Aug 04 11:52:54.296765 n-d-852135-1 devstack@placement-api.service[106549]: INFO placement.requestlog [req-7be3083d-1f61-4d68-9ae9-c221ee82f0c4 req-2070877d-92e2-434a-8559-6ebf541c7bb1 service placement] 10.222.0.148 "PUT /placement/allocations/c62ae16f-0746-46e8-8dbb-7f74b9c7a8e5" status: 204 len: 0 microversion: 1.36
