Aug 05 09:22:49.838293 n-d-852099-1 devstack@placement-api.service[89595]: DEBUG placement.requestlog [req-b675ad02-c734-4a07-8ab6-70b28f669747 req-2ebd0e30-f562-4741-89ca-2d9c116b7e7e None None] Starting request: 10.222.0.20 "GET /placement/allocations/e5515dc6-1654-4726-beb3-2f540195d26c" {{(pid=89595) __call__ /opt/stack/placement/placement/requestlog.py:55}}
Aug 05 09:22:49.846248 n-d-852099-1 devstack@placement-api.service[89596]: [pid: 89596|app: 0|req: 113/225] 10.222.0.20 () {60 vars in 1380 bytes} [Fri Aug 5 09:22:49 2022] GET /placement/allocations/e5515dc6-1654-4726-beb3-2f540195d26c => generated 259 bytes in 188 msecs (HTTP/1.1 200) 8 headers in 296 bytes (1 switches on core 0)
Aug 05 09:22:49.867790 n-d-852099-1 devstack@placement-api.service[89595]: INFO placement.requestlog [req-b675ad02-c734-4a07-8ab6-70b28f669747 req-2ebd0e30-f562-4741-89ca-2d9c116b7e7e service placement] 10.222.0.20 "GET /placement/allocations/e5515dc6-1654-4726-beb3-2f540195d26c" status: 200 len: 259 microversion: 1.28
Aug 05 09:22:49.874264 n-d-852099-1 devstack@placement-api.service[89596]: DEBUG placement.requestlog [req-b675ad02-c734-4a07-8ab6-70b28f669747 req-9aaa950e-1d8f-45fb-af31-515e4e2ade3f None None] Starting request: 10.222.0.20 "GET /placement/allocations/33849f78-7ccd-4c6d-a1ed-67e85f7dca16" {{(pid=89596) __call__ /opt/stack/placement/placement/requestlog.py:55}}
Aug 05 09:22:49.883244 n-d-852099-1 devstack@placement-api.service[89595]: [pid: 89595|app: 0|req: 113/226] 10.222.0.20 () {60 vars in 1380 bytes} [Fri Aug 5 09:22:49 2022] GET /placement/allocations/e5515dc6-1654-4726-beb3-2f540195d26c => generated 259 bytes in 44 msecs (HTTP/1.1 200) 8 headers in 296 bytes (1 switches on core 0)
Aug 05 09:22:49.887983 n-d-852099-1 devstack@placement-api.service[89596]: INFO placement.requestlog [req-b675ad02-c734-4a07-8ab6-70b28f669747 req-9aaa950e-1d8f-45fb-af31-515e4e2ade3f service placement] 10.222.0.20 "GET /placement/allocations/33849f78-7ccd-4c6d-a1ed-67e85f7dca16" status: 200 len: 19 microversion: 1.28
Aug 05 09:22:49.890013 n-d-852099-1 devstack@placement-api.service[89596]: [pid: 89596|app: 0|req: 114/227] 10.222.0.20 () {60 vars in 1380 bytes} [Fri Aug 5 09:22:49 2022] GET /placement/allocations/33849f78-7ccd-4c6d-a1ed-67e85f7dca16 => generated 19 bytes in 16 msecs (HTTP/1.1 200) 8 headers in 295 bytes (2 switches on core 0)
Aug 05 09:22:49.895393 n-d-852099-1 devstack@placement-api.service[89595]: DEBUG placement.requestlog [req-b675ad02-c734-4a07-8ab6-70b28f669747 req-b85d1aa3-b54b-430c-8871-96d4ab1da0ae None None] Starting request: 10.222.0.20 "POST /placement/allocations" {{(pid=89595) __call__ /opt/stack/placement/placement/requestlog.py:55}}
Aug 05 09:22:50.045248 n-d-852099-1 devstack@placement-api.service[89595]: DEBUG placement.handlers.allocation [req-b675ad02-c734-4a07-8ab6-70b28f669747 req-b85d1aa3-b54b-430c-8871-96d4ab1da0ae service placement] Successfully wrote allocations [, , , , , ] {{(pid=89595) _create_allocations /opt/stack/placement/placement/handlers/allocation.py:524}}
Aug 05 09:22:50.045804 n-d-852099-1 devstack@placement-api.service[89595]: INFO placement.requestlog [req-b675ad02-c734-4a07-8ab6-70b28f669747 req-b85d1aa3-b54b-430c-8871-96d4ab1da0ae service placement] 10.222.0.20 "POST /placement/allocations" status: 204 len: 0 microversion: 1.28
Aug 05 09:22:50.046068 n-d-852099-1 devstack@placement-api.service[89595]: [pid: 89595|app: 0|req: 114/228] 10.222.0.20 () {64 vars in 1323 bytes} [Fri Aug 5 09:22:49 2022] POST /placement/allocations => generated 0 bytes in 151 msecs (HTTP/1.1 204) 5 headers in 199 bytes (1 switches on core 0)
Aug 05 09:22:50.093230 n-d-852099-1 devstack@placement-api.service[89596]: DEBUG placement.requestlog [req-b675ad02-c734-4a07-8ab6-70b28f669747 req-157c7b33-ff7d-47c6-a9db-e05d499cfc2b None None] Starting request: 10.222.0.20 "GET /placement/allocations/e5515dc6-1654-4726-beb3-2f540195d26c" {{(pid=89596) __call__ /opt/stack/placement/placement/requestlog.py:55}}
Aug 05 09:22:50.106909 n-d-852099-1 devstack@placement-api.service[89596]: INFO placement.requestlog [req-b675ad02-c734-4a07-8ab6-70b28f669747 req-157c7b33-ff7d-47c6-a9db-e05d499cfc2b service placement] 10.222.0.20 "GET /placement/allocations/e5515dc6-1654-4726-beb3-2f540195d26c" status: 200 len: 19 microversion: 1.28
Aug 05 09:22:50.113153 n-d-852099-1 devstack@placement-api.service[89596]: [pid: 89596|app: 0|req: 115/229] 10.222.0.20 () {60 vars in 1380 bytes} [Fri Aug 5 09:22:50 2022] GET /placement/allocations/e5515dc6-1654-4726-beb3-2f540195d26c => generated 19 bytes in 20 msecs (HTTP/1.1 200) 8 headers in 295 bytes (1 switches on core 0)
Aug 05 09:22:50.114542 n-d-852099-1 devstack@placement-api.service[89595]: DEBUG placement.requestlog [req-b675ad02-c734-4a07-8ab6-70b28f669747 req-850cc6f4-83df-43be-83dd-e150323a5027 None None] Starting request: 10.222.0.20 "PUT /placement/allocations/e5515dc6-1654-4726-beb3-2f540195d26c" {{(pid=89595) __call__ /opt/stack/placement/placement/requestlog.py:55}}
Aug 05 09:22:50.197662 n-d-852099-1 devstack@placement-api.service[89595]: DEBUG placement.handlers.allocation [req-b675ad02-c734-4a07-8ab6-70b28f669747 req-850cc6f4-83df-43be-83dd-e150323a5027 service placement] Successfully wrote allocations [, , ] {{(pid=89595) _create_allocations /opt/stack/placement/placement/handlers/allocation.py:435}}
Aug 05 09:22:50.199230 n-d-852099-1 devstack@placement-api.service[89595]: INFO placement.requestlog [req-b675ad02-c734-4a07-8ab6-70b28f669747 req-850cc6f4-83df-43be-83dd-e150323a5027 service placement] 10.222.0.20 "PUT /placement/allocations/e5515dc6-1654-4726-beb3-2f540195d26c" status: 204 len: 0 microversion: 1.28
Aug 05 09:22:50.214108 n-d-852099-1 devstack@placement-api.service[89595]: [pid: 89595|app: 0|req: 115/230] 10.222.0.20 () {64 vars in 1433 bytes} [Fri Aug 5 09:22:50 2022] PUT /placement/allocations/e5515dc6-1654-4726-beb3-2f540195d26c => generated 0 bytes in 85 msecs (HTTP/1.1 204) 5 headers in 199 bytes (2 switches on core 0)
Aug 05 09:22:50.379184 n-d-852099-1 devstack@placement-api.service[89596]: DEBUG placement.requestlog [req-b675ad02-c734-4a07-8ab6-70b28f669747 req-de81ff02-a667-4437-a7c3-f8b06d7f0511 None None] Starting request: 10.222.0.43 "GET /placement/allocations/e5515dc6-1654-4726-beb3-2f540195d26c" {{(pid=89596) __call__ /opt/stack/placement/placement/requestlog.py:55}}
Aug 05 09:22:50.398177 n-d-852099-1 devstack@placement-api.service[89596]: INFO placement.requestlog [req-b675ad02-c734-4a07-8ab6-70b28f669747 req-de81ff02-a667-4437-a7c3-f8b06d7f0511 service placement] 10.222.0.43 "GET /placement/allocations/e5515dc6-1654-4726-beb3-2f540195d26c" status: 200 len: 259 microversion: 1.28
Aug 05 09:22:50.399870 n-d-852099-1 devstack@placement-api.service[89596]: [pid: 89596|app: 0|req: 116/231] 10.222.0.43 () {60 vars in 1377 bytes} [Fri Aug 5 09:22:50 2022] GET /placement/allocations/e5515dc6-1654-4726-beb3-2f540195d26c => generated 259 bytes in 21 msecs (HTTP/1.1 200) 8 headers in 296 bytes (2 switches on core 0)
Aug 05 09:22:55.118772 n-d-852099-1 devstack@placement-api.service[89595]: DEBUG placement.requestlog [req-f93a7673-20bc-41b1-a107-961da4c38991 req-a0c3fdfc-297c-4c7e-9778-ba3c7061b2d4 None None] Starting request: 10.222.0.43 "GET /placement/allocations/9b8b81cc-f4fa-4a06-a6dc-380425ca4228" {{(pid=89595) __call__ /opt/stack/placement/placement/requestlog.py:55}}
Aug 05 09:22:55.142821 n-d-852099-1 devstack@placement-api.service[89595]: INFO placement.requestlog [req-f93a7673-20bc-41b1-a107-961da4c38991 req-a0c3fdfc-297c-4c7e-9778-ba3c7061b2d4 service placement] 10.222.0.43 "GET /placement/allocations/9b8b81cc-f4fa-4a06-a6dc-380425ca4228" status: 200 len: 259 microversion: 1.28
Aug 05 09:22:55.143516 n-d-852099-1 devstack@placement-api.service[89595]: [pid: 89595|app: 0|req: 116/232] 10.222.0.43 () {60 vars in 1377 bytes} [Fri Aug 5 09:22:55 2022] GET /placement/allocations/9b8b81cc-f4fa-4a06-a6dc-380425ca4228 => generated 259 bytes in 25 msecs (HTTP/1.1 200) 8 headers in 296 bytes (1 switches on core 0)
Aug 05 09:22:55.151948 n-d-852099-1 devstack@placement-api.service[89596]: DEBUG placement.requestlog [req-f93a7673-20bc-41b1-a107-961da4c38991 req-14b710da-835b-41aa-987f-d6a6ba4376db None None] Starting request: 10.222.0.43 "PUT /placement/allocations/9b8b81cc-f4fa-4a06-a6dc-380425ca4228" {{(pid=89596) __call__ /opt/stack/placement/placement/requestlog.py:55}}
Aug 05 09:22:55.264640 n-d-852099-1 devstack@placement-api.service[89596]: DEBUG placement.handlers.allocation [req-f93a7673-20bc-41b1-a107-961da4c38991 req-14b710da-835b-41aa-987f-d6a6ba4376db service placement] Successfully wrote allocations [, , ] {{(pid=89596) _create_allocations /opt/stack/placement/placement/handlers/allocation.py:435}}
Aug 05 09:22:55.265492 n-d-852099-1 devstack@placement-api.service[89596]: INFO placement.requestlog [req-f93a7673-20bc-41b1-a107-961da4c38991 req-14b710da-835b-41aa-987f-d6a6ba4376db service placement] 10.222.0.43 "PUT /placement/allocations/9b8b81cc-f4fa-4a06-a6dc-380425ca4228" status: 204 len: 0 microversion: 1.28
Aug 05 09:22:55.266236 n-d-852099-1 devstack@placement-api.service[89596]: [pid: 89596|app: 0|req: 117/233] 10.222.0.43 () {64 vars in 1430 bytes} [Fri Aug 5 09:22:55 2022] PUT /placement/allocations/9b8b81cc-f4fa-4a06-a6dc-380425ca4228 => generated 0 bytes in 114 msecs (HTTP/1.1 204) 5 headers in 199 bytes (1 switches on core 0)
Aug 05 09:22:59.183810 n-d-852099-1 devstack@placement-api.service[89595]: DEBUG placement.requestlog [None req-dc7704c3-2c16-4043-af33-c6cac185cb6f None None] Starting request: 10.222.0.20 "GET /placement/resource_providers/d2ff7b09-c99d-43b1-9573-be1ffb47539f/aggregates" {{(pid=89595) __call__ /opt/stack/placement/placement/requestlog.py:55}}
Aug 05 09:22:59.203113 n-d-852099-1 devstack@placement-api.service[89595]: INFO placement.requestlog [None req-dc7704c3-2c16-4043-af33-c6cac185cb6f service placement] 10.222.0.20 "GET /placement/resource_providers/d2ff7b09-c99d-43b1-9573-be1ffb47539f/aggregates" status: 404 len: 235 microversion: 1.1
Aug 05 09:22:59.205076 n-d-852099-1 devstack@placement-api.service[89595]: [pid: 89595|app: 0|req: 117/234] 10.222.0.20 () {58 vars in 1362 bytes} [Fri Aug 5 09:22:59 2022] GET /placement/resource_providers/d2ff7b09-c99d-43b1-9573-be1ffb47539f/aggregates => generated 235 bytes in 22 msecs (HTTP/1.1 404) 5 headers in 202 bytes (2 switches on core 0)
Aug 05 09:22:59.300008 n-d-852099-1 devstack@placement-api.service[89596]: DEBUG placement.requestlog [None req-24a2f607-7530-42bd-ae50-43c77edb561e None None] Starting request: 10.222.0.20 "DELETE /placement/resource_providers/d2ff7b09-c99d-43b1-9573-be1ffb47539f" {{(pid=89596) __call__ /opt/stack/placement/placement/requestlog.py:55}}
Aug 05 09:22:59.328035 n-d-852099-1 devstack@placement-api.service[89596]: DEBUG placement.wsgi_wrapper [None req-24a2f607-7530-42bd-ae50-43c77edb561e service placement] Placement API returning an error response: No resource provider with uuid d2ff7b09-c99d-43b1-9573-be1ffb47539f found for delete {{(pid=89596) call_func /opt/stack/placement/placement/wsgi_wrapper.py:31}}
Aug 05 09:22:59.328823 n-d-852099-1 devstack@placement-api.service[89596]: INFO placement.requestlog [None req-24a2f607-7530-42bd-ae50-43c77edb561e service placement] 10.222.0.20 "DELETE /placement/resource_providers/d2ff7b09-c99d-43b1-9573-be1ffb47539f" status: 404 len: 246 microversion: 1.1
Aug 05 09:22:59.329294 n-d-852099-1 devstack@placement-api.service[89596]: [pid: 89596|app: 0|req: 118/235] 10.222.0.20 () {60 vars in 1351 bytes} [Fri Aug 5 09:22:59 2022] DELETE /placement/resource_providers/d2ff7b09-c99d-43b1-9573-be1ffb47539f => generated 246 bytes in 29 msecs (HTTP/1.1 404) 6 headers in 231 bytes (1 switches on core 0)
Aug 05 09:23:09.822249 n-d-852099-1 devstack@placement-api.service[89595]: DEBUG placement.requestlog [req-b675ad02-c734-4a07-8ab6-70b28f669747 req-41bffd9b-b8a5-485f-9e28-271495e02994 None None] Starting request: 10.222.0.15 "GET /placement/resource_providers/dd97c3bd-bd4f-4c87-aa4b-e21e294f87fa/allocations" {{(pid=89595) __call__ /opt/stack/placement/placement/requestlog.py:55}}
Aug 05 09:23:09.860403 n-d-852099-1 devstack@placement-api.service[89595]: INFO placement.requestlog [req-b675ad02-c734-4a07-8ab6-70b28f669747 req-41bffd9b-b8a5-485f-9e28-271495e02994 service placement] 10.222.0.15 "GET /placement/resource_providers/dd97c3bd-bd4f-4c87-aa4b-e21e294f87fa/allocations" status: 200 len: 558 microversion: 1.0
Aug 05 09:23:09.861174 n-d-852099-1 devstack@placement-api.service[89595]: [pid: 89595|app: 0|req: 118/236] 10.222.0.15 () {58 vars in 1390 bytes} [Fri Aug 5 09:23:09 2022] GET /placement/resource_providers/dd97c3bd-bd4f-4c87-aa4b-e21e294f87fa/allocations => generated 558 bytes in 39 msecs (HTTP/1.1 200) 6 headers in 224 bytes (1 switches on core 0)
Aug 05 09:23:10.287613 n-d-852099-1 devstack@placement-api.service[89596]: DEBUG placement.requestlog [None req-e43c081f-dff4-404f-8e4c-23cb486246c1 None None] Starting request: 10.222.0.20 "GET /placement/" {{(pid=89596) __call__ /opt/stack/placement/placement/requestlog.py:55}}
Aug 05 09:23:10.290049 n-d-852099-1 devstack@placement-api.service[89596]: INFO placement.requestlog [None req-e43c081f-dff4-404f-8e4c-23cb486246c1 None None] 10.222.0.20 "GET /placement/" status: 200 len: 136 microversion: 1.0
Aug 05 09:23:10.290753 n-d-852099-1 devstack@placement-api.service[89596]: [pid: 89596|app: 0|req: 119/237] 10.222.0.20 () {54 vars in 916 bytes} [Fri Aug 5 09:23:10 2022] GET /placement => generated 136 bytes in 4 msecs (HTTP/1.1 200) 6 headers in 224 bytes (1 switches on core 0)
Aug 05 09:23:10.297169 n-d-852099-1 devstack@placement-api.service[89595]: DEBUG placement.requestlog [req-b675ad02-c734-4a07-8ab6-70b28f669747 req-1830757e-666d-4f95-bc96-05e118ed8255 None None] Starting request: 10.222.0.15 "GET /placement/allocations/33849f78-7ccd-4c6d-a1ed-67e85f7dca16" {{(pid=89595) __call__ /opt/stack/placement/placement/requestlog.py:55}}
Aug 05 09:23:10.323353 n-d-852099-1 devstack@placement-api.service[89596]: DEBUG placement.requestlog [req-bb755280-0f90-484b-9317-c4080cdc2bc0 req-a628f3e5-badd-413c-912b-b4143a18938a None None] Starting request: 10.222.0.20 "GET /placement/allocations/b08aacce-3b33-4f17-a7fa-c5668e30d335" {{(pid=89596) __call__ /opt/stack/placement/placement/requestlog.py:55}}
Aug 05 09:23:10.337908 n-d-852099-1 devstack@placement-api.service[89595]: INFO placement.requestlog [req-b675ad02-c734-4a07-8ab6-70b28f669747 req-1830757e-666d-4f95-bc96-05e118ed8255 service placement] 10.222.0.15 "GET /placement/allocations/33849f78-7ccd-4c6d-a1ed-67e85f7dca16" status: 200 len: 259 microversion: 1.28
Aug 05 09:23:10.338603 n-d-852099-1 devstack@placement-api.service[89595]: [pid: 89595|app: 0|req: 119/238] 10.222.0.15 () {60 vars in 1377 bytes} [Fri Aug 5 09:23:10 2022] GET /placement/allocations/33849f78-7ccd-4c6d-a1ed-67e85f7dca16 => generated 259 bytes in 42 msecs (HTTP/1.1 200) 8 headers in 296 bytes (1 switches on core 0)
Aug 05 09:23:10.353558 n-d-852099-1 devstack@placement-api.service[89595]: DEBUG placement.requestlog [req-b675ad02-c734-4a07-8ab6-70b28f669747 req-570bf100-0cee-46ce-aae6-d4cfec1e120b None None] Starting request: 10.222.0.15 "PUT /placement/allocations/33849f78-7ccd-4c6d-a1ed-67e85f7dca16" {{(pid=89595) __call__ /opt/stack/placement/placement/requestlog.py:55}}
Aug 05 09:23:10.419190 n-d-852099-1 devstack@placement-api.service[89596]: INFO placement.requestlog [req-bb755280-0f90-484b-9317-c4080cdc2bc0 req-a628f3e5-badd-413c-912b-b4143a18938a service placement] 10.222.0.20 "GET /placement/allocations/b08aacce-3b33-4f17-a7fa-c5668e30d335" status: 200 len: 259 microversion: 1.28
Aug 05 09:23:10.419409 n-d-852099-1 devstack@placement-api.service[89596]: [pid: 89596|app: 0|req: 120/239] 10.222.0.20 () {60 vars in 1380 bytes} [Fri Aug 5 09:23:10 2022] GET /placement/allocations/b08aacce-3b33-4f17-a7fa-c5668e30d335 => generated 259 bytes in 96 msecs (HTTP/1.1 200) 8 headers in 296 bytes (2 switches on core 0)
Aug 05 09:23:10.426448 n-d-852099-1 devstack@placement-api.service[89596]: DEBUG placement.requestlog [req-bb755280-0f90-484b-9317-c4080cdc2bc0 req-e1eb1fdb-ea21-4f77-8d83-4dd308ef58d7 None None] Starting request: 10.222.0.20 "GET /placement/allocations/b08aacce-3b33-4f17-a7fa-c5668e30d335" {{(pid=89596) __call__ /opt/stack/placement/placement/requestlog.py:55}}
Aug 05 09:23:10.443787 n-d-852099-1 devstack@placement-api.service[89596]: INFO placement.requestlog [req-bb755280-0f90-484b-9317-c4080cdc2bc0 req-e1eb1fdb-ea21-4f77-8d83-4dd308ef58d7 service placement] 10.222.0.20 "GET /placement/allocations/b08aacce-3b33-4f17-a7fa-c5668e30d335" status: 200 len: 259 microversion: 1.28
Aug 05 09:23:10.444318 n-d-852099-1 devstack@placement-api.service[89596]: [pid: 89596|app: 0|req: 121/240] 10.222.0.20 () {60 vars in 1380 bytes} [Fri Aug 5 09:23:10 2022] GET /placement/allocations/b08aacce-3b33-4f17-a7fa-c5668e30d335 => generated 259 bytes in 18 msecs (HTTP/1.1 200) 8 headers in 296 bytes (1 switches on core 0)
Aug 05 09:23:10.451234 n-d-852099-1 devstack@placement-api.service[89596]: DEBUG placement.requestlog [req-bb755280-0f90-484b-9317-c4080cdc2bc0 req-e74e4069-de83-4752-88ae-408f389c9895 None None] Starting request: 10.222.0.20 "GET /placement/allocations/0068a6bb-2a96-4855-8bb5-e220b8b5ff84" {{(pid=89596) __call__ /opt/stack/placement/placement/requestlog.py:55}}
Aug 05 09:23:10.452877 n-d-852099-1 devstack@placement-api.service[89595]: DEBUG placement.handlers.allocation [req-b675ad02-c734-4a07-8ab6-70b28f669747 req-570bf100-0cee-46ce-aae6-d4cfec1e120b service placement] Successfully wrote allocations [, , ] {{(pid=89595) _create_allocations /opt/stack/placement/placement/handlers/allocation.py:435}}
Aug 05 09:23:10.453577 n-d-852099-1 devstack@placement-api.service[89595]: INFO placement.requestlog [req-b675ad02-c734-4a07-8ab6-70b28f669747 req-570bf100-0cee-46ce-aae6-d4cfec1e120b service placement] 10.222.0.15 "PUT /placement/allocations/33849f78-7ccd-4c6d-a1ed-67e85f7dca16" status: 204 len: 0 microversion: 1.28
Aug 05 09:23:10.453947 n-d-852099-1 devstack@placement-api.service[89595]: [pid: 89595|app: 0|req: 120/241] 10.222.0.15 () {64 vars in 1430 bytes} [Fri Aug 5 09:23:10 2022] PUT /placement/allocations/33849f78-7ccd-4c6d-a1ed-67e85f7dca16 => generated 0 bytes in 103 msecs (HTTP/1.1 204) 5 headers in 199 bytes (1 switches on core 0)
Aug 05 09:23:10.467624 n-d-852099-1 devstack@placement-api.service[89596]: INFO placement.requestlog [req-bb755280-0f90-484b-9317-c4080cdc2bc0 req-e74e4069-de83-4752-88ae-408f389c9895 service placement] 10.222.0.20 "GET /placement/allocations/0068a6bb-2a96-4855-8bb5-e220b8b5ff84" status: 200 len: 19 microversion: 1.28
Aug 05 09:23:10.468640 n-d-852099-1 devstack@placement-api.service[89596]: [pid: 89596|app: 0|req: 122/242] 10.222.0.20 () {60 vars in 1380 bytes} [Fri Aug 5 09:23:10 2022] GET /placement/allocations/0068a6bb-2a96-4855-8bb5-e220b8b5ff84 => generated 19 bytes in 18 msecs (HTTP/1.1 200) 8 headers in 295 bytes (1 switches on core 0)
Aug 05 09:23:10.490506 n-d-852099-1 devstack@placement-api.service[89595]: DEBUG placement.requestlog [req-bb755280-0f90-484b-9317-c4080cdc2bc0 req-94ea3f6f-1e57-401d-b18e-594bfd30b6c7 None None] Starting request: 10.222.0.20 "POST /placement/allocations" {{(pid=89595) __call__ /opt/stack/placement/placement/requestlog.py:55}}
Aug 05 09:23:10.702196 n-d-852099-1 devstack@placement-api.service[89595]: DEBUG placement.handlers.allocation [req-bb755280-0f90-484b-9317-c4080cdc2bc0 req-94ea3f6f-1e57-401d-b18e-594bfd30b6c7 service placement] Successfully wrote allocations [, , , , , ] {{(pid=89595) _create_allocations /opt/stack/placement/placement/handlers/allocation.py:524}}
Aug 05 09:23:10.703217 n-d-852099-1 devstack@placement-api.service[89595]: INFO placement.requestlog [req-bb755280-0f90-484b-9317-c4080cdc2bc0 req-94ea3f6f-1e57-401d-b18e-594bfd30b6c7 service placement] 10.222.0.20 "POST /placement/allocations" status: 204 len: 0 microversion: 1.28
Aug 05 09:23:10.704148 n-d-852099-1 devstack@placement-api.service[89595]: [pid: 89595|app: 0|req: 121/243] 10.222.0.20 () {64 vars in 1323 bytes} [Fri Aug 5 09:23:10 2022] POST /placement/allocations => generated 0 bytes in 218 msecs (HTTP/1.1 204) 5 headers in 199 bytes (1 switches on core 0)
Aug 05 09:23:10.830892 n-d-852099-1 devstack@placement-api.service[89596]: DEBUG placement.requestlog [req-bb755280-0f90-484b-9317-c4080cdc2bc0 req-d2da90d9-7508-4794-b417-5edb5f204acf None None] Starting request: 10.222.0.20 "GET /placement/allocations/b08aacce-3b33-4f17-a7fa-c5668e30d335" {{(pid=89596) __call__ /opt/stack/placement/placement/requestlog.py:55}}
Aug 05 09:23:10.858413 n-d-852099-1 devstack@placement-api.service[89596]: INFO placement.requestlog [req-bb755280-0f90-484b-9317-c4080cdc2bc0 req-d2da90d9-7508-4794-b417-5edb5f204acf service placement] 10.222.0.20 "GET /placement/allocations/b08aacce-3b33-4f17-a7fa-c5668e30d335" status: 200 len: 19 microversion: 1.28
Aug 05 09:23:10.858868 n-d-852099-1 devstack@placement-api.service[89596]: [pid: 89596|app: 0|req: 123/244] 10.222.0.20 () {60 vars in 1380 bytes} [Fri Aug 5 09:23:10 2022] GET /placement/allocations/b08aacce-3b33-4f17-a7fa-c5668e30d335 => generated 19 bytes in 28 msecs (HTTP/1.1 200) 8 headers in 295 bytes (1 switches on core 0)
Aug 05 09:23:10.865087 n-d-852099-1 devstack@placement-api.service[89595]: DEBUG placement.requestlog [req-bb755280-0f90-484b-9317-c4080cdc2bc0 req-6c29c526-a31a-4ee8-9648-50bed47d8fd0 None None] Starting request: 10.222.0.20 "PUT /placement/allocations/b08aacce-3b33-4f17-a7fa-c5668e30d335" {{(pid=89595) __call__ /opt/stack/placement/placement/requestlog.py:55}}
Aug 05 09:23:10.992097 n-d-852099-1 devstack@placement-api.service[89595]: DEBUG placement.handlers.allocation [req-bb755280-0f90-484b-9317-c4080cdc2bc0 req-6c29c526-a31a-4ee8-9648-50bed47d8fd0 service placement] Successfully wrote allocations [, , ] {{(pid=89595) _create_allocations /opt/stack/placement/placement/handlers/allocation.py:435}}
Aug 05 09:23:10.992700 n-d-852099-1 devstack@placement-api.service[89595]: INFO placement.requestlog [req-bb755280-0f90-484b-9317-c4080cdc2bc0 req-6c29c526-a31a-4ee8-9648-50bed47d8fd0 service placement] 10.222.0.20 "PUT /placement/allocations/b08aacce-3b33-4f17-a7fa-c5668e30d335" status: 204 len: 0 microversion: 1.28
Aug 05 09:23:10.993003 n-d-852099-1 devstack@placement-api.service[89595]: [pid: 89595|app: 0|req: 122/245] 10.222.0.20 () {64 vars in 1433 bytes} [Fri Aug 5 09:23:10 2022] PUT /placement/allocations/b08aacce-3b33-4f17-a7fa-c5668e30d335 => generated 0 bytes in 128 msecs (HTTP/1.1 204) 5 headers in 199 bytes (1 switches on core 0)
Aug 05 09:23:11.169534 n-d-852099-1 devstack@placement-api.service[89596]: DEBUG placement.requestlog [req-bb755280-0f90-484b-9317-c4080cdc2bc0 req-a62e59a1-6e08-408d-9253-12b528b0fcfe None None] Starting request: 10.222.0.43 "GET /placement/allocations/b08aacce-3b33-4f17-a7fa-c5668e30d335" {{(pid=89596) __call__ /opt/stack/placement/placement/requestlog.py:55}}
Aug 05 09:23:11.204721 n-d-852099-1 devstack@placement-api.service[89596]: INFO placement.requestlog [req-bb755280-0f90-484b-9317-c4080cdc2bc0 req-a62e59a1-6e08-408d-9253-12b528b0fcfe service placement] 10.222.0.43 "GET /placement/allocations/b08aacce-3b33-4f17-a7fa-c5668e30d335" status: 200 len: 259 microversion: 1.28
Aug 05 09:23:11.205513 n-d-852099-1 devstack@placement-api.service[89596]: [pid: 89596|app: 0|req: 124/246] 10.222.0.43 () {60 vars in 1377 bytes} [Fri Aug 5 09:23:11 2022] GET /placement/allocations/b08aacce-3b33-4f17-a7fa-c5668e30d335 => generated 259 bytes in 36 msecs (HTTP/1.1 200) 8 headers in 296 bytes (1 switches on core 0)
Aug 05 09:23:11.681502 n-d-852099-1 devstack@placement-api.service[89595]: DEBUG placement.requestlog [req-1c7b89c8-3225-4e88-9b48-d0e268984d34 req-f01ff0ac-39b3-4ae9-baf9-5fa26acdba44 None None] Starting request: 10.222.0.15 "GET /placement/allocations/70d92606-4ed4-4313-8be9-6dfa12b19f33" {{(pid=89595) __call__ /opt/stack/placement/placement/requestlog.py:55}}
Aug 05 09:23:11.724546 n-d-852099-1 devstack@placement-api.service[89595]: INFO placement.requestlog [req-1c7b89c8-3225-4e88-9b48-d0e268984d34 req-f01ff0ac-39b3-4ae9-baf9-5fa26acdba44 service placement] 10.222.0.15 "GET /placement/allocations/70d92606-4ed4-4313-8be9-6dfa12b19f33" status: 200 len: 259 microversion: 1.28
Aug 05 09:23:11.724861 n-d-852099-1 devstack@placement-api.service[89595]: [pid: 89595|app: 0|req: 123/247] 10.222.0.15 () {60 vars in 1377 bytes} [Fri Aug 5 09:23:11 2022] GET /placement/allocations/70d92606-4ed4-4313-8be9-6dfa12b19f33 => generated 259 bytes in 44 msecs (HTTP/1.1 200) 8 headers in 296 bytes (1 switches on core 0)
Aug 05 09:23:11.732554 n-d-852099-1 devstack@placement-api.service[89596]: DEBUG placement.requestlog [req-1c7b89c8-3225-4e88-9b48-d0e268984d34 req-ea1517d6-4dfb-463f-89f0-5d158fba438b None None] Starting request: 10.222.0.15 "PUT /placement/allocations/70d92606-4ed4-4313-8be9-6dfa12b19f33" {{(pid=89596) __call__ /opt/stack/placement/placement/requestlog.py:55}}
Aug 05 09:23:11.847201 n-d-852099-1 devstack@placement-api.service[89596]: DEBUG placement.handlers.allocation [req-1c7b89c8-3225-4e88-9b48-d0e268984d34 req-ea1517d6-4dfb-463f-89f0-5d158fba438b service placement] Successfully wrote allocations [, , ] {{(pid=89596) _create_allocations /opt/stack/placement/placement/handlers/allocation.py:435}}
Aug 05 09:23:11.847711 n-d-852099-1 devstack@placement-api.service[89596]: INFO placement.requestlog [req-1c7b89c8-3225-4e88-9b48-d0e268984d34 req-ea1517d6-4dfb-463f-89f0-5d158fba438b service placement] 10.222.0.15 "PUT /placement/allocations/70d92606-4ed4-4313-8be9-6dfa12b19f33" status: 204 len: 0 microversion: 1.28
Aug 05 09:23:11.848196 n-d-852099-1 devstack@placement-api.service[89596]: [pid: 89596|app: 0|req: 125/248] 10.222.0.15 () {64 vars in 1430 bytes} [Fri Aug 5 09:23:11 2022] PUT /placement/allocations/70d92606-4ed4-4313-8be9-6dfa12b19f33 => generated 0 bytes in 116 msecs (HTTP/1.1 204) 5 headers in 199 bytes (1 switches on core 0)
Aug 05 09:23:12.502706 n-d-852099-1 devstack@placement-api.service[89595]: DEBUG placement.requestlog [req-ec8d36b9-74f5-4e31-aae3-2a0728d42489 req-cfc19b90-f3ba-406a-a53d-680dfcabdd1e None None] Starting request: 10.222.0.20 "GET /placement/allocation_candidates?limit=1000&resources=DISK_GB%3A1%2CMEMORY_MB%3A1024%2CVCPU%3A1&root_required=%21COMPUTE_STATUS_DISABLED" {{(pid=89595) __call__ /opt/stack/placement/placement/requestlog.py:55}}
Aug 05 09:23:12.569251 n-d-852099-1 devstack@placement-api.service[89595]: DEBUG placement.objects.research_context [req-ec8d36b9-74f5-4e31-aae3-2a0728d42489 req-cfc19b90-f3ba-406a-a53d-680dfcabdd1e service placement] getting providers with 1 DISK_GB {{(pid=89595) __init__ /opt/stack/placement/placement/objects/research_context.py:126}}
Aug 05 09:23:12.586764 n-d-852099-1 devstack@placement-api.service[89595]: DEBUG placement.objects.research_context [req-ec8d36b9-74f5-4e31-aae3-2a0728d42489 req-cfc19b90-f3ba-406a-a53d-680dfcabdd1e service placement] getting providers with 1024 MEMORY_MB {{(pid=89595) __init__ /opt/stack/placement/placement/objects/research_context.py:126}}
Aug 05 09:23:12.775161 n-d-852099-1 devstack@placement-api.service[89595]: DEBUG placement.objects.research_context [req-ec8d36b9-74f5-4e31-aae3-2a0728d42489 req-cfc19b90-f3ba-406a-a53d-680dfcabdd1e service placement] getting providers with 1 VCPU {{(pid=89595) __init__ /opt/stack/placement/placement/objects/research_context.py:126}}
Aug 05 09:23:12.785552 n-d-852099-1 devstack@placement-api.service[89595]: DEBUG placement.objects.research_context [req-ec8d36b9-74f5-4e31-aae3-2a0728d42489 req-cfc19b90-f3ba-406a-a53d-680dfcabdd1e service placement] found 2 providers with available 1 DISK_GB {{(pid=89595) get_provider_ids_matching /opt/stack/placement/placement/objects/research_context.py:549}}
Aug 05 09:23:12.785978 n-d-852099-1 devstack@placement-api.service[89595]: DEBUG placement.objects.research_context [req-ec8d36b9-74f5-4e31-aae3-2a0728d42489 req-cfc19b90-f3ba-406a-a53d-680dfcabdd1e service placement] found 2 providers with available 1024 MEMORY_MB {{(pid=89595) get_provider_ids_matching /opt/stack/placement/placement/objects/research_context.py:549}}
Aug 05 09:23:12.786281 n-d-852099-1 devstack@placement-api.service[89595]: DEBUG placement.objects.research_context [req-ec8d36b9-74f5-4e31-aae3-2a0728d42489 req-cfc19b90-f3ba-406a-a53d-680dfcabdd1e service placement] found 2 providers after filtering by previous result {{(pid=89595) get_provider_ids_matching /opt/stack/placement/placement/objects/research_context.py:580}}
Aug 05 09:23:12.786531 n-d-852099-1 devstack@placement-api.service[89595]: DEBUG placement.objects.research_context [req-ec8d36b9-74f5-4e31-aae3-2a0728d42489 req-cfc19b90-f3ba-406a-a53d-680dfcabdd1e service placement] found 2 providers with available 1 VCPU {{(pid=89595) get_provider_ids_matching /opt/stack/placement/placement/objects/research_context.py:549}}
Aug 05 09:23:12.786796 n-d-852099-1 devstack@placement-api.service[89595]: DEBUG placement.objects.research_context [req-ec8d36b9-74f5-4e31-aae3-2a0728d42489 req-cfc19b90-f3ba-406a-a53d-680dfcabdd1e service placement] found 2 providers after filtering by previous result {{(pid=89595) get_provider_ids_matching /opt/stack/placement/placement/objects/research_context.py:580}}
Aug 05 09:23:12.821092 n-d-852099-1 devstack@placement-api.service[89595]: DEBUG placement.objects.allocation_candidate [req-ec8d36b9-74f5-4e31-aae3-2a0728d42489 req-cfc19b90-f3ba-406a-a53d-680dfcabdd1e service placement] RequestGroup(use_same_provider=False, resources={DISK_GB:1, MEMORY_MB:1024, VCPU:1}, traits=[], aggregates=[]) (suffix '') returned 2 matches {{(pid=89595) _get_by_requests /opt/stack/placement/placement/objects/allocation_candidate.py:145}}
Aug 05 09:23:12.822114 n-d-852099-1 devstack@placement-api.service[89595]: DEBUG placement.objects.allocation_candidate [req-ec8d36b9-74f5-4e31-aae3-2a0728d42489 req-cfc19b90-f3ba-406a-a53d-680dfcabdd1e service placement] Merging candidates yields 2 allocation requests and 2 provider summaries {{(pid=89595) _merge_candidates /opt/stack/placement/placement/objects/allocation_candidate.py:783}}
Aug 05 09:23:12.829254 n-d-852099-1 devstack@placement-api.service[89595]: INFO placement.requestlog [req-ec8d36b9-74f5-4e31-aae3-2a0728d42489 req-cfc19b90-f3ba-406a-a53d-680dfcabdd1e service placement] 10.222.0.20 "GET /placement/allocation_candidates?limit=1000&resources=DISK_GB%3A1%2CMEMORY_MB%3A1024%2CVCPU%3A1&root_required=%21COMPUTE_STATUS_DISABLED" status: 200 len: 1309 microversion: 1.35
Aug 05 09:23:12.829498 n-d-852099-1 devstack@placement-api.service[89595]: [pid: 89595|app: 0|req: 124/249] 10.222.0.20 () {60 vars in 1506 bytes} [Fri Aug 5 09:23:12 2022] GET /placement/allocation_candidates?limit=1000&resources=DISK_GB%3A1%2CMEMORY_MB%3A1024%2CVCPU%3A1&root_required=%21COMPUTE_STATUS_DISABLED => generated 1309 bytes in 327 msecs (HTTP/1.1 200) 8 headers in 297 bytes (1 switches on core 0)
Aug 05 09:23:12.964519 n-d-852099-1 devstack@placement-api.service[89596]: DEBUG placement.requestlog [req-ec8d36b9-74f5-4e31-aae3-2a0728d42489 req-a43e025d-b909-4461-8d38-459355b760b0 None None] Starting request: 10.222.0.20 "GET /placement/allocations/ad721b56-e5a5-4762-b23d-9359faf75617" {{(pid=89596) __call__ /opt/stack/placement/placement/requestlog.py:55}}
Aug 05 09:23:12.975488 n-d-852099-1 devstack@placement-api.service[89596]: INFO placement.requestlog [req-ec8d36b9-74f5-4e31-aae3-2a0728d42489 req-a43e025d-b909-4461-8d38-459355b760b0 service placement] 10.222.0.20 "GET /placement/allocations/ad721b56-e5a5-4762-b23d-9359faf75617" status: 200 len: 19 microversion: 1.28
Aug 05 09:23:12.976309 n-d-852099-1 devstack@placement-api.service[89596]: [pid: 89596|app: 0|req: 126/250] 10.222.0.20 () {60 vars in 1380 bytes} [Fri Aug 5 09:23:12 2022] GET /placement/allocations/ad721b56-e5a5-4762-b23d-9359faf75617 => generated 19 bytes in 12 msecs (HTTP/1.1 200) 8 headers in 295 bytes (1 switches on core 0)
Aug 05 09:23:12.982487 n-d-852099-1 devstack@placement-api.service[89595]: DEBUG placement.requestlog [req-ec8d36b9-74f5-4e31-aae3-2a0728d42489 req-cdc13b10-e58c-4a5d-a4bd-6450047df11d None None] Starting request: 10.222.0.20 "PUT /placement/allocations/ad721b56-e5a5-4762-b23d-9359faf75617" {{(pid=89595) __call__ /opt/stack/placement/placement/requestlog.py:55}}
Aug 05 09:23:13.123663 n-d-852099-1 devstack@placement-api.service[89595]: DEBUG placement.handlers.allocation [req-ec8d36b9-74f5-4e31-aae3-2a0728d42489 req-cdc13b10-e58c-4a5d-a4bd-6450047df11d service placement] Successfully wrote allocations [, , ] {{(pid=89595) _create_allocations /opt/stack/placement/placement/handlers/allocation.py:435}}
Aug 05 09:23:13.124424 n-d-852099-1 devstack@placement-api.service[89595]: INFO placement.requestlog [req-ec8d36b9-74f5-4e31-aae3-2a0728d42489 req-cdc13b10-e58c-4a5d-a4bd-6450047df11d service placement] 10.222.0.20 "PUT /placement/allocations/ad721b56-e5a5-4762-b23d-9359faf75617" status: 204 len: 0 microversion: 1.35
Aug 05 09:23:13.125361 n-d-852099-1 devstack@placement-api.service[89595]: [pid: 89595|app: 0|req: 125/251] 10.222.0.20 () {64 vars in 1433 bytes} [Fri Aug 5 09:23:12 2022] PUT /placement/allocations/ad721b56-e5a5-4762-b23d-9359faf75617 => generated 0 bytes in 143 msecs (HTTP/1.1 204) 5 headers in 199 bytes (1 switches on core 0)
Aug 05 09:23:13.678070 n-d-852099-1 devstack@placement-api.service[89596]: DEBUG placement.requestlog [req-ec8d36b9-74f5-4e31-aae3-2a0728d42489 req-511e526f-4efc-4e27-9a77-0ae38f111e9d None None] Starting request: 10.222.0.15 "GET /placement/allocations/ad721b56-e5a5-4762-b23d-9359faf75617" {{(pid=89596) __call__ /opt/stack/placement/placement/requestlog.py:55}}
Aug 05 09:23:13.700601 n-d-852099-1 devstack@placement-api.service[89596]: INFO placement.requestlog [req-ec8d36b9-74f5-4e31-aae3-2a0728d42489 req-511e526f-4efc-4e27-9a77-0ae38f111e9d service placement] 10.222.0.15 "GET /placement/allocations/ad721b56-e5a5-4762-b23d-9359faf75617" status: 200 len: 259 microversion: 1.28
Aug 05 09:23:13.704692 n-d-852099-1 devstack@placement-api.service[89596]: [pid: 89596|app: 0|req: 127/252] 10.222.0.15 () {60 vars in 1377 bytes} [Fri Aug 5 09:23:13 2022] GET /placement/allocations/ad721b56-e5a5-4762-b23d-9359faf75617 => generated 259 bytes in 27 msecs (HTTP/1.1 200) 8 headers in 296 bytes (1 switches on core 0)
Aug 05 09:23:14.020664 n-d-852099-1 devstack@placement-api.service[89595]: DEBUG placement.requestlog [req-05962936-b770-4c28-be2d-e954b30185bf req-4a1a2689-b6a3-40c3-8173-0c34be98fcb0 None None] Starting request: 10.222.0.20 "GET /placement/allocation_candidates?limit=1000&resources=DISK_GB%3A1%2CMEMORY_MB%3A1024%2CVCPU%3A1&root_required=%21COMPUTE_STATUS_DISABLED" {{(pid=89595) __call__ /opt/stack/placement/placement/requestlog.py:55}}
Aug 05 09:23:14.076258 n-d-852099-1 devstack@placement-api.service[89595]: DEBUG placement.objects.research_context [req-05962936-b770-4c28-be2d-e954b30185bf req-4a1a2689-b6a3-40c3-8173-0c34be98fcb0 service placement] getting providers with 1 DISK_GB {{(pid=89595) __init__ /opt/stack/placement/placement/objects/research_context.py:126}}
Aug 05 09:23:14.091632 n-d-852099-1 devstack@placement-api.service[89595]: DEBUG placement.objects.research_context [req-05962936-b770-4c28-be2d-e954b30185bf req-4a1a2689-b6a3-40c3-8173-0c34be98fcb0 service placement] getting providers with 1024 MEMORY_MB {{(pid=89595) __init__ /opt/stack/placement/placement/objects/research_context.py:126}}
Aug 05 09:23:14.101595 n-d-852099-1 devstack@placement-api.service[89595]: DEBUG placement.objects.research_context [req-05962936-b770-4c28-be2d-e954b30185bf req-4a1a2689-b6a3-40c3-8173-0c34be98fcb0 service placement] getting providers with 1 VCPU {{(pid=89595) __init__ /opt/stack/placement/placement/objects/research_context.py:126}}
Aug 05 09:23:14.116169 n-d-852099-1 devstack@placement-api.service[89595]: DEBUG placement.objects.research_context [req-05962936-b770-4c28-be2d-e954b30185bf req-4a1a2689-b6a3-40c3-8173-0c34be98fcb0 service placement] found 2 providers with available 1 DISK_GB {{(pid=89595) get_provider_ids_matching /opt/stack/placement/placement/objects/research_context.py:549}}
Aug 05 09:23:14.116446 n-d-852099-1 devstack@placement-api.service[89595]: DEBUG placement.objects.research_context [req-05962936-b770-4c28-be2d-e954b30185bf req-4a1a2689-b6a3-40c3-8173-0c34be98fcb0 service placement] found 2 providers with available 1024 MEMORY_MB {{(pid=89595) get_provider_ids_matching /opt/stack/placement/placement/objects/research_context.py:549}}
Aug 05 09:23:14.116724 n-d-852099-1 devstack@placement-api.service[89595]: DEBUG placement.objects.research_context [req-05962936-b770-4c28-be2d-e954b30185bf req-4a1a2689-b6a3-40c3-8173-0c34be98fcb0 service placement] found 2 providers after filtering by previous result {{(pid=89595) get_provider_ids_matching /opt/stack/placement/placement/objects/research_context.py:580}}
Aug 05 09:23:14.116982 n-d-852099-1 devstack@placement-api.service[89595]: DEBUG placement.objects.research_context [req-05962936-b770-4c28-be2d-e954b30185bf req-4a1a2689-b6a3-40c3-8173-0c34be98fcb0 service placement] found 2 providers with available 1 VCPU {{(pid=89595) get_provider_ids_matching /opt/stack/placement/placement/objects/research_context.py:549}}
Aug 05 09:23:14.117246 n-d-852099-1 devstack@placement-api.service[89595]: DEBUG placement.objects.research_context [req-05962936-b770-4c28-be2d-e954b30185bf req-4a1a2689-b6a3-40c3-8173-0c34be98fcb0 service placement] found 2 providers after filtering by previous result {{(pid=89595) get_provider_ids_matching /opt/stack/placement/placement/objects/research_context.py:580}}
Aug 05 09:23:14.133598 n-d-852099-1 devstack@placement-api.service[89595]: DEBUG placement.objects.allocation_candidate [req-05962936-b770-4c28-be2d-e954b30185bf req-4a1a2689-b6a3-40c3-8173-0c34be98fcb0 service placement] RequestGroup(use_same_provider=False, resources={DISK_GB:1, MEMORY_MB:1024, VCPU:1}, traits=[], aggregates=[]) (suffix '') returned 2 matches {{(pid=89595) _get_by_requests /opt/stack/placement/placement/objects/allocation_candidate.py:145}}
Aug 05 09:23:14.134068 n-d-852099-1 devstack@placement-api.service[89595]: DEBUG placement.objects.allocation_candidate [req-05962936-b770-4c28-be2d-e954b30185bf req-4a1a2689-b6a3-40c3-8173-0c34be98fcb0 service placement] Merging candidates yields 2 allocation requests and 2 provider summaries {{(pid=89595) _merge_candidates /opt/stack/placement/placement/objects/allocation_candidate.py:783}}
Aug 05 09:23:14.135720 n-d-852099-1 devstack@placement-api.service[89595]: INFO placement.requestlog [req-05962936-b770-4c28-be2d-e954b30185bf req-4a1a2689-b6a3-40c3-8173-0c34be98fcb0 service placement] 10.222.0.20 "GET /placement/allocation_candidates?limit=1000&resources=DISK_GB%3A1%2CMEMORY_MB%3A1024%2CVCPU%3A1&root_required=%21COMPUTE_STATUS_DISABLED" status: 200 len: 1309 microversion: 1.35
Aug 05 09:23:14.136517 n-d-852099-1 devstack@placement-api.service[89595]: [pid: 89595|app: 0|req: 126/253] 10.222.0.20 () {60 vars in 1506 bytes} [Fri Aug 5 09:23:14 2022] GET /placement/allocation_candidates?limit=1000&resources=DISK_GB%3A1%2CMEMORY_MB%3A1024%2CVCPU%3A1&root_required=%21COMPUTE_STATUS_DISABLED => generated 1309 bytes in 116 msecs (HTTP/1.1 200) 8 headers in 297 bytes (1 switches on core 0)
Aug 05 09:23:14.243882 n-d-852099-1 devstack@placement-api.service[89596]: DEBUG placement.requestlog [req-05962936-b770-4c28-be2d-e954b30185bf req-6a6d50b5-464c-4eb0-9fc3-b93fcfdd8f0a None None] Starting request: 10.222.0.20 "GET /placement/allocations/05e981e8-0e75-44e5-82d1-486bd6313c4e" {{(pid=89596) __call__ /opt/stack/placement/placement/requestlog.py:55}}
Aug 05 09:23:14.260858 n-d-852099-1 devstack@placement-api.service[89596]: INFO placement.requestlog [req-05962936-b770-4c28-be2d-e954b30185bf req-6a6d50b5-464c-4eb0-9fc3-b93fcfdd8f0a service placement] 10.222.0.20 "GET /placement/allocations/05e981e8-0e75-44e5-82d1-486bd6313c4e" status: 200 len: 19 microversion: 1.28
Aug 05 09:23:14.261189 n-d-852099-1 devstack@placement-api.service[89596]: [pid: 89596|app: 0|req: 128/254] 10.222.0.20 () {60 vars in 1380 bytes} [Fri Aug 5 09:23:14 2022] GET /placement/allocations/05e981e8-0e75-44e5-82d1-486bd6313c4e => generated 19 bytes in 18 msecs (HTTP/1.1 200) 8 headers in 295 bytes (1 switches on core 0)
Aug 05 09:23:14.267827 n-d-852099-1 devstack@placement-api.service[89595]: DEBUG placement.requestlog [req-05962936-b770-4c28-be2d-e954b30185bf req-f4786a7f-a040-40a7-80c5-e1a4670c2cb2 None None] Starting request: 10.222.0.20 "PUT /placement/allocations/05e981e8-0e75-44e5-82d1-486bd6313c4e" {{(pid=89595) __call__ /opt/stack/placement/placement/requestlog.py:55}}
Aug 05 09:23:14.368846 n-d-852099-1 devstack@placement-api.service[89595]: DEBUG placement.handlers.allocation [req-05962936-b770-4c28-be2d-e954b30185bf req-f4786a7f-a040-40a7-80c5-e1a4670c2cb2 service placement] Successfully wrote allocations [, , ] {{(pid=89595) _create_allocations /opt/stack/placement/placement/handlers/allocation.py:435}}
Aug 05 09:23:14.369666 n-d-852099-1 devstack@placement-api.service[89595]: INFO placement.requestlog [req-05962936-b770-4c28-be2d-e954b30185bf req-f4786a7f-a040-40a7-80c5-e1a4670c2cb2 service placement] 10.222.0.20 "PUT /placement/allocations/05e981e8-0e75-44e5-82d1-486bd6313c4e" status: 204 len: 0 microversion: 1.35
Aug 05 09:23:14.370611 n-d-852099-1 devstack@placement-api.service[89595]: [pid: 89595|app: 0|req: 127/255] 10.222.0.20 () {64 vars in 1433 bytes} [Fri Aug 5 09:23:14 2022] PUT /placement/allocations/05e981e8-0e75-44e5-82d1-486bd6313c4e => generated 0 bytes in 103 msecs (HTTP/1.1 204) 5 headers in 199 bytes (1 switches on core 0)
Aug 05 09:23:14.905847 n-d-852099-1 devstack@placement-api.service[89596]: DEBUG placement.requestlog [req-05962936-b770-4c28-be2d-e954b30185bf req-3c76bdfc-7eff-4256-ae03-aed6468e783d None None] Starting request: 10.222.0.15 "GET /placement/allocations/05e981e8-0e75-44e5-82d1-486bd6313c4e" {{(pid=89596) __call__ /opt/stack/placement/placement/requestlog.py:55}}
Aug 05 09:23:14.930001 n-d-852099-1 devstack@placement-api.service[89596]: INFO placement.requestlog [req-05962936-b770-4c28-be2d-e954b30185bf req-3c76bdfc-7eff-4256-ae03-aed6468e783d service placement] 10.222.0.15 "GET /placement/allocations/05e981e8-0e75-44e5-82d1-486bd6313c4e" status: 200 len: 259 microversion: 1.28
Aug 05 09:23:14.934113 n-d-852099-1 devstack@placement-api.service[89596]: [pid: 89596|app: 0|req: 129/256] 10.222.0.15 () {60 vars in 1377 bytes} [Fri Aug 5 09:23:14 2022] GET /placement/allocations/05e981e8-0e75-44e5-82d1-486bd6313c4e => generated 259 bytes in 28 msecs (HTTP/1.1 200) 8 headers in 296 bytes (1 switches on core 0)
Aug 05 09:23:16.044872 n-d-852099-1 devstack@placement-api.service[89595]: DEBUG placement.requestlog [req-2b44e104-8c47-47a5-a251-147e7c97d566 req-95c054e4-e9ff-4d52-b817-9233d05e46f3 None None] Starting request: 10.222.0.43 "GET /placement/resource_providers/1ca657c9-596f-4a48-af10-296ccd7bed64/allocations" {{(pid=89595) __call__ /opt/stack/placement/placement/requestlog.py:55}}
Aug 05 09:23:16.084061 n-d-852099-1 devstack@placement-api.service[89595]: INFO placement.requestlog [req-2b44e104-8c47-47a5-a251-147e7c97d566 req-95c054e4-e9ff-4d52-b817-9233d05e46f3 service placement] 10.222.0.43 "GET /placement/resource_providers/1ca657c9-596f-4a48-af10-296ccd7bed64/allocations" status: 200 len: 558 microversion: 1.0
Aug 05 09:23:16.088211 n-d-852099-1 devstack@placement-api.service[89595]: [pid: 89595|app: 0|req: 128/257] 10.222.0.43 () {58 vars in 1390 bytes} [Fri Aug 5 09:23:16 2022] GET /placement/resource_providers/1ca657c9-596f-4a48-af10-296ccd7bed64/allocations => generated 558 bytes in 44 msecs (HTTP/1.1 200) 6 headers in 224 bytes (1 switches on core 0)
Aug 05 09:23:19.305837 n-d-852099-1 devstack@placement-api.service[89596]: DEBUG placement.requestlog [req-0396f6aa-7175-4ae2-acfa-7fcfc585ff84 req-5dd5fb25-091b-4090-911e-01a67d58b38e None None] Starting request: 10.222.0.20 "GET /placement/allocation_candidates?limit=1000&resources=DISK_GB%3A1%2CMEMORY_MB%3A1024%2CVCPU%3A1&root_required=%21COMPUTE_STATUS_DISABLED" {{(pid=89596) __call__ /opt/stack/placement/placement/requestlog.py:55}}
Aug 05 09:23:19.360004 n-d-852099-1 devstack@placement-api.service[89596]: DEBUG placement.objects.research_context [req-0396f6aa-7175-4ae2-acfa-7fcfc585ff84 req-5dd5fb25-091b-4090-911e-01a67d58b38e service placement] getting providers with 1 DISK_GB {{(pid=89596) __init__ /opt/stack/placement/placement/objects/research_context.py:126}}
Aug 05 09:23:19.374677 n-d-852099-1 devstack@placement-api.service[89596]: DEBUG placement.objects.research_context [req-0396f6aa-7175-4ae2-acfa-7fcfc585ff84 req-5dd5fb25-091b-4090-911e-01a67d58b38e service placement] getting providers with 1024 MEMORY_MB {{(pid=89596) __init__ /opt/stack/placement/placement/objects/research_context.py:126}}
Aug 05 09:23:19.395651 n-d-852099-1 devstack@placement-api.service[89596]: DEBUG placement.objects.research_context [req-0396f6aa-7175-4ae2-acfa-7fcfc585ff84 req-5dd5fb25-091b-4090-911e-01a67d58b38e service placement] getting providers with 1 VCPU {{(pid=89596) __init__ /opt/stack/placement/placement/objects/research_context.py:126}}
Aug 05 09:23:19.407088 n-d-852099-1 devstack@placement-api.service[89596]: DEBUG placement.objects.research_context [req-0396f6aa-7175-4ae2-acfa-7fcfc585ff84 req-5dd5fb25-091b-4090-911e-01a67d58b38e service placement] found 2 providers with available 1 DISK_GB {{(pid=89596) get_provider_ids_matching /opt/stack/placement/placement/objects/research_context.py:549}}
Aug 05 09:23:19.407605 n-d-852099-1 devstack@placement-api.service[89596]: DEBUG placement.objects.research_context [req-0396f6aa-7175-4ae2-acfa-7fcfc585ff84 req-5dd5fb25-091b-4090-911e-01a67d58b38e service placement] found 2 providers with available 1024 MEMORY_MB {{(pid=89596) get_provider_ids_matching /opt/stack/placement/placement/objects/research_context.py:549}}
Aug 05 09:23:19.408041 n-d-852099-1 devstack@placement-api.service[89596]: DEBUG placement.objects.research_context [req-0396f6aa-7175-4ae2-acfa-7fcfc585ff84 req-5dd5fb25-091b-4090-911e-01a67d58b38e service placement] found 2 providers after filtering by previous result {{(pid=89596) get_provider_ids_matching /opt/stack/placement/placement/objects/research_context.py:580}}
Aug 05 09:23:19.409169 n-d-852099-1 devstack@placement-api.service[89596]: DEBUG placement.objects.research_context [req-0396f6aa-7175-4ae2-acfa-7fcfc585ff84 req-5dd5fb25-091b-4090-911e-01a67d58b38e service placement] found 2 providers with available 1 VCPU {{(pid=89596) get_provider_ids_matching /opt/stack/placement/placement/objects/research_context.py:549}}
Aug 05 09:23:19.410204 n-d-852099-1 devstack@placement-api.service[89596]: DEBUG placement.objects.research_context [req-0396f6aa-7175-4ae2-acfa-7fcfc585ff84 req-5dd5fb25-091b-4090-911e-01a67d58b38e service placement] found 2 providers after filtering by previous result {{(pid=89596) get_provider_ids_matching /opt/stack/placement/placement/objects/research_context.py:580}}
Aug 05 09:23:19.438876 n-d-852099-1 devstack@placement-api.service[89596]: DEBUG placement.objects.allocation_candidate [req-0396f6aa-7175-4ae2-acfa-7fcfc585ff84 req-5dd5fb25-091b-4090-911e-01a67d58b38e service placement] RequestGroup(use_same_provider=False, resources={DISK_GB:1, MEMORY_MB:1024, VCPU:1}, traits=[], aggregates=[]) (suffix '') returned 2 matches {{(pid=89596) _get_by_requests /opt/stack/placement/placement/objects/allocation_candidate.py:145}}
Aug 05 09:23:19.439688 n-d-852099-1 devstack@placement-api.service[89596]: DEBUG placement.objects.allocation_candidate [req-0396f6aa-7175-4ae2-acfa-7fcfc585ff84 req-5dd5fb25-091b-4090-911e-01a67d58b38e service placement] Merging candidates yields 2 allocation requests and 2 provider summaries {{(pid=89596) _merge_candidates /opt/stack/placement/placement/objects/allocation_candidate.py:783}}
Aug 05 09:23:19.442870 n-d-852099-1 devstack@placement-api.service[89596]: INFO placement.requestlog [req-0396f6aa-7175-4ae2-acfa-7fcfc585ff84 req-5dd5fb25-091b-4090-911e-01a67d58b38e service placement] 10.222.0.20 "GET /placement/allocation_candidates?limit=1000&resources=DISK_GB%3A1%2CMEMORY_MB%3A1024%2CVCPU%3A1&root_required=%21COMPUTE_STATUS_DISABLED" status: 200 len: 1309 microversion: 1.35
Aug 05 09:23:19.444438 n-d-852099-1 devstack@placement-api.service[89596]: [pid: 89596|app: 0|req: 130/258] 10.222.0.20 () {60 vars in 1506 bytes} [Fri Aug 5 09:23:19 2022] GET /placement/allocation_candidates?limit=1000&resources=DISK_GB%3A1%2CMEMORY_MB%3A1024%2CVCPU%3A1&root_required=%21COMPUTE_STATUS_DISABLED => generated 1309 bytes in 138 msecs (HTTP/1.1 200) 8 headers in 297 bytes (1 switches on core 0)
Aug 05 09:23:19.550308 n-d-852099-1 devstack@placement-api.service[89595]: DEBUG placement.requestlog [req-0396f6aa-7175-4ae2-acfa-7fcfc585ff84 req-05238df6-fef9-4adb-9984-85071d9d3ede None None] Starting request: 10.222.0.20 "GET /placement/allocations/37ad3b99-8715-4703-add7-8689bfabb7ed" {{(pid=89595) __call__ /opt/stack/placement/placement/requestlog.py:55}}
Aug 05 09:23:19.564935 n-d-852099-1 devstack@placement-api.service[89595]: INFO placement.requestlog [req-0396f6aa-7175-4ae2-acfa-7fcfc585ff84 req-05238df6-fef9-4adb-9984-85071d9d3ede service placement] 10.222.0.20 "GET /placement/allocations/37ad3b99-8715-4703-add7-8689bfabb7ed" status: 200 len: 19 microversion: 1.28
Aug 05 09:23:19.568812 n-d-852099-1 devstack@placement-api.service[89595]: [pid: 89595|app: 0|req: 129/259] 10.222.0.20 () {60 vars in 1380 bytes} [Fri Aug 5 09:23:19 2022] GET /placement/allocations/37ad3b99-8715-4703-add7-8689bfabb7ed => generated 19 bytes in 19 msecs (HTTP/1.1 200) 8 headers in 295 bytes (1 switches on core 0)
