Aug 05 09:19:08.921094 n-d-852099-1 devstack@n-api.service[104142]: DEBUG nova.api.openstack.wsgi [None req-ca3cd413-de37-47c4-af13-5ddb61f45c49 tempest-FlavorsAdminTestJSON-280043684 tempest-FlavorsAdminTestJSON-280043684-project-admin] Calling method '>' {{(pid=104142) _process_stack /opt/stack/nova/nova/api/openstack/wsgi.py:513}}
Aug 05 09:19:08.928691 n-d-852099-1 devstack@n-api.service[104142]: /usr/local/lib/python3.8/dist-packages/oslo_policy/policy.py:1065: UserWarning: Policy os_compute_api:os-flavor-manage:delete failed scope check. The token used to make the request was project scoped but the policy requires ['system'] scope. This behavior may change in the future where using the intended scope is required
Aug 05 09:19:08.928691 n-d-852099-1 devstack@n-api.service[104142]: warnings.warn(msg)
Aug 05 09:19:08.960420 n-d-852099-1 devstack@n-api.service[104142]: INFO nova.api.openstack.requestlog [None req-ca3cd413-de37-47c4-af13-5ddb61f45c49 tempest-FlavorsAdminTestJSON-280043684 tempest-FlavorsAdminTestJSON-280043684-project-admin] 10.222.0.20 "DELETE /compute/v2.1/flavors/614538726" status: 202 len: 0 microversion: 2.1 time: 0.050002
Aug 05 09:19:08.962260 n-d-852099-1 devstack@n-api.service[104142]: [pid: 104142|app: 0|req: 50/91] 10.222.0.20 () {58 vars in 1158 bytes} [Fri Aug 5 09:19:08 2022] DELETE /compute/v2.1/flavors/614538726 => generated 0 bytes in 52 msecs (HTTP/1.1 202) 9 headers in 361 bytes (1 switches on core 0)
Aug 05 09:19:08.998543 n-d-852099-1 devstack@n-api.service[104141]: INFO nova.api.openstack.requestlog [None req-cbbeca38-5f86-47b4-af28-d79e11e9b608 tempest-FlavorMetadataValidation-634417872 tempest-FlavorMetadataValidation-634417872-project-admin] 10.222.0.20 "POST /compute/v2.1/flavors/661245866/os-extra_specs" status: 200 len: 62 microversion: 2.86 time: 0.346972
Aug 05 09:19:08.999496 n-d-852099-1 devstack@n-api.service[104142]: DEBUG nova.api.openstack.wsgi [None req-06901ea1-d027-4c0f-81ae-3d46ff090c8b tempest-AggregatesAdminTestJSON-1226126441 tempest-AggregatesAdminTestJSON-1226126441-project] Calling method '>' {{(pid=104142) _process_stack /opt/stack/nova/nova/api/openstack/wsgi.py:513}}
Aug 05 09:19:08.999496 n-d-852099-1 devstack@n-api.service[104142]: DEBUG nova.compute.api [None req-06901ea1-d027-4c0f-81ae-3d46ff090c8b tempest-AggregatesAdminTestJSON-1226126441 tempest-AggregatesAdminTestJSON-1226126441-project] [instance: cdf8ed0e-2dfd-42aa-91d3-a4d067115f68] Fetching instance by UUID {{(pid=104142) get /opt/stack/nova/nova/compute/api.py:2813}}
Aug 05 09:19:09.000511 n-d-852099-1 devstack@n-api.service[104141]: [pid: 104141|app: 0|req: 42/92] 10.222.0.20 () {62 vars in 1262 bytes} [Fri Aug 5 09:19:08 2022] POST /compute/v2.1/flavors/661245866/os-extra_specs => generated 62 bytes in 355 msecs (HTTP/1.1 200) 9 headers in 358 bytes (1 switches on core 0)
Aug 05 09:19:09.013390 n-d-852099-1 devstack@n-api.service[104141]: DEBUG nova.api.openstack.wsgi [None req-d8b2054d-4bbe-4277-9f76-26ecb4ec37c9 tempest-FlavorsAccessNegativeTestJSON-1388904070 tempest-FlavorsAccessNegativeTestJSON-1388904070-project-admin] Calling method '>' {{(pid=104141) _process_stack /opt/stack/nova/nova/api/openstack/wsgi.py:513}}
Aug 05 09:19:09.015776 n-d-852099-1 devstack@n-api.service[104142]: DEBUG oslo_concurrency.lockutils [None req-06901ea1-d027-4c0f-81ae-3d46ff090c8b tempest-AggregatesAdminTestJSON-1226126441 tempest-AggregatesAdminTestJSON-1226126441-project] Lock "b25ff1aa-741e-45b3-a9d7-4a9858535b29" acquired by "nova.context.set_target_cell..get_or_set_cached_cell_and_set_connections" :: waited 0.000s {{(pid=104142) inner /usr/local/lib/python3.8/dist-packages/oslo_concurrency/lockutils.py:355}}
Aug 05 09:19:09.016227 n-d-852099-1 devstack@n-api.service[104142]: DEBUG oslo_concurrency.lockutils [None req-06901ea1-d027-4c0f-81ae-3d46ff090c8b tempest-AggregatesAdminTestJSON-1226126441 tempest-AggregatesAdminTestJSON-1226126441-project] Lock "b25ff1aa-741e-45b3-a9d7-4a9858535b29" released by "nova.context.set_target_cell..get_or_set_cached_cell_and_set_connections" :: held 0.001s {{(pid=104142) inner /usr/local/lib/python3.8/dist-packages/oslo_concurrency/lockutils.py:367}}
Aug 05 09:19:09.020311 n-d-852099-1 devstack@n-api.service[104142]: DEBUG oslo_concurrency.lockutils [None req-06901ea1-d027-4c0f-81ae-3d46ff090c8b tempest-AggregatesAdminTestJSON-1226126441 tempest-AggregatesAdminTestJSON-1226126441-project] Lock "b25ff1aa-741e-45b3-a9d7-4a9858535b29" acquired by "nova.context.set_target_cell..get_or_set_cached_cell_and_set_connections" :: waited 0.000s {{(pid=104142) inner /usr/local/lib/python3.8/dist-packages/oslo_concurrency/lockutils.py:355}}
Aug 05 09:19:09.020763 n-d-852099-1 devstack@n-api.service[104142]: DEBUG oslo_concurrency.lockutils [None req-06901ea1-d027-4c0f-81ae-3d46ff090c8b tempest-AggregatesAdminTestJSON-1226126441 tempest-AggregatesAdminTestJSON-1226126441-project] Lock "b25ff1aa-741e-45b3-a9d7-4a9858535b29" released by "nova.context.set_target_cell..get_or_set_cached_cell_and_set_connections" :: held 0.001s {{(pid=104142) inner /usr/local/lib/python3.8/dist-packages/oslo_concurrency/lockutils.py:367}}
Aug 05 09:19:09.068158 n-d-852099-1 devstack@n-api.service[104141]: INFO nova.api.openstack.requestlog [None req-d8b2054d-4bbe-4277-9f76-26ecb4ec37c9 tempest-FlavorsAccessNegativeTestJSON-1388904070 tempest-FlavorsAccessNegativeTestJSON-1388904070-project-admin] 10.222.0.20 "GET /compute/v2.1/flavors/detail" status: 200 len: 5408 microversion: 2.1 time: 0.065945
Aug 05 09:19:09.068783 n-d-852099-1 devstack@n-api.service[104141]: [pid: 104141|app: 0|req: 43/93] 10.222.0.20 () {58 vars in 1146 bytes} [Fri Aug 5 09:19:09 2022] GET /compute/v2.1/flavors/detail => generated 5408 bytes in 68 msecs (HTTP/1.1 200) 9 headers in 358 bytes (1 switches on core 0)
Aug 05 09:19:09.073729 n-d-852099-1 devstack@n-api.service[104141]: DEBUG nova.api.openstack.wsgi [None req-c0efe52c-a502-45fd-bc26-f33780d3283c tempest-FlavorsAdminTestJSON-280043684 tempest-FlavorsAdminTestJSON-280043684-project-admin] Calling method '>' {{(pid=104141) _process_stack /opt/stack/nova/nova/api/openstack/wsgi.py:513}}
Aug 05 09:19:09.136322 n-d-852099-1 devstack@n-api.service[104141]: INFO nova.api.openstack.requestlog [None req-c0efe52c-a502-45fd-bc26-f33780d3283c tempest-FlavorsAdminTestJSON-280043684 tempest-FlavorsAdminTestJSON-280043684-project-admin] 10.222.0.20 "GET /compute/v2.1/flavors/detail" status: 200 len: 5408 microversion: 2.1 time: 0.066298
Aug 05 09:19:09.145980 n-d-852099-1 devstack@n-api.service[104141]: [pid: 104141|app: 0|req: 44/94] 10.222.0.20 () {58 vars in 1146 bytes} [Fri Aug 5 09:19:09 2022] GET /compute/v2.1/flavors/detail => generated 5408 bytes in 68 msecs (HTTP/1.1 200) 9 headers in 358 bytes (1 switches on core 0)
Aug 05 09:19:09.145980 n-d-852099-1 devstack@n-api.service[104141]: DEBUG nova.api.openstack.wsgi [None req-82f1c846-538b-4b3b-8fce-aa71e4771307 tempest-FlavorMetadataValidation-634417872 tempest-FlavorMetadataValidation-634417872-project-admin] Calling method '>' {{(pid=104141) _process_stack /opt/stack/nova/nova/api/openstack/wsgi.py:513}}
Aug 05 09:19:09.183687 n-d-852099-1 devstack@n-api.service[104141]: INFO nova.api.openstack.requestlog [None req-82f1c846-538b-4b3b-8fce-aa71e4771307 tempest-FlavorMetadataValidation-634417872 tempest-FlavorMetadataValidation-634417872-project-admin] 10.222.0.20 "DELETE /compute/v2.1/flavors/661245866" status: 202 len: 0 microversion: 2.86 time: 0.045088
Aug 05 09:19:09.184979 n-d-852099-1 devstack@n-api.service[104141]: [pid: 104141|app: 0|req: 45/95] 10.222.0.20 () {60 vars in 1199 bytes} [Fri Aug 5 09:19:09 2022] DELETE /compute/v2.1/flavors/661245866 => generated 0 bytes in 47 msecs (HTTP/1.1 202) 9 headers in 363 bytes (1 switches on core 0)
Aug 05 09:19:09.191271 n-d-852099-1 devstack@n-api.service[104141]: DEBUG nova.api.openstack.wsgi [None req-728d16b9-f71f-4c93-84fa-a88630b0701a tempest-FlavorsAdminTestJSON-280043684 tempest-FlavorsAdminTestJSON-280043684-project-admin] Calling method '>' {{(pid=104141) _process_stack /opt/stack/nova/nova/api/openstack/wsgi.py:513}}
Aug 05 09:19:09.238464 n-d-852099-1 devstack@n-api.service[104141]: INFO nova.api.openstack.requestlog [None req-728d16b9-f71f-4c93-84fa-a88630b0701a tempest-FlavorsAdminTestJSON-280043684 tempest-FlavorsAdminTestJSON-280043684-project-admin] 10.222.0.20 "DELETE /compute/v2.1/flavors/476196210" status: 202 len: 0 microversion: 2.1 time: 0.051379
Aug 05 09:19:09.240369 n-d-852099-1 devstack@n-api.service[104141]: [pid: 104141|app: 0|req: 46/96] 10.222.0.20 () {58 vars in 1158 bytes} [Fri Aug 5 09:19:09 2022] DELETE /compute/v2.1/flavors/476196210 => generated 0 bytes in 53 msecs (HTTP/1.1 202) 9 headers in 361 bytes (1 switches on core 0)
Aug 05 09:19:09.254191 n-d-852099-1 devstack@n-api.service[104141]: DEBUG nova.api.openstack.wsgi [None req-0cab9640-4c5a-4414-a719-92a8e814d677 tempest-FlavorMetadataValidation-634417872 tempest-FlavorMetadataValidation-634417872-project-admin] Calling method '>' {{(pid=104141) _process_stack /opt/stack/nova/nova/api/openstack/wsgi.py:513}}
Aug 05 09:19:09.265638 n-d-852099-1 devstack@n-api.service[104142]: DEBUG nova.policy [None req-06901ea1-d027-4c0f-81ae-3d46ff090c8b tempest-AggregatesAdminTestJSON-1226126441 tempest-AggregatesAdminTestJSON-1226126441-project] Policy check for os_compute_api:os-extended-server-attributes failed with credentials {'is_admin': False, 'user_id': 'ce08025696824e7492dc56ad8dba4f21', 'user_domain_id': 'default', 'system_scope': None, 'domain_id': None, 'project_id': 'fbdba001c87143e2999c80f619ba9675', 'project_domain_id': 'default', 'roles': ['member', 'reader'], 'is_admin_project': True, 'service_user_id': None, 'service_user_domain_id': None, 'service_project_id': None, 'service_project_domain_id': None, 'service_roles': []} {{(pid=104142) authorize /opt/stack/nova/nova/policy.py:199}}
Aug 05 09:19:09.277971 n-d-852099-1 devstack@n-api.service[104142]: INFO nova.api.openstack.requestlog [None req-06901ea1-d027-4c0f-81ae-3d46ff090c8b tempest-AggregatesAdminTestJSON-1226126441 tempest-AggregatesAdminTestJSON-1226126441-project] 10.222.0.20 "GET /compute/v2.1/servers/cdf8ed0e-2dfd-42aa-91d3-a4d067115f68" status: 200 len: 1291 microversion: 2.1 time: 0.306432
Aug 05 09:19:09.278678 n-d-852099-1 devstack@n-api.service[104142]: [pid: 104142|app: 0|req: 51/97] 10.222.0.20 () {58 vars in 1236 bytes} [Fri Aug 5 09:19:08 2022] GET /compute/v2.1/servers/cdf8ed0e-2dfd-42aa-91d3-a4d067115f68 => generated 1291 bytes in 308 msecs (HTTP/1.1 200) 9 headers in 358 bytes (1 switches on core 0)
Aug 05 09:19:09.296668 n-d-852099-1 devstack@n-api.service[104142]: DEBUG nova.api.openstack.wsgi [None req-d2b3716c-5039-4b51-9a45-0d88c5a7b2d0 tempest-FlavorsAdminTestJSON-280043684 tempest-FlavorsAdminTestJSON-280043684-project-admin] Calling method '>' {{(pid=104142) _process_stack /opt/stack/nova/nova/api/openstack/wsgi.py:513}}
Aug 05 09:19:09.309983 n-d-852099-1 devstack@n-api.service[104141]: INFO nova.api.openstack.requestlog [None req-0cab9640-4c5a-4414-a719-92a8e814d677 tempest-FlavorMetadataValidation-634417872 tempest-FlavorMetadataValidation-634417872-project-admin] 10.222.0.20 "GET /compute/v2.1/flavors/detail" status: 200 len: 5777 microversion: 2.86 time: 0.067957
Aug 05 09:19:09.324164 n-d-852099-1 devstack@n-api.service[104141]: [pid: 104141|app: 0|req: 47/98] 10.222.0.20 () {60 vars in 1187 bytes} [Fri Aug 5 09:19:09 2022] GET /compute/v2.1/flavors/detail => generated 5777 bytes in 83 msecs (HTTP/1.1 200) 9 headers in 360 bytes (1 switches on core 0)
Aug 05 09:19:09.341308 n-d-852099-1 devstack@n-api.service[104142]: INFO nova.api.openstack.requestlog [None req-d2b3716c-5039-4b51-9a45-0d88c5a7b2d0 tempest-FlavorsAdminTestJSON-280043684 tempest-FlavorsAdminTestJSON-280043684-project-admin] 10.222.0.20 "GET /compute/v2.1/flavors/detail" status: 200 len: 4991 microversion: 2.1 time: 0.055925
Aug 05 09:19:09.342587 n-d-852099-1 devstack@n-api.service[104142]: [pid: 104142|app: 0|req: 52/99] 10.222.0.20 () {58 vars in 1146 bytes} [Fri Aug 5 09:19:09 2022] GET /compute/v2.1/flavors/detail => generated 4991 bytes in 63 msecs (HTTP/1.1 200) 9 headers in 358 bytes (1 switches on core 0)
Aug 05 09:19:09.363047 n-d-852099-1 devstack@n-api.service[104141]: DEBUG nova.api.openstack.wsgi [None req-58c61612-b4be-4445-b6a1-7d5a0bd8d241 tempest-FlavorsAdminTestJSON-280043684 tempest-FlavorsAdminTestJSON-280043684-project-admin] Action: 'create', calling method: >, body: {"flavor": {"ram": 512, "vcpus": 1, "disk": 10, "name": "tempest-test_flavor_-93056089", "id": 1054846068, "os-flavor-access:is_public": "False"}} {{(pid=104141) _process_stack /opt/stack/nova/nova/api/openstack/wsgi.py:511}}
Aug 05 09:19:09.400342 n-d-852099-1 devstack@n-api.service[104141]: INFO nova.api.openstack.requestlog [None req-58c61612-b4be-4445-b6a1-7d5a0bd8d241 tempest-FlavorsAdminTestJSON-280043684 tempest-FlavorsAdminTestJSON-280043684-project-admin] 10.222.0.20 "POST /compute/v2.1/flavors" status: 200 len: 413 microversion: 2.1 time: 0.042395
Aug 05 09:19:09.401859 n-d-852099-1 devstack@n-api.service[104141]: [pid: 104141|app: 0|req: 48/100] 10.222.0.20 () {60 vars in 1147 bytes} [Fri Aug 5 09:19:09 2022] POST /compute/v2.1/flavors => generated 413 bytes in 44 msecs (HTTP/1.1 200) 9 headers in 357 bytes (1 switches on core 0)
Aug 05 09:19:09.412571 n-d-852099-1 devstack@n-api.service[104142]: DEBUG nova.api.openstack.wsgi [None req-7af77cf7-26e6-4904-ae2e-1818fc618661 tempest-FlavorsAdminTestJSON-280043684 tempest-FlavorsAdminTestJSON-280043684-project-admin] Calling method '>' {{(pid=104142) _process_stack /opt/stack/nova/nova/api/openstack/wsgi.py:513}}
Aug 05 09:19:09.455022 n-d-852099-1 devstack@n-api.service[104142]: INFO nova.api.openstack.requestlog [None req-7af77cf7-26e6-4904-ae2e-1818fc618661 tempest-FlavorsAdminTestJSON-280043684 tempest-FlavorsAdminTestJSON-280043684-project-admin] 10.222.0.20 "GET /compute/v2.1/flavors/detail" status: 200 len: 4991 microversion: 2.1 time: 0.045971
Aug 05 09:19:09.456012 n-d-852099-1 devstack@n-api.service[104142]: [pid: 104142|app: 0|req: 53/101] 10.222.0.20 () {58 vars in 1146 bytes} [Fri Aug 5 09:19:09 2022] GET /compute/v2.1/flavors/detail => generated 4991 bytes in 48 msecs (HTTP/1.1 200) 9 headers in 358 bytes (1 switches on core 0)
Aug 05 09:19:09.473760 n-d-852099-1 devstack@n-api.service[104141]: DEBUG nova.api.openstack.wsgi [None req-24b142d5-a407-4cda-8c01-7080c240a120 tempest-FlavorsAdminTestJSON-610340440 tempest-FlavorsAdminTestJSON-610340440-project] Calling method '>' {{(pid=104141) _process_stack /opt/stack/nova/nova/api/openstack/wsgi.py:513}}
Aug 05 09:19:09.512886 n-d-852099-1 devstack@n-api.service[104141]: INFO nova.api.openstack.requestlog [None req-24b142d5-a407-4cda-8c01-7080c240a120 tempest-FlavorsAdminTestJSON-610340440 tempest-FlavorsAdminTestJSON-610340440-project] 10.222.0.20 "GET /compute/v2.1/flavors/detail" status: 200 len: 4991 microversion: 2.1 time: 0.041805
Aug 05 09:19:09.513960 n-d-852099-1 devstack@n-api.service[104141]: [pid: 104141|app: 0|req: 49/102] 10.222.0.20 () {58 vars in 1146 bytes} [Fri Aug 5 09:19:09 2022] GET /compute/v2.1/flavors/detail => generated 4991 bytes in 45 msecs (HTTP/1.1 200) 9 headers in 358 bytes (1 switches on core 0)
Aug 05 09:19:09.533321 n-d-852099-1 devstack@n-api.service[104142]: DEBUG nova.api.openstack.wsgi [None req-8bf22ae3-2214-4482-89fa-69e8f965d6db tempest-FlavorsAdminTestJSON-280043684 tempest-FlavorsAdminTestJSON-280043684-project-admin] Calling method '>' {{(pid=104142) _process_stack /opt/stack/nova/nova/api/openstack/wsgi.py:513}}
Aug 05 09:19:09.534110 n-d-852099-1 devstack@n-api.service[104142]: /usr/local/lib/python3.8/dist-packages/oslo_policy/policy.py:1065: UserWarning: Policy os_compute_api:os-flavor-manage:delete failed scope check. The token used to make the request was project scoped but the policy requires ['system'] scope. This behavior may change in the future where using the intended scope is required
Aug 05 09:19:09.534110 n-d-852099-1 devstack@n-api.service[104142]: warnings.warn(msg)
Aug 05 09:19:09.583499 n-d-852099-1 devstack@n-api.service[104142]: INFO nova.api.openstack.requestlog [None req-8bf22ae3-2214-4482-89fa-69e8f965d6db tempest-FlavorsAdminTestJSON-280043684 tempest-FlavorsAdminTestJSON-280043684-project-admin] 10.222.0.20 "DELETE /compute/v2.1/flavors/1054846068" status: 202 len: 0 microversion: 2.1 time: 0.054599
Aug 05 09:19:09.584527 n-d-852099-1 devstack@n-api.service[104142]: [pid: 104142|app: 0|req: 54/103] 10.222.0.20 () {58 vars in 1161 bytes} [Fri Aug 5 09:19:09 2022] DELETE /compute/v2.1/flavors/1054846068 => generated 0 bytes in 57 msecs (HTTP/1.1 202) 9 headers in 361 bytes (1 switches on core 0)
Aug 05 09:19:09.594666 n-d-852099-1 devstack@n-api.service[104141]: DEBUG nova.api.openstack.wsgi [None req-3973dd2e-ce94-4281-bb13-a71a181150fe tempest-FlavorsAdminTestJSON-280043684 tempest-FlavorsAdminTestJSON-280043684-project-admin] Calling method '>' {{(pid=104141) _process_stack /opt/stack/nova/nova/api/openstack/wsgi.py:513}}
Aug 05 09:19:09.641035 n-d-852099-1 devstack@n-api.service[104141]: INFO nova.api.openstack.requestlog [None req-3973dd2e-ce94-4281-bb13-a71a181150fe tempest-FlavorsAdminTestJSON-280043684 tempest-FlavorsAdminTestJSON-280043684-project-admin] 10.222.0.20 "GET /compute/v2.1/flavors/detail" status: 200 len: 4991 microversion: 2.1 time: 0.051173
Aug 05 09:19:09.655666 n-d-852099-1 devstack@n-api.service[104141]: [pid: 104141|app: 0|req: 50/104] 10.222.0.20 () {58 vars in 1146 bytes} [Fri Aug 5 09:19:09 2022] GET /compute/v2.1/flavors/detail => generated 4991 bytes in 66 msecs (HTTP/1.1 200) 9 headers in 358 bytes (1 switches on core 0)
Aug 05 09:19:09.661644 n-d-852099-1 devstack@n-api.service[104142]: DEBUG nova.api.openstack.wsgi [None req-b7fbe082-efd4-4de7-9d62-cb523a74230f tempest-FlavorsAdminTestJSON-280043684 tempest-FlavorsAdminTestJSON-280043684-project-admin] Action: 'create', calling method: >, body: {"flavor": {"ram": 512, "vcpus": 1, "disk": 10, "name": "tempest-test_flavor_-183332226", "id": 1890718880, "os-flavor-access:is_public": "True"}} {{(pid=104142) _process_stack /opt/stack/nova/nova/api/openstack/wsgi.py:511}}
Aug 05 09:19:09.663717 n-d-852099-1 devstack@n-api.service[104142]: /usr/local/lib/python3.8/dist-packages/oslo_policy/policy.py:1065: UserWarning: Policy os_compute_api:os-flavor-manage:create failed scope check. The token used to make the request was project scoped but the policy requires ['system'] scope. This behavior may change in the future where using the intended scope is required
Aug 05 09:19:09.663717 n-d-852099-1 devstack@n-api.service[104142]: warnings.warn(msg)
Aug 05 09:19:09.719737 n-d-852099-1 devstack@n-api.service[104142]: INFO nova.api.openstack.requestlog [None req-b7fbe082-efd4-4de7-9d62-cb523a74230f tempest-FlavorsAdminTestJSON-280043684 tempest-FlavorsAdminTestJSON-280043684-project-admin] 10.222.0.20 "POST /compute/v2.1/flavors" status: 200 len: 413 microversion: 2.1 time: 0.060014
Aug 05 09:19:09.733141 n-d-852099-1 devstack@n-api.service[104141]: DEBUG nova.api.openstack.wsgi [None req-6f843774-cd67-4250-ac2c-9e67240516a4 tempest-FlavorsAdminTestJSON-610340440 tempest-FlavorsAdminTestJSON-610340440-project] Calling method '>' {{(pid=104141) _process_stack /opt/stack/nova/nova/api/openstack/wsgi.py:513}}
Aug 05 09:19:09.741232 n-d-852099-1 devstack@n-api.service[104142]: [pid: 104142|app: 0|req: 55/105] 10.222.0.20 () {60 vars in 1147 bytes} [Fri Aug 5 09:19:09 2022] POST /compute/v2.1/flavors => generated 413 bytes in 84 msecs (HTTP/1.1 200) 9 headers in 357 bytes (1 switches on core 0)
Aug 05 09:19:09.775456 n-d-852099-1 devstack@n-api.service[104141]: INFO nova.api.openstack.requestlog [None req-6f843774-cd67-4250-ac2c-9e67240516a4 tempest-FlavorsAdminTestJSON-610340440 tempest-FlavorsAdminTestJSON-610340440-project] 10.222.0.20 "GET /compute/v2.1/flavors/detail" status: 200 len: 5394 microversion: 2.1 time: 0.045944
Aug 05 09:19:09.776241 n-d-852099-1 devstack@n-api.service[104141]: [pid: 104141|app: 0|req: 51/106] 10.222.0.20 () {58 vars in 1146 bytes} [Fri Aug 5 09:19:09 2022] GET /compute/v2.1/flavors/detail => generated 5394 bytes in 48 msecs (HTTP/1.1 200) 9 headers in 358 bytes (1 switches on core 0)
Aug 05 09:19:09.794985 n-d-852099-1 devstack@n-api.service[104142]: DEBUG nova.api.openstack.wsgi [None req-013705a0-fc2b-4784-a58a-8de47fc51cb4 tempest-FlavorsAdminTestJSON-280043684 tempest-FlavorsAdminTestJSON-280043684-project-admin] Calling method '>' {{(pid=104142) _process_stack /opt/stack/nova/nova/api/openstack/wsgi.py:513}}
Aug 05 09:19:09.816699 n-d-852099-1 devstack@n-api.service[104142]: INFO nova.api.openstack.requestlog [None req-013705a0-fc2b-4784-a58a-8de47fc51cb4 tempest-FlavorsAdminTestJSON-280043684 tempest-FlavorsAdminTestJSON-280043684-project-admin] 10.222.0.20 "DELETE /compute/v2.1/flavors/1890718880" status: 202 len: 0 microversion: 2.1 time: 0.025405
Aug 05 09:19:09.826336 n-d-852099-1 devstack@n-api.service[104141]: DEBUG nova.api.openstack.wsgi [None req-caeafb75-8e14-4938-a241-47a08a76e53c tempest-FlavorsAdminTestJSON-280043684 tempest-FlavorsAdminTestJSON-280043684-project-admin] Calling method '>' {{(pid=104141) _process_stack /opt/stack/nova/nova/api/openstack/wsgi.py:513}}
Aug 05 09:19:09.830451 n-d-852099-1 devstack@n-api.service[104142]: [pid: 104142|app: 0|req: 56/107] 10.222.0.20 () {58 vars in 1161 bytes} [Fri Aug 5 09:19:09 2022] DELETE /compute/v2.1/flavors/1890718880 => generated 0 bytes in 40 msecs (HTTP/1.1 202) 9 headers in 361 bytes (1 switches on core 0)
Aug 05 09:19:09.879759 n-d-852099-1 devstack@n-api.service[104141]: INFO nova.api.openstack.requestlog [None req-caeafb75-8e14-4938-a241-47a08a76e53c tempest-FlavorsAdminTestJSON-280043684 tempest-FlavorsAdminTestJSON-280043684-project-admin] 10.222.0.20 "GET /compute/v2.1/flavors/detail" status: 200 len: 4991 microversion: 2.1 time: 0.057462
Aug 05 09:19:09.880560 n-d-852099-1 devstack@n-api.service[104141]: [pid: 104141|app: 0|req: 52/108] 10.222.0.20 () {58 vars in 1146 bytes} [Fri Aug 5 09:19:09 2022] GET /compute/v2.1/flavors/detail => generated 4991 bytes in 59 msecs (HTTP/1.1 200) 9 headers in 358 bytes (1 switches on core 0)
Aug 05 09:19:09.930528 n-d-852099-1 devstack@n-api.service[104142]: DEBUG nova.api.openstack.wsgi [None req-8e779654-ada4-4666-834d-033725fb5a4b tempest-DeleteServersAdminTestJSON-344836604 tempest-DeleteServersAdminTestJSON-344836604-project] Calling method '>' {{(pid=104142) _process_stack /opt/stack/nova/nova/api/openstack/wsgi.py:513}}
Aug 05 09:19:09.931459 n-d-852099-1 devstack@n-api.service[104142]: DEBUG nova.compute.api [None req-8e779654-ada4-4666-834d-033725fb5a4b tempest-DeleteServersAdminTestJSON-344836604 tempest-DeleteServersAdminTestJSON-344836604-project] [instance: 77ccb07c-9730-470e-8af2-6a641be4a13e] Fetching instance by UUID {{(pid=104142) get /opt/stack/nova/nova/compute/api.py:2813}}
Aug 05 09:19:09.950681 n-d-852099-1 devstack@n-api.service[104142]: DEBUG oslo_concurrency.lockutils [None req-8e779654-ada4-4666-834d-033725fb5a4b tempest-DeleteServersAdminTestJSON-344836604 tempest-DeleteServersAdminTestJSON-344836604-project] Lock "b25ff1aa-741e-45b3-a9d7-4a9858535b29" acquired by "nova.context.set_target_cell..get_or_set_cached_cell_and_set_connections" :: waited 0.000s {{(pid=104142) inner /usr/local/lib/python3.8/dist-packages/oslo_concurrency/lockutils.py:355}}
Aug 05 09:19:09.951431 n-d-852099-1 devstack@n-api.service[104142]: DEBUG oslo_concurrency.lockutils [None req-8e779654-ada4-4666-834d-033725fb5a4b tempest-DeleteServersAdminTestJSON-344836604 tempest-DeleteServersAdminTestJSON-344836604-project] Lock "b25ff1aa-741e-45b3-a9d7-4a9858535b29" released by "nova.context.set_target_cell..get_or_set_cached_cell_and_set_connections" :: held 0.001s {{(pid=104142) inner /usr/local/lib/python3.8/dist-packages/oslo_concurrency/lockutils.py:367}}
Aug 05 09:19:09.952420 n-d-852099-1 devstack@n-api.service[104142]: DEBUG oslo_concurrency.lockutils [None req-8e779654-ada4-4666-834d-033725fb5a4b tempest-DeleteServersAdminTestJSON-344836604 tempest-DeleteServersAdminTestJSON-344836604-project] Lock "b25ff1aa-741e-45b3-a9d7-4a9858535b29" acquired by "nova.context.set_target_cell..get_or_set_cached_cell_and_set_connections" :: waited 0.000s {{(pid=104142) inner /usr/local/lib/python3.8/dist-packages/oslo_concurrency/lockutils.py:355}}
Aug 05 09:19:09.958277 n-d-852099-1 devstack@n-api.service[104142]: DEBUG oslo_concurrency.lockutils [None req-8e779654-ada4-4666-834d-033725fb5a4b tempest-DeleteServersAdminTestJSON-344836604 tempest-DeleteServersAdminTestJSON-344836604-project] Lock "b25ff1aa-741e-45b3-a9d7-4a9858535b29" released by "nova.context.set_target_cell..get_or_set_cached_cell_and_set_connections" :: held 0.006s {{(pid=104142) inner /usr/local/lib/python3.8/dist-packages/oslo_concurrency/lockutils.py:367}}
Aug 05 09:19:10.299977 n-d-852099-1 devstack@n-api.service[104141]: DEBUG nova.api.openstack.wsgi [None req-5edcb2c4-42eb-473a-bae7-a044dc55417b tempest-AggregatesAdminTestJSON-1226126441 tempest-AggregatesAdminTestJSON-1226126441-project] Calling method '>' {{(pid=104141) _process_stack /opt/stack/nova/nova/api/openstack/wsgi.py:513}}
Aug 05 09:19:10.301536 n-d-852099-1 devstack@n-api.service[104141]: DEBUG nova.compute.api [None req-5edcb2c4-42eb-473a-bae7-a044dc55417b tempest-AggregatesAdminTestJSON-1226126441 tempest-AggregatesAdminTestJSON-1226126441-project] [instance: cdf8ed0e-2dfd-42aa-91d3-a4d067115f68] Fetching instance by UUID {{(pid=104141) get /opt/stack/nova/nova/compute/api.py:2813}}
Aug 05 09:19:10.318757 n-d-852099-1 devstack@n-api.service[104141]: DEBUG oslo_concurrency.lockutils [None req-5edcb2c4-42eb-473a-bae7-a044dc55417b tempest-AggregatesAdminTestJSON-1226126441 tempest-AggregatesAdminTestJSON-1226126441-project] Lock "b25ff1aa-741e-45b3-a9d7-4a9858535b29" acquired by "nova.context.set_target_cell..get_or_set_cached_cell_and_set_connections" :: waited 0.000s {{(pid=104141) inner /usr/local/lib/python3.8/dist-packages/oslo_concurrency/lockutils.py:355}}
Aug 05 09:19:10.319717 n-d-852099-1 devstack@n-api.service[104141]: DEBUG oslo_concurrency.lockutils [None req-5edcb2c4-42eb-473a-bae7-a044dc55417b tempest-AggregatesAdminTestJSON-1226126441 tempest-AggregatesAdminTestJSON-1226126441-project] Lock "b25ff1aa-741e-45b3-a9d7-4a9858535b29" released by "nova.context.set_target_cell..get_or_set_cached_cell_and_set_connections" :: held 0.001s {{(pid=104141) inner /usr/local/lib/python3.8/dist-packages/oslo_concurrency/lockutils.py:367}}
Aug 05 09:19:10.321183 n-d-852099-1 devstack@n-api.service[104141]: DEBUG oslo_concurrency.lockutils [None req-5edcb2c4-42eb-473a-bae7-a044dc55417b tempest-AggregatesAdminTestJSON-1226126441 tempest-AggregatesAdminTestJSON-1226126441-project] Lock "b25ff1aa-741e-45b3-a9d7-4a9858535b29" acquired by "nova.context.set_target_cell..get_or_set_cached_cell_and_set_connections" :: waited 0.000s {{(pid=104141) inner /usr/local/lib/python3.8/dist-packages/oslo_concurrency/lockutils.py:355}}
Aug 05 09:19:10.322392 n-d-852099-1 devstack@n-api.service[104141]: DEBUG oslo_concurrency.lockutils [None req-5edcb2c4-42eb-473a-bae7-a044dc55417b tempest-AggregatesAdminTestJSON-1226126441 tempest-AggregatesAdminTestJSON-1226126441-project] Lock "b25ff1aa-741e-45b3-a9d7-4a9858535b29" released by "nova.context.set_target_cell..get_or_set_cached_cell_and_set_connections" :: held 0.001s {{(pid=104141) inner /usr/local/lib/python3.8/dist-packages/oslo_concurrency/lockutils.py:367}}
Aug 05 09:19:10.350172 n-d-852099-1 devstack@n-api.service[104142]: DEBUG nova.policy [None req-8e779654-ada4-4666-834d-033725fb5a4b tempest-DeleteServersAdminTestJSON-344836604 tempest-DeleteServersAdminTestJSON-344836604-project] Policy check for os_compute_api:os-extended-server-attributes failed with credentials {'is_admin': False, 'user_id': '78740ee1bddb4474bf7726579ca7d9ab', 'user_domain_id': 'default', 'system_scope': None, 'domain_id': None, 'project_id': 'fe032fcf5b054ebfb53746c304ca447e', 'project_domain_id': 'default', 'roles': ['member', 'reader'], 'is_admin_project': True, 'service_user_id': None, 'service_user_domain_id': None, 'service_project_id': None, 'service_project_domain_id': None, 'service_roles': []} {{(pid=104142) authorize /opt/stack/nova/nova/policy.py:199}}
Aug 05 09:19:10.360305 n-d-852099-1 devstack@n-api.service[104142]: INFO nova.api.openstack.requestlog [None req-8e779654-ada4-4666-834d-033725fb5a4b tempest-DeleteServersAdminTestJSON-344836604 tempest-DeleteServersAdminTestJSON-344836604-project] 10.222.0.20 "GET /compute/v2.1/servers/77ccb07c-9730-470e-8af2-6a641be4a13e" status: 200 len: 1341 microversion: 2.1 time: 0.435266
Aug 05 09:19:10.364372 n-d-852099-1 devstack@n-api.service[104142]: [pid: 104142|app: 0|req: 57/109] 10.222.0.20 () {58 vars in 1236 bytes} [Fri Aug 5 09:19:09 2022] GET /compute/v2.1/servers/77ccb07c-9730-470e-8af2-6a641be4a13e => generated 1341 bytes in 440 msecs (HTTP/1.1 200) 9 headers in 358 bytes (1 switches on core 0)
Aug 05 09:19:10.556625 n-d-852099-1 devstack@n-api.service[104141]: DEBUG nova.policy [None req-5edcb2c4-42eb-473a-bae7-a044dc55417b tempest-AggregatesAdminTestJSON-1226126441 tempest-AggregatesAdminTestJSON-1226126441-project] Policy check for os_compute_api:os-extended-server-attributes failed with credentials {'is_admin': False, 'user_id': 'ce08025696824e7492dc56ad8dba4f21', 'user_domain_id': 'default', 'system_scope': None, 'domain_id': None, 'project_id': 'fbdba001c87143e2999c80f619ba9675', 'project_domain_id': 'default', 'roles': ['member', 'reader'], 'is_admin_project': True, 'service_user_id': None, 'service_user_domain_id': None, 'service_project_id': None, 'service_project_domain_id': None, 'service_roles': []} {{(pid=104141) authorize /opt/stack/nova/nova/policy.py:199}}
Aug 05 09:19:10.575548 n-d-852099-1 devstack@n-api.service[104141]: INFO nova.api.openstack.requestlog [None req-5edcb2c4-42eb-473a-bae7-a044dc55417b tempest-AggregatesAdminTestJSON-1226126441 tempest-AggregatesAdminTestJSON-1226126441-project] 10.222.0.20 "GET /compute/v2.1/servers/cdf8ed0e-2dfd-42aa-91d3-a4d067115f68" status: 200 len: 1291 microversion: 2.1 time: 0.280005
Aug 05 09:19:10.576148 n-d-852099-1 devstack@n-api.service[104141]: [pid: 104141|app: 0|req: 53/110] 10.222.0.20 () {58 vars in 1236 bytes} [Fri Aug 5 09:19:10 2022] GET /compute/v2.1/servers/cdf8ed0e-2dfd-42aa-91d3-a4d067115f68 => generated 1291 bytes in 282 msecs (HTTP/1.1 200) 9 headers in 358 bytes (2 switches on core 0)
Aug 05 09:19:11.384455 n-d-852099-1 devstack@n-api.service[104142]: DEBUG nova.api.openstack.wsgi [None req-da9b0f92-046b-4bc7-8679-f560001c997c tempest-DeleteServersAdminTestJSON-344836604 tempest-DeleteServersAdminTestJSON-344836604-project] Calling method '>' {{(pid=104142) _process_stack /opt/stack/nova/nova/api/openstack/wsgi.py:513}}
Aug 05 09:19:11.385046 n-d-852099-1 devstack@n-api.service[104142]: DEBUG nova.compute.api [None req-da9b0f92-046b-4bc7-8679-f560001c997c tempest-DeleteServersAdminTestJSON-344836604 tempest-DeleteServersAdminTestJSON-344836604-project] [instance: 77ccb07c-9730-470e-8af2-6a641be4a13e] Fetching instance by UUID {{(pid=104142) get /opt/stack/nova/nova/compute/api.py:2813}}
Aug 05 09:19:11.397271 n-d-852099-1 devstack@n-api.service[104142]: DEBUG oslo_concurrency.lockutils [None req-da9b0f92-046b-4bc7-8679-f560001c997c tempest-DeleteServersAdminTestJSON-344836604 tempest-DeleteServersAdminTestJSON-344836604-project] Lock "b25ff1aa-741e-45b3-a9d7-4a9858535b29" acquired by "nova.context.set_target_cell..get_or_set_cached_cell_and_set_connections" :: waited 0.000s {{(pid=104142) inner /usr/local/lib/python3.8/dist-packages/oslo_concurrency/lockutils.py:355}}
Aug 05 09:19:11.398375 n-d-852099-1 devstack@n-api.service[104142]: DEBUG oslo_concurrency.lockutils [None req-da9b0f92-046b-4bc7-8679-f560001c997c tempest-DeleteServersAdminTestJSON-344836604 tempest-DeleteServersAdminTestJSON-344836604-project] Lock "b25ff1aa-741e-45b3-a9d7-4a9858535b29" released by "nova.context.set_target_cell..get_or_set_cached_cell_and_set_connections" :: held 0.001s {{(pid=104142) inner /usr/local/lib/python3.8/dist-packages/oslo_concurrency/lockutils.py:367}}
Aug 05 09:19:11.399328 n-d-852099-1 devstack@n-api.service[104142]: DEBUG oslo_concurrency.lockutils [None req-da9b0f92-046b-4bc7-8679-f560001c997c tempest-DeleteServersAdminTestJSON-344836604 tempest-DeleteServersAdminTestJSON-344836604-project] Lock "b25ff1aa-741e-45b3-a9d7-4a9858535b29" acquired by "nova.context.set_target_cell..get_or_set_cached_cell_and_set_connections" :: waited 0.000s {{(pid=104142) inner /usr/local/lib/python3.8/dist-packages/oslo_concurrency/lockutils.py:355}}
Aug 05 09:19:11.399981 n-d-852099-1 devstack@n-api.service[104142]: DEBUG oslo_concurrency.lockutils [None req-da9b0f92-046b-4bc7-8679-f560001c997c tempest-DeleteServersAdminTestJSON-344836604 tempest-DeleteServersAdminTestJSON-344836604-project] Lock "b25ff1aa-741e-45b3-a9d7-4a9858535b29" released by "nova.context.set_target_cell..get_or_set_cached_cell_and_set_connections" :: held 0.001s {{(pid=104142) inner /usr/local/lib/python3.8/dist-packages/oslo_concurrency/lockutils.py:367}}
Aug 05 09:19:11.610838 n-d-852099-1 devstack@n-api.service[104141]: DEBUG nova.api.openstack.wsgi [None req-095c1c50-c1e8-4b22-aafb-5adb0801452c tempest-AggregatesAdminTestJSON-1226126441 tempest-AggregatesAdminTestJSON-1226126441-project] Calling method '>' {{(pid=104141) _process_stack /opt/stack/nova/nova/api/openstack/wsgi.py:513}}
Aug 05 09:19:11.613164 n-d-852099-1 devstack@n-api.service[104141]: DEBUG nova.compute.api [None req-095c1c50-c1e8-4b22-aafb-5adb0801452c tempest-AggregatesAdminTestJSON-1226126441 tempest-AggregatesAdminTestJSON-1226126441-project] [instance: cdf8ed0e-2dfd-42aa-91d3-a4d067115f68] Fetching instance by UUID {{(pid=104141) get /opt/stack/nova/nova/compute/api.py:2813}}
Aug 05 09:19:11.625896 n-d-852099-1 devstack@n-api.service[104141]: DEBUG oslo_concurrency.lockutils [None req-095c1c50-c1e8-4b22-aafb-5adb0801452c tempest-AggregatesAdminTestJSON-1226126441 tempest-AggregatesAdminTestJSON-1226126441-project] Lock "b25ff1aa-741e-45b3-a9d7-4a9858535b29" acquired by "nova.context.set_target_cell..get_or_set_cached_cell_and_set_connections" :: waited 0.000s {{(pid=104141) inner /usr/local/lib/python3.8/dist-packages/oslo_concurrency/lockutils.py:355}}
Aug 05 09:19:11.626355 n-d-852099-1 devstack@n-api.service[104141]: DEBUG oslo_concurrency.lockutils [None req-095c1c50-c1e8-4b22-aafb-5adb0801452c tempest-AggregatesAdminTestJSON-1226126441 tempest-AggregatesAdminTestJSON-1226126441-project] Lock "b25ff1aa-741e-45b3-a9d7-4a9858535b29" released by "nova.context.set_target_cell..get_or_set_cached_cell_and_set_connections" :: held 0.001s {{(pid=104141) inner /usr/local/lib/python3.8/dist-packages/oslo_concurrency/lockutils.py:367}}
Aug 05 09:19:11.627344 n-d-852099-1 devstack@n-api.service[104141]: DEBUG oslo_concurrency.lockutils [None req-095c1c50-c1e8-4b22-aafb-5adb0801452c tempest-AggregatesAdminTestJSON-1226126441 tempest-AggregatesAdminTestJSON-1226126441-project] Lock "b25ff1aa-741e-45b3-a9d7-4a9858535b29" acquired by "nova.context.set_target_cell..get_or_set_cached_cell_and_set_connections" :: waited 0.000s {{(pid=104141) inner /usr/local/lib/python3.8/dist-packages/oslo_concurrency/lockutils.py:355}}
Aug 05 09:19:11.627857 n-d-852099-1 devstack@n-api.service[104141]: DEBUG oslo_concurrency.lockutils [None req-095c1c50-c1e8-4b22-aafb-5adb0801452c tempest-AggregatesAdminTestJSON-1226126441 tempest-AggregatesAdminTestJSON-1226126441-project] Lock "b25ff1aa-741e-45b3-a9d7-4a9858535b29" released by "nova.context.set_target_cell..get_or_set_cached_cell_and_set_connections" :: held 0.000s {{(pid=104141) inner /usr/local/lib/python3.8/dist-packages/oslo_concurrency/lockutils.py:367}}
Aug 05 09:19:11.841242 n-d-852099-1 devstack@n-api.service[104142]: DEBUG nova.policy [None req-da9b0f92-046b-4bc7-8679-f560001c997c tempest-DeleteServersAdminTestJSON-344836604 tempest-DeleteServersAdminTestJSON-344836604-project] Policy check for os_compute_api:os-extended-server-attributes failed with credentials {'is_admin': False, 'user_id': '78740ee1bddb4474bf7726579ca7d9ab', 'user_domain_id': 'default', 'system_scope': None, 'domain_id': None, 'project_id': 'fe032fcf5b054ebfb53746c304ca447e', 'project_domain_id': 'default', 'roles': ['member', 'reader'], 'is_admin_project': True, 'service_user_id': None, 'service_user_domain_id': None, 'service_project_id': None, 'service_project_domain_id': None, 'service_roles': []} {{(pid=104142) authorize /opt/stack/nova/nova/policy.py:199}}
Aug 05 09:19:11.854094 n-d-852099-1 devstack@n-api.service[104142]: INFO nova.api.openstack.requestlog [None req-da9b0f92-046b-4bc7-8679-f560001c997c tempest-DeleteServersAdminTestJSON-344836604 tempest-DeleteServersAdminTestJSON-344836604-project] 10.222.0.20 "GET /compute/v2.1/servers/77ccb07c-9730-470e-8af2-6a641be4a13e" status: 200 len: 1341 microversion: 2.1 time: 0.473134
Aug 05 09:19:11.858095 n-d-852099-1 devstack@n-api.service[104142]: [pid: 104142|app: 0|req: 58/111] 10.222.0.20 () {58 vars in 1236 bytes} [Fri Aug 5 09:19:11 2022] GET /compute/v2.1/servers/77ccb07c-9730-470e-8af2-6a641be4a13e => generated 1341 bytes in 476 msecs (HTTP/1.1 200) 9 headers in 358 bytes (1 switches on core 0)
Aug 05 09:19:11.979172 n-d-852099-1 devstack@n-api.service[104141]: DEBUG nova.policy [None req-095c1c50-c1e8-4b22-aafb-5adb0801452c tempest-AggregatesAdminTestJSON-1226126441 tempest-AggregatesAdminTestJSON-1226126441-project] Policy check for os_compute_api:os-extended-server-attributes failed with credentials {'is_admin': False, 'user_id': 'ce08025696824e7492dc56ad8dba4f21', 'user_domain_id': 'default', 'system_scope': None, 'domain_id': None, 'project_id': 'fbdba001c87143e2999c80f619ba9675', 'project_domain_id': 'default', 'roles': ['member', 'reader'], 'is_admin_project': True, 'service_user_id': None, 'service_user_domain_id': None, 'service_project_id': None, 'service_project_domain_id': None, 'service_roles': []} {{(pid=104141) authorize /opt/stack/nova/nova/policy.py:199}}
Aug 05 09:19:12.001600 n-d-852099-1 devstack@n-api.service[104141]: INFO nova.api.openstack.requestlog [None req-095c1c50-c1e8-4b22-aafb-5adb0801452c tempest-AggregatesAdminTestJSON-1226126441 tempest-AggregatesAdminTestJSON-1226126441-project] 10.222.0.20 "GET /compute/v2.1/servers/cdf8ed0e-2dfd-42aa-91d3-a4d067115f68" status: 200 len: 1291 microversion: 2.1 time: 0.408756
Aug 05 09:19:12.004737 n-d-852099-1 devstack@n-api.service[104141]: [pid: 104141|app: 0|req: 54/112] 10.222.0.20 () {58 vars in 1236 bytes} [Fri Aug 5 09:19:11 2022] GET /compute/v2.1/servers/cdf8ed0e-2dfd-42aa-91d3-a4d067115f68 => generated 1291 bytes in 413 msecs (HTTP/1.1 200) 9 headers in 358 bytes (2 switches on core 0)
Aug 05 09:19:12.877356 n-d-852099-1 devstack@n-api.service[104142]: DEBUG nova.api.openstack.wsgi [None req-ee563133-1ee7-4586-815d-b98f06da8a9d tempest-DeleteServersAdminTestJSON-344836604 tempest-DeleteServersAdminTestJSON-344836604-project] Calling method '>' {{(pid=104142) _process_stack /opt/stack/nova/nova/api/openstack/wsgi.py:513}}
Aug 05 09:19:12.878168 n-d-852099-1 devstack@n-api.service[104142]: DEBUG nova.compute.api [None req-ee563133-1ee7-4586-815d-b98f06da8a9d tempest-DeleteServersAdminTestJSON-344836604 tempest-DeleteServersAdminTestJSON-344836604-project] [instance: 77ccb07c-9730-470e-8af2-6a641be4a13e] Fetching instance by UUID {{(pid=104142) get /opt/stack/nova/nova/compute/api.py:2813}}
Aug 05 09:19:12.903724 n-d-852099-1 devstack@n-api.service[104142]: DEBUG oslo_concurrency.lockutils [None req-ee563133-1ee7-4586-815d-b98f06da8a9d tempest-DeleteServersAdminTestJSON-344836604 tempest-DeleteServersAdminTestJSON-344836604-project] Lock "b25ff1aa-741e-45b3-a9d7-4a9858535b29" acquired by "nova.context.set_target_cell..get_or_set_cached_cell_and_set_connections" :: waited 0.000s {{(pid=104142) inner /usr/local/lib/python3.8/dist-packages/oslo_concurrency/lockutils.py:355}}
Aug 05 09:19:12.904177 n-d-852099-1 devstack@n-api.service[104142]: DEBUG oslo_concurrency.lockutils [None req-ee563133-1ee7-4586-815d-b98f06da8a9d tempest-DeleteServersAdminTestJSON-344836604 tempest-DeleteServersAdminTestJSON-344836604-project] Lock "b25ff1aa-741e-45b3-a9d7-4a9858535b29" released by "nova.context.set_target_cell..get_or_set_cached_cell_and_set_connections" :: held 0.001s {{(pid=104142) inner /usr/local/lib/python3.8/dist-packages/oslo_concurrency/lockutils.py:367}}
Aug 05 09:19:12.904980 n-d-852099-1 devstack@n-api.service[104142]: DEBUG oslo_concurrency.lockutils [None req-ee563133-1ee7-4586-815d-b98f06da8a9d tempest-DeleteServersAdminTestJSON-344836604 tempest-DeleteServersAdminTestJSON-344836604-project] Lock "b25ff1aa-741e-45b3-a9d7-4a9858535b29" acquired by "nova.context.set_target_cell..get_or_set_cached_cell_and_set_connections" :: waited 0.000s {{(pid=104142) inner /usr/local/lib/python3.8/dist-packages/oslo_concurrency/lockutils.py:355}}
Aug 05 09:19:12.905416 n-d-852099-1 devstack@n-api.service[104142]: DEBUG oslo_concurrency.lockutils [None req-ee563133-1ee7-4586-815d-b98f06da8a9d tempest-DeleteServersAdminTestJSON-344836604 tempest-DeleteServersAdminTestJSON-344836604-project] Lock "b25ff1aa-741e-45b3-a9d7-4a9858535b29" released by "nova.context.set_target_cell..get_or_set_cached_cell_and_set_connections" :: held 0.000s {{(pid=104142) inner /usr/local/lib/python3.8/dist-packages/oslo_concurrency/lockutils.py:367}}
Aug 05 09:19:13.025166 n-d-852099-1 devstack@n-api.service[104141]: DEBUG nova.api.openstack.wsgi [None req-412812c1-61d1-430b-bb48-96881a57643e tempest-AggregatesAdminTestJSON-1226126441 tempest-AggregatesAdminTestJSON-1226126441-project] Calling method '>' {{(pid=104141) _process_stack /opt/stack/nova/nova/api/openstack/wsgi.py:513}}
Aug 05 09:19:13.025782 n-d-852099-1 devstack@n-api.service[104141]: DEBUG nova.compute.api [None req-412812c1-61d1-430b-bb48-96881a57643e tempest-AggregatesAdminTestJSON-1226126441 tempest-AggregatesAdminTestJSON-1226126441-project] [instance: cdf8ed0e-2dfd-42aa-91d3-a4d067115f68] Fetching instance by UUID {{(pid=104141) get /opt/stack/nova/nova/compute/api.py:2813}}
Aug 05 09:19:13.042049 n-d-852099-1 devstack@n-api.service[104141]: DEBUG oslo_concurrency.lockutils [None req-412812c1-61d1-430b-bb48-96881a57643e tempest-AggregatesAdminTestJSON-1226126441 tempest-AggregatesAdminTestJSON-1226126441-project] Lock "b25ff1aa-741e-45b3-a9d7-4a9858535b29" acquired by "nova.context.set_target_cell..get_or_set_cached_cell_and_set_connections" :: waited 0.000s {{(pid=104141) inner /usr/local/lib/python3.8/dist-packages/oslo_concurrency/lockutils.py:355}}
Aug 05 09:19:13.042664 n-d-852099-1 devstack@n-api.service[104141]: DEBUG oslo_concurrency.lockutils [None req-412812c1-61d1-430b-bb48-96881a57643e tempest-AggregatesAdminTestJSON-1226126441 tempest-AggregatesAdminTestJSON-1226126441-project] Lock "b25ff1aa-741e-45b3-a9d7-4a9858535b29" released by "nova.context.set_target_cell..get_or_set_cached_cell_and_set_connections" :: held 0.008s {{(pid=104141) inner /usr/local/lib/python3.8/dist-packages/oslo_concurrency/lockutils.py:367}}
Aug 05 09:19:13.043505 n-d-852099-1 devstack@n-api.service[104141]: DEBUG oslo_concurrency.lockutils [None req-412812c1-61d1-430b-bb48-96881a57643e tempest-AggregatesAdminTestJSON-1226126441 tempest-AggregatesAdminTestJSON-1226126441-project] Lock "b25ff1aa-741e-45b3-a9d7-4a9858535b29" acquired by "nova.context.set_target_cell..get_or_set_cached_cell_and_set_connections" :: waited 0.000s {{(pid=104141) inner /usr/local/lib/python3.8/dist-packages/oslo_concurrency/lockutils.py:355}}
Aug 05 09:19:13.043952 n-d-852099-1 devstack@n-api.service[104141]: DEBUG oslo_concurrency.lockutils [None req-412812c1-61d1-430b-bb48-96881a57643e tempest-AggregatesAdminTestJSON-1226126441 tempest-AggregatesAdminTestJSON-1226126441-project] Lock "b25ff1aa-741e-45b3-a9d7-4a9858535b29" released by "nova.context.set_target_cell..get_or_set_cached_cell_and_set_connections" :: held 0.000s {{(pid=104141) inner /usr/local/lib/python3.8/dist-packages/oslo_concurrency/lockutils.py:367}}
Aug 05 09:19:13.316312 n-d-852099-1 devstack@n-api.service[104141]: DEBUG nova.policy [None req-412812c1-61d1-430b-bb48-96881a57643e tempest-AggregatesAdminTestJSON-1226126441 tempest-AggregatesAdminTestJSON-1226126441-project] Policy check for os_compute_api:os-extended-server-attributes failed with credentials {'is_admin': False, 'user_id': 'ce08025696824e7492dc56ad8dba4f21', 'user_domain_id': 'default', 'system_scope': None, 'domain_id': None, 'project_id': 'fbdba001c87143e2999c80f619ba9675', 'project_domain_id': 'default', 'roles': ['member', 'reader'], 'is_admin_project': True, 'service_user_id': None, 'service_user_domain_id': None, 'service_project_id': None, 'service_project_domain_id': None, 'service_roles': []} {{(pid=104141) authorize /opt/stack/nova/nova/policy.py:199}}
Aug 05 09:19:13.328399 n-d-852099-1 devstack@n-api.service[104141]: INFO nova.api.openstack.requestlog [None req-412812c1-61d1-430b-bb48-96881a57643e tempest-AggregatesAdminTestJSON-1226126441 tempest-AggregatesAdminTestJSON-1226126441-project] 10.222.0.20 "GET /compute/v2.1/servers/cdf8ed0e-2dfd-42aa-91d3-a4d067115f68" status: 200 len: 1297 microversion: 2.1 time: 0.306820
Aug 05 09:19:13.346033 n-d-852099-1 devstack@n-api.service[104141]: [pid: 104141|app: 0|req: 55/113] 10.222.0.20 () {58 vars in 1236 bytes} [Fri Aug 5 09:19:13 2022] GET /compute/v2.1/servers/cdf8ed0e-2dfd-42aa-91d3-a4d067115f68 => generated 1297 bytes in 325 msecs (HTTP/1.1 200) 9 headers in 358 bytes (1 switches on core 0)
Aug 05 09:19:13.825210 n-d-852099-1 devstack@n-api.service[104142]: DEBUG nova.policy [None req-ee563133-1ee7-4586-815d-b98f06da8a9d tempest-DeleteServersAdminTestJSON-344836604 tempest-DeleteServersAdminTestJSON-344836604-project] Policy check for os_compute_api:os-extended-server-attributes failed with credentials {'is_admin': False, 'user_id': '78740ee1bddb4474bf7726579ca7d9ab', 'user_domain_id': 'default', 'system_scope': None, 'domain_id': None, 'project_id': 'fe032fcf5b054ebfb53746c304ca447e', 'project_domain_id': 'default', 'roles': ['member', 'reader'], 'is_admin_project': True, 'service_user_id': None, 'service_user_domain_id': None, 'service_project_id': None, 'service_project_domain_id': None, 'service_roles': []} {{(pid=104142) authorize /opt/stack/nova/nova/policy.py:199}}
Aug 05 09:19:13.840063 n-d-852099-1 devstack@n-api.service[104142]: INFO nova.api.openstack.requestlog [None req-ee563133-1ee7-4586-815d-b98f06da8a9d tempest-DeleteServersAdminTestJSON-344836604 tempest-DeleteServersAdminTestJSON-344836604-project] 10.222.0.20 "GET /compute/v2.1/servers/77ccb07c-9730-470e-8af2-6a641be4a13e" status: 200 len: 1341 microversion: 2.1 time: 0.966621
Aug 05 09:19:13.840675 n-d-852099-1 devstack@n-api.service[104142]: [pid: 104142|app: 0|req: 59/114] 10.222.0.20 () {58 vars in 1236 bytes} [Fri Aug 5 09:19:12 2022] GET /compute/v2.1/servers/77ccb07c-9730-470e-8af2-6a641be4a13e => generated 1341 bytes in 968 msecs (HTTP/1.1 200) 9 headers in 358 bytes (1 switches on core 0)
Aug 05 09:19:13.877918 n-d-852099-1 devstack@n-api.service[104141]: DEBUG nova.api.openstack.wsgi [None req-fe89603d-285a-415a-9f4a-7dc3495b3ee5 tempest-FlavorsV255TestJSON-1479086482 tempest-FlavorsV255TestJSON-1479086482-project-admin] Action: 'create', calling method: >, body: {"flavor": {"ram": 512, "vcpus": 1, "disk": 10, "name": "tempest-FlavorsV255TestJSON-flavor-377844505", "id": 23013355, "os-flavor-access:is_public": "True"}} {{(pid=104141) _process_stack /opt/stack/nova/nova/api/openstack/wsgi.py:511}}
Aug 05 09:19:13.879959 n-d-852099-1 devstack@n-api.service[104141]: /usr/local/lib/python3.8/dist-packages/oslo_policy/policy.py:1065: UserWarning: Policy os_compute_api:os-flavor-manage:create failed scope check. The token used to make the request was project scoped but the policy requires ['system'] scope. This behavior may change in the future where using the intended scope is required
Aug 05 09:19:13.879959 n-d-852099-1 devstack@n-api.service[104141]: warnings.warn(msg)
Aug 05 09:19:13.935409 n-d-852099-1 devstack@n-api.service[104141]: INFO nova.api.openstack.requestlog [None req-fe89603d-285a-415a-9f4a-7dc3495b3ee5 tempest-FlavorsV255TestJSON-1479086482 tempest-FlavorsV255TestJSON-1479086482-project-admin] 10.222.0.20 "POST /compute/v2.1/flavors" status: 200 len: 442 microversion: 2.55 time: 0.369509
Aug 05 09:19:13.936256 n-d-852099-1 devstack@n-api.service[104141]: [pid: 104141|app: 0|req: 56/115] 10.222.0.20 () {62 vars in 1188 bytes} [Fri Aug 5 09:19:13 2022] POST /compute/v2.1/flavors => generated 442 bytes in 371 msecs (HTTP/1.1 200) 9 headers in 359 bytes (2 switches on core 0)
Aug 05 09:19:14.352316 n-d-852099-1 devstack@n-api.service[104141]: DEBUG nova.api.openstack.wsgi [None req-19ad65b0-9a00-4e42-9ebb-2a7d9d98442d tempest-AggregatesAdminTestJSON-1226126441 tempest-AggregatesAdminTestJSON-1226126441-project] Calling method '>' {{(pid=104141) _process_stack /opt/stack/nova/nova/api/openstack/wsgi.py:513}}
Aug 05 09:19:14.353029 n-d-852099-1 devstack@n-api.service[104141]: DEBUG nova.compute.api [None req-19ad65b0-9a00-4e42-9ebb-2a7d9d98442d tempest-AggregatesAdminTestJSON-1226126441 tempest-AggregatesAdminTestJSON-1226126441-project] [instance: cdf8ed0e-2dfd-42aa-91d3-a4d067115f68] Fetching instance by UUID {{(pid=104141) get /opt/stack/nova/nova/compute/api.py:2813}}
