Aug 05 09:33:04.585966 n-d-852099-1 cinder-volume[97585]: DEBUG cinder.volume.manager [None req-c63b3acf-2e36-4263-aba0-ff9340d4bbf6 tempest-GroupsV314Test-231389192 None] Task 'cinder.volume.flows.manager.create_volume.CreateVolumeFromSpecTask;volume:create' (ec4a3261-8d67-4291-9414-2b3c8e427696) transitioned into state 'RUNNING' from state 'PENDING' {{(pid=97585) _task_receiver /usr/local/lib/python3.8/dist-packages/taskflow/listeners/logging.py:190}}
Aug 05 09:33:04.587029 n-d-852099-1 cinder-volume[97585]: INFO cinder.volume.flows.manager.create_volume [None req-c63b3acf-2e36-4263-aba0-ff9340d4bbf6 tempest-GroupsV314Test-231389192 None] Volume c2823f0c-ca18-4fdf-9f58-dd52e445c5dc: being created as raw with specification: {'status': 'creating', 'volume_name': 'volume-c2823f0c-ca18-4fdf-9f58-dd52e445c5dc', 'volume_size': 1}
Aug 05 09:33:04.589448 n-d-852099-1 cinder-volume[97585]: DEBUG oslo_concurrency.processutils [None req-c63b3acf-2e36-4263-aba0-ff9340d4bbf6 tempest-GroupsV314Test-231389192 None] Running cmd (subprocess): sudo cinder-rootwrap /etc/cinder/rootwrap.conf env LC_ALL=C lvcreate -n volume-c2823f0c-ca18-4fdf-9f58-dd52e445c5dc stack-volumes-lvmdriver-1 -L 1g {{(pid=97585) execute /usr/local/lib/python3.8/dist-packages/oslo_concurrency/processutils.py:384}}
Aug 05 09:33:04.647656 n-d-852099-1 sudo[117513]: ubuntu : TTY=unknown ; PWD=/ ; USER=root ; COMMAND=/usr/local/bin/cinder-rootwrap /etc/cinder/rootwrap.conf env LC_ALL=C lvcreate -n volume-c2823f0c-ca18-4fdf-9f58-dd52e445c5dc stack-volumes-lvmdriver-1 -L 1g
Aug 05 09:33:04.648957 n-d-852099-1 sudo[117513]: pam_unix(sudo:session): session opened for user root by (uid=0)
Aug 05 09:33:04.972463 n-d-852099-1 cinder-volume[97585]: DEBUG oslo_concurrency.processutils [-] CMD "tgt-admin --update iqn.2010-10.org.openstack:volume-5a4d8e0a-7731-49c3-b316-66ad06d3217d" returned: 0 in 0.907s {{(pid=109740) execute /usr/local/lib/python3.8/dist-packages/oslo_concurrency/processutils.py:422}}
Aug 05 09:33:04.973061 n-d-852099-1 cinder-volume[97585]: DEBUG oslo.privsep.daemon [-] privsep: reply[140110250990576]: (4, ('', '')) {{(pid=109740) _call_back /usr/local/lib/python3.8/dist-packages/oslo_privsep/daemon.py:510}}
Aug 05 09:33:04.973642 n-d-852099-1 cinder-volume[97585]: DEBUG cinder.volume.targets.tgt [req-2f9874d1-7055-4a36-a22d-c10ca56ba59c req-e7c0fed7-8206-4632-8b2f-7379609307ef tempest-VolumesAdminNegativeTest-240251934 None] StdOut from tgt-admin --update: {{(pid=97585) _do_tgt_update /opt/stack/cinder/cinder/volume/targets/tgt.py:113}}
Aug 05 09:33:04.974152 n-d-852099-1 cinder-volume[97585]: DEBUG cinder.volume.targets.tgt [req-2f9874d1-7055-4a36-a22d-c10ca56ba59c req-e7c0fed7-8206-4632-8b2f-7379609307ef tempest-VolumesAdminNegativeTest-240251934 None] StdErr from tgt-admin --update: {{(pid=97585) _do_tgt_update /opt/stack/cinder/cinder/volume/targets/tgt.py:114}}
Aug 05 09:33:04.976736 n-d-852099-1 cinder-volume[97585]: DEBUG oslo_concurrency.processutils [-] Running cmd (subprocess): tgtadm --lld iscsi --op show --mode target {{(pid=109740) execute /usr/local/lib/python3.8/dist-packages/oslo_concurrency/processutils.py:384}}
Aug 05 09:33:04.985362 n-d-852099-1 cinder-volume[97585]: DEBUG oslo_concurrency.processutils [-] CMD "tgtadm --lld iscsi --op show --mode target" returned: 0 in 0.008s {{(pid=109740) execute /usr/local/lib/python3.8/dist-packages/oslo_concurrency/processutils.py:422}}
Aug 05 09:33:04.985936 n-d-852099-1 cinder-volume[97585]: DEBUG oslo.privsep.daemon [-] privsep: reply[140110250990576]: (4, ('Target 1: iqn.2010-10.org.openstack:volume-5a4d8e0a-7731-49c3-b316-66ad06d3217d\n System information:\n Driver: iscsi\n State: ready\n I_T nexus information:\n LUN information:\n LUN: 0\n Type: controller\n SCSI ID: IET 00010000\n SCSI SN: beaf10\n Size: 0 MB, Block size: 1\n Online: Yes\n Removable media: No\n Prevent removal: No\n Readonly: No\n SWP: No\n Thin-provisioning: No\n Backing store type: null\n Backing store path: None\n Backing store flags: \n LUN: 1\n Type: disk\n SCSI ID: IET 00010001\n SCSI SN: beaf11\n Size: 1074 MB, Block size: 512\n Online: Yes\n Removable media: No\n Prevent removal: No\n Readonly: No\n SWP: No\n Thin-provisioning: No\n Backing store type: rdwr\n Backing store path: /dev/stack-volumes-lvmdriver-1/volume-5a4d8e0a-7731-49c3-b316-66ad06d3217d\n Backing store flags: \n Account information:\n GgbpemzygLSfgd9PQRS9\n ACL information:\n ALL\n', '')) {{(pid=109740) _call_back /usr/local/lib/python3.8/dist-packages/oslo_privsep/daemon.py:510}}
Aug 05 09:33:04.986778 n-d-852099-1 cinder-volume[97585]: DEBUG cinder.volume.targets.tgt [req-2f9874d1-7055-4a36-a22d-c10ca56ba59c req-e7c0fed7-8206-4632-8b2f-7379609307ef tempest-VolumesAdminNegativeTest-240251934 None] Targets after update: {{(pid=97585) create_iscsi_target /opt/stack/cinder/cinder/volume/targets/tgt.py:195}}
Aug 05 09:33:04.990158 n-d-852099-1 cinder-volume[97585]: DEBUG oslo_concurrency.processutils [-] Running cmd (subprocess): tgt-admin --show {{(pid=109740) execute /usr/local/lib/python3.8/dist-packages/oslo_concurrency/processutils.py:384}}
Aug 05 09:33:05.202122 n-d-852099-1 cinder-volume[97585]: DEBUG oslo_concurrency.processutils [-] CMD "tgt-admin --show" returned: 0 in 0.214s {{(pid=109740) execute /usr/local/lib/python3.8/dist-packages/oslo_concurrency/processutils.py:422}}
Aug 05 09:33:05.202660 n-d-852099-1 cinder-volume[97585]: DEBUG oslo.privsep.daemon [-] privsep: reply[140110250990576]: (4, ('Target 1: iqn.2010-10.org.openstack:volume-5a4d8e0a-7731-49c3-b316-66ad06d3217d\n System information:\n Driver: iscsi\n State: ready\n I_T nexus information:\n LUN information:\n LUN: 0\n Type: controller\n SCSI ID: IET 00010000\n SCSI SN: beaf10\n Size: 0 MB, Block size: 1\n Online: Yes\n Removable media: No\n Prevent removal: No\n Readonly: No\n SWP: No\n Thin-provisioning: No\n Backing store type: null\n Backing store path: None\n Backing store flags: \n LUN: 1\n Type: disk\n SCSI ID: IET 00010001\n SCSI SN: beaf11\n Size: 1074 MB, Block size: 512\n Online: Yes\n Removable media: No\n Prevent removal: No\n Readonly: No\n SWP: No\n Thin-provisioning: No\n Backing store type: rdwr\n Backing store path: /dev/stack-volumes-lvmdriver-1/volume-5a4d8e0a-7731-49c3-b316-66ad06d3217d\n Backing store flags: \n Account information:\n GgbpemzygLSfgd9PQRS9\n ACL information:\n ALL\n', '')) {{(pid=109740) _call_back /usr/local/lib/python3.8/dist-packages/oslo_privsep/daemon.py:510}}
Aug 05 09:33:05.204263 n-d-852099-1 cinder-volume[97585]: DEBUG oslo_concurrency.processutils [-] Running cmd (subprocess): tgt-admin --show {{(pid=109740) execute /usr/local/lib/python3.8/dist-packages/oslo_concurrency/processutils.py:384}}
Aug 05 09:33:05.243128 n-d-852099-1 sudo[117498]: pam_unix(sudo:session): session closed for user root
Aug 05 09:33:05.244821 n-d-852099-1 cinder-volume[97585]: DEBUG oslo_concurrency.processutils [None req-43df262b-8c4d-402b-93eb-2370979e9422 None None] CMD "sudo cinder-rootwrap /etc/cinder/rootwrap.conf env LC_ALL=C lvs --noheadings --unit=g -o vg_name,name,size --nosuffix --readonly stack-volumes-lvmdriver-1" returned: 0 in 1.004s {{(pid=97585) execute /usr/local/lib/python3.8/dist-packages/oslo_concurrency/processutils.py:422}}
Aug 05 09:33:05.247170 n-d-852099-1 cinder-volume[97585]: DEBUG cinder.manager [None req-43df262b-8c4d-402b-93eb-2370979e9422 None None] Notifying Schedulers of capabilities ... {{(pid=97585) _publish_service_capabilities /opt/stack/cinder/cinder/manager.py:197}}
Aug 05 09:33:05.309721 n-d-852099-1 cinder-volume[97585]: DEBUG oslo_concurrency.processutils [-] CMD "tgt-admin --show" returned: 0 in 0.104s {{(pid=109740) execute /usr/local/lib/python3.8/dist-packages/oslo_concurrency/processutils.py:422}}
Aug 05 09:33:05.310404 n-d-852099-1 cinder-volume[97585]: DEBUG oslo.privsep.daemon [-] privsep: reply[140110250990576]: (4, ('Target 1: iqn.2010-10.org.openstack:volume-5a4d8e0a-7731-49c3-b316-66ad06d3217d\n System information:\n Driver: iscsi\n State: ready\n I_T nexus information:\n LUN information:\n LUN: 0\n Type: controller\n SCSI ID: IET 00010000\n SCSI SN: beaf10\n Size: 0 MB, Block size: 1\n Online: Yes\n Removable media: No\n Prevent removal: No\n Readonly: No\n SWP: No\n Thin-provisioning: No\n Backing store type: null\n Backing store path: None\n Backing store flags: \n LUN: 1\n Type: disk\n SCSI ID: IET 00010001\n SCSI SN: beaf11\n Size: 1074 MB, Block size: 512\n Online: Yes\n Removable media: No\n Prevent removal: No\n Readonly: No\n SWP: No\n Thin-provisioning: No\n Backing store type: rdwr\n Backing store path: /dev/stack-volumes-lvmdriver-1/volume-5a4d8e0a-7731-49c3-b316-66ad06d3217d\n Backing store flags: \n Account information:\n GgbpemzygLSfgd9PQRS9\n ACL information:\n ALL\n', '')) {{(pid=109740) _call_back /usr/local/lib/python3.8/dist-packages/oslo_privsep/daemon.py:510}}
Aug 05 09:33:05.313065 n-d-852099-1 cinder-volume[97585]: DEBUG cinder.volume.targets.iscsi [req-2f9874d1-7055-4a36-a22d-c10ca56ba59c req-e7c0fed7-8206-4632-8b2f-7379609307ef tempest-VolumesAdminNegativeTest-240251934 None] Set provider_location to: 10.222.0.20:3260,1 iqn.2010-10.org.openstack:volume-5a4d8e0a-7731-49c3-b316-66ad06d3217d 1 {{(pid=97585) create_export /opt/stack/cinder/cinder/volume/targets/iscsi.py:204}}
Aug 05 09:33:05.392292 n-d-852099-1 cinder-volume[97585]: DEBUG cinder.volume.manager [req-2f9874d1-7055-4a36-a22d-c10ca56ba59c req-e7c0fed7-8206-4632-8b2f-7379609307ef tempest-VolumesAdminNegativeTest-240251934 None] Connection info returned from driver {'target_discovered': False, 'target_portal': '10.222.0.20:3260', 'target_iqn': 'iqn.2010-10.org.openstack:volume-5a4d8e0a-7731-49c3-b316-66ad06d3217d', 'target_lun': 1, 'volume_id': '5a4d8e0a-7731-49c3-b316-66ad06d3217d', 'auth_method': 'CHAP', 'auth_username': 'GgbpemzygLSfgd9PQRS9', 'auth_password': '***', 'encrypted': False, 'qos_specs': None, 'access_mode': 'rw', 'cacheable': False, 'driver_volume_type': 'iscsi', 'attachment_id': '5fe475d9-1d8f-4554-9917-d02c7dbab51f'} {{(pid=97585) _connection_create /opt/stack/cinder/cinder/volume/manager.py:4719}}
Aug 05 09:33:05.629755 n-d-852099-1 cinder-volume[97585]: INFO cinder.volume.manager [req-2f9874d1-7055-4a36-a22d-c10ca56ba59c req-e7c0fed7-8206-4632-8b2f-7379609307ef tempest-VolumesAdminNegativeTest-240251934 None] attachment_update completed successfully.
Aug 05 09:33:05.886800 n-d-852099-1 sudo[117513]: pam_unix(sudo:session): session closed for user root
Aug 05 09:33:05.888586 n-d-852099-1 cinder-volume[97585]: DEBUG oslo_concurrency.processutils [None req-c63b3acf-2e36-4263-aba0-ff9340d4bbf6 tempest-GroupsV314Test-231389192 None] CMD "sudo cinder-rootwrap /etc/cinder/rootwrap.conf env LC_ALL=C lvcreate -n volume-c2823f0c-ca18-4fdf-9f58-dd52e445c5dc stack-volumes-lvmdriver-1 -L 1g" returned: 0 in 1.299s {{(pid=97585) execute /usr/local/lib/python3.8/dist-packages/oslo_concurrency/processutils.py:422}}
Aug 05 09:33:05.891890 n-d-852099-1 cinder-volume[97585]: DEBUG cinder.volume.manager [None req-c63b3acf-2e36-4263-aba0-ff9340d4bbf6 tempest-GroupsV314Test-231389192 None] Task 'cinder.volume.flows.manager.create_volume.CreateVolumeFromSpecTask;volume:create' (ec4a3261-8d67-4291-9414-2b3c8e427696) transitioned into state 'SUCCESS' from state 'RUNNING' with result '{'status': 'creating', 'volume_name': 'volume-c2823f0c-ca18-4fdf-9f58-dd52e445c5dc', 'volume_size': 1}' {{(pid=97585) _task_receiver /usr/local/lib/python3.8/dist-packages/taskflow/listeners/logging.py:178}}
Aug 05 09:33:05.895670 n-d-852099-1 cinder-volume[97585]: DEBUG cinder.volume.manager [None req-c63b3acf-2e36-4263-aba0-ff9340d4bbf6 tempest-GroupsV314Test-231389192 None] Task 'cinder.volume.flows.manager.create_volume.CreateVolumeOnFinishTask;volume:create, create.end' (f9198536-fa69-4356-bfa3-c7cad04a8e69) transitioned into state 'RUNNING' from state 'PENDING' {{(pid=97585) _task_receiver /usr/local/lib/python3.8/dist-packages/taskflow/listeners/logging.py:190}}
Aug 05 09:33:05.931889 n-d-852099-1 cinder-volume[97585]: INFO cinder.volume.flows.manager.create_volume [None req-c63b3acf-2e36-4263-aba0-ff9340d4bbf6 tempest-GroupsV314Test-231389192 None] Volume volume-c2823f0c-ca18-4fdf-9f58-dd52e445c5dc (c2823f0c-ca18-4fdf-9f58-dd52e445c5dc): created successfully
Aug 05 09:33:05.934952 n-d-852099-1 cinder-volume[97585]: DEBUG cinder.volume.manager [None req-c63b3acf-2e36-4263-aba0-ff9340d4bbf6 tempest-GroupsV314Test-231389192 None] Task 'cinder.volume.flows.manager.create_volume.CreateVolumeOnFinishTask;volume:create, create.end' (f9198536-fa69-4356-bfa3-c7cad04a8e69) transitioned into state 'SUCCESS' from state 'RUNNING' with result 'None' {{(pid=97585) _task_receiver /usr/local/lib/python3.8/dist-packages/taskflow/listeners/logging.py:178}}
Aug 05 09:33:05.938618 n-d-852099-1 cinder-volume[97585]: DEBUG cinder.volume.manager [None req-c63b3acf-2e36-4263-aba0-ff9340d4bbf6 tempest-GroupsV314Test-231389192 None] Flow 'volume_create_manager' (298eb2aa-4f64-4f0c-a614-cee039bbfb31) transitioned into state 'SUCCESS' from state 'RUNNING' {{(pid=97585) _flow_receiver /usr/local/lib/python3.8/dist-packages/taskflow/listeners/logging.py:141}}
Aug 05 09:33:05.966717 n-d-852099-1 cinder-volume[97585]: INFO cinder.volume.manager [None req-c63b3acf-2e36-4263-aba0-ff9340d4bbf6 tempest-GroupsV314Test-231389192 None] Created volume successfully.
Aug 05 09:33:08.404354 n-d-852099-1 cinder-volume[97585]: INFO cinder.volume.drivers.lvm [None req-cc2169f0-1db7-4e9b-8444-653e810ddffb tempest-GroupsV314Test-231389192 None] Creating clone of volume: c2823f0c-ca18-4fdf-9f58-dd52e445c5dc
Aug 05 09:33:08.406523 n-d-852099-1 cinder-volume[97585]: DEBUG oslo_concurrency.processutils [None req-cc2169f0-1db7-4e9b-8444-653e810ddffb tempest-GroupsV314Test-231389192 None] Running cmd (subprocess): sudo cinder-rootwrap /etc/cinder/rootwrap.conf env LC_ALL=C lvs --noheadings --unit=g -o vg_name,name,size --nosuffix --readonly stack-volumes-lvmdriver-1/volume-c2823f0c-ca18-4fdf-9f58-dd52e445c5dc {{(pid=97585) execute /usr/local/lib/python3.8/dist-packages/oslo_concurrency/processutils.py:384}}
Aug 05 09:33:08.474054 n-d-852099-1 sudo[117588]: ubuntu : TTY=unknown ; PWD=/ ; USER=root ; COMMAND=/usr/local/bin/cinder-rootwrap /etc/cinder/rootwrap.conf env LC_ALL=C lvs --noheadings --unit=g -o vg_name,name,size --nosuffix --readonly stack-volumes-lvmdriver-1/volume-c2823f0c-ca18-4fdf-9f58-dd52e445c5dc
Aug 05 09:33:08.475647 n-d-852099-1 sudo[117588]: pam_unix(sudo:session): session opened for user root by (uid=0)
Aug 05 09:33:09.290319 n-d-852099-1 sudo[117588]: pam_unix(sudo:session): session closed for user root
Aug 05 09:33:09.293879 n-d-852099-1 cinder-volume[97585]: DEBUG oslo_concurrency.processutils [None req-cc2169f0-1db7-4e9b-8444-653e810ddffb tempest-GroupsV314Test-231389192 None] CMD "sudo cinder-rootwrap /etc/cinder/rootwrap.conf env LC_ALL=C lvs --noheadings --unit=g -o vg_name,name,size --nosuffix --readonly stack-volumes-lvmdriver-1/volume-c2823f0c-ca18-4fdf-9f58-dd52e445c5dc" returned: 0 in 0.888s {{(pid=97585) execute /usr/local/lib/python3.8/dist-packages/oslo_concurrency/processutils.py:422}}
Aug 05 09:33:09.296150 n-d-852099-1 cinder-volume[97585]: DEBUG oslo_concurrency.processutils [None req-cc2169f0-1db7-4e9b-8444-653e810ddffb tempest-GroupsV314Test-231389192 None] Running cmd (subprocess): sudo cinder-rootwrap /etc/cinder/rootwrap.conf env LC_ALL=C lvcreate --name clone-snap-885ccd69-f096-4bda-aef3-45a3a8d7ee87 --snapshot stack-volumes-lvmdriver-1/volume-c2823f0c-ca18-4fdf-9f58-dd52e445c5dc -L 1.00g {{(pid=97585) execute /usr/local/lib/python3.8/dist-packages/oslo_concurrency/processutils.py:384}}
Aug 05 09:33:09.346454 n-d-852099-1 sudo[117600]: ubuntu : TTY=unknown ; PWD=/ ; USER=root ; COMMAND=/usr/local/bin/cinder-rootwrap /etc/cinder/rootwrap.conf env LC_ALL=C lvcreate --name clone-snap-885ccd69-f096-4bda-aef3-45a3a8d7ee87 --snapshot stack-volumes-lvmdriver-1/volume-c2823f0c-ca18-4fdf-9f58-dd52e445c5dc -L 1.00g
Aug 05 09:33:09.349510 n-d-852099-1 sudo[117600]: pam_unix(sudo:session): session opened for user root by (uid=0)
Aug 05 09:33:10.144905 n-d-852099-1 sudo[117600]: pam_unix(sudo:session): session closed for user root
Aug 05 09:33:10.147615 n-d-852099-1 cinder-volume[97585]: DEBUG oslo_concurrency.processutils [None req-cc2169f0-1db7-4e9b-8444-653e810ddffb tempest-GroupsV314Test-231389192 None] CMD "sudo cinder-rootwrap /etc/cinder/rootwrap.conf env LC_ALL=C lvcreate --name clone-snap-885ccd69-f096-4bda-aef3-45a3a8d7ee87 --snapshot stack-volumes-lvmdriver-1/volume-c2823f0c-ca18-4fdf-9f58-dd52e445c5dc -L 1.00g" returned: 0 in 0.851s {{(pid=97585) execute /usr/local/lib/python3.8/dist-packages/oslo_concurrency/processutils.py:422}}
Aug 05 09:33:10.151082 n-d-852099-1 cinder-volume[97585]: DEBUG oslo_concurrency.processutils [None req-cc2169f0-1db7-4e9b-8444-653e810ddffb tempest-GroupsV314Test-231389192 None] Running cmd (subprocess): sudo cinder-rootwrap /etc/cinder/rootwrap.conf env LC_ALL=C lvcreate -n volume-885ccd69-f096-4bda-aef3-45a3a8d7ee87 stack-volumes-lvmdriver-1 -L 1g {{(pid=97585) execute /usr/local/lib/python3.8/dist-packages/oslo_concurrency/processutils.py:384}}
Aug 05 09:33:10.193004 n-d-852099-1 sudo[117707]: ubuntu : TTY=unknown ; PWD=/ ; USER=root ; COMMAND=/usr/local/bin/cinder-rootwrap /etc/cinder/rootwrap.conf env LC_ALL=C lvcreate -n volume-885ccd69-f096-4bda-aef3-45a3a8d7ee87 stack-volumes-lvmdriver-1 -L 1g
Aug 05 09:33:10.199370 n-d-852099-1 sudo[117707]: pam_unix(sudo:session): session opened for user root by (uid=0)
Aug 05 09:33:10.986952 n-d-852099-1 sudo[117707]: pam_unix(sudo:session): session closed for user root
Aug 05 09:33:10.989341 n-d-852099-1 cinder-volume[97585]: DEBUG oslo_concurrency.processutils [None req-cc2169f0-1db7-4e9b-8444-653e810ddffb tempest-GroupsV314Test-231389192 None] CMD "sudo cinder-rootwrap /etc/cinder/rootwrap.conf env LC_ALL=C lvcreate -n volume-885ccd69-f096-4bda-aef3-45a3a8d7ee87 stack-volumes-lvmdriver-1 -L 1g" returned: 0 in 0.838s {{(pid=97585) execute /usr/local/lib/python3.8/dist-packages/oslo_concurrency/processutils.py:422}}
Aug 05 09:33:10.991504 n-d-852099-1 cinder-volume[97585]: DEBUG oslo_concurrency.processutils [None req-cc2169f0-1db7-4e9b-8444-653e810ddffb tempest-GroupsV314Test-231389192 None] Running cmd (subprocess): sudo cinder-rootwrap /etc/cinder/rootwrap.conf env LC_ALL=C vgs --version {{(pid=97585) execute /usr/local/lib/python3.8/dist-packages/oslo_concurrency/processutils.py:384}}
Aug 05 09:33:11.048642 n-d-852099-1 sudo[117743]: ubuntu : TTY=unknown ; PWD=/ ; USER=root ; COMMAND=/usr/local/bin/cinder-rootwrap /etc/cinder/rootwrap.conf env LC_ALL=C vgs --version
Aug 05 09:33:11.050502 n-d-852099-1 sudo[117743]: pam_unix(sudo:session): session opened for user root by (uid=0)
Aug 05 09:33:11.618313 n-d-852099-1 sudo[117743]: pam_unix(sudo:session): session closed for user root
Aug 05 09:33:11.625731 n-d-852099-1 cinder-volume[97585]: DEBUG oslo_concurrency.processutils [None req-cc2169f0-1db7-4e9b-8444-653e810ddffb tempest-GroupsV314Test-231389192 None] CMD "sudo cinder-rootwrap /etc/cinder/rootwrap.conf env LC_ALL=C vgs --version" returned: 0 in 0.634s {{(pid=97585) execute /usr/local/lib/python3.8/dist-packages/oslo_concurrency/processutils.py:422}}
Aug 05 09:33:11.628059 n-d-852099-1 cinder-volume[97585]: DEBUG oslo_concurrency.processutils [None req-cc2169f0-1db7-4e9b-8444-653e810ddffb tempest-GroupsV314Test-231389192 None] Running cmd (subprocess): sudo cinder-rootwrap /etc/cinder/rootwrap.conf lvchange -a y --yes -K stack-volumes-lvmdriver-1/clone-snap-885ccd69-f096-4bda-aef3-45a3a8d7ee87 {{(pid=97585) execute /usr/local/lib/python3.8/dist-packages/oslo_concurrency/processutils.py:384}}
Aug 05 09:33:11.690354 n-d-852099-1 sudo[117746]: ubuntu : TTY=unknown ; PWD=/ ; USER=root ; COMMAND=/usr/local/bin/cinder-rootwrap /etc/cinder/rootwrap.conf lvchange -a y --yes -K stack-volumes-lvmdriver-1/clone-snap-885ccd69-f096-4bda-aef3-45a3a8d7ee87
Aug 05 09:33:11.693507 n-d-852099-1 sudo[117746]: pam_unix(sudo:session): session opened for user root by (uid=0)
Aug 05 09:33:12.348528 n-d-852099-1 sudo[117746]: pam_unix(sudo:session): session closed for user root
Aug 05 09:33:12.351207 n-d-852099-1 cinder-volume[97585]: DEBUG oslo_concurrency.processutils [None req-cc2169f0-1db7-4e9b-8444-653e810ddffb tempest-GroupsV314Test-231389192 None] CMD "sudo cinder-rootwrap /etc/cinder/rootwrap.conf lvchange -a y --yes -K stack-volumes-lvmdriver-1/clone-snap-885ccd69-f096-4bda-aef3-45a3a8d7ee87" returned: 0 in 0.723s {{(pid=97585) execute /usr/local/lib/python3.8/dist-packages/oslo_concurrency/processutils.py:422}}
Aug 05 09:33:12.353727 n-d-852099-1 cinder-volume[97585]: DEBUG oslo_concurrency.processutils [None req-cc2169f0-1db7-4e9b-8444-653e810ddffb tempest-GroupsV314Test-231389192 None] Running cmd (subprocess): sudo cinder-rootwrap /etc/cinder/rootwrap.conf dd count=0 if=/dev/mapper/stack--volumes--lvmdriver--1-clone--snap--885ccd69--f096--4bda--aef3--45a3a8d7ee87 of=/dev/mapper/stack--volumes--lvmdriver--1-volume--885ccd69--f096--4bda--aef3--45a3a8d7ee87 iflag=direct {{(pid=97585) execute /usr/local/lib/python3.8/dist-packages/oslo_concurrency/processutils.py:384}}
Aug 05 09:33:12.412571 n-d-852099-1 sudo[117749]: ubuntu : TTY=unknown ; PWD=/ ; USER=root ; COMMAND=/usr/local/bin/cinder-rootwrap /etc/cinder/rootwrap.conf dd count=0 if=/dev/mapper/stack--volumes--lvmdriver--1-clone--snap--885ccd69--f096--4bda--aef3--45a3a8d7ee87 of=/dev/mapper/stack--volumes--lvmdriver--1-volume--885ccd69--f096--4bda--aef3--45a3a8d7ee87 iflag=direct
Aug 05 09:33:12.417566 n-d-852099-1 sudo[117749]: pam_unix(sudo:session): session opened for user root by (uid=0)
Aug 05 09:33:13.383430 n-d-852099-1 sudo[117749]: pam_unix(sudo:session): session closed for user root
Aug 05 09:33:13.385774 n-d-852099-1 cinder-volume[97585]: DEBUG oslo_concurrency.processutils [None req-cc2169f0-1db7-4e9b-8444-653e810ddffb tempest-GroupsV314Test-231389192 None] CMD "sudo cinder-rootwrap /etc/cinder/rootwrap.conf dd count=0 if=/dev/mapper/stack--volumes--lvmdriver--1-clone--snap--885ccd69--f096--4bda--aef3--45a3a8d7ee87 of=/dev/mapper/stack--volumes--lvmdriver--1-volume--885ccd69--f096--4bda--aef3--45a3a8d7ee87 iflag=direct" returned: 0 in 1.032s {{(pid=97585) execute /usr/local/lib/python3.8/dist-packages/oslo_concurrency/processutils.py:422}}
Aug 05 09:33:13.387585 n-d-852099-1 cinder-volume[97585]: DEBUG oslo_concurrency.processutils [None req-cc2169f0-1db7-4e9b-8444-653e810ddffb tempest-GroupsV314Test-231389192 None] Running cmd (subprocess): sudo cinder-rootwrap /etc/cinder/rootwrap.conf dd count=0 if=/dev/mapper/stack--volumes--lvmdriver--1-clone--snap--885ccd69--f096--4bda--aef3--45a3a8d7ee87 of=/dev/mapper/stack--volumes--lvmdriver--1-volume--885ccd69--f096--4bda--aef3--45a3a8d7ee87 oflag=direct {{(pid=97585) execute /usr/local/lib/python3.8/dist-packages/oslo_concurrency/processutils.py:384}}
Aug 05 09:33:13.429390 n-d-852099-1 sudo[117761]: ubuntu : TTY=unknown ; PWD=/ ; USER=root ; COMMAND=/usr/local/bin/cinder-rootwrap /etc/cinder/rootwrap.conf dd count=0 if=/dev/mapper/stack--volumes--lvmdriver--1-clone--snap--885ccd69--f096--4bda--aef3--45a3a8d7ee87 of=/dev/mapper/stack--volumes--lvmdriver--1-volume--885ccd69--f096--4bda--aef3--45a3a8d7ee87 oflag=direct
Aug 05 09:33:13.432250 n-d-852099-1 sudo[117761]: pam_unix(sudo:session): session opened for user root by (uid=0)
Aug 05 09:33:14.418372 n-d-852099-1 sudo[117761]: pam_unix(sudo:session): session closed for user root
Aug 05 09:33:14.423072 n-d-852099-1 cinder-volume[97585]: DEBUG oslo_concurrency.processutils [None req-cc2169f0-1db7-4e9b-8444-653e810ddffb tempest-GroupsV314Test-231389192 None] CMD "sudo cinder-rootwrap /etc/cinder/rootwrap.conf dd count=0 if=/dev/mapper/stack--volumes--lvmdriver--1-clone--snap--885ccd69--f096--4bda--aef3--45a3a8d7ee87 of=/dev/mapper/stack--volumes--lvmdriver--1-volume--885ccd69--f096--4bda--aef3--45a3a8d7ee87 oflag=direct" returned: 0 in 1.034s {{(pid=97585) execute /usr/local/lib/python3.8/dist-packages/oslo_concurrency/processutils.py:422}}
Aug 05 09:33:14.424126 n-d-852099-1 cinder-volume[97585]: DEBUG oslo_concurrency.processutils [None req-cc2169f0-1db7-4e9b-8444-653e810ddffb tempest-GroupsV314Test-231389192 None] Running cmd (subprocess): sudo cinder-rootwrap /etc/cinder/rootwrap.conf dd if=/dev/mapper/stack--volumes--lvmdriver--1-clone--snap--885ccd69--f096--4bda--aef3--45a3a8d7ee87 of=/dev/mapper/stack--volumes--lvmdriver--1-volume--885ccd69--f096--4bda--aef3--45a3a8d7ee87 count=1073741824 bs=1M iflag=count_bytes,direct oflag=direct {{(pid=97585) execute /usr/local/lib/python3.8/dist-packages/oslo_concurrency/processutils.py:384}}
Aug 05 09:33:14.480099 n-d-852099-1 sudo[117798]: ubuntu : TTY=unknown ; PWD=/ ; USER=root ; COMMAND=/usr/local/bin/cinder-rootwrap /etc/cinder/rootwrap.conf dd if=/dev/mapper/stack--volumes--lvmdriver--1-clone--snap--885ccd69--f096--4bda--aef3--45a3a8d7ee87 of=/dev/mapper/stack--volumes--lvmdriver--1-volume--885ccd69--f096--4bda--aef3--45a3a8d7ee87 count=1073741824 bs=1M iflag=count_bytes,direct oflag=direct
Aug 05 09:33:14.481782 n-d-852099-1 sudo[117798]: pam_unix(sudo:session): session opened for user root by (uid=0)
Aug 05 09:33:15.991968 n-d-852099-1 cinder-volume[97585]: INFO cinder.volume.manager [req-30ab6523-3ac4-41ef-8025-970fb16cdde0 req-39200fd5-b24a-4aa8-ba8e-655a5b75450d tempest-VolumesAdminNegativeTest-240251934 None] Terminate volume connection completed successfully.
Aug 05 09:33:15.992750 n-d-852099-1 cinder-volume[97585]: DEBUG cinder.volume.manager [req-30ab6523-3ac4-41ef-8025-970fb16cdde0 req-39200fd5-b24a-4aa8-ba8e-655a5b75450d tempest-VolumesAdminNegativeTest-240251934 None] Deleting attachment 5fe475d9-1d8f-4554-9917-d02c7dbab51f. {{(pid=97585) _do_attachment_delete /opt/stack/cinder/cinder/volume/manager.py:4868}}
Aug 05 09:33:15.996952 n-d-852099-1 cinder-volume[97585]: DEBUG oslo_concurrency.processutils [-] Running cmd (subprocess): tgt-admin --show {{(pid=109740) execute /usr/local/lib/python3.8/dist-packages/oslo_concurrency/processutils.py:384}}
Aug 05 09:33:16.258058 n-d-852099-1 cinder-volume[97585]: DEBUG oslo_concurrency.processutils [-] CMD "tgt-admin --show" returned: 0 in 0.263s {{(pid=109740) execute /usr/local/lib/python3.8/dist-packages/oslo_concurrency/processutils.py:422}}
Aug 05 09:33:16.259176 n-d-852099-1 cinder-volume[97585]: DEBUG oslo.privsep.daemon [-] privsep: reply[140109956586480]: (4, ('Target 1: iqn.2010-10.org.openstack:volume-5a4d8e0a-7731-49c3-b316-66ad06d3217d\n System information:\n Driver: iscsi\n State: ready\n I_T nexus information:\n LUN information:\n LUN: 0\n Type: controller\n SCSI ID: IET 00010000\n SCSI SN: beaf10\n Size: 0 MB, Block size: 1\n Online: Yes\n Removable media: No\n Prevent removal: No\n Readonly: No\n SWP: No\n Thin-provisioning: No\n Backing store type: null\n Backing store path: None\n Backing store flags: \n LUN: 1\n Type: disk\n SCSI ID: IET 00010001\n SCSI SN: beaf11\n Size: 1074 MB, Block size: 512\n Online: Yes\n Removable media: No\n Prevent removal: No\n Readonly: No\n SWP: No\n Thin-provisioning: No\n Backing store type: rdwr\n Backing store path: /dev/stack-volumes-lvmdriver-1/volume-5a4d8e0a-7731-49c3-b316-66ad06d3217d\n Backing store flags: \n Account information:\n GgbpemzygLSfgd9PQRS9\n ACL information:\n ALL\n', '')) {{(pid=109740) _call_back /usr/local/lib/python3.8/dist-packages/oslo_privsep/daemon.py:510}}
Aug 05 09:33:16.260184 n-d-852099-1 cinder-volume[97585]: INFO cinder.volume.targets.tgt [req-30ab6523-3ac4-41ef-8025-970fb16cdde0 req-39200fd5-b24a-4aa8-ba8e-655a5b75450d tempest-VolumesAdminNegativeTest-240251934 None] Removing iscsi_target for Volume ID: 5a4d8e0a-7731-49c3-b316-66ad06d3217d
Aug 05 09:33:16.263665 n-d-852099-1 cinder-volume[97585]: DEBUG oslo_concurrency.processutils [-] Running cmd (subprocess): tgt-admin --delete iqn.2010-10.org.openstack:volume-5a4d8e0a-7731-49c3-b316-66ad06d3217d -f {{(pid=109740) execute /usr/local/lib/python3.8/dist-packages/oslo_concurrency/processutils.py:384}}
Aug 05 09:33:16.486174 n-d-852099-1 cinder-volume[97585]: DEBUG oslo_concurrency.processutils [-] CMD "tgt-admin --delete iqn.2010-10.org.openstack:volume-5a4d8e0a-7731-49c3-b316-66ad06d3217d -f" returned: 0 in 0.224s {{(pid=109740) execute /usr/local/lib/python3.8/dist-packages/oslo_concurrency/processutils.py:422}}
Aug 05 09:33:16.486654 n-d-852099-1 cinder-volume[97585]: DEBUG oslo.privsep.daemon [-] privsep: reply[140109956586480]: (4, None) {{(pid=109740) _call_back /usr/local/lib/python3.8/dist-packages/oslo_privsep/daemon.py:510}}
Aug 05 09:33:16.490091 n-d-852099-1 cinder-volume[97585]: DEBUG oslo_concurrency.processutils [-] Running cmd (subprocess): tgt-admin --show {{(pid=109740) execute /usr/local/lib/python3.8/dist-packages/oslo_concurrency/processutils.py:384}}
Aug 05 09:33:16.725896 n-d-852099-1 cinder-volume[97585]: DEBUG oslo_concurrency.processutils [-] CMD "tgt-admin --show" returned: 0 in 0.237s {{(pid=109740) execute /usr/local/lib/python3.8/dist-packages/oslo_concurrency/processutils.py:422}}
Aug 05 09:33:16.726248 n-d-852099-1 cinder-volume[97585]: DEBUG oslo.privsep.daemon [-] privsep: reply[140109956586480]: (4, ('', '')) {{(pid=109740) _call_back /usr/local/lib/python3.8/dist-packages/oslo_privsep/daemon.py:510}}
Aug 05 09:33:23.082831 n-d-852099-1 sudo[117798]: pam_unix(sudo:session): session closed for user root
Aug 05 09:33:23.084635 n-d-852099-1 cinder-volume[97585]: DEBUG oslo_concurrency.processutils [None req-cc2169f0-1db7-4e9b-8444-653e810ddffb tempest-GroupsV314Test-231389192 None] CMD "sudo cinder-rootwrap /etc/cinder/rootwrap.conf dd if=/dev/mapper/stack--volumes--lvmdriver--1-clone--snap--885ccd69--f096--4bda--aef3--45a3a8d7ee87 of=/dev/mapper/stack--volumes--lvmdriver--1-volume--885ccd69--f096--4bda--aef3--45a3a8d7ee87 count=1073741824 bs=1M iflag=count_bytes,direct oflag=direct" returned: 0 in 8.660s {{(pid=97585) execute /usr/local/lib/python3.8/dist-packages/oslo_concurrency/processutils.py:422}}
Aug 05 09:33:23.085895 n-d-852099-1 cinder-volume[97585]: DEBUG cinder.volume.volume_utils [None req-cc2169f0-1db7-4e9b-8444-653e810ddffb tempest-GroupsV314Test-231389192 None] Volume copy details: src /dev/mapper/stack--volumes--lvmdriver--1-clone--snap--885ccd69--f096--4bda--aef3--45a3a8d7ee87, dest /dev/mapper/stack--volumes--lvmdriver--1-volume--885ccd69--f096--4bda--aef3--45a3a8d7ee87, size 1024.00 MB, duration 8.66 sec {{(pid=97585) _copy_volume_with_path /opt/stack/cinder/cinder/volume/volume_utils.py:507}}
Aug 05 09:33:23.086445 n-d-852099-1 cinder-volume[97585]: INFO cinder.volume.volume_utils [None req-cc2169f0-1db7-4e9b-8444-653e810ddffb tempest-GroupsV314Test-231389192 None] Volume copy 1024.00 MB at 118.21 MB/s
Aug 05 09:33:23.087775 n-d-852099-1 cinder-volume[97585]: DEBUG oslo_concurrency.processutils [None req-cc2169f0-1db7-4e9b-8444-653e810ddffb tempest-GroupsV314Test-231389192 None] Running cmd (subprocess): sudo cinder-rootwrap /etc/cinder/rootwrap.conf env LC_ALL=C lvs --noheadings --unit=g -o vg_name,name,size --nosuffix --readonly stack-volumes-lvmdriver-1/clone-snap-885ccd69-f096-4bda-aef3-45a3a8d7ee87 {{(pid=97585) execute /usr/local/lib/python3.8/dist-packages/oslo_concurrency/processutils.py:384}}
Aug 05 09:33:23.132368 n-d-852099-1 sudo[117990]: ubuntu : TTY=unknown ; PWD=/ ; USER=root ; COMMAND=/usr/local/bin/cinder-rootwrap /etc/cinder/rootwrap.conf env LC_ALL=C lvs --noheadings --unit=g -o vg_name,name,size --nosuffix --readonly stack-volumes-lvmdriver-1/clone-snap-885ccd69-f096-4bda-aef3-45a3a8d7ee87
Aug 05 09:33:23.139894 n-d-852099-1 sudo[117990]: pam_unix(sudo:session): session opened for user root by (uid=0)
Aug 05 09:33:23.896265 n-d-852099-1 sudo[117990]: pam_unix(sudo:session): session closed for user root
Aug 05 09:33:23.899273 n-d-852099-1 cinder-volume[97585]: DEBUG oslo_concurrency.processutils [None req-cc2169f0-1db7-4e9b-8444-653e810ddffb tempest-GroupsV314Test-231389192 None] CMD "sudo cinder-rootwrap /etc/cinder/rootwrap.conf env LC_ALL=C lvs --noheadings --unit=g -o vg_name,name,size --nosuffix --readonly stack-volumes-lvmdriver-1/clone-snap-885ccd69-f096-4bda-aef3-45a3a8d7ee87" returned: 0 in 0.811s {{(pid=97585) execute /usr/local/lib/python3.8/dist-packages/oslo_concurrency/processutils.py:422}}
Aug 05 09:33:23.901606 n-d-852099-1 cinder-volume[97585]: DEBUG oslo_concurrency.processutils [None req-cc2169f0-1db7-4e9b-8444-653e810ddffb tempest-GroupsV314Test-231389192 None] Running cmd (subprocess): sudo cinder-rootwrap /etc/cinder/rootwrap.conf lvremove --config activation { retry_deactivation = 1} -f stack-volumes-lvmdriver-1/clone-snap-885ccd69-f096-4bda-aef3-45a3a8d7ee87 {{(pid=97585) execute /usr/local/lib/python3.8/dist-packages/oslo_concurrency/processutils.py:384}}
Aug 05 09:33:23.963359 n-d-852099-1 sudo[117993]: ubuntu : TTY=unknown ; PWD=/ ; USER=root ; COMMAND=/usr/local/bin/cinder-rootwrap /etc/cinder/rootwrap.conf lvremove --config activation { retry_deactivation = 1} -f stack-volumes-lvmdriver-1/clone-snap-885ccd69-f096-4bda-aef3-45a3a8d7ee87
Aug 05 09:33:23.964495 n-d-852099-1 sudo[117993]: pam_unix(sudo:session): session opened for user root by (uid=0)
Aug 05 09:33:24.990682 n-d-852099-1 sudo[117993]: pam_unix(sudo:session): session closed for user root
Aug 05 09:33:24.994929 n-d-852099-1 cinder-volume[97585]: DEBUG oslo_concurrency.processutils [None req-cc2169f0-1db7-4e9b-8444-653e810ddffb tempest-GroupsV314Test-231389192 None] CMD "sudo cinder-rootwrap /etc/cinder/rootwrap.conf lvremove --config activation { retry_deactivation = 1} -f stack-volumes-lvmdriver-1/clone-snap-885ccd69-f096-4bda-aef3-45a3a8d7ee87" returned: 0 in 1.093s {{(pid=97585) execute /usr/local/lib/python3.8/dist-packages/oslo_concurrency/processutils.py:422}}
Aug 05 09:33:25.258488 n-d-852099-1 cinder-volume[97585]: INFO cinder.volume.manager [None req-cc2169f0-1db7-4e9b-8444-653e810ddffb tempest-GroupsV314Test-231389192 None] Create group from source-group-4e95e4e8-c580-4671-a658-7bbadb0730e1 completed successfully.
Aug 05 09:33:26.090579 n-d-852099-1 cinder-volume[97585]: INFO cinder.volume.targets.iscsi [None req-ec383eb5-a409-4c45-b0b7-c94f26a2097c tempest-GroupsV314Test-231389192 None] Skipping remove_export. No iscsi_target is presently exported for volume: 885ccd69-f096-4bda-aef3-45a3a8d7ee87
Aug 05 09:33:26.093746 n-d-852099-1 cinder-volume[97585]: DEBUG oslo_concurrency.processutils [None req-ec383eb5-a409-4c45-b0b7-c94f26a2097c tempest-GroupsV314Test-231389192 None] Running cmd (subprocess): sudo cinder-rootwrap /etc/cinder/rootwrap.conf env LC_ALL=C lvs --noheadings --unit=g -o vg_name,name,size --nosuffix --readonly stack-volumes-lvmdriver-1/volume-885ccd69-f096-4bda-aef3-45a3a8d7ee87 {{(pid=97585) execute /usr/local/lib/python3.8/dist-packages/oslo_concurrency/processutils.py:384}}
Aug 05 09:33:26.161570 n-d-852099-1 sudo[118078]: ubuntu : TTY=unknown ; PWD=/ ; USER=root ; COMMAND=/usr/local/bin/cinder-rootwrap /etc/cinder/rootwrap.conf env LC_ALL=C lvs --noheadings --unit=g -o vg_name,name,size --nosuffix --readonly stack-volumes-lvmdriver-1/volume-885ccd69-f096-4bda-aef3-45a3a8d7ee87
Aug 05 09:33:26.168411 n-d-852099-1 sudo[118078]: pam_unix(sudo:session): session opened for user root by (uid=0)
Aug 05 09:33:27.231514 n-d-852099-1 sudo[118078]: pam_unix(sudo:session): session closed for user root
Aug 05 09:33:27.234109 n-d-852099-1 cinder-volume[97585]: DEBUG oslo_concurrency.processutils [None req-ec383eb5-a409-4c45-b0b7-c94f26a2097c tempest-GroupsV314Test-231389192 None] CMD "sudo cinder-rootwrap /etc/cinder/rootwrap.conf env LC_ALL=C lvs --noheadings --unit=g -o vg_name,name,size --nosuffix --readonly stack-volumes-lvmdriver-1/volume-885ccd69-f096-4bda-aef3-45a3a8d7ee87" returned: 0 in 1.140s {{(pid=97585) execute /usr/local/lib/python3.8/dist-packages/oslo_concurrency/processutils.py:422}}
Aug 05 09:33:27.236825 n-d-852099-1 cinder-volume[97585]: DEBUG oslo_concurrency.processutils [None req-ec383eb5-a409-4c45-b0b7-c94f26a2097c tempest-GroupsV314Test-231389192 None] Running cmd (subprocess): sudo cinder-rootwrap /etc/cinder/rootwrap.conf env LC_ALL=C lvdisplay --noheading -C -o Attr --readonly stack-volumes-lvmdriver-1/volume-885ccd69-f096-4bda-aef3-45a3a8d7ee87 {{(pid=97585) execute /usr/local/lib/python3.8/dist-packages/oslo_concurrency/processutils.py:384}}
Aug 05 09:33:27.281729 n-d-852099-1 sudo[118118]: ubuntu : TTY=unknown ; PWD=/ ; USER=root ; COMMAND=/usr/local/bin/cinder-rootwrap /etc/cinder/rootwrap.conf env LC_ALL=C lvdisplay --noheading -C -o Attr --readonly stack-volumes-lvmdriver-1/volume-885ccd69-f096-4bda-aef3-45a3a8d7ee87
Aug 05 09:33:27.282694 n-d-852099-1 sudo[118118]: pam_unix(sudo:session): session opened for user root by (uid=0)
Aug 05 09:33:28.259753 n-d-852099-1 sudo[118118]: pam_unix(sudo:session): session closed for user root
Aug 05 09:33:28.262884 n-d-852099-1 cinder-volume[97585]: DEBUG oslo_concurrency.processutils [None req-ec383eb5-a409-4c45-b0b7-c94f26a2097c tempest-GroupsV314Test-231389192 None] CMD "sudo cinder-rootwrap /etc/cinder/rootwrap.conf env LC_ALL=C lvdisplay --noheading -C -o Attr --readonly stack-volumes-lvmdriver-1/volume-885ccd69-f096-4bda-aef3-45a3a8d7ee87" returned: 0 in 1.025s {{(pid=97585) execute /usr/local/lib/python3.8/dist-packages/oslo_concurrency/processutils.py:422}}
Aug 05 09:33:28.266796 n-d-852099-1 cinder-volume[97585]: DEBUG oslo_concurrency.processutils [None req-ec383eb5-a409-4c45-b0b7-c94f26a2097c tempest-GroupsV314Test-231389192 None] Running cmd (subprocess): sudo cinder-rootwrap /etc/cinder/rootwrap.conf lvremove --config activation { retry_deactivation = 1} -f stack-volumes-lvmdriver-1/volume-885ccd69-f096-4bda-aef3-45a3a8d7ee87 {{(pid=97585) execute /usr/local/lib/python3.8/dist-packages/oslo_concurrency/processutils.py:384}}
Aug 05 09:33:28.337844 n-d-852099-1 sudo[118132]: ubuntu : TTY=unknown ; PWD=/ ; USER=root ; COMMAND=/usr/local/bin/cinder-rootwrap /etc/cinder/rootwrap.conf lvremove --config activation { retry_deactivation = 1} -f stack-volumes-lvmdriver-1/volume-885ccd69-f096-4bda-aef3-45a3a8d7ee87
Aug 05 09:33:28.342034 n-d-852099-1 sudo[118132]: pam_unix(sudo:session): session opened for user root by (uid=0)
Aug 05 09:33:29.589511 n-d-852099-1 sudo[118132]: pam_unix(sudo:session): session closed for user root
Aug 05 09:33:29.591815 n-d-852099-1 cinder-volume[97585]: DEBUG oslo_concurrency.processutils [None req-ec383eb5-a409-4c45-b0b7-c94f26a2097c tempest-GroupsV314Test-231389192 None] CMD "sudo cinder-rootwrap /etc/cinder/rootwrap.conf lvremove --config activation { retry_deactivation = 1} -f stack-volumes-lvmdriver-1/volume-885ccd69-f096-4bda-aef3-45a3a8d7ee87" returned: 0 in 1.326s {{(pid=97585) execute /usr/local/lib/python3.8/dist-packages/oslo_concurrency/processutils.py:422}}
Aug 05 09:33:29.592911 n-d-852099-1 cinder-volume[97585]: INFO cinder.volume.drivers.lvm [None req-ec383eb5-a409-4c45-b0b7-c94f26a2097c tempest-GroupsV314Test-231389192 None] Successfully deleted volume: 885ccd69-f096-4bda-aef3-45a3a8d7ee87
Aug 05 09:33:29.818187 n-d-852099-1 cinder-volume[97585]: DEBUG cinder.quota [None req-ec383eb5-a409-4c45-b0b7-c94f26a2097c tempest-GroupsV314Test-231389192 None] Created reservations ['d9b96d4f-a50a-4287-92b1-8e0cc0bab368'] {{(pid=97585) reserve /opt/stack/cinder/cinder/quota.py:756}}
Aug 05 09:33:29.885029 n-d-852099-1 cinder-volume[97585]: WARNING cinder.quota [None req-ec383eb5-a409-4c45-b0b7-c94f26a2097c tempest-GroupsV314Test-231389192 None] Deprecated: Default quota for resource: volumes_tempest-GroupsV314Test-volume-type-1522000977 is set by the default quota flag: quota_volumes_tempest-GroupsV314Test-volume-type-1522000977, it is now deprecated. Please use the default quota class for default quota.
Aug 05 09:33:29.886084 n-d-852099-1 cinder-volume[97585]: WARNING cinder.quota [None req-ec383eb5-a409-4c45-b0b7-c94f26a2097c tempest-GroupsV314Test-231389192 None] Deprecated: Default quota for resource: gigabytes_tempest-GroupsV314Test-volume-type-1522000977 is set by the default quota flag: quota_gigabytes_tempest-GroupsV314Test-volume-type-1522000977, it is now deprecated. Please use the default quota class for default quota.
Aug 05 09:33:29.929793 n-d-852099-1 cinder-volume[97585]: DEBUG cinder.quota [None req-ec383eb5-a409-4c45-b0b7-c94f26a2097c tempest-GroupsV314Test-231389192 None] Created reservations ['7486c8e0-75a6-46af-8c99-3b00ea441eb3', 'ccc1a7f6-d706-4ccc-9b14-8f9d9cc1b9a1', 'c5b16d9a-2c4e-4b47-a228-e094db7177eb', '0c612dff-21ff-4f1e-a599-6e6a18c5dfda'] {{(pid=97585) reserve /opt/stack/cinder/cinder/quota.py:756}}
Aug 05 09:33:30.113019 n-d-852099-1 cinder-volume[97585]: DEBUG cinder.volume.drivers.lvm [None req-ec383eb5-a409-4c45-b0b7-c94f26a2097c tempest-GroupsV314Test-231389192 None] Updating volume stats {{(pid=97585) _update_volume_stats /opt/stack/cinder/cinder/volume/drivers/lvm.py:214}}
Aug 05 09:33:30.114983 n-d-852099-1 cinder-volume[97585]: DEBUG oslo_concurrency.processutils [None req-ec383eb5-a409-4c45-b0b7-c94f26a2097c tempest-GroupsV314Test-231389192 None] Running cmd (subprocess): sudo cinder-rootwrap /etc/cinder/rootwrap.conf env LC_ALL=C vgs --noheadings --unit=g -o name,size,free,lv_count,uuid --separator : --nosuffix stack-volumes-lvmdriver-1 {{(pid=97585) execute /usr/local/lib/python3.8/dist-packages/oslo_concurrency/processutils.py:384}}
Aug 05 09:33:30.193999 n-d-852099-1 sudo[118196]: ubuntu : TTY=unknown ; PWD=/ ; USER=root ; COMMAND=/usr/local/bin/cinder-rootwrap /etc/cinder/rootwrap.conf env LC_ALL=C vgs --noheadings --unit=g -o name,size,free,lv_count,uuid --separator : --nosuffix stack-volumes-lvmdriver-1
Aug 05 09:33:30.196031 n-d-852099-1 sudo[118196]: pam_unix(sudo:session): session opened for user root by (uid=0)
Aug 05 09:33:30.997073 n-d-852099-1 cinder-volume[97585]: INFO cinder.volume.targets.iscsi [None req-ff9962b8-9353-4a1f-aff5-5254ce6bf84d tempest-GroupsV314Test-231389192 None] Skipping remove_export. No iscsi_target is presently exported for volume: c2823f0c-ca18-4fdf-9f58-dd52e445c5dc
Aug 05 09:33:30.998538 n-d-852099-1 cinder-volume[97585]: DEBUG oslo_concurrency.processutils [None req-ff9962b8-9353-4a1f-aff5-5254ce6bf84d tempest-GroupsV314Test-231389192 None] Running cmd (subprocess): sudo cinder-rootwrap /etc/cinder/rootwrap.conf env LC_ALL=C lvs --noheadings --unit=g -o vg_name,name,size --nosuffix --readonly stack-volumes-lvmdriver-1/volume-c2823f0c-ca18-4fdf-9f58-dd52e445c5dc {{(pid=97585) execute /usr/local/lib/python3.8/dist-packages/oslo_concurrency/processutils.py:384}}
Aug 05 09:33:31.063581 n-d-852099-1 sudo[118216]: ubuntu : TTY=unknown ; PWD=/ ; USER=root ; COMMAND=/usr/local/bin/cinder-rootwrap /etc/cinder/rootwrap.conf env LC_ALL=C lvs --noheadings --unit=g -o vg_name,name,size --nosuffix --readonly stack-volumes-lvmdriver-1/volume-c2823f0c-ca18-4fdf-9f58-dd52e445c5dc
Aug 05 09:33:31.077047 n-d-852099-1 sudo[118216]: pam_unix(sudo:session): session opened for user root by (uid=0)
Aug 05 09:33:31.090280 n-d-852099-1 cinder-volume[97585]: DEBUG cinder.volume.flows.manager.create_volume [None req-b314b118-bd0f-4555-b907-c119f46e63da tempest-ServersTestBootFromVolume-901144651 None] Volume reschedule parameters: True retry: {'num_attempts': 1, 'backends': ['n-d-852099-1@lvmdriver-1#lvmdriver-1'], 'hosts': ['n-d-852099-1@lvmdriver-1#lvmdriver-1']} {{(pid=97585) get_flow /opt/stack/cinder/cinder/volume/flows/manager/create_volume.py:1286}}
Aug 05 09:33:31.099894 n-d-852099-1 cinder-volume[97585]: WARNING stevedore.named [None req-b314b118-bd0f-4555-b907-c119f46e63da tempest-ServersTestBootFromVolume-901144651 None] Could not load cinder.keymgr.conf_key_mgr.ConfKeyManager
Aug 05 09:33:31.110702 n-d-852099-1 cinder-volume[97585]: WARNING castellan.key_manager [None req-b314b118-bd0f-4555-b907-c119f46e63da tempest-ServersTestBootFromVolume-901144651 None] Deprecation Warning : cinder.keymgr.conf_key_mgr.ConfKeyManager is not a stevedore based driver, trying to load it as a class: stevedore.exception.NoMatches: No 'castellan.drivers' driver found, looking for 'cinder.keymgr.conf_key_mgr.ConfKeyManager'
Aug 05 09:33:31.134334 n-d-852099-1 cinder-volume[97585]: DEBUG cinder.volume.manager [None req-b314b118-bd0f-4555-b907-c119f46e63da tempest-ServersTestBootFromVolume-901144651 None] Flow 'volume_create_manager' (0e91aa63-936b-42f6-a613-e2bc193bdef4) transitioned into state 'RUNNING' from state 'PENDING' {{(pid=97585) _flow_receiver /usr/local/lib/python3.8/dist-packages/taskflow/listeners/logging.py:141}}
Aug 05 09:33:31.149754 n-d-852099-1 cinder-volume[97585]: DEBUG cinder.volume.manager [None req-b314b118-bd0f-4555-b907-c119f46e63da tempest-ServersTestBootFromVolume-901144651 None] Task 'cinder.volume.flows.manager.create_volume.ExtractVolumeRefTask;volume:create' (4f08a107-7c0c-466e-af95-9e6cc895b10b) transitioned into state 'RUNNING' from state 'PENDING' {{(pid=97585) _task_receiver /usr/local/lib/python3.8/dist-packages/taskflow/listeners/logging.py:190}}
Aug 05 09:33:31.161947 n-d-852099-1 sudo[118196]: pam_unix(sudo:session): session closed for user root
Aug 05 09:33:31.239399 n-d-852099-1 cinder-volume[97585]: DEBUG oslo_db.sqlalchemy.engines [None req-b314b118-bd0f-4555-b907-c119f46e63da tempest-ServersTestBootFromVolume-901144651 None] MySQL server mode set to STRICT_TRANS_TABLES,STRICT_ALL_TABLES,NO_ZERO_IN_DATE,NO_ZERO_DATE,ERROR_FOR_DIVISION_BY_ZERO,TRADITIONAL,NO_ENGINE_SUBSTITUTION {{(pid=97585) _check_effective_sql_mode /usr/local/lib/python3.8/dist-packages/oslo_db/sqlalchemy/engines.py:304}}
Aug 05 09:33:31.285438 n-d-852099-1 cinder-volume[97585]: DEBUG oslo_concurrency.processutils [None req-ec383eb5-a409-4c45-b0b7-c94f26a2097c tempest-GroupsV314Test-231389192 None] CMD "sudo cinder-rootwrap /etc/cinder/rootwrap.conf env LC_ALL=C vgs --noheadings --unit=g -o name,size,free,lv_count,uuid --separator : --nosuffix stack-volumes-lvmdriver-1" returned: 0 in 1.171s {{(pid=97585) execute /usr/local/lib/python3.8/dist-packages/oslo_concurrency/processutils.py:422}}
Aug 05 09:33:31.295759 n-d-852099-1 cinder-volume[97585]: DEBUG cinder.volume.manager [None req-b314b118-bd0f-4555-b907-c119f46e63da tempest-ServersTestBootFromVolume-901144651 None] Task 'cinder.volume.flows.manager.create_volume.ExtractVolumeRefTask;volume:create' (4f08a107-7c0c-466e-af95-9e6cc895b10b) transitioned into state 'SUCCESS' from state 'RUNNING' with result 'Volume(_name_id=None,admin_metadata=,attach_status='detached',availability_zone='nova',bootable=False,cluster=,cluster_name=None,consistencygroup=,consistencygroup_id=None,created_at=2022-08-05T09:33:30Z,deleted=False,deleted_at=None,display_description=None,display_name='tempest-tempest.common.compute-volume-85025692',ec2_id=None,encryption_key_id=None,glance_metadata=,group=,group_id=None,host='n-d-852099-1@lvmdriver-1#lvmdriver-1',id=c434807d-21ae-48a2-baa9-bce86bf5c8be,launched_at=None,metadata={},migration_status=None,multiattach=False,previous_status=None,project_id='f6dcdcd572104d148e3046be013bc0ad',provider_auth=None,provider_geometry=None,provider_id=None,provider_location=None,replication_driver_data=None,replication_extended_status=None,replication_status=None,scheduled_at=2022-08-05T09:33:31Z,service_uuid=None,shared_targets=True,size=1,snapshot_id=None,snapshots=,source_volid=None,status='creating',terminated_at=None,updated_at=2022-08-05T09:33:31Z,user_id='4e775f02dc564f7f8feee23f9933c9fd',volume_attachment=VolumeAttachmentList,volume_type=VolumeType(64e8e5cf-8c80-47e2-a92c-6f521acd8709),volume_type_id=64e8e5cf-8c80-47e2-a92c-6f521acd8709)' {{(pid=97585) _task_receiver /usr/local/lib/python3.8/dist-packages/taskflow/listeners/logging.py:178}}
Aug 05 09:33:31.298962 n-d-852099-1 cinder-volume[97585]: DEBUG cinder.volume.manager [None req-b314b118-bd0f-4555-b907-c119f46e63da tempest-ServersTestBootFromVolume-901144651 None] Task 'cinder.volume.flows.manager.create_volume.OnFailureRescheduleTask;volume:create' (2e12359b-6714-4126-aaa2-94ca3ae35c15) transitioned into state 'RUNNING' from state 'PENDING' {{(pid=97585) _task_receiver /usr/local/lib/python3.8/dist-packages/taskflow/listeners/logging.py:190}}
Aug 05 09:33:31.319204 n-d-852099-1 cinder-volume[97585]: DEBUG cinder.volume.manager [None req-b314b118-bd0f-4555-b907-c119f46e63da tempest-ServersTestBootFromVolume-901144651 None] Task 'cinder.volume.flows.manager.create_volume.OnFailureRescheduleTask;volume:create' (2e12359b-6714-4126-aaa2-94ca3ae35c15) transitioned into state 'SUCCESS' from state 'RUNNING' with result 'None' {{(pid=97585) _task_receiver /usr/local/lib/python3.8/dist-packages/taskflow/listeners/logging.py:178}}
Aug 05 09:33:31.328960 n-d-852099-1 cinder-volume[97585]: DEBUG cinder.volume.manager [None req-b314b118-bd0f-4555-b907-c119f46e63da tempest-ServersTestBootFromVolume-901144651 None] Task 'cinder.volume.flows.manager.create_volume.ExtractVolumeSpecTask;volume:create' (f62d180d-ebb4-4d74-8844-0889d59a0bea) transitioned into state 'RUNNING' from state 'PENDING' {{(pid=97585) _task_receiver /usr/local/lib/python3.8/dist-packages/taskflow/listeners/logging.py:190}}
Aug 05 09:33:31.334769 n-d-852099-1 cinder-volume[97585]: DEBUG oslo_concurrency.processutils [None req-ec383eb5-a409-4c45-b0b7-c94f26a2097c tempest-GroupsV314Test-231389192 None] Running cmd (subprocess): sudo cinder-rootwrap /etc/cinder/rootwrap.conf env LC_ALL=C lvs --noheadings --unit=g -o vg_name,name,size --nosuffix --readonly stack-volumes-lvmdriver-1 {{(pid=97585) execute /usr/local/lib/python3.8/dist-packages/oslo_concurrency/processutils.py:384}}
Aug 05 09:33:31.407891 n-d-852099-1 sudo[118225]: ubuntu : TTY=unknown ; PWD=/ ; USER=root ; COMMAND=/usr/local/bin/cinder-rootwrap /etc/cinder/rootwrap.conf env LC_ALL=C lvs --noheadings --unit=g -o vg_name,name,size --nosuffix --readonly stack-volumes-lvmdriver-1
Aug 05 09:33:31.408698 n-d-852099-1 sudo[118225]: pam_unix(sudo:session): session opened for user root by (uid=0)
