Aug 05 20:41:29.470888 n-d-852088-2 devstack@keystone.service[87164]: DEBUG keystone.server.flask.request_processing.req_logging [None req-b4a4f08c-7f2f-4485-82fa-c4812722b5a2 None admin] PATH_INFO: `/v3/auth/tokens` {{(pid=87164) log_request_info /opt/stack/keystone/keystone/server/flask/request_processing/req_logging.py:29}}
Aug 05 20:41:29.514029 n-d-852088-2 devstack@keystone.service[87163]: DEBUG keystone.server.flask.request_processing.middleware.auth_context [None req-3691c01d-b053-410a-bfe4-2731e88a9377 None admin] Validating token access rules against request {{(pid=87163) validate_allowed_request /usr/local/lib/python3.8/dist-packages/keystonemiddleware/auth_token/__init__.py:545}}
Aug 05 20:41:29.543624 n-d-852088-2 devstack@keystone.service[87164]: DEBUG dbcounter [-] [87164] Writing DB stats keystone:SELECT=100 {{(pid=87164) stat_writer /usr/local/lib/python3.8/dist-packages/dbcounter.py:114}}
Aug 05 20:41:29.581687 n-d-852088-2 devstack@keystone.service[87163]: DEBUG keystone.server.flask.request_processing.middleware.auth_context [None req-da44e0c7-a446-483a-936f-cd5f59a80621 None admin] RBAC: auth_context: {'token': , 'domain_id': None, 'trust_id': None, 'trustor_id': None, 'trustee_id': None, 'domain_name': None, 'group_ids': [], 'user_id': 'e83e438f7933415dafc6d88f31c507aa', 'user_domain_id': 'default', 'system_scope': 'all', 'project_id': None, 'project_domain_id': None, 'roles': ['admin', 'member', 'reader'], 'is_admin_project': True, 'service_user_id': None, 'service_user_domain_id': None, 'service_project_id': None, 'service_project_domain_id': None, 'service_roles': []} {{(pid=87163) fill_context /opt/stack/keystone/keystone/server/flask/request_processing/middleware/auth_context.py:478}}
Aug 05 20:41:29.582350 n-d-852088-2 devstack@keystone.service[87163]: DEBUG keystone.server.flask.request_processing.req_logging [None req-da44e0c7-a446-483a-936f-cd5f59a80621 None admin] REQUEST_METHOD: `GET` {{(pid=87163) log_request_info /opt/stack/keystone/keystone/server/flask/request_processing/req_logging.py:27}}
Aug 05 20:41:29.582633 n-d-852088-2 devstack@keystone.service[87163]: DEBUG keystone.server.flask.request_processing.req_logging [None req-da44e0c7-a446-483a-936f-cd5f59a80621 None admin] SCRIPT_NAME: `/identity` {{(pid=87163) log_request_info /opt/stack/keystone/keystone/server/flask/request_processing/req_logging.py:28}}
Aug 05 20:41:29.582909 n-d-852088-2 devstack@keystone.service[87163]: DEBUG keystone.server.flask.request_processing.req_logging [None req-da44e0c7-a446-483a-936f-cd5f59a80621 None admin] PATH_INFO: `/v3/users/879db67a3e3c4ce7a237e78550d2d38d` {{(pid=87163) log_request_info /opt/stack/keystone/keystone/server/flask/request_processing/req_logging.py:29}}
Aug 05 20:41:29.585249 n-d-852088-2 devstack@keystone.service[87163]: DEBUG keystone.common.rbac_enforcer.enforcer [None req-da44e0c7-a446-483a-936f-cd5f59a80621 None admin] RBAC: Authorizing `identity:get_user(user_id=879db67a3e3c4ce7a237e78550d2d38d)` {{(pid=87163) enforce_call /opt/stack/keystone/keystone/common/rbac_enforcer/enforcer.py:449}}
Aug 05 20:41:29.587393 n-d-852088-2 devstack@keystone.service[87163]: DEBUG keystone.common.rbac_enforcer.enforcer [None req-da44e0c7-a446-483a-936f-cd5f59a80621 None admin] RBAC: Authorization granted {{(pid=87163) enforce_call /opt/stack/keystone/keystone/common/rbac_enforcer/enforcer.py:457}}
Aug 05 20:41:29.589038 n-d-852088-2 devstack@keystone.service[87163]: [pid: 87163|app: 0|req: 133/248] 10.222.0.45 () {56 vars in 1177 bytes} [Fri Aug 5 20:41:29 2022] GET /identity/v3/users/879db67a3e3c4ce7a237e78550d2d38d => generated 297 bytes in 279 msecs (HTTP/1.1 200) 5 headers in 177 bytes (2 switches on core 0)
Aug 05 20:41:29.590194 n-d-852088-2 devstack@keystone.service[87163]: DEBUG keystone.server.flask.request_processing.req_logging [None req-ad37fe11-0612-471b-bed8-61411e3785a4 None None] REQUEST_METHOD: `GET` {{(pid=87163) log_request_info /opt/stack/keystone/keystone/server/flask/request_processing/req_logging.py:27}}
Aug 05 20:41:29.590480 n-d-852088-2 devstack@keystone.service[87163]: DEBUG keystone.server.flask.request_processing.req_logging [None req-ad37fe11-0612-471b-bed8-61411e3785a4 None None] SCRIPT_NAME: `/identity` {{(pid=87163) log_request_info /opt/stack/keystone/keystone/server/flask/request_processing/req_logging.py:28}}
Aug 05 20:41:29.590758 n-d-852088-2 devstack@keystone.service[87163]: DEBUG keystone.server.flask.request_processing.req_logging [None req-ad37fe11-0612-471b-bed8-61411e3785a4 None None] PATH_INFO: `/` {{(pid=87163) log_request_info /opt/stack/keystone/keystone/server/flask/request_processing/req_logging.py:29}}
Aug 05 20:41:29.592012 n-d-852088-2 devstack@keystone.service[87163]: [pid: 87163|app: 0|req: 134/249] 10.222.0.45 () {54 vars in 927 bytes} [Fri Aug 5 20:41:29 2022] GET /identity => generated 270 bytes in 2 msecs (HTTP/1.1 300) 6 headers in 234 bytes (1 switches on core 0)
Aug 05 20:41:29.602962 n-d-852088-2 devstack@keystone.service[87164]: DEBUG keystone.common.rbac_enforcer.enforcer [None req-b4a4f08c-7f2f-4485-82fa-c4812722b5a2 None admin] RBAC: Authorizing `identity:validate_token()` {{(pid=87164) enforce_call /opt/stack/keystone/keystone/common/rbac_enforcer/enforcer.py:449}}
Aug 05 20:41:29.604258 n-d-852088-2 devstack@keystone.service[87163]: DEBUG keystone.server.flask.request_processing.middleware.auth_context [None req-ad37fe11-0612-471b-bed8-61411e3785a4 None None] Authenticating user token {{(pid=87163) process_request /usr/local/lib/python3.8/dist-packages/keystonemiddleware/auth_token/__init__.py:407}}
Aug 05 20:41:29.604573 n-d-852088-2 devstack@keystone.service[87164]: DEBUG keystone.common.rbac_enforcer.enforcer [None req-b4a4f08c-7f2f-4485-82fa-c4812722b5a2 None admin] RBAC: Authorization granted {{(pid=87164) enforce_call /opt/stack/keystone/keystone/common/rbac_enforcer/enforcer.py:457}}
Aug 05 20:41:29.677013 n-d-852088-2 devstack@keystone.service[87163]: DEBUG dbcounter [-] [87163] Writing DB stats keystone:SELECT=100 {{(pid=87163) stat_writer /usr/local/lib/python3.8/dist-packages/dbcounter.py:114}}
Aug 05 20:41:29.759418 n-d-852088-2 devstack@keystone.service[87163]: DEBUG keystone.server.flask.request_processing.middleware.auth_context [None req-ad37fe11-0612-471b-bed8-61411e3785a4 None None] Validating token access rules against request {{(pid=87163) validate_allowed_request /usr/local/lib/python3.8/dist-packages/keystonemiddleware/auth_token/__init__.py:545}}
Aug 05 20:41:29.771963 n-d-852088-2 devstack@keystone.service[87164]: [pid: 87164|app: 0|req: 116/250] 10.222.0.45 () {58 vars in 1282 bytes} [Fri Aug 5 20:41:29 2022] GET /identity/v3/auth/tokens => generated 799 bytes in 534 msecs (HTTP/1.1 200) 6 headers in 358 bytes (2 switches on core 0)
Aug 05 20:41:29.773288 n-d-852088-2 devstack@keystone.service[87164]: DEBUG keystone.server.flask.request_processing.req_logging [None req-c4d1cb79-2021-4d30-8870-2b8c4b92c608 None None] REQUEST_METHOD: `POST` {{(pid=87164) log_request_info /opt/stack/keystone/keystone/server/flask/request_processing/req_logging.py:27}}
Aug 05 20:41:29.773580 n-d-852088-2 devstack@keystone.service[87164]: DEBUG keystone.server.flask.request_processing.req_logging [None req-c4d1cb79-2021-4d30-8870-2b8c4b92c608 None None] SCRIPT_NAME: `/identity` {{(pid=87164) log_request_info /opt/stack/keystone/keystone/server/flask/request_processing/req_logging.py:28}}
Aug 05 20:41:29.773861 n-d-852088-2 devstack@keystone.service[87164]: DEBUG keystone.server.flask.request_processing.req_logging [None req-c4d1cb79-2021-4d30-8870-2b8c4b92c608 None None] PATH_INFO: `/v3/auth/tokens` {{(pid=87164) log_request_info /opt/stack/keystone/keystone/server/flask/request_processing/req_logging.py:29}}
Aug 05 20:41:29.812253 n-d-852088-2 devstack@keystone.service[87164]: DEBUG keystone.auth.core [None req-c4d1cb79-2021-4d30-8870-2b8c4b92c608 None None] MFA Rules not processed for user `e83e438f7933415dafc6d88f31c507aa`. Rule list: `[]` (Enabled: `True`). {{(pid=87164) check_auth_methods_against_rules /opt/stack/keystone/keystone/auth/core.py:438}}
Aug 05 20:41:29.814021 n-d-852088-2 devstack@keystone.service[87164]: DEBUG keystone.common.fernet_utils [None req-c4d1cb79-2021-4d30-8870-2b8c4b92c608 None None] Loaded 2 Fernet keys from /etc/keystone/fernet-keys/, but `[fernet_tokens] max_active_keys = 3`; perhaps there have not been enough key rotations to reach `max_active_keys` yet? {{(pid=87164) load_keys /opt/stack/keystone/keystone/common/fernet_utils.py:286}}
Aug 05 20:41:29.814235 n-d-852088-2 devstack@keystone.service[87163]: DEBUG keystone.server.flask.request_processing.middleware.auth_context [None req-634f6270-9890-4cb5-8d10-47833442ac0e None admin] RBAC: auth_context: {'token': , 'domain_id': None, 'trust_id': None, 'trustor_id': None, 'trustee_id': None, 'domain_name': None, 'group_ids': [], 'user_id': 'e83e438f7933415dafc6d88f31c507aa', 'user_domain_id': 'default', 'system_scope': 'all', 'project_id': None, 'project_domain_id': None, 'roles': ['admin', 'member', 'reader'], 'is_admin_project': True, 'service_user_id': None, 'service_user_domain_id': None, 'service_project_id': None, 'service_project_domain_id': None, 'service_roles': []} {{(pid=87163) fill_context /opt/stack/keystone/keystone/server/flask/request_processing/middleware/auth_context.py:478}}
Aug 05 20:41:29.814905 n-d-852088-2 devstack@keystone.service[87163]: DEBUG keystone.server.flask.request_processing.req_logging [None req-634f6270-9890-4cb5-8d10-47833442ac0e None admin] REQUEST_METHOD: `GET` {{(pid=87163) log_request_info /opt/stack/keystone/keystone/server/flask/request_processing/req_logging.py:27}}
Aug 05 20:41:29.815190 n-d-852088-2 devstack@keystone.service[87163]: DEBUG keystone.server.flask.request_processing.req_logging [None req-634f6270-9890-4cb5-8d10-47833442ac0e None admin] SCRIPT_NAME: `/identity` {{(pid=87163) log_request_info /opt/stack/keystone/keystone/server/flask/request_processing/req_logging.py:28}}
Aug 05 20:41:29.815567 n-d-852088-2 devstack@keystone.service[87163]: DEBUG keystone.server.flask.request_processing.req_logging [None req-634f6270-9890-4cb5-8d10-47833442ac0e None admin] PATH_INFO: `/v3/projects/ddae360ec80742daa52ff1a1761ad0b6` {{(pid=87163) log_request_info /opt/stack/keystone/keystone/server/flask/request_processing/req_logging.py:29}}
Aug 05 20:41:29.816800 n-d-852088-2 devstack@keystone.service[87163]: DEBUG keystone.common.rbac_enforcer.enforcer [None req-634f6270-9890-4cb5-8d10-47833442ac0e None admin] RBAC: Authorizing `identity:get_project(project_id=ddae360ec80742daa52ff1a1761ad0b6)` {{(pid=87163) enforce_call /opt/stack/keystone/keystone/common/rbac_enforcer/enforcer.py:449}}
Aug 05 20:41:29.818319 n-d-852088-2 devstack@keystone.service[87163]: DEBUG keystone.common.rbac_enforcer.enforcer [None req-634f6270-9890-4cb5-8d10-47833442ac0e None admin] RBAC: Authorization granted {{(pid=87163) enforce_call /opt/stack/keystone/keystone/common/rbac_enforcer/enforcer.py:457}}
Aug 05 20:41:29.820407 n-d-852088-2 devstack@keystone.service[87163]: [pid: 87163|app: 0|req: 135/251] 10.222.0.45 () {56 vars in 1186 bytes} [Fri Aug 5 20:41:29 2022] GET /identity/v3/projects/ddae360ec80742daa52ff1a1761ad0b6 => generated 302 bytes in 216 msecs (HTTP/1.1 200) 5 headers in 177 bytes (1 switches on core 0)
Aug 05 20:41:29.821205 n-d-852088-2 devstack@keystone.service[87163]: DEBUG keystone.server.flask.request_processing.middleware.auth_context [None req-634f6270-9890-4cb5-8d10-47833442ac0e None admin] Authenticating user token {{(pid=87163) process_request /usr/local/lib/python3.8/dist-packages/keystonemiddleware/auth_token/__init__.py:407}}
Aug 05 20:41:29.927101 n-d-852088-2 devstack@keystone.service[87163]: DEBUG keystone.server.flask.request_processing.middleware.auth_context [None req-634f6270-9890-4cb5-8d10-47833442ac0e None admin] Validating token access rules against request {{(pid=87163) validate_allowed_request /usr/local/lib/python3.8/dist-packages/keystonemiddleware/auth_token/__init__.py:545}}
Aug 05 20:41:29.934917 n-d-852088-2 devstack@keystone.service[87164]: DEBUG dbcounter [-] [87164] Writing DB stats keystone:SELECT=100 {{(pid=87164) stat_writer /usr/local/lib/python3.8/dist-packages/dbcounter.py:114}}
Aug 05 20:41:29.936290 n-d-852088-2 devstack@keystone.service[87163]: DEBUG dbcounter [-] [87163] Writing DB stats keystone:SELECT=100 {{(pid=87163) stat_writer /usr/local/lib/python3.8/dist-packages/dbcounter.py:114}}
Aug 05 20:41:29.952814 n-d-852088-2 devstack@keystone.service[87164]: [pid: 87164|app: 0|req: 117/252] 10.222.0.45 () {58 vars in 1024 bytes} [Fri Aug 5 20:41:29 2022] POST /identity/v3/auth/tokens => generated 799 bytes in 180 msecs (HTTP/1.1 201) 6 headers in 363 bytes (1 switches on core 0)
Aug 05 20:41:29.953688 n-d-852088-2 devstack@keystone.service[87164]: DEBUG keystone.server.flask.request_processing.middleware.auth_context [None req-c4d1cb79-2021-4d30-8870-2b8c4b92c608 None None] Authenticating user token {{(pid=87164) process_request /usr/local/lib/python3.8/dist-packages/keystonemiddleware/auth_token/__init__.py:407}}
Aug 05 20:41:29.978868 n-d-852088-2 devstack@keystone.service[87163]: DEBUG keystone.server.flask.request_processing.middleware.auth_context [None req-a9dd63cc-a8cd-4df4-b2d2-b3ab737771bc None admin] RBAC: auth_context: {'token': , 'domain_id': None, 'trust_id': None, 'trustor_id': None, 'trustee_id': None, 'domain_name': None, 'group_ids': [], 'user_id': 'e83e438f7933415dafc6d88f31c507aa', 'user_domain_id': 'default', 'system_scope': 'all', 'project_id': None, 'project_domain_id': None, 'roles': ['admin', 'member', 'reader'], 'is_admin_project': True, 'service_user_id': None, 'service_user_domain_id': None, 'service_project_id': None, 'service_project_domain_id': None, 'service_roles': []} {{(pid=87163) fill_context /opt/stack/keystone/keystone/server/flask/request_processing/middleware/auth_context.py:478}}
Aug 05 20:41:29.980022 n-d-852088-2 devstack@keystone.service[87163]: DEBUG keystone.server.flask.request_processing.req_logging [None req-a9dd63cc-a8cd-4df4-b2d2-b3ab737771bc None admin] REQUEST_METHOD: `GET` {{(pid=87163) log_request_info /opt/stack/keystone/keystone/server/flask/request_processing/req_logging.py:27}}
Aug 05 20:41:29.980522 n-d-852088-2 devstack@keystone.service[87163]: DEBUG keystone.server.flask.request_processing.req_logging [None req-a9dd63cc-a8cd-4df4-b2d2-b3ab737771bc None admin] SCRIPT_NAME: `/identity` {{(pid=87163) log_request_info /opt/stack/keystone/keystone/server/flask/request_processing/req_logging.py:28}}
Aug 05 20:41:29.980814 n-d-852088-2 devstack@keystone.service[87163]: DEBUG keystone.server.flask.request_processing.req_logging [None req-a9dd63cc-a8cd-4df4-b2d2-b3ab737771bc None admin] PATH_INFO: `/v3/projects/ddae360ec80742daa52ff1a1761ad0b6` {{(pid=87163) log_request_info /opt/stack/keystone/keystone/server/flask/request_processing/req_logging.py:29}}
Aug 05 20:41:29.982374 n-d-852088-2 devstack@keystone.service[87163]: DEBUG keystone.common.rbac_enforcer.enforcer [None req-a9dd63cc-a8cd-4df4-b2d2-b3ab737771bc None admin] RBAC: Authorizing `identity:get_project(project_id=ddae360ec80742daa52ff1a1761ad0b6)` {{(pid=87163) enforce_call /opt/stack/keystone/keystone/common/rbac_enforcer/enforcer.py:449}}
Aug 05 20:41:29.983888 n-d-852088-2 devstack@keystone.service[87163]: DEBUG keystone.common.rbac_enforcer.enforcer [None req-a9dd63cc-a8cd-4df4-b2d2-b3ab737771bc None admin] RBAC: Authorization granted {{(pid=87163) enforce_call /opt/stack/keystone/keystone/common/rbac_enforcer/enforcer.py:457}}
Aug 05 20:41:29.986617 n-d-852088-2 devstack@keystone.service[87163]: [pid: 87163|app: 0|req: 136/253] 10.222.0.45 () {56 vars in 1186 bytes} [Fri Aug 5 20:41:29 2022] GET /identity/v3/projects/ddae360ec80742daa52ff1a1761ad0b6 => generated 302 bytes in 165 msecs (HTTP/1.1 200) 5 headers in 177 bytes (1 switches on core 0)
Aug 05 20:41:29.998131 n-d-852088-2 devstack@keystone.service[87163]: DEBUG keystone.server.flask.request_processing.middleware.auth_context [None req-a9dd63cc-a8cd-4df4-b2d2-b3ab737771bc None admin] Authenticating user token {{(pid=87163) process_request /usr/local/lib/python3.8/dist-packages/keystonemiddleware/auth_token/__init__.py:407}}
Aug 05 20:41:30.109549 n-d-852088-2 devstack@keystone.service[87164]: DEBUG keystone.server.flask.request_processing.middleware.auth_context [None req-c4d1cb79-2021-4d30-8870-2b8c4b92c608 None None] Validating token access rules against request {{(pid=87164) validate_allowed_request /usr/local/lib/python3.8/dist-packages/keystonemiddleware/auth_token/__init__.py:545}}
Aug 05 20:41:30.130467 n-d-852088-2 devstack@keystone.service[87163]: DEBUG keystone.server.flask.request_processing.middleware.auth_context [None req-a9dd63cc-a8cd-4df4-b2d2-b3ab737771bc None admin] Validating token access rules against request {{(pid=87163) validate_allowed_request /usr/local/lib/python3.8/dist-packages/keystonemiddleware/auth_token/__init__.py:545}}
Aug 05 20:41:30.167756 n-d-852088-2 devstack@keystone.service[87163]: DEBUG keystone.server.flask.request_processing.middleware.auth_context [None req-ea91f0c1-f58e-42a2-bb52-ac265c25c3a2 None admin] RBAC: auth_context: {'token': , 'domain_id': None, 'trust_id': None, 'trustor_id': None, 'trustee_id': None, 'domain_name': None, 'group_ids': [], 'user_id': 'e83e438f7933415dafc6d88f31c507aa', 'user_domain_id': 'default', 'system_scope': 'all', 'project_id': None, 'project_domain_id': None, 'roles': ['admin', 'member', 'reader'], 'is_admin_project': True, 'service_user_id': None, 'service_user_domain_id': None, 'service_project_id': None, 'service_project_domain_id': None, 'service_roles': []} {{(pid=87163) fill_context /opt/stack/keystone/keystone/server/flask/request_processing/middleware/auth_context.py:478}}
Aug 05 20:41:30.168410 n-d-852088-2 devstack@keystone.service[87163]: DEBUG keystone.server.flask.request_processing.req_logging [None req-ea91f0c1-f58e-42a2-bb52-ac265c25c3a2 None admin] REQUEST_METHOD: `GET` {{(pid=87163) log_request_info /opt/stack/keystone/keystone/server/flask/request_processing/req_logging.py:27}}
Aug 05 20:41:30.168694 n-d-852088-2 devstack@keystone.service[87163]: DEBUG keystone.server.flask.request_processing.req_logging [None req-ea91f0c1-f58e-42a2-bb52-ac265c25c3a2 None admin] SCRIPT_NAME: `/identity` {{(pid=87163) log_request_info /opt/stack/keystone/keystone/server/flask/request_processing/req_logging.py:28}}
Aug 05 20:41:30.168972 n-d-852088-2 devstack@keystone.service[87163]: DEBUG keystone.server.flask.request_processing.req_logging [None req-ea91f0c1-f58e-42a2-bb52-ac265c25c3a2 None admin] PATH_INFO: `/v3/roles/admin` {{(pid=87163) log_request_info /opt/stack/keystone/keystone/server/flask/request_processing/req_logging.py:29}}
Aug 05 20:41:30.170693 n-d-852088-2 devstack@keystone.service[87164]: DEBUG keystone.server.flask.request_processing.middleware.auth_context [None req-984bda05-c701-467f-97f5-3c0ee3828dd3 None admin] RBAC: auth_context: {'token': , 'domain_id': None, 'trust_id': None, 'trustor_id': None, 'trustee_id': None, 'domain_name': None, 'group_ids': [], 'user_id': 'e83e438f7933415dafc6d88f31c507aa', 'user_domain_id': 'default', 'system_scope': 'all', 'project_id': None, 'project_domain_id': None, 'roles': ['admin', 'member', 'reader'], 'is_admin_project': True, 'service_user_id': None, 'service_user_domain_id': None, 'service_project_id': None, 'service_project_domain_id': None, 'service_roles': []} {{(pid=87164) fill_context /opt/stack/keystone/keystone/server/flask/request_processing/middleware/auth_context.py:478}}
Aug 05 20:41:30.171399 n-d-852088-2 devstack@keystone.service[87164]: DEBUG keystone.server.flask.request_processing.req_logging [None req-984bda05-c701-467f-97f5-3c0ee3828dd3 None admin] REQUEST_METHOD: `PUT` {{(pid=87164) log_request_info /opt/stack/keystone/keystone/server/flask/request_processing/req_logging.py:27}}
Aug 05 20:41:30.171685 n-d-852088-2 devstack@keystone.service[87164]: DEBUG keystone.server.flask.request_processing.req_logging [None req-984bda05-c701-467f-97f5-3c0ee3828dd3 None admin] SCRIPT_NAME: `/identity` {{(pid=87164) log_request_info /opt/stack/keystone/keystone/server/flask/request_processing/req_logging.py:28}}
Aug 05 20:41:30.171963 n-d-852088-2 devstack@keystone.service[87164]: DEBUG keystone.server.flask.request_processing.req_logging [None req-984bda05-c701-467f-97f5-3c0ee3828dd3 None admin] PATH_INFO: `/v3/projects/ddae360ec80742daa52ff1a1761ad0b6/users/879db67a3e3c4ce7a237e78550d2d38d/roles/beeb5e0cb6a84c6ebb83ab356e901d7f` {{(pid=87164) log_request_info /opt/stack/keystone/keystone/server/flask/request_processing/req_logging.py:29}}
Aug 05 20:41:30.178696 n-d-852088-2 devstack@keystone.service[87164]: DEBUG keystone.common.rbac_enforcer.enforcer [None req-984bda05-c701-467f-97f5-3c0ee3828dd3 None admin] RBAC: Authorizing `identity:create_grant(project_id=ddae360ec80742daa52ff1a1761ad0b6, user_id=879db67a3e3c4ce7a237e78550d2d38d, role_id=beeb5e0cb6a84c6ebb83ab356e901d7f)` {{(pid=87164) enforce_call /opt/stack/keystone/keystone/common/rbac_enforcer/enforcer.py:449}}
Aug 05 20:41:30.180185 n-d-852088-2 devstack@keystone.service[87164]: DEBUG keystone.common.rbac_enforcer.enforcer [None req-984bda05-c701-467f-97f5-3c0ee3828dd3 None admin] RBAC: Authorization granted {{(pid=87164) enforce_call /opt/stack/keystone/keystone/common/rbac_enforcer/enforcer.py:457}}
Aug 05 20:41:30.189182 n-d-852088-2 devstack@keystone.service[87163]: DEBUG keystone.common.rbac_enforcer.enforcer [None req-ea91f0c1-f58e-42a2-bb52-ac265c25c3a2 None admin] Extracting inferred target data resulted in "NOT FOUND (404)". {{(pid=87163) enforce_call /opt/stack/keystone/keystone/common/rbac_enforcer/enforcer.py:409}}
Aug 05 20:41:30.194691 n-d-852088-2 devstack@keystone.service[87163]: ERROR keystone.server.flask.application [None req-ea91f0c1-f58e-42a2-bb52-ac265c25c3a2 None admin] Could not find role: admin.: keystone.exception.RoleNotFound: Could not find role: admin.
Aug 05 20:41:30.194691 n-d-852088-2 devstack@keystone.service[87163]: ERROR keystone.server.flask.application
Traceback (most recent call last):
Aug 05 20:41:30.194691 n-d-852088-2 devstack@keystone.service[87163]: ERROR keystone.server.flask.application
File "/usr/local/lib/python3.8/dist-packages/flask/app.py", line 1517, in full_dispatch_request
Aug 05 20:41:30.194691 n-d-852088-2 devstack@keystone.service[87163]: ERROR keystone.server.flask.application rv = self.dispatch_request()
Aug 05 20:41:30.194691 n-d-852088-2 devstack@keystone.service[87163]: ERROR keystone.server.flask.application
File "/usr/local/lib/python3.8/dist-packages/flask/app.py", line 1503, in dispatch_request
Aug 05 20:41:30.194691 n-d-852088-2 devstack@keystone.service[87163]: ERROR keystone.server.flask.application return self.ensure_sync(self.view_functions[rule.endpoint])(**req.view_args)
Aug 05 20:41:30.194691 n-d-852088-2 devstack@keystone.service[87163]: ERROR keystone.server.flask.application
File "/usr/local/lib/python3.8/dist-packages/flask_restful/__init__.py", line 467, in wrapper
Aug 05 20:41:30.194691 n-d-852088-2 devstack@keystone.service[87163]: ERROR keystone.server.flask.application resp = resource(*args, **kwargs)
Aug 05 20:41:30.194691 n-d-852088-2 devstack@keystone.service[87163]: ERROR keystone.server.flask.application
File "/usr/local/lib/python3.8/dist-packages/flask/views.py", line 84, in view
Aug 05 20:41:30.194691 n-d-852088-2 devstack@keystone.service[87163]: ERROR keystone.server.flask.application return current_app.ensure_sync(self.dispatch_request)(*args, **kwargs)
Aug 05 20:41:30.194691 n-d-852088-2 devstack@keystone.service[87163]: ERROR keystone.server.flask.application
File "/usr/local/lib/python3.8/dist-packages/flask_restful/__init__.py", line 582, in dispatch_request
Aug 05 20:41:30.194691 n-d-852088-2 devstack@keystone.service[87163]: ERROR keystone.server.flask.application resp = meth(*args, **kwargs)
Aug 05 20:41:30.194691 n-d-852088-2 devstack@keystone.service[87163]: ERROR keystone.server.flask.application
File "/opt/stack/keystone/keystone/api/roles.py", line 50, in get
Aug 05 20:41:30.194691 n-d-852088-2 devstack@keystone.service[87163]: ERROR keystone.server.flask.application return self._get_role(role_id)
Aug 05 20:41:30.194691 n-d-852088-2 devstack@keystone.service[87163]: ERROR keystone.server.flask.application
File "/opt/stack/keystone/keystone/api/roles.py", line 70, in _get_role
Aug 05 20:41:30.194691 n-d-852088-2 devstack@keystone.service[87163]: ERROR keystone.server.flask.application ENFORCER.enforce_call(action='identity:get_role')
Aug 05 20:41:30.195611 n-d-852088-2 devstack@keystone.service[87163]: ERROR keystone.server.flask.application
File "/opt/stack/keystone/keystone/common/rbac_enforcer/enforcer.py", line 402, in enforce_call
Aug 05 20:41:30.195611 n-d-852088-2 devstack@keystone.service[87163]: ERROR keystone.server.flask.application policy_dict.update(cls._extract_member_target_data(
Aug 05 20:41:30.195611 n-d-852088-2 devstack@keystone.service[87163]: ERROR keystone.server.flask.application
File "/opt/stack/keystone/keystone/common/rbac_enforcer/enforcer.py", line 234, in _extract_member_target_data
Aug 05 20:41:30.195611 n-d-852088-2 devstack@keystone.service[87163]: ERROR keystone.server.flask.application member_name: func(flask.request.view_args[key])
Aug 05 20:41:30.195611 n-d-852088-2 devstack@keystone.service[87163]: ERROR keystone.server.flask.application
File "/opt/stack/keystone/keystone/common/manager.py", line 115, in wrapped
Aug 05 20:41:30.195611 n-d-852088-2 devstack@keystone.service[87163]: ERROR keystone.server.flask.application __ret_val = __f(*args, **kwargs)
Aug 05 20:41:30.195611 n-d-852088-2 devstack@keystone.service[87163]: ERROR keystone.server.flask.application
File "/usr/local/lib/python3.8/dist-packages/decorator.py", line 232, in fun
Aug 05 20:41:30.195611 n-d-852088-2 devstack@keystone.service[87163]: ERROR keystone.server.flask.application return caller(func, *(extras + args), **kw)
Aug 05 20:41:30.195611 n-d-852088-2 devstack@keystone.service[87163]: ERROR keystone.server.flask.application
File "/usr/local/lib/python3.8/dist-packages/dogpile/cache/region.py", line 1577, in get_or_create_for_user_func
Aug 05 20:41:30.195611 n-d-852088-2 devstack@keystone.service[87163]: ERROR keystone.server.flask.application return self.get_or_create(
Aug 05 20:41:30.195611 n-d-852088-2 devstack@keystone.service[87163]: ERROR keystone.server.flask.application
File "/usr/local/lib/python3.8/dist-packages/dogpile/cache/region.py", line 1042, in get_or_create
Aug 05 20:41:30.195611 n-d-852088-2 devstack@keystone.service[87163]: ERROR keystone.server.flask.application with Lock(
Aug 05 20:41:30.195611 n-d-852088-2 devstack@keystone.service[87163]: ERROR keystone.server.flask.application
File "/usr/local/lib/python3.8/dist-packages/dogpile/lock.py", line 185, in __enter__
Aug 05 20:41:30.195611 n-d-852088-2 devstack@keystone.service[87163]: ERROR keystone.server.flask.application return self._enter()
Aug 05 20:41:30.195611 n-d-852088-2 devstack@keystone.service[87163]: ERROR keystone.server.flask.application
File "/usr/local/lib/python3.8/dist-packages/dogpile/lock.py", line 94, in _enter
Aug 05 20:41:30.195611 n-d-852088-2 devstack@keystone.service[87163]: ERROR keystone.server.flask.application generated = self._enter_create(value, createdtime)
Aug 05 20:41:30.196417 n-d-852088-2 devstack@keystone.service[87163]: ERROR keystone.server.flask.application
File "/usr/local/lib/python3.8/dist-packages/dogpile/lock.py", line 178, in _enter_create
Aug 05 20:41:30.196417 n-d-852088-2 devstack@keystone.service[87163]: ERROR keystone.server.flask.application return self.creator()
Aug 05 20:41:30.196417 n-d-852088-2 devstack@keystone.service[87163]: ERROR keystone.server.flask.application
File "/usr/local/lib/python3.8/dist-packages/dogpile/cache/region.py", line 995, in gen_value
Aug 05 20:41:30.196417 n-d-852088-2 devstack@keystone.service[87163]: ERROR keystone.server.flask.application created_value = creator(
Aug 05 20:41:30.196417 n-d-852088-2 devstack@keystone.service[87163]: ERROR keystone.server.flask.application
File "/opt/stack/keystone/keystone/assignment/core.py", line 1276, in get_role
Aug 05 20:41:30.196417 n-d-852088-2 devstack@keystone.service[87163]: ERROR keystone.server.flask.application return self.driver.get_role(role_id)
Aug 05 20:41:30.196417 n-d-852088-2 devstack@keystone.service[87163]: ERROR keystone.server.flask.application
File "/opt/stack/keystone/keystone/assignment/role_backends/sql.py", line 70, in get_role
Aug 05 20:41:30.196417 n-d-852088-2 devstack@keystone.service[87163]: ERROR keystone.server.flask.application return self._get_role(session, role_id).to_dict()
Aug 05 20:41:30.196417 n-d-852088-2 devstack@keystone.service[87163]: ERROR keystone.server.flask.application
File "/opt/stack/keystone/keystone/assignment/role_backends/sql.py", line 65, in _get_role
Aug 05 20:41:30.196417 n-d-852088-2 devstack@keystone.service[87163]: ERROR keystone.server.flask.application raise exception.RoleNotFound(role_id=role_id)
Aug 05 20:41:30.196417 n-d-852088-2 devstack@keystone.service[87163]: ERROR keystone.server.flask.application keystone.exception.RoleNotFound: Could not find role: admin.
Aug 05 20:41:30.196417 n-d-852088-2 devstack@keystone.service[87163]: ERROR keystone.server.flask.application
Aug 05 20:41:30.197053 n-d-852088-2 devstack@keystone.service[87163]: [pid: 87163|app: 0|req: 137/254] 10.222.0.45 () {56 vars in 1096 bytes} [Fri Aug 5 20:41:29 2022] GET /identity/v3/roles/admin => generated 83 bytes in 199 msecs (HTTP/1.1 404) 5 headers in 183 bytes (2 switches on core 0)
Aug 05 20:41:30.197605 n-d-852088-2 devstack@keystone.service[87163]: DEBUG keystone.server.flask.request_processing.middleware.auth_context [None req-ea91f0c1-f58e-42a2-bb52-ac265c25c3a2 None admin] Authenticating user token {{(pid=87163) process_request /usr/local/lib/python3.8/dist-packages/keystonemiddleware/auth_token/__init__.py:407}}
Aug 05 20:41:30.239601 n-d-852088-2 devstack@keystone.service[87163]: DEBUG dbcounter [-] [87163] Writing DB stats keystone:SELECT=100 {{(pid=87163) stat_writer /usr/local/lib/python3.8/dist-packages/dbcounter.py:114}}
Aug 05 20:41:30.265963 n-d-852088-2 devstack@keystone.service[87164]: [pid: 87164|app: 0|req: 118/255] 10.222.0.45 () {58 vars in 1439 bytes} [Fri Aug 5 20:41:29 2022] PUT /identity/v3/projects/ddae360ec80742daa52ff1a1761ad0b6/users/879db67a3e3c4ce7a237e78550d2d38d/roles/beeb5e0cb6a84c6ebb83ab356e901d7f => generated 0 bytes in 312 msecs (HTTP/1.1 204) 3 headers in 132 bytes (0 switches on core 0)
Aug 05 20:41:30.267224 n-d-852088-2 devstack@keystone.service[87164]: DEBUG keystone.server.flask.request_processing.middleware.auth_context [None req-984bda05-c701-467f-97f5-3c0ee3828dd3 None admin] Authenticating user token {{(pid=87164) process_request /usr/local/lib/python3.8/dist-packages/keystonemiddleware/auth_token/__init__.py:407}}
Aug 05 20:41:30.372076 n-d-852088-2 devstack@keystone.service[87163]: DEBUG keystone.server.flask.request_processing.middleware.auth_context [None req-ea91f0c1-f58e-42a2-bb52-ac265c25c3a2 None admin] Validating token access rules against request {{(pid=87163) validate_allowed_request /usr/local/lib/python3.8/dist-packages/keystonemiddleware/auth_token/__init__.py:545}}
Aug 05 20:41:30.411969 n-d-852088-2 devstack@keystone.service[87163]: DEBUG keystone.server.flask.request_processing.middleware.auth_context [None req-a0233ae2-47cb-42a1-9af3-6ec2729b4c02 None admin] RBAC: auth_context: {'token': , 'domain_id': None, 'trust_id': None, 'trustor_id': None, 'trustee_id': None, 'domain_name': None, 'group_ids': [], 'user_id': 'e83e438f7933415dafc6d88f31c507aa', 'user_domain_id': 'default', 'system_scope': 'all', 'project_id': None, 'project_domain_id': None, 'roles': ['admin', 'member', 'reader'], 'is_admin_project': True, 'service_user_id': None, 'service_user_domain_id': None, 'service_project_id': None, 'service_project_domain_id': None, 'service_roles': []} {{(pid=87163) fill_context /opt/stack/keystone/keystone/server/flask/request_processing/middleware/auth_context.py:478}}
Aug 05 20:41:30.412616 n-d-852088-2 devstack@keystone.service[87163]: DEBUG keystone.server.flask.request_processing.req_logging [None req-a0233ae2-47cb-42a1-9af3-6ec2729b4c02 None admin] REQUEST_METHOD: `GET` {{(pid=87163) log_request_info /opt/stack/keystone/keystone/server/flask/request_processing/req_logging.py:27}}
Aug 05 20:41:30.412907 n-d-852088-2 devstack@keystone.service[87163]: DEBUG keystone.server.flask.request_processing.req_logging [None req-a0233ae2-47cb-42a1-9af3-6ec2729b4c02 None admin] SCRIPT_NAME: `/identity` {{(pid=87163) log_request_info /opt/stack/keystone/keystone/server/flask/request_processing/req_logging.py:28}}
Aug 05 20:41:30.413191 n-d-852088-2 devstack@keystone.service[87163]: DEBUG keystone.server.flask.request_processing.req_logging [None req-a0233ae2-47cb-42a1-9af3-6ec2729b4c02 None admin] PATH_INFO: `/v3/role_assignments` {{(pid=87163) log_request_info /opt/stack/keystone/keystone/server/flask/request_processing/req_logging.py:29}}
Aug 05 20:41:30.414011 n-d-852088-2 devstack@keystone.service[87163]: DEBUG keystone.common.rbac_enforcer.enforcer [None req-a0233ae2-47cb-42a1-9af3-6ec2729b4c02 None admin] RBAC: Adding query filter params (role.id=06639b10d7cc4af896a3155a25497970, scope.project.id=ddae360ec80742daa52ff1a1761ad0b6, user.id=de2924ba76164fdeb8951c37f4f2e625) {{(pid=87163) _extract_filter_values /opt/stack/keystone/keystone/common/rbac_enforcer/enforcer.py:167}}
Aug 05 20:41:30.414455 n-d-852088-2 devstack@keystone.service[87163]: DEBUG keystone.common.rbac_enforcer.enforcer [None req-a0233ae2-47cb-42a1-9af3-6ec2729b4c02 None admin] RBAC: Authorizing `identity:list_role_assignments()` {{(pid=87163) enforce_call /opt/stack/keystone/keystone/common/rbac_enforcer/enforcer.py:449}}
Aug 05 20:41:30.416876 n-d-852088-2 devstack@keystone.service[87163]: DEBUG keystone.common.rbac_enforcer.enforcer [None req-a0233ae2-47cb-42a1-9af3-6ec2729b4c02 None admin] RBAC: Authorization granted {{(pid=87163) enforce_call /opt/stack/keystone/keystone/common/rbac_enforcer/enforcer.py:457}}
Aug 05 20:41:30.416972 n-d-852088-2 devstack@keystone.service[87164]: DEBUG dbcounter [-] [87164] Writing DB stats keystone:SELECT=99,keystone:INSERT=1 {{(pid=87164) stat_writer /usr/local/lib/python3.8/dist-packages/dbcounter.py:114}}
Aug 05 20:41:30.424031 n-d-852088-2 devstack@keystone.service[87163]: [pid: 87163|app: 0|req: 138/256] 10.222.0.45 () {56 vars in 1374 bytes} [Fri Aug 5 20:41:30 2022] GET /identity/v3/role_assignments?user.id=de2924ba76164fdeb8951c37f4f2e625&scope.project.id=ddae360ec80742daa52ff1a1761ad0b6&role.id=06639b10d7cc4af896a3155a25497970 => generated 259 bytes in 227 msecs (HTTP/1.1 200) 5 headers in 177 bytes (1 switches on core 0)
Aug 05 20:41:30.484572 n-d-852088-2 devstack@keystone.service[87164]: DEBUG keystone.server.flask.request_processing.middleware.auth_context [None req-984bda05-c701-467f-97f5-3c0ee3828dd3 None admin] Validating token access rules against request {{(pid=87164) validate_allowed_request /usr/local/lib/python3.8/dist-packages/keystonemiddleware/auth_token/__init__.py:545}}
Aug 05 20:41:30.532810 n-d-852088-2 devstack@keystone.service[87164]: DEBUG keystone.server.flask.request_processing.middleware.auth_context [None req-771052ff-3761-4849-b126-3dce7d4559e4 None admin] RBAC: auth_context: {'token': , 'domain_id': None, 'trust_id': None, 'trustor_id': None, 'trustee_id': None, 'domain_name': None, 'group_ids': [], 'user_id': 'e83e438f7933415dafc6d88f31c507aa', 'user_domain_id': 'default', 'system_scope': 'all', 'project_id': None, 'project_domain_id': None, 'roles': ['admin', 'member', 'reader'], 'is_admin_project': True, 'service_user_id': None, 'service_user_domain_id': None, 'service_project_id': None, 'service_project_domain_id': None, 'service_roles': []} {{(pid=87164) fill_context /opt/stack/keystone/keystone/server/flask/request_processing/middleware/auth_context.py:478}}
Aug 05 20:41:30.533473 n-d-852088-2 devstack@keystone.service[87164]: DEBUG keystone.server.flask.request_processing.req_logging [None req-771052ff-3761-4849-b126-3dce7d4559e4 None admin] REQUEST_METHOD: `GET` {{(pid=87164) log_request_info /opt/stack/keystone/keystone/server/flask/request_processing/req_logging.py:27}}
Aug 05 20:41:30.533756 n-d-852088-2 devstack@keystone.service[87164]: DEBUG keystone.server.flask.request_processing.req_logging [None req-771052ff-3761-4849-b126-3dce7d4559e4 None admin] SCRIPT_NAME: `/identity` {{(pid=87164) log_request_info /opt/stack/keystone/keystone/server/flask/request_processing/req_logging.py:28}}
Aug 05 20:41:30.534035 n-d-852088-2 devstack@keystone.service[87164]: DEBUG keystone.server.flask.request_processing.req_logging [None req-771052ff-3761-4849-b126-3dce7d4559e4 None admin] PATH_INFO: `/v3/roles` {{(pid=87164) log_request_info /opt/stack/keystone/keystone/server/flask/request_processing/req_logging.py:29}}
Aug 05 20:41:30.534810 n-d-852088-2 devstack@keystone.service[87164]: DEBUG keystone.common.rbac_enforcer.enforcer [None req-771052ff-3761-4849-b126-3dce7d4559e4 None admin] RBAC: Adding query filter params (name=admin) {{(pid=87164) _extract_filter_values /opt/stack/keystone/keystone/common/rbac_enforcer/enforcer.py:167}}
Aug 05 20:41:30.535123 n-d-852088-2 devstack@keystone.service[87164]: DEBUG keystone.common.rbac_enforcer.enforcer [None req-771052ff-3761-4849-b126-3dce7d4559e4 None admin] RBAC: Authorizing `identity:list_roles()` {{(pid=87164) enforce_call /opt/stack/keystone/keystone/common/rbac_enforcer/enforcer.py:449}}
Aug 05 20:41:30.536628 n-d-852088-2 devstack@keystone.service[87164]: DEBUG keystone.common.rbac_enforcer.enforcer [None req-771052ff-3761-4849-b126-3dce7d4559e4 None admin] RBAC: Authorization granted {{(pid=87164) enforce_call /opt/stack/keystone/keystone/common/rbac_enforcer/enforcer.py:457}}
Aug 05 20:41:30.553334 n-d-852088-2 devstack@keystone.service[87164]: [pid: 87164|app: 0|req: 119/257] 10.222.0.45 () {56 vars in 1099 bytes} [Fri Aug 5 20:41:30 2022] GET /identity/v3/roles?name=admin => generated 339 bytes in 287 msecs (HTTP/1.1 200) 5 headers in 177 bytes (1 switches on core 0)
Aug 05 20:41:30.559192 n-d-852088-2 devstack@keystone.service[87163]: DEBUG keystone.server.flask.request_processing.middleware.auth_context [None req-a0233ae2-47cb-42a1-9af3-6ec2729b4c02 None admin] Authenticating user token {{(pid=87163) process_request /usr/local/lib/python3.8/dist-packages/keystonemiddleware/auth_token/__init__.py:407}}
Aug 05 20:41:30.690372 n-d-852088-2 devstack@keystone.service[87163]: DEBUG dbcounter [-] [87163] Writing DB stats keystone:SELECT=100 {{(pid=87163) stat_writer /usr/local/lib/python3.8/dist-packages/dbcounter.py:114}}
Aug 05 20:41:30.700833 n-d-852088-2 devstack@keystone.service[87163]: DEBUG keystone.server.flask.request_processing.middleware.auth_context [None req-a0233ae2-47cb-42a1-9af3-6ec2729b4c02 None admin] Validating token access rules against request {{(pid=87163) validate_allowed_request /usr/local/lib/python3.8/dist-packages/keystonemiddleware/auth_token/__init__.py:545}}
Aug 05 20:41:30.741280 n-d-852088-2 devstack@keystone.service[87163]: DEBUG keystone.server.flask.request_processing.middleware.auth_context [None req-d9faeff5-67b1-4bc5-83ca-1fccdeafebd0 None admin] RBAC: auth_context: {'token': , 'domain_id': None, 'trust_id': None, 'trustor_id': None, 'trustee_id': None, 'domain_name': None, 'group_ids': [], 'user_id': 'e83e438f7933415dafc6d88f31c507aa', 'user_domain_id': 'default', 'system_scope': 'all', 'project_id': None, 'project_domain_id': None, 'roles': ['admin', 'member', 'reader'], 'is_admin_project': True, 'service_user_id': None, 'service_user_domain_id': None, 'service_project_id': None, 'service_project_domain_id': None, 'service_roles': []} {{(pid=87163) fill_context /opt/stack/keystone/keystone/server/flask/request_processing/middleware/auth_context.py:478}}
Aug 05 20:41:30.741998 n-d-852088-2 devstack@keystone.service[87163]: DEBUG keystone.server.flask.request_processing.req_logging [None req-d9faeff5-67b1-4bc5-83ca-1fccdeafebd0 None admin] REQUEST_METHOD: `GET` {{(pid=87163) log_request_info /opt/stack/keystone/keystone/server/flask/request_processing/req_logging.py:27}}
Aug 05 20:41:30.742284 n-d-852088-2 devstack@keystone.service[87163]: DEBUG keystone.server.flask.request_processing.req_logging [None req-d9faeff5-67b1-4bc5-83ca-1fccdeafebd0 None admin] SCRIPT_NAME: `/identity` {{(pid=87163) log_request_info /opt/stack/keystone/keystone/server/flask/request_processing/req_logging.py:28}}
Aug 05 20:41:30.742563 n-d-852088-2 devstack@keystone.service[87163]: DEBUG keystone.server.flask.request_processing.req_logging [None req-d9faeff5-67b1-4bc5-83ca-1fccdeafebd0 None admin] PATH_INFO: `/v3/users/f20a3c4efd2841969863d6914edd90a4` {{(pid=87163) log_request_info /opt/stack/keystone/keystone/server/flask/request_processing/req_logging.py:29}}
Aug 05 20:41:30.743901 n-d-852088-2 devstack@keystone.service[87163]: DEBUG keystone.common.rbac_enforcer.enforcer [None req-d9faeff5-67b1-4bc5-83ca-1fccdeafebd0 None admin] RBAC: Authorizing `identity:get_user(user_id=f20a3c4efd2841969863d6914edd90a4)` {{(pid=87163) enforce_call /opt/stack/keystone/keystone/common/rbac_enforcer/enforcer.py:449}}
Aug 05 20:41:30.745478 n-d-852088-2 devstack@keystone.service[87163]: DEBUG keystone.common.rbac_enforcer.enforcer [None req-d9faeff5-67b1-4bc5-83ca-1fccdeafebd0 None admin] RBAC: Authorization granted {{(pid=87163) enforce_call /opt/stack/keystone/keystone/common/rbac_enforcer/enforcer.py:457}}
Aug 05 20:41:30.747559 n-d-852088-2 devstack@keystone.service[87163]: [pid: 87163|app: 0|req: 139/258] 10.222.0.45 () {56 vars in 1177 bytes} [Fri Aug 5 20:41:30 2022] GET /identity/v3/users/f20a3c4efd2841969863d6914edd90a4 => generated 283 bytes in 189 msecs (HTTP/1.1 200) 5 headers in 177 bytes (1 switches on core 0)
Aug 05 20:41:30.753913 n-d-852088-2 devstack@keystone.service[87164]: DEBUG keystone.server.flask.request_processing.middleware.auth_context [None req-771052ff-3761-4849-b126-3dce7d4559e4 None admin] Authenticating user token {{(pid=87164) process_request /usr/local/lib/python3.8/dist-packages/keystonemiddleware/auth_token/__init__.py:407}}
Aug 05 20:41:30.927050 n-d-852088-2 devstack@keystone.service[87163]: DEBUG keystone.server.flask.request_processing.req_logging [None req-e487928a-a1c3-4243-889d-8911eed81333 None None] REQUEST_METHOD: `GET` {{(pid=87163) log_request_info /opt/stack/keystone/keystone/server/flask/request_processing/req_logging.py:27}}
Aug 05 20:41:30.927629 n-d-852088-2 devstack@keystone.service[87163]: DEBUG keystone.server.flask.request_processing.req_logging [None req-e487928a-a1c3-4243-889d-8911eed81333 None None] SCRIPT_NAME: `/identity` {{(pid=87163) log_request_info /opt/stack/keystone/keystone/server/flask/request_processing/req_logging.py:28}}
Aug 05 20:41:30.927629 n-d-852088-2 devstack@keystone.service[87163]: DEBUG keystone.server.flask.request_processing.req_logging [None req-e487928a-a1c3-4243-889d-8911eed81333 None None] PATH_INFO: `/` {{(pid=87163) log_request_info /opt/stack/keystone/keystone/server/flask/request_processing/req_logging.py:29}}
Aug 05 20:41:30.929318 n-d-852088-2 devstack@keystone.service[87163]: [pid: 87163|app: 0|req: 140/259] 10.222.0.45 () {54 vars in 927 bytes} [Fri Aug 5 20:41:30 2022] GET /identity => generated 270 bytes in 3 msecs (HTTP/1.1 300) 6 headers in 234 bytes (1 switches on core 0)
Aug 05 20:41:30.934630 n-d-852088-2 devstack@keystone.service[87163]: DEBUG keystone.server.flask.request_processing.req_logging [None req-f4c7843e-213b-4616-9da6-9e41334aa1d1 None None] REQUEST_METHOD: `POST` {{(pid=87163) log_request_info /opt/stack/keystone/keystone/server/flask/request_processing/req_logging.py:27}}
Aug 05 20:41:30.934921 n-d-852088-2 devstack@keystone.service[87163]: DEBUG keystone.server.flask.request_processing.req_logging [None req-f4c7843e-213b-4616-9da6-9e41334aa1d1 None None] SCRIPT_NAME: `/identity` {{(pid=87163) log_request_info /opt/stack/keystone/keystone/server/flask/request_processing/req_logging.py:28}}
Aug 05 20:41:30.935199 n-d-852088-2 devstack@keystone.service[87163]: DEBUG keystone.server.flask.request_processing.req_logging [None req-f4c7843e-213b-4616-9da6-9e41334aa1d1 None None] PATH_INFO: `/v3/auth/tokens` {{(pid=87163) log_request_info /opt/stack/keystone/keystone/server/flask/request_processing/req_logging.py:29}}
Aug 05 20:41:30.954405 n-d-852088-2 devstack@keystone.service[87163]: DEBUG keystone.auth.core [None req-f4c7843e-213b-4616-9da6-9e41334aa1d1 None None] MFA Rules not processed for user `e83e438f7933415dafc6d88f31c507aa`. Rule list: `[]` (Enabled: `True`). {{(pid=87163) check_auth_methods_against_rules /opt/stack/keystone/keystone/auth/core.py:438}}
Aug 05 20:41:30.955599 n-d-852088-2 devstack@keystone.service[87163]: DEBUG keystone.common.fernet_utils [None req-f4c7843e-213b-4616-9da6-9e41334aa1d1 None None] Loaded 2 Fernet keys from /etc/keystone/fernet-keys/, but `[fernet_tokens] max_active_keys = 3`; perhaps there have not been enough key rotations to reach `max_active_keys` yet? {{(pid=87163) load_keys /opt/stack/keystone/keystone/common/fernet_utils.py:286}}
Aug 05 20:41:31.029803 n-d-852088-2 devstack@keystone.service[87163]: [pid: 87163|app: 0|req: 141/260] 10.222.0.45 () {58 vars in 1024 bytes} [Fri Aug 5 20:41:30 2022] POST /identity/v3/auth/tokens => generated 799 bytes in 96 msecs (HTTP/1.1 201) 6 headers in 363 bytes (2 switches on core 0)
Aug 05 20:41:31.053757 n-d-852088-2 devstack@keystone.service[87163]: DEBUG keystone.server.flask.request_processing.middleware.auth_context [None req-f4c7843e-213b-4616-9da6-9e41334aa1d1 None None] Authenticating user token {{(pid=87163) process_request /usr/local/lib/python3.8/dist-packages/keystonemiddleware/auth_token/__init__.py:407}}
Aug 05 20:41:31.097506 n-d-852088-2 devstack@keystone.service[87164]: DEBUG keystone.server.flask.request_processing.middleware.auth_context [None req-771052ff-3761-4849-b126-3dce7d4559e4 None admin] Validating token access rules against request {{(pid=87164) validate_allowed_request /usr/local/lib/python3.8/dist-packages/keystonemiddleware/auth_token/__init__.py:545}}
Aug 05 20:41:31.159278 n-d-852088-2 devstack@keystone.service[87164]: DEBUG dbcounter [-] [87164] Writing DB stats keystone:SELECT=100 {{(pid=87164) stat_writer /usr/local/lib/python3.8/dist-packages/dbcounter.py:114}}
Aug 05 20:41:31.167278 n-d-852088-2 devstack@keystone.service[87163]: DEBUG dbcounter [-] [87163] Writing DB stats keystone:SELECT=100 {{(pid=87163) stat_writer /usr/local/lib/python3.8/dist-packages/dbcounter.py:114}}
Aug 05 20:41:31.184058 n-d-852088-2 devstack@keystone.service[87163]: DEBUG keystone.server.flask.request_processing.middleware.auth_context [None req-f4c7843e-213b-4616-9da6-9e41334aa1d1 None None] Validating token access rules against request {{(pid=87163) validate_allowed_request /usr/local/lib/python3.8/dist-packages/keystonemiddleware/auth_token/__init__.py:545}}
Aug 05 20:41:31.185643 n-d-852088-2 devstack@keystone.service[87164]: DEBUG keystone.server.flask.request_processing.middleware.auth_context [None req-600f6cc7-fddc-49ac-ad92-76bc65186a0c None admin] RBAC: auth_context: {'token': , 'domain_id': None, 'trust_id': None, 'trustor_id': None, 'trustee_id': None, 'domain_name': None, 'group_ids': [], 'user_id': 'e83e438f7933415dafc6d88f31c507aa', 'user_domain_id': 'default', 'system_scope': 'all', 'project_id': None, 'project_domain_id': None, 'roles': ['admin', 'member', 'reader'], 'is_admin_project': True, 'service_user_id': None, 'service_user_domain_id': None, 'service_project_id': None, 'service_project_domain_id': None, 'service_roles': []} {{(pid=87164) fill_context /opt/stack/keystone/keystone/server/flask/request_processing/middleware/auth_context.py:478}}
Aug 05 20:41:31.186298 n-d-852088-2 devstack@keystone.service[87164]: DEBUG keystone.server.flask.request_processing.req_logging [None req-600f6cc7-fddc-49ac-ad92-76bc65186a0c None admin] REQUEST_METHOD: `GET` {{(pid=87164) log_request_info /opt/stack/keystone/keystone/server/flask/request_processing/req_logging.py:27}}
Aug 05 20:41:31.187460 n-d-852088-2 devstack@keystone.service[87164]: DEBUG keystone.server.flask.request_processing.req_logging [None req-600f6cc7-fddc-49ac-ad92-76bc65186a0c None admin] SCRIPT_NAME: `/identity` {{(pid=87164) log_request_info /opt/stack/keystone/keystone/server/flask/request_processing/req_logging.py:28}}
Aug 05 20:41:31.187460 n-d-852088-2 devstack@keystone.service[87164]: DEBUG keystone.server.flask.request_processing.req_logging [None req-600f6cc7-fddc-49ac-ad92-76bc65186a0c None admin] PATH_INFO: `/v3/auth/tokens` {{(pid=87164) log_request_info /opt/stack/keystone/keystone/server/flask/request_processing/req_logging.py:29}}
Aug 05 20:41:31.265760 n-d-852088-2 devstack@keystone.service[87163]: DEBUG keystone.server.flask.request_processing.middleware.auth_context [None req-9f2fefbb-65fe-48cd-8bef-73ecaae4c8c1 None admin] RBAC: auth_context: {'token': , 'domain_id': None, 'trust_id': None, 'trustor_id': None, 'trustee_id': None, 'domain_name': None, 'group_ids': [], 'user_id': 'e83e438f7933415dafc6d88f31c507aa', 'user_domain_id': 'default', 'system_scope': 'all', 'project_id': None, 'project_domain_id': None, 'roles': ['admin', 'member', 'reader'], 'is_admin_project': True, 'service_user_id': None, 'service_user_domain_id': None, 'service_project_id': None, 'service_project_domain_id': None, 'service_roles': []} {{(pid=87163) fill_context /opt/stack/keystone/keystone/server/flask/request_processing/middleware/auth_context.py:478}}
