Oct 04 20:54:45.387111 n-d-852088-12 devstack@placement-api.service[114077]: DEBUG placement.requestlog [req-0b803dd4-7be8-492a-a78f-3c76b2c38368 req-7f048bca-f45b-4b9d-95a9-1f68f0250729 None None] Starting request: 10.222.0.46 "GET /placement/allocation_candidates?limit=1000&resources=DISK_GB%3A1%2CMEMORY_MB%3A1024%2CVCPU%3A1&root_required=%21COMPUTE_STATUS_DISABLED" {{(pid=114077) __call__ /opt/stack/placement/placement/requestlog.py:55}}
Oct 04 20:54:45.495962 n-d-852088-12 devstack@placement-api.service[114078]: DEBUG placement.requestlog [req-658c86a9-a4bf-4a82-b48f-35331dda3fb5 req-75f0a320-431c-41dc-80e3-c41e9f58faa5 None None] Starting request: 10.222.0.46 "GET /placement/allocation_candidates?limit=1000&resources=DISK_GB%3A2%2CMEMORY_MB%3A1024%2CVCPU%3A1&root_required=%21COMPUTE_STATUS_DISABLED" {{(pid=114078) __call__ /opt/stack/placement/placement/requestlog.py:55}}
Oct 04 20:54:45.581155 n-d-852088-12 devstack@placement-api.service[114077]: DEBUG placement.objects.research_context [req-0b803dd4-7be8-492a-a78f-3c76b2c38368 req-7f048bca-f45b-4b9d-95a9-1f68f0250729 service placement] getting providers with 1 DISK_GB {{(pid=114077) __init__ /opt/stack/placement/placement/objects/research_context.py:136}}
Oct 04 20:54:45.611066 n-d-852088-12 devstack@placement-api.service[114077]: DEBUG placement.objects.research_context [req-0b803dd4-7be8-492a-a78f-3c76b2c38368 req-7f048bca-f45b-4b9d-95a9-1f68f0250729 service placement] getting providers with 1024 MEMORY_MB {{(pid=114077) __init__ /opt/stack/placement/placement/objects/research_context.py:136}}
Oct 04 20:54:45.627057 n-d-852088-12 devstack@placement-api.service[114077]: DEBUG placement.objects.research_context [req-0b803dd4-7be8-492a-a78f-3c76b2c38368 req-7f048bca-f45b-4b9d-95a9-1f68f0250729 service placement] getting providers with 1 VCPU {{(pid=114077) __init__ /opt/stack/placement/placement/objects/research_context.py:136}}
Oct 04 20:54:45.644637 n-d-852088-12 devstack@placement-api.service[114077]: DEBUG placement.objects.research_context [req-0b803dd4-7be8-492a-a78f-3c76b2c38368 req-7f048bca-f45b-4b9d-95a9-1f68f0250729 service placement] found 2 providers with available 1 DISK_GB {{(pid=114077) get_provider_ids_matching /opt/stack/placement/placement/objects/research_context.py:563}}
Oct 04 20:54:45.646346 n-d-852088-12 devstack@placement-api.service[114077]: DEBUG placement.objects.research_context [req-0b803dd4-7be8-492a-a78f-3c76b2c38368 req-7f048bca-f45b-4b9d-95a9-1f68f0250729 service placement] found 2 providers with available 1024 MEMORY_MB {{(pid=114077) get_provider_ids_matching /opt/stack/placement/placement/objects/research_context.py:563}}
Oct 04 20:54:45.646795 n-d-852088-12 devstack@placement-api.service[114077]: DEBUG placement.objects.research_context [req-0b803dd4-7be8-492a-a78f-3c76b2c38368 req-7f048bca-f45b-4b9d-95a9-1f68f0250729 service placement] found 2 providers after filtering by previous result {{(pid=114077) get_provider_ids_matching /opt/stack/placement/placement/objects/research_context.py:594}}
Oct 04 20:54:45.653688 n-d-852088-12 devstack@placement-api.service[114077]: DEBUG placement.objects.research_context [req-0b803dd4-7be8-492a-a78f-3c76b2c38368 req-7f048bca-f45b-4b9d-95a9-1f68f0250729 service placement] found 2 providers with available 1 VCPU {{(pid=114077) get_provider_ids_matching /opt/stack/placement/placement/objects/research_context.py:563}}
Oct 04 20:54:45.654904 n-d-852088-12 devstack@placement-api.service[114077]: DEBUG placement.objects.research_context [req-0b803dd4-7be8-492a-a78f-3c76b2c38368 req-7f048bca-f45b-4b9d-95a9-1f68f0250729 service placement] found 2 providers after filtering by previous result {{(pid=114077) get_provider_ids_matching /opt/stack/placement/placement/objects/research_context.py:594}}
Oct 04 20:54:45.674687 n-d-852088-12 devstack@placement-api.service[114078]: DEBUG placement.objects.research_context [req-658c86a9-a4bf-4a82-b48f-35331dda3fb5 req-75f0a320-431c-41dc-80e3-c41e9f58faa5 service placement] getting providers with 2 DISK_GB {{(pid=114078) __init__ /opt/stack/placement/placement/objects/research_context.py:136}}
Oct 04 20:54:45.708769 n-d-852088-12 devstack@placement-api.service[114077]: DEBUG placement.objects.allocation_candidate [req-0b803dd4-7be8-492a-a78f-3c76b2c38368 req-7f048bca-f45b-4b9d-95a9-1f68f0250729 service placement] RequestGroup(use_same_provider=False, resources={DISK_GB:1, MEMORY_MB:1024, VCPU:1}, traits=(), aggregates=[]) (suffix '') returned 2 matches {{(pid=114077) _get_by_requests /opt/stack/placement/placement/objects/allocation_candidate.py:156}}
Oct 04 20:54:45.710497 n-d-852088-12 devstack@placement-api.service[114077]: DEBUG placement.objects.allocation_candidate [req-0b803dd4-7be8-492a-a78f-3c76b2c38368 req-7f048bca-f45b-4b9d-95a9-1f68f0250729 service placement] Merging candidates yields 2 allocation requests and 2 provider summaries {{(pid=114077) _merge_candidates /opt/stack/placement/placement/objects/allocation_candidate.py:809}}
Oct 04 20:54:45.714606 n-d-852088-12 devstack@placement-api.service[114077]: INFO placement.requestlog [req-0b803dd4-7be8-492a-a78f-3c76b2c38368 req-7f048bca-f45b-4b9d-95a9-1f68f0250729 service placement] 10.222.0.46 "GET /placement/allocation_candidates?limit=1000&resources=DISK_GB%3A1%2CMEMORY_MB%3A1024%2CVCPU%3A1&root_required=%21COMPUTE_STATUS_DISABLED" status: 200 len: 1306 microversion: 1.36
Oct 04 20:54:45.735819 n-d-852088-12 devstack@placement-api.service[114078]: DEBUG placement.objects.research_context [req-658c86a9-a4bf-4a82-b48f-35331dda3fb5 req-75f0a320-431c-41dc-80e3-c41e9f58faa5 service placement] getting providers with 1024 MEMORY_MB {{(pid=114078) __init__ /opt/stack/placement/placement/objects/research_context.py:136}}
Oct 04 20:54:45.737806 n-d-852088-12 devstack@placement-api.service[114077]: [pid: 114077|app: 0|req: 85/168] 10.222.0.46 () {60 vars in 1506 bytes} [Tue Oct 4 20:54:45 2022] GET /placement/allocation_candidates?limit=1000&resources=DISK_GB%3A1%2CMEMORY_MB%3A1024%2CVCPU%3A1&root_required=%21COMPUTE_STATUS_DISABLED => generated 1306 bytes in 349 msecs (HTTP/1.1 200) 8 headers in 297 bytes (1 switches on core 0)
Oct 04 20:54:45.767116 n-d-852088-12 devstack@placement-api.service[114078]: DEBUG placement.objects.research_context [req-658c86a9-a4bf-4a82-b48f-35331dda3fb5 req-75f0a320-431c-41dc-80e3-c41e9f58faa5 service placement] getting providers with 1 VCPU {{(pid=114078) __init__ /opt/stack/placement/placement/objects/research_context.py:136}}
Oct 04 20:54:45.788377 n-d-852088-12 devstack@placement-api.service[114078]: DEBUG placement.objects.research_context [req-658c86a9-a4bf-4a82-b48f-35331dda3fb5 req-75f0a320-431c-41dc-80e3-c41e9f58faa5 service placement] found 2 providers with available 2 DISK_GB {{(pid=114078) get_provider_ids_matching /opt/stack/placement/placement/objects/research_context.py:563}}
Oct 04 20:54:45.788992 n-d-852088-12 devstack@placement-api.service[114078]: DEBUG placement.objects.research_context [req-658c86a9-a4bf-4a82-b48f-35331dda3fb5 req-75f0a320-431c-41dc-80e3-c41e9f58faa5 service placement] found 2 providers with available 1024 MEMORY_MB {{(pid=114078) get_provider_ids_matching /opt/stack/placement/placement/objects/research_context.py:563}}
Oct 04 20:54:45.789445 n-d-852088-12 devstack@placement-api.service[114078]: DEBUG placement.objects.research_context [req-658c86a9-a4bf-4a82-b48f-35331dda3fb5 req-75f0a320-431c-41dc-80e3-c41e9f58faa5 service placement] found 2 providers after filtering by previous result {{(pid=114078) get_provider_ids_matching /opt/stack/placement/placement/objects/research_context.py:594}}
Oct 04 20:54:45.789866 n-d-852088-12 devstack@placement-api.service[114078]: DEBUG placement.objects.research_context [req-658c86a9-a4bf-4a82-b48f-35331dda3fb5 req-75f0a320-431c-41dc-80e3-c41e9f58faa5 service placement] found 2 providers with available 1 VCPU {{(pid=114078) get_provider_ids_matching /opt/stack/placement/placement/objects/research_context.py:563}}
Oct 04 20:54:45.790435 n-d-852088-12 devstack@placement-api.service[114078]: DEBUG placement.objects.research_context [req-658c86a9-a4bf-4a82-b48f-35331dda3fb5 req-75f0a320-431c-41dc-80e3-c41e9f58faa5 service placement] found 2 providers after filtering by previous result {{(pid=114078) get_provider_ids_matching /opt/stack/placement/placement/objects/research_context.py:594}}
Oct 04 20:54:45.837932 n-d-852088-12 devstack@placement-api.service[114078]: DEBUG placement.objects.allocation_candidate [req-658c86a9-a4bf-4a82-b48f-35331dda3fb5 req-75f0a320-431c-41dc-80e3-c41e9f58faa5 service placement] RequestGroup(use_same_provider=False, resources={DISK_GB:2, MEMORY_MB:1024, VCPU:1}, traits=(), aggregates=[]) (suffix '') returned 2 matches {{(pid=114078) _get_by_requests /opt/stack/placement/placement/objects/allocation_candidate.py:156}}
Oct 04 20:54:45.839992 n-d-852088-12 devstack@placement-api.service[114078]: DEBUG placement.objects.allocation_candidate [req-658c86a9-a4bf-4a82-b48f-35331dda3fb5 req-75f0a320-431c-41dc-80e3-c41e9f58faa5 service placement] Merging candidates yields 2 allocation requests and 2 provider summaries {{(pid=114078) _merge_candidates /opt/stack/placement/placement/objects/allocation_candidate.py:809}}
Oct 04 20:54:45.844107 n-d-852088-12 devstack@placement-api.service[114078]: INFO placement.requestlog [req-658c86a9-a4bf-4a82-b48f-35331dda3fb5 req-75f0a320-431c-41dc-80e3-c41e9f58faa5 service placement] 10.222.0.46 "GET /placement/allocation_candidates?limit=1000&resources=DISK_GB%3A2%2CMEMORY_MB%3A1024%2CVCPU%3A1&root_required=%21COMPUTE_STATUS_DISABLED" status: 200 len: 1306 microversion: 1.36
Oct 04 20:54:45.864209 n-d-852088-12 devstack@placement-api.service[114078]: [pid: 114078|app: 0|req: 84/169] 10.222.0.46 () {60 vars in 1506 bytes} [Tue Oct 4 20:54:45 2022] GET /placement/allocation_candidates?limit=1000&resources=DISK_GB%3A2%2CMEMORY_MB%3A1024%2CVCPU%3A1&root_required=%21COMPUTE_STATUS_DISABLED => generated 1306 bytes in 368 msecs (HTTP/1.1 200) 8 headers in 297 bytes (2 switches on core 0)
Oct 04 20:54:46.023760 n-d-852088-12 devstack@placement-api.service[114077]: DEBUG placement.requestlog [req-0b803dd4-7be8-492a-a78f-3c76b2c38368 req-28888977-9e4d-40a8-a6a3-b0b3e58a99d7 None None] Starting request: 10.222.0.46 "GET /placement/allocations/07db39b2-d136-4528-ad68-9b6d59efe182" {{(pid=114077) __call__ /opt/stack/placement/placement/requestlog.py:55}}
Oct 04 20:54:46.047112 n-d-852088-12 devstack@placement-api.service[114077]: INFO placement.requestlog [req-0b803dd4-7be8-492a-a78f-3c76b2c38368 req-28888977-9e4d-40a8-a6a3-b0b3e58a99d7 service placement] 10.222.0.46 "GET /placement/allocations/07db39b2-d136-4528-ad68-9b6d59efe182" status: 200 len: 19 microversion: 1.28
Oct 04 20:54:46.050014 n-d-852088-12 devstack@placement-api.service[114077]: [pid: 114077|app: 0|req: 86/170] 10.222.0.46 () {60 vars in 1380 bytes} [Tue Oct 4 20:54:46 2022] GET /placement/allocations/07db39b2-d136-4528-ad68-9b6d59efe182 => generated 19 bytes in 27 msecs (HTTP/1.1 200) 8 headers in 295 bytes (1 switches on core 0)
Oct 04 20:54:46.056500 n-d-852088-12 devstack@placement-api.service[114078]: DEBUG placement.requestlog [req-0b803dd4-7be8-492a-a78f-3c76b2c38368 req-fb20299d-9691-4967-802f-fd1450679aea None None] Starting request: 10.222.0.46 "PUT /placement/allocations/07db39b2-d136-4528-ad68-9b6d59efe182" {{(pid=114078) __call__ /opt/stack/placement/placement/requestlog.py:55}}
Oct 04 20:54:46.138262 n-d-852088-12 devstack@placement-api.service[114077]: DEBUG placement.requestlog [req-658c86a9-a4bf-4a82-b48f-35331dda3fb5 req-f2fd4002-f42d-47b0-bb98-8ed77671cb6a None None] Starting request: 10.222.0.46 "GET /placement/allocations/3ab4106d-65a8-4597-83a3-6632ed45ce6d" {{(pid=114077) __call__ /opt/stack/placement/placement/requestlog.py:55}}
Oct 04 20:54:46.181676 n-d-852088-12 devstack@placement-api.service[114077]: INFO placement.requestlog [req-658c86a9-a4bf-4a82-b48f-35331dda3fb5 req-f2fd4002-f42d-47b0-bb98-8ed77671cb6a service placement] 10.222.0.46 "GET /placement/allocations/3ab4106d-65a8-4597-83a3-6632ed45ce6d" status: 200 len: 19 microversion: 1.28
Oct 04 20:54:46.183082 n-d-852088-12 devstack@placement-api.service[114077]: [pid: 114077|app: 0|req: 87/171] 10.222.0.46 () {60 vars in 1380 bytes} [Tue Oct 4 20:54:46 2022] GET /placement/allocations/3ab4106d-65a8-4597-83a3-6632ed45ce6d => generated 19 bytes in 45 msecs (HTTP/1.1 200) 8 headers in 295 bytes (1 switches on core 0)
Oct 04 20:54:46.189467 n-d-852088-12 devstack@placement-api.service[114077]: DEBUG placement.requestlog [req-658c86a9-a4bf-4a82-b48f-35331dda3fb5 req-a772f65a-69ea-4180-8bd4-6d458a8b5e84 None None] Starting request: 10.222.0.46 "PUT /placement/allocations/3ab4106d-65a8-4597-83a3-6632ed45ce6d" {{(pid=114077) __call__ /opt/stack/placement/placement/requestlog.py:55}}
Oct 04 20:54:46.339940 n-d-852088-12 devstack@placement-api.service[114077]: DEBUG oslo_db.api [req-658c86a9-a4bf-4a82-b48f-35331dda3fb5 req-a772f65a-69ea-4180-8bd4-6d458a8b5e84 service placement] DB error: (pymysql.err.OperationalError) (1213, 'Deadlock found when trying to get lock; try restarting transaction')
Oct 04 20:54:46.339940 n-d-852088-12 devstack@placement-api.service[114077]: [SQL: INSERT INTO allocations (created_at, resource_provider_id, consumer_id, resource_class_id, used) VALUES (%(created_at)s, %(resource_provider_id)s, %(consumer_id)s, %(resource_class_id)s, %(used)s)]
Oct 04 20:54:46.339940 n-d-852088-12 devstack@placement-api.service[114077]: [parameters: {'created_at': datetime.datetime(2022, 10, 4, 20, 54, 46, 328416), 'resource_provider_id': 1, 'consumer_id': '3ab4106d-65a8-4597-83a3-6632ed45ce6d', 'resource_class_id': 2, 'used': 2}]
Oct 04 20:54:46.339940 n-d-852088-12 devstack@placement-api.service[114077]: (Background on this error at: https://sqlalche.me/e/14/e3q8) {{(pid=114077) _is_exception_expected /usr/local/lib/python3.8/dist-packages/oslo_db/api.py:184}}
Oct 04 20:54:46.341391 n-d-852088-12 devstack@placement-api.service[114077]: DEBUG oslo_db.api [req-658c86a9-a4bf-4a82-b48f-35331dda3fb5 req-a772f65a-69ea-4180-8bd4-6d458a8b5e84 service placement] Performing DB retry for function placement.objects.allocation._set_allocations {{(pid=114077) wrapper /usr/local/lib/python3.8/dist-packages/oslo_db/api.py:155}}
Oct 04 20:54:46.351877 n-d-852088-12 devstack@placement-api.service[114078]: DEBUG placement.handlers.allocation [req-0b803dd4-7be8-492a-a78f-3c76b2c38368 req-fb20299d-9691-4967-802f-fd1450679aea service placement] Successfully wrote allocations [, , ] {{(pid=114078) _update_consumers_and_create_allocations /opt/stack/placement/placement/handlers/allocation.py:462}}
Oct 04 20:54:46.364580 n-d-852088-12 devstack@placement-api.service[114078]: INFO placement.requestlog [req-0b803dd4-7be8-492a-a78f-3c76b2c38368 req-fb20299d-9691-4967-802f-fd1450679aea service placement] 10.222.0.46 "PUT /placement/allocations/07db39b2-d136-4528-ad68-9b6d59efe182" status: 204 len: 0 microversion: 1.36
Oct 04 20:54:46.370271 n-d-852088-12 devstack@placement-api.service[114078]: [pid: 114078|app: 0|req: 85/172] 10.222.0.46 () {64 vars in 1433 bytes} [Tue Oct 4 20:54:46 2022] PUT /placement/allocations/07db39b2-d136-4528-ad68-9b6d59efe182 => generated 0 bytes in 315 msecs (HTTP/1.1 204) 5 headers in 199 bytes (1 switches on core 0)
Oct 04 20:54:47.250597 n-d-852088-12 devstack@placement-api.service[114078]: DEBUG placement.requestlog [req-0b803dd4-7be8-492a-a78f-3c76b2c38368 req-c5ee19b2-1f25-42a9-afc9-006ed0d69285 None None] Starting request: 10.222.0.47 "GET /placement/allocations/07db39b2-d136-4528-ad68-9b6d59efe182" {{(pid=114078) __call__ /opt/stack/placement/placement/requestlog.py:55}}
Oct 04 20:54:47.322356 n-d-852088-12 devstack@placement-api.service[114078]: INFO placement.requestlog [req-0b803dd4-7be8-492a-a78f-3c76b2c38368 req-c5ee19b2-1f25-42a9-afc9-006ed0d69285 service placement] 10.222.0.47 "GET /placement/allocations/07db39b2-d136-4528-ad68-9b6d59efe182" status: 200 len: 259 microversion: 1.28
Oct 04 20:54:47.323825 n-d-852088-12 devstack@placement-api.service[114078]: [pid: 114078|app: 0|req: 86/173] 10.222.0.47 () {60 vars in 1377 bytes} [Tue Oct 4 20:54:47 2022] GET /placement/allocations/07db39b2-d136-4528-ad68-9b6d59efe182 => generated 259 bytes in 74 msecs (HTTP/1.1 200) 8 headers in 296 bytes (1 switches on core 0)
Oct 04 20:54:47.381261 n-d-852088-12 devstack@placement-api.service[114077]: DEBUG placement.objects.allocation [req-658c86a9-a4bf-4a82-b48f-35331dda3fb5 req-a772f65a-69ea-4180-8bd4-6d458a8b5e84 service placement] Retrying allocations write on resource provider generation conflict {{(pid=114077) replace_all /opt/stack/placement/placement/objects/allocation.py:509}}
Oct 04 20:54:47.507578 n-d-852088-12 devstack@placement-api.service[114077]: DEBUG placement.handlers.allocation [req-658c86a9-a4bf-4a82-b48f-35331dda3fb5 req-a772f65a-69ea-4180-8bd4-6d458a8b5e84 service placement] Successfully wrote allocations [, , ] {{(pid=114077) _update_consumers_and_create_allocations /opt/stack/placement/placement/handlers/allocation.py:462}}
Oct 04 20:54:47.513235 n-d-852088-12 devstack@placement-api.service[114077]: INFO placement.requestlog [req-658c86a9-a4bf-4a82-b48f-35331dda3fb5 req-a772f65a-69ea-4180-8bd4-6d458a8b5e84 service placement] 10.222.0.46 "PUT /placement/allocations/3ab4106d-65a8-4597-83a3-6632ed45ce6d" status: 204 len: 0 microversion: 1.36
Oct 04 20:54:47.513674 n-d-852088-12 devstack@placement-api.service[114077]: [pid: 114077|app: 0|req: 88/174] 10.222.0.46 () {64 vars in 1433 bytes} [Tue Oct 4 20:54:46 2022] PUT /placement/allocations/3ab4106d-65a8-4597-83a3-6632ed45ce6d => generated 0 bytes in 1325 msecs (HTTP/1.1 204) 5 headers in 199 bytes (2 switches on core 0)
Oct 04 20:54:47.688132 n-d-852088-12 devstack@placement-api.service[114078]: DEBUG placement.requestlog [req-0b803dd4-7be8-492a-a78f-3c76b2c38368 req-52b1af20-71bf-40da-b08a-54737f5272fa None None] Starting request: 10.222.0.47 "GET /placement/resource_providers/b4a1ce9c-bcf3-4a5b-8e94-27eb645a7767/allocations" {{(pid=114078) __call__ /opt/stack/placement/placement/requestlog.py:55}}
Oct 04 20:54:47.777903 n-d-852088-12 devstack@placement-api.service[114078]: INFO placement.requestlog [req-0b803dd4-7be8-492a-a78f-3c76b2c38368 req-52b1af20-71bf-40da-b08a-54737f5272fa service placement] 10.222.0.47 "GET /placement/resource_providers/b4a1ce9c-bcf3-4a5b-8e94-27eb645a7767/allocations" status: 200 len: 255 microversion: 1.0
Oct 04 20:54:47.786717 n-d-852088-12 devstack@placement-api.service[114078]: [pid: 114078|app: 0|req: 87/175] 10.222.0.47 () {58 vars in 1390 bytes} [Tue Oct 4 20:54:47 2022] GET /placement/resource_providers/b4a1ce9c-bcf3-4a5b-8e94-27eb645a7767/allocations => generated 255 bytes in 99 msecs (HTTP/1.1 200) 6 headers in 224 bytes (1 switches on core 0)
Oct 04 20:54:47.797567 n-d-852088-12 devstack@placement-api.service[114077]: DEBUG placement.requestlog [req-0b803dd4-7be8-492a-a78f-3c76b2c38368 req-3842ad07-10d3-4fda-9d0a-66ad9740df49 None None] Starting request: 10.222.0.47 "GET /placement/allocations/3ab4106d-65a8-4597-83a3-6632ed45ce6d" {{(pid=114077) __call__ /opt/stack/placement/placement/requestlog.py:55}}
Oct 04 20:54:47.848905 n-d-852088-12 devstack@placement-api.service[114077]: INFO placement.requestlog [req-0b803dd4-7be8-492a-a78f-3c76b2c38368 req-3842ad07-10d3-4fda-9d0a-66ad9740df49 service placement] 10.222.0.47 "GET /placement/allocations/3ab4106d-65a8-4597-83a3-6632ed45ce6d" status: 200 len: 259 microversion: 1.28
Oct 04 20:54:47.849878 n-d-852088-12 devstack@placement-api.service[114077]: [pid: 114077|app: 0|req: 89/176] 10.222.0.47 () {60 vars in 1377 bytes} [Tue Oct 4 20:54:47 2022] GET /placement/allocations/3ab4106d-65a8-4597-83a3-6632ed45ce6d => generated 259 bytes in 53 msecs (HTTP/1.1 200) 8 headers in 296 bytes (1 switches on core 0)
Oct 04 20:54:47.859867 n-d-852088-12 devstack@placement-api.service[114078]: DEBUG placement.requestlog [req-0b803dd4-7be8-492a-a78f-3c76b2c38368 req-ddc51205-251c-4b9c-a27c-c8c19ed60cfc None None] Starting request: 10.222.0.47 "GET /placement/allocations/07db39b2-d136-4528-ad68-9b6d59efe182" {{(pid=114078) __call__ /opt/stack/placement/placement/requestlog.py:55}}
Oct 04 20:54:47.904640 n-d-852088-12 devstack@placement-api.service[114078]: INFO placement.requestlog [req-0b803dd4-7be8-492a-a78f-3c76b2c38368 req-ddc51205-251c-4b9c-a27c-c8c19ed60cfc service placement] 10.222.0.47 "GET /placement/allocations/07db39b2-d136-4528-ad68-9b6d59efe182" status: 200 len: 259 microversion: 1.28
Oct 04 20:54:47.905734 n-d-852088-12 devstack@placement-api.service[114078]: [pid: 114078|app: 0|req: 88/177] 10.222.0.47 () {60 vars in 1377 bytes} [Tue Oct 4 20:54:47 2022] GET /placement/allocations/07db39b2-d136-4528-ad68-9b6d59efe182 => generated 259 bytes in 46 msecs (HTTP/1.1 200) 8 headers in 296 bytes (2 switches on core 0)
Oct 04 20:54:48.671768 n-d-852088-12 devstack@placement-api.service[114077]: DEBUG placement.requestlog [req-658c86a9-a4bf-4a82-b48f-35331dda3fb5 req-19b437ee-59a1-4602-bcef-239de6311453 None None] Starting request: 10.222.0.47 "GET /placement/allocations/3ab4106d-65a8-4597-83a3-6632ed45ce6d" {{(pid=114077) __call__ /opt/stack/placement/placement/requestlog.py:55}}
Oct 04 20:54:48.717514 n-d-852088-12 devstack@placement-api.service[114077]: INFO placement.requestlog [req-658c86a9-a4bf-4a82-b48f-35331dda3fb5 req-19b437ee-59a1-4602-bcef-239de6311453 service placement] 10.222.0.47 "GET /placement/allocations/3ab4106d-65a8-4597-83a3-6632ed45ce6d" status: 200 len: 259 microversion: 1.28
Oct 04 20:54:48.719121 n-d-852088-12 devstack@placement-api.service[114077]: [pid: 114077|app: 0|req: 90/178] 10.222.0.47 () {60 vars in 1377 bytes} [Tue Oct 4 20:54:48 2022] GET /placement/allocations/3ab4106d-65a8-4597-83a3-6632ed45ce6d => generated 259 bytes in 48 msecs (HTTP/1.1 200) 8 headers in 296 bytes (2 switches on core 0)
Oct 04 20:54:49.177157 n-d-852088-12 devstack@placement-api.service[114078]: DEBUG placement.requestlog [req-658c86a9-a4bf-4a82-b48f-35331dda3fb5 req-e8f5e285-59ad-4a18-bea1-a1fc561de060 None None] Starting request: 10.222.0.47 "GET /placement/resource_providers/b4a1ce9c-bcf3-4a5b-8e94-27eb645a7767/allocations" {{(pid=114078) __call__ /opt/stack/placement/placement/requestlog.py:55}}
Oct 04 20:54:49.280278 n-d-852088-12 devstack@placement-api.service[114078]: INFO placement.requestlog [req-658c86a9-a4bf-4a82-b48f-35331dda3fb5 req-e8f5e285-59ad-4a18-bea1-a1fc561de060 service placement] 10.222.0.47 "GET /placement/resource_providers/b4a1ce9c-bcf3-4a5b-8e94-27eb645a7767/allocations" status: 200 len: 255 microversion: 1.0
Oct 04 20:54:49.281999 n-d-852088-12 devstack@placement-api.service[114078]: [pid: 114078|app: 0|req: 89/179] 10.222.0.47 () {58 vars in 1390 bytes} [Tue Oct 4 20:54:49 2022] GET /placement/resource_providers/b4a1ce9c-bcf3-4a5b-8e94-27eb645a7767/allocations => generated 255 bytes in 108 msecs (HTTP/1.1 200) 6 headers in 224 bytes (1 switches on core 0)
Oct 04 20:54:49.291638 n-d-852088-12 devstack@placement-api.service[114077]: DEBUG placement.requestlog [req-658c86a9-a4bf-4a82-b48f-35331dda3fb5 req-4dd581c0-6f97-4e34-ae8a-1500891176c9 None None] Starting request: 10.222.0.47 "GET /placement/allocations/3ab4106d-65a8-4597-83a3-6632ed45ce6d" {{(pid=114077) __call__ /opt/stack/placement/placement/requestlog.py:55}}
Oct 04 20:54:49.327364 n-d-852088-12 devstack@placement-api.service[114077]: INFO placement.requestlog [req-658c86a9-a4bf-4a82-b48f-35331dda3fb5 req-4dd581c0-6f97-4e34-ae8a-1500891176c9 service placement] 10.222.0.47 "GET /placement/allocations/3ab4106d-65a8-4597-83a3-6632ed45ce6d" status: 200 len: 259 microversion: 1.28
Oct 04 20:54:49.330480 n-d-852088-12 devstack@placement-api.service[114077]: [pid: 114077|app: 0|req: 91/180] 10.222.0.47 () {60 vars in 1377 bytes} [Tue Oct 4 20:54:49 2022] GET /placement/allocations/3ab4106d-65a8-4597-83a3-6632ed45ce6d => generated 259 bytes in 39 msecs (HTTP/1.1 200) 8 headers in 296 bytes (1 switches on core 0)
Oct 04 20:54:49.355130 n-d-852088-12 devstack@placement-api.service[114078]: DEBUG placement.requestlog [req-658c86a9-a4bf-4a82-b48f-35331dda3fb5 req-d518fd7f-8133-407e-b668-4aacf1473fb6 None None] Starting request: 10.222.0.47 "GET /placement/allocations/07db39b2-d136-4528-ad68-9b6d59efe182" {{(pid=114078) __call__ /opt/stack/placement/placement/requestlog.py:55}}
Oct 04 20:54:49.396790 n-d-852088-12 devstack@placement-api.service[114078]: INFO placement.requestlog [req-658c86a9-a4bf-4a82-b48f-35331dda3fb5 req-d518fd7f-8133-407e-b668-4aacf1473fb6 service placement] 10.222.0.47 "GET /placement/allocations/07db39b2-d136-4528-ad68-9b6d59efe182" status: 200 len: 259 microversion: 1.28
Oct 04 20:54:49.398694 n-d-852088-12 devstack@placement-api.service[114078]: [pid: 114078|app: 0|req: 90/181] 10.222.0.47 () {60 vars in 1377 bytes} [Tue Oct 4 20:54:49 2022] GET /placement/allocations/07db39b2-d136-4528-ad68-9b6d59efe182 => generated 259 bytes in 45 msecs (HTTP/1.1 200) 8 headers in 296 bytes (1 switches on core 0)
Oct 04 20:54:49.629000 n-d-852088-12 devstack@placement-api.service[114077]: DEBUG placement.requestlog [req-9831b661-1ab5-48a8-9a26-cedf5c9387fa req-16c74a21-189a-4c8d-9535-628d70d5961f None None] Starting request: 10.222.0.67 "GET /placement/resource_providers/551644a7-5968-4c9d-be73-64a2dd96567d/allocations" {{(pid=114077) __call__ /opt/stack/placement/placement/requestlog.py:55}}
Oct 04 20:54:49.706466 n-d-852088-12 devstack@placement-api.service[114077]: INFO placement.requestlog [req-9831b661-1ab5-48a8-9a26-cedf5c9387fa req-16c74a21-189a-4c8d-9535-628d70d5961f service placement] 10.222.0.67 "GET /placement/resource_providers/551644a7-5968-4c9d-be73-64a2dd96567d/allocations" status: 200 len: 456 microversion: 1.0
Oct 04 20:54:49.711064 n-d-852088-12 devstack@placement-api.service[114077]: [pid: 114077|app: 0|req: 92/182] 10.222.0.67 () {58 vars in 1390 bytes} [Tue Oct 4 20:54:49 2022] GET /placement/resource_providers/551644a7-5968-4c9d-be73-64a2dd96567d/allocations => generated 456 bytes in 81 msecs (HTTP/1.1 200) 6 headers in 224 bytes (1 switches on core 0)
Oct 04 20:54:49.717639 n-d-852088-12 devstack@placement-api.service[114078]: DEBUG placement.requestlog [req-9831b661-1ab5-48a8-9a26-cedf5c9387fa req-0a8eae81-6a78-492e-8eb0-2e7f8fb79829 None None] Starting request: 10.222.0.67 "GET /placement/allocations/8a4b6f18-d40a-4876-a1ad-68d9c3e2e166" {{(pid=114078) __call__ /opt/stack/placement/placement/requestlog.py:55}}
Oct 04 20:54:49.761978 n-d-852088-12 devstack@placement-api.service[114078]: INFO placement.requestlog [req-9831b661-1ab5-48a8-9a26-cedf5c9387fa req-0a8eae81-6a78-492e-8eb0-2e7f8fb79829 service placement] 10.222.0.67 "GET /placement/allocations/8a4b6f18-d40a-4876-a1ad-68d9c3e2e166" status: 200 len: 258 microversion: 1.28
Oct 04 20:54:49.766083 n-d-852088-12 devstack@placement-api.service[114078]: [pid: 114078|app: 0|req: 91/183] 10.222.0.67 () {60 vars in 1377 bytes} [Tue Oct 4 20:54:49 2022] GET /placement/allocations/8a4b6f18-d40a-4876-a1ad-68d9c3e2e166 => generated 258 bytes in 49 msecs (HTTP/1.1 200) 8 headers in 296 bytes (2 switches on core 0)
Oct 04 20:54:49.779122 n-d-852088-12 devstack@placement-api.service[114077]: DEBUG placement.requestlog [req-9831b661-1ab5-48a8-9a26-cedf5c9387fa req-d0d690e6-9e54-46ae-a292-258c78cc3172 None None] Starting request: 10.222.0.67 "GET /placement/allocations/871912c6-0038-489c-b066-e3ecace4e58c" {{(pid=114077) __call__ /opt/stack/placement/placement/requestlog.py:55}}
Oct 04 20:54:49.844164 n-d-852088-12 devstack@placement-api.service[114077]: INFO placement.requestlog [req-9831b661-1ab5-48a8-9a26-cedf5c9387fa req-d0d690e6-9e54-46ae-a292-258c78cc3172 service placement] 10.222.0.67 "GET /placement/allocations/871912c6-0038-489c-b066-e3ecace4e58c" status: 200 len: 258 microversion: 1.28
Oct 04 20:54:49.845834 n-d-852088-12 devstack@placement-api.service[114077]: [pid: 114077|app: 0|req: 93/184] 10.222.0.67 () {60 vars in 1377 bytes} [Tue Oct 4 20:54:49 2022] GET /placement/allocations/871912c6-0038-489c-b066-e3ecace4e58c => generated 258 bytes in 68 msecs (HTTP/1.1 200) 8 headers in 296 bytes (1 switches on core 0)
Oct 04 20:54:49.861026 n-d-852088-12 devstack@placement-api.service[114078]: DEBUG placement.requestlog [req-9831b661-1ab5-48a8-9a26-cedf5c9387fa req-986bcc56-b4f7-48aa-8271-35b04f80a7d6 None None] Starting request: 10.222.0.67 "GET /placement/allocations/5df0001d-dc08-4f0f-a242-e8a237f648ec" {{(pid=114078) __call__ /opt/stack/placement/placement/requestlog.py:55}}
Oct 04 20:54:49.893513 n-d-852088-12 devstack@placement-api.service[114078]: DEBUG dbcounter [-] [114078] Writing DB stats placement:SELECT=88,placement:DELETE=4,placement:INSERT=6,placement:UPDATE=2 {{(pid=114078) stat_writer /usr/local/lib/python3.8/dist-packages/dbcounter.py:114}}
Oct 04 20:54:49.907921 n-d-852088-12 devstack@placement-api.service[114078]: INFO placement.requestlog [req-9831b661-1ab5-48a8-9a26-cedf5c9387fa req-986bcc56-b4f7-48aa-8271-35b04f80a7d6 service placement] 10.222.0.67 "GET /placement/allocations/5df0001d-dc08-4f0f-a242-e8a237f648ec" status: 200 len: 258 microversion: 1.28
Oct 04 20:54:49.912121 n-d-852088-12 devstack@placement-api.service[114078]: [pid: 114078|app: 0|req: 92/185] 10.222.0.67 () {60 vars in 1377 bytes} [Tue Oct 4 20:54:49 2022] GET /placement/allocations/5df0001d-dc08-4f0f-a242-e8a237f648ec => generated 258 bytes in 51 msecs (HTTP/1.1 200) 8 headers in 296 bytes (1 switches on core 0)
Oct 04 20:54:49.922952 n-d-852088-12 devstack@placement-api.service[114077]: DEBUG placement.requestlog [req-9831b661-1ab5-48a8-9a26-cedf5c9387fa req-d51395c5-173c-44ae-86a3-6ed7f70f5152 None None] Starting request: 10.222.0.67 "GET /placement/allocations/03e48ab4-7cb4-45ef-8b83-063a1b519122" {{(pid=114077) __call__ /opt/stack/placement/placement/requestlog.py:55}}
Oct 04 20:54:49.958451 n-d-852088-12 devstack@placement-api.service[114077]: INFO placement.requestlog [req-9831b661-1ab5-48a8-9a26-cedf5c9387fa req-d51395c5-173c-44ae-86a3-6ed7f70f5152 service placement] 10.222.0.67 "GET /placement/allocations/03e48ab4-7cb4-45ef-8b83-063a1b519122" status: 200 len: 258 microversion: 1.28
Oct 04 20:54:49.961859 n-d-852088-12 devstack@placement-api.service[114077]: [pid: 114077|app: 0|req: 94/186] 10.222.0.67 () {60 vars in 1377 bytes} [Tue Oct 4 20:54:49 2022] GET /placement/allocations/03e48ab4-7cb4-45ef-8b83-063a1b519122 => generated 258 bytes in 39 msecs (HTTP/1.1 200) 8 headers in 296 bytes (2 switches on core 0)
Oct 04 20:54:50.334780 n-d-852088-12 devstack@placement-api.service[114078]: DEBUG placement.requestlog [req-9831b661-1ab5-48a8-9a26-cedf5c9387fa req-4db741fa-8f9e-4fb8-8637-5570732fb472 None None] Starting request: 10.222.0.67 "DELETE /placement/allocations/8a4b6f18-d40a-4876-a1ad-68d9c3e2e166" {{(pid=114078) __call__ /opt/stack/placement/placement/requestlog.py:55}}
Oct 04 20:54:50.454932 n-d-852088-12 devstack@placement-api.service[114078]: DEBUG placement.handlers.allocation [req-9831b661-1ab5-48a8-9a26-cedf5c9387fa req-4db741fa-8f9e-4fb8-8637-5570732fb472 service placement] Successfully deleted allocations [, , ] {{(pid=114078) delete_allocations /opt/stack/placement/placement/handlers/allocation.py:627}}
Oct 04 20:54:50.456579 n-d-852088-12 devstack@placement-api.service[114078]: INFO placement.requestlog [req-9831b661-1ab5-48a8-9a26-cedf5c9387fa req-4db741fa-8f9e-4fb8-8637-5570732fb472 service placement] 10.222.0.67 "DELETE /placement/allocations/8a4b6f18-d40a-4876-a1ad-68d9c3e2e166" status: 204 len: 0 microversion: 1.0
Oct 04 20:54:50.458381 n-d-852088-12 devstack@placement-api.service[114078]: [pid: 114078|app: 0|req: 93/187] 10.222.0.67 () {60 vars in 1355 bytes} [Tue Oct 4 20:54:50 2022] DELETE /placement/allocations/8a4b6f18-d40a-4876-a1ad-68d9c3e2e166 => generated 0 bytes in 125 msecs (HTTP/1.1 204) 5 headers in 198 bytes (1 switches on core 0)
Oct 04 20:54:52.470571 n-d-852088-12 devstack@placement-api.service[114077]: DEBUG placement.requestlog [req-f662f75f-9b4f-4571-9a30-6ae38078f4c3 req-558cc067-2c64-4d79-8d7b-dcf519901dea None None] Starting request: 10.222.0.47 "GET /placement/resource_providers/b4a1ce9c-bcf3-4a5b-8e94-27eb645a7767/allocations" {{(pid=114077) __call__ /opt/stack/placement/placement/requestlog.py:55}}
Oct 04 20:54:52.558242 n-d-852088-12 devstack@placement-api.service[114077]: INFO placement.requestlog [req-f662f75f-9b4f-4571-9a30-6ae38078f4c3 req-558cc067-2c64-4d79-8d7b-dcf519901dea service placement] 10.222.0.47 "GET /placement/resource_providers/b4a1ce9c-bcf3-4a5b-8e94-27eb645a7767/allocations" status: 200 len: 255 microversion: 1.0
Oct 04 20:54:52.562481 n-d-852088-12 devstack@placement-api.service[114077]: [pid: 114077|app: 0|req: 95/188] 10.222.0.47 () {58 vars in 1390 bytes} [Tue Oct 4 20:54:52 2022] GET /placement/resource_providers/b4a1ce9c-bcf3-4a5b-8e94-27eb645a7767/allocations => generated 255 bytes in 92 msecs (HTTP/1.1 200) 6 headers in 224 bytes (1 switches on core 0)
Oct 04 20:54:52.657609 n-d-852088-12 devstack@placement-api.service[114078]: DEBUG placement.requestlog [req-f662f75f-9b4f-4571-9a30-6ae38078f4c3 req-43cc3bcd-3849-47e3-89c5-ae4b1ba1e7c7 None None] Starting request: 10.222.0.47 "GET /placement/resource_providers/b4a1ce9c-bcf3-4a5b-8e94-27eb645a7767/allocations" {{(pid=114078) __call__ /opt/stack/placement/placement/requestlog.py:55}}
Oct 04 20:54:52.736346 n-d-852088-12 devstack@placement-api.service[114078]: INFO placement.requestlog [req-f662f75f-9b4f-4571-9a30-6ae38078f4c3 req-43cc3bcd-3849-47e3-89c5-ae4b1ba1e7c7 service placement] 10.222.0.47 "GET /placement/resource_providers/b4a1ce9c-bcf3-4a5b-8e94-27eb645a7767/allocations" status: 200 len: 255 microversion: 1.0
Oct 04 20:54:52.737560 n-d-852088-12 devstack@placement-api.service[114078]: [pid: 114078|app: 0|req: 94/189] 10.222.0.47 () {58 vars in 1390 bytes} [Tue Oct 4 20:54:52 2022] GET /placement/resource_providers/b4a1ce9c-bcf3-4a5b-8e94-27eb645a7767/allocations => generated 255 bytes in 81 msecs (HTTP/1.1 200) 6 headers in 224 bytes (1 switches on core 0)
Oct 04 20:54:52.751109 n-d-852088-12 devstack@placement-api.service[114077]: DEBUG placement.requestlog [req-f662f75f-9b4f-4571-9a30-6ae38078f4c3 req-7be89ebf-03d3-44ad-9774-b03bd91737ab None None] Starting request: 10.222.0.47 "GET /placement/allocations/3ab4106d-65a8-4597-83a3-6632ed45ce6d" {{(pid=114077) __call__ /opt/stack/placement/placement/requestlog.py:55}}
Oct 04 20:54:52.801282 n-d-852088-12 devstack@placement-api.service[114077]: INFO placement.requestlog [req-f662f75f-9b4f-4571-9a30-6ae38078f4c3 req-7be89ebf-03d3-44ad-9774-b03bd91737ab service placement] 10.222.0.47 "GET /placement/allocations/3ab4106d-65a8-4597-83a3-6632ed45ce6d" status: 200 len: 259 microversion: 1.28
Oct 04 20:54:52.802381 n-d-852088-12 devstack@placement-api.service[114077]: [pid: 114077|app: 0|req: 96/190] 10.222.0.47 () {60 vars in 1377 bytes} [Tue Oct 4 20:54:52 2022] GET /placement/allocations/3ab4106d-65a8-4597-83a3-6632ed45ce6d => generated 259 bytes in 52 msecs (HTTP/1.1 200) 8 headers in 296 bytes (1 switches on core 0)
Oct 04 20:54:52.812798 n-d-852088-12 devstack@placement-api.service[114078]: DEBUG placement.requestlog [req-f662f75f-9b4f-4571-9a30-6ae38078f4c3 req-d3b8dafc-7a38-4829-a518-c8416c157c26 None None] Starting request: 10.222.0.47 "GET /placement/allocations/07db39b2-d136-4528-ad68-9b6d59efe182" {{(pid=114078) __call__ /opt/stack/placement/placement/requestlog.py:55}}
Oct 04 20:54:52.832913 n-d-852088-12 devstack@placement-api.service[114078]: INFO placement.requestlog [req-f662f75f-9b4f-4571-9a30-6ae38078f4c3 req-d3b8dafc-7a38-4829-a518-c8416c157c26 service placement] 10.222.0.47 "GET /placement/allocations/07db39b2-d136-4528-ad68-9b6d59efe182" status: 200 len: 259 microversion: 1.28
Oct 04 20:54:52.833966 n-d-852088-12 devstack@placement-api.service[114078]: [pid: 114078|app: 0|req: 95/191] 10.222.0.47 () {60 vars in 1377 bytes} [Tue Oct 4 20:54:52 2022] GET /placement/allocations/07db39b2-d136-4528-ad68-9b6d59efe182 => generated 259 bytes in 21 msecs (HTTP/1.1 200) 8 headers in 296 bytes (2 switches on core 0)
Oct 04 20:54:54.964997 n-d-852088-12 devstack@placement-api.service[114077]: DEBUG placement.requestlog [req-74f96613-01db-4230-bb0d-c27b5b4ca24a req-4b565b6a-c158-4fcc-af2a-42fe34cb4985 None None] Starting request: 10.222.0.46 "GET /placement/allocation_candidates?limit=1000&resources=DISK_GB%3A1%2CMEMORY_MB%3A1024%2CVCPU%3A1&root_required=%21COMPUTE_STATUS_DISABLED" {{(pid=114077) __call__ /opt/stack/placement/placement/requestlog.py:55}}
Oct 04 20:54:55.058837 n-d-852088-12 devstack@placement-api.service[114077]: DEBUG placement.objects.research_context [req-74f96613-01db-4230-bb0d-c27b5b4ca24a req-4b565b6a-c158-4fcc-af2a-42fe34cb4985 service placement] getting providers with 1 DISK_GB {{(pid=114077) __init__ /opt/stack/placement/placement/objects/research_context.py:136}}
Oct 04 20:54:55.069572 n-d-852088-12 devstack@placement-api.service[114077]: DEBUG placement.objects.research_context [req-74f96613-01db-4230-bb0d-c27b5b4ca24a req-4b565b6a-c158-4fcc-af2a-42fe34cb4985 service placement] getting providers with 1024 MEMORY_MB {{(pid=114077) __init__ /opt/stack/placement/placement/objects/research_context.py:136}}
Oct 04 20:54:55.085784 n-d-852088-12 devstack@placement-api.service[114077]: DEBUG placement.objects.research_context [req-74f96613-01db-4230-bb0d-c27b5b4ca24a req-4b565b6a-c158-4fcc-af2a-42fe34cb4985 service placement] getting providers with 1 VCPU {{(pid=114077) __init__ /opt/stack/placement/placement/objects/research_context.py:136}}
Oct 04 20:54:55.101282 n-d-852088-12 devstack@placement-api.service[114077]: DEBUG placement.objects.research_context [req-74f96613-01db-4230-bb0d-c27b5b4ca24a req-4b565b6a-c158-4fcc-af2a-42fe34cb4985 service placement] found 2 providers with available 1 DISK_GB {{(pid=114077) get_provider_ids_matching /opt/stack/placement/placement/objects/research_context.py:563}}
Oct 04 20:54:55.109849 n-d-852088-12 devstack@placement-api.service[114077]: DEBUG placement.objects.research_context [req-74f96613-01db-4230-bb0d-c27b5b4ca24a req-4b565b6a-c158-4fcc-af2a-42fe34cb4985 service placement] found 2 providers with available 1024 MEMORY_MB {{(pid=114077) get_provider_ids_matching /opt/stack/placement/placement/objects/research_context.py:563}}
Oct 04 20:54:55.110359 n-d-852088-12 devstack@placement-api.service[114077]: DEBUG placement.objects.research_context [req-74f96613-01db-4230-bb0d-c27b5b4ca24a req-4b565b6a-c158-4fcc-af2a-42fe34cb4985 service placement] found 2 providers after filtering by previous result {{(pid=114077) get_provider_ids_matching /opt/stack/placement/placement/objects/research_context.py:594}}
Oct 04 20:54:55.110660 n-d-852088-12 devstack@placement-api.service[114077]: DEBUG placement.objects.research_context [req-74f96613-01db-4230-bb0d-c27b5b4ca24a req-4b565b6a-c158-4fcc-af2a-42fe34cb4985 service placement] found 2 providers with available 1 VCPU {{(pid=114077) get_provider_ids_matching /opt/stack/placement/placement/objects/research_context.py:563}}
Oct 04 20:54:55.110910 n-d-852088-12 devstack@placement-api.service[114077]: DEBUG placement.objects.research_context [req-74f96613-01db-4230-bb0d-c27b5b4ca24a req-4b565b6a-c158-4fcc-af2a-42fe34cb4985 service placement] found 2 providers after filtering by previous result {{(pid=114077) get_provider_ids_matching /opt/stack/placement/placement/objects/research_context.py:594}}
Oct 04 20:54:55.137510 n-d-852088-12 devstack@placement-api.service[114077]: DEBUG placement.objects.allocation_candidate [req-74f96613-01db-4230-bb0d-c27b5b4ca24a req-4b565b6a-c158-4fcc-af2a-42fe34cb4985 service placement] RequestGroup(use_same_provider=False, resources={DISK_GB:1, MEMORY_MB:1024, VCPU:1}, traits=(), aggregates=[]) (suffix '') returned 2 matches {{(pid=114077) _get_by_requests /opt/stack/placement/placement/objects/allocation_candidate.py:156}}
Oct 04 20:54:55.138393 n-d-852088-12 devstack@placement-api.service[114077]: DEBUG placement.objects.allocation_candidate [req-74f96613-01db-4230-bb0d-c27b5b4ca24a req-4b565b6a-c158-4fcc-af2a-42fe34cb4985 service placement] Merging candidates yields 2 allocation requests and 2 provider summaries {{(pid=114077) _merge_candidates /opt/stack/placement/placement/objects/allocation_candidate.py:809}}
Oct 04 20:54:55.140094 n-d-852088-12 devstack@placement-api.service[114077]: INFO placement.requestlog [req-74f96613-01db-4230-bb0d-c27b5b4ca24a req-4b565b6a-c158-4fcc-af2a-42fe34cb4985 service placement] 10.222.0.46 "GET /placement/allocation_candidates?limit=1000&resources=DISK_GB%3A1%2CMEMORY_MB%3A1024%2CVCPU%3A1&root_required=%21COMPUTE_STATUS_DISABLED" status: 200 len: 1309 microversion: 1.36
Oct 04 20:54:55.140919 n-d-852088-12 devstack@placement-api.service[114077]: [pid: 114077|app: 0|req: 97/192] 10.222.0.46 () {60 vars in 1506 bytes} [Tue Oct 4 20:54:54 2022] GET /placement/allocation_candidates?limit=1000&resources=DISK_GB%3A1%2CMEMORY_MB%3A1024%2CVCPU%3A1&root_required=%21COMPUTE_STATUS_DISABLED => generated 1309 bytes in 176 msecs (HTTP/1.1 200) 8 headers in 297 bytes (1 switches on core 0)
Oct 04 20:54:55.323698 n-d-852088-12 devstack@placement-api.service[114078]: DEBUG placement.requestlog [req-74f96613-01db-4230-bb0d-c27b5b4ca24a req-dc836a2d-ab1a-42e6-ba44-a2899d6cd0cd None None] Starting request: 10.222.0.46 "GET /placement/allocations/fe0821d6-a282-4eba-8674-10b2f3ac3dca" {{(pid=114078) __call__ /opt/stack/placement/placement/requestlog.py:55}}
Oct 04 20:54:55.354539 n-d-852088-12 devstack@placement-api.service[114078]: INFO placement.requestlog [req-74f96613-01db-4230-bb0d-c27b5b4ca24a req-dc836a2d-ab1a-42e6-ba44-a2899d6cd0cd service placement] 10.222.0.46 "GET /placement/allocations/fe0821d6-a282-4eba-8674-10b2f3ac3dca" status: 200 len: 19 microversion: 1.28
Oct 04 20:54:55.356261 n-d-852088-12 devstack@placement-api.service[114078]: [pid: 114078|app: 0|req: 96/193] 10.222.0.46 () {60 vars in 1380 bytes} [Tue Oct 4 20:54:55 2022] GET /placement/allocations/fe0821d6-a282-4eba-8674-10b2f3ac3dca => generated 19 bytes in 33 msecs (HTTP/1.1 200) 8 headers in 295 bytes (1 switches on core 0)
Oct 04 20:54:55.362598 n-d-852088-12 devstack@placement-api.service[114077]: DEBUG placement.requestlog [req-74f96613-01db-4230-bb0d-c27b5b4ca24a req-50eadefb-31e1-45d5-91ad-1938b54f8204 None None] Starting request: 10.222.0.46 "PUT /placement/allocations/fe0821d6-a282-4eba-8674-10b2f3ac3dca" {{(pid=114077) __call__ /opt/stack/placement/placement/requestlog.py:55}}
Oct 04 20:54:55.393861 n-d-852088-12 devstack@placement-api.service[114077]: DEBUG dbcounter [-] [114077] Writing DB stats placement:SELECT=85,placement:INSERT=8,placement:DELETE=4,placement:UPDATE=3 {{(pid=114077) stat_writer /usr/local/lib/python3.8/dist-packages/dbcounter.py:114}}
Oct 04 20:54:55.518385 n-d-852088-12 devstack@placement-api.service[114077]: DEBUG placement.handlers.allocation [req-74f96613-01db-4230-bb0d-c27b5b4ca24a req-50eadefb-31e1-45d5-91ad-1938b54f8204 service placement] Successfully wrote allocations [, , ] {{(pid=114077) _update_consumers_and_create_allocations /opt/stack/placement/placement/handlers/allocation.py:462}}
Oct 04 20:54:55.530154 n-d-852088-12 devstack@placement-api.service[114077]: INFO placement.requestlog [req-74f96613-01db-4230-bb0d-c27b5b4ca24a req-50eadefb-31e1-45d5-91ad-1938b54f8204 service placement] 10.222.0.46 "PUT /placement/allocations/fe0821d6-a282-4eba-8674-10b2f3ac3dca" status: 204 len: 0 microversion: 1.36
Oct 04 20:54:55.531650 n-d-852088-12 devstack@placement-api.service[114077]: [pid: 114077|app: 0|req: 98/194] 10.222.0.46 () {64 vars in 1433 bytes} [Tue Oct 4 20:54:55 2022] PUT /placement/allocations/fe0821d6-a282-4eba-8674-10b2f3ac3dca => generated 0 bytes in 169 msecs (HTTP/1.1 204) 5 headers in 199 bytes (2 switches on core 0)
Oct 04 20:54:56.413919 n-d-852088-12 devstack@placement-api.service[114078]: DEBUG placement.requestlog [req-c7570c5b-4727-4cb4-9ada-fceef00086c7 req-b9f8a1aa-4eac-4321-b4b2-b478bb36afb5 None None] Starting request: 10.222.0.67 "GET /placement/resource_providers/551644a7-5968-4c9d-be73-64a2dd96567d/allocations" {{(pid=114078) __call__ /opt/stack/placement/placement/requestlog.py:55}}
Oct 04 20:54:56.507973 n-d-852088-12 devstack@placement-api.service[114078]: INFO placement.requestlog [req-c7570c5b-4727-4cb4-9ada-fceef00086c7 req-b9f8a1aa-4eac-4321-b4b2-b478bb36afb5 service placement] 10.222.0.67 "GET /placement/resource_providers/551644a7-5968-4c9d-be73-64a2dd96567d/allocations" status: 200 len: 355 microversion: 1.0
Oct 04 20:54:56.508371 n-d-852088-12 devstack@placement-api.service[114078]: [pid: 114078|app: 0|req: 97/195] 10.222.0.67 () {58 vars in 1390 bytes} [Tue Oct 4 20:54:56 2022] GET /placement/resource_providers/551644a7-5968-4c9d-be73-64a2dd96567d/allocations => generated 355 bytes in 95 msecs (HTTP/1.1 200) 6 headers in 224 bytes (1 switches on core 0)
Oct 04 20:54:56.594185 n-d-852088-12 devstack@placement-api.service[114077]: DEBUG placement.requestlog [req-c7570c5b-4727-4cb4-9ada-fceef00086c7 req-b1d527cb-e42a-4d5c-a2ed-d9f346ce04eb None None] Starting request: 10.222.0.67 "GET /placement/resource_providers/551644a7-5968-4c9d-be73-64a2dd96567d/allocations" {{(pid=114077) __call__ /opt/stack/placement/placement/requestlog.py:55}}
Oct 04 20:54:56.656226 n-d-852088-12 devstack@placement-api.service[114077]: INFO placement.requestlog [req-c7570c5b-4727-4cb4-9ada-fceef00086c7 req-b1d527cb-e42a-4d5c-a2ed-d9f346ce04eb service placement] 10.222.0.67 "GET /placement/resource_providers/551644a7-5968-4c9d-be73-64a2dd96567d/allocations" status: 200 len: 355 microversion: 1.0
Oct 04 20:54:56.657982 n-d-852088-12 devstack@placement-api.service[114077]: [pid: 114077|app: 0|req: 99/196] 10.222.0.67 () {58 vars in 1390 bytes} [Tue Oct 4 20:54:56 2022] GET /placement/resource_providers/551644a7-5968-4c9d-be73-64a2dd96567d/allocations => generated 355 bytes in 64 msecs (HTTP/1.1 200) 6 headers in 224 bytes (1 switches on core 0)
Oct 04 20:54:56.674367 n-d-852088-12 devstack@placement-api.service[114078]: DEBUG placement.requestlog [req-c7570c5b-4727-4cb4-9ada-fceef00086c7 req-808db463-8895-4eaa-869d-92aeabfe80b8 None None] Starting request: 10.222.0.67 "GET /placement/allocations/03e48ab4-7cb4-45ef-8b83-063a1b519122" {{(pid=114078) __call__ /opt/stack/placement/placement/requestlog.py:55}}
Oct 04 20:54:56.715085 n-d-852088-12 devstack@placement-api.service[114078]: INFO placement.requestlog [req-c7570c5b-4727-4cb4-9ada-fceef00086c7 req-808db463-8895-4eaa-869d-92aeabfe80b8 service placement] 10.222.0.67 "GET /placement/allocations/03e48ab4-7cb4-45ef-8b83-063a1b519122" status: 200 len: 258 microversion: 1.28
Oct 04 20:54:56.717695 n-d-852088-12 devstack@placement-api.service[114078]: [pid: 114078|app: 0|req: 98/197] 10.222.0.67 () {60 vars in 1377 bytes} [Tue Oct 4 20:54:56 2022] GET /placement/allocations/03e48ab4-7cb4-45ef-8b83-063a1b519122 => generated 258 bytes in 44 msecs (HTTP/1.1 200) 8 headers in 296 bytes (1 switches on core 0)
Oct 04 20:54:56.739713 n-d-852088-12 devstack@placement-api.service[114077]: DEBUG placement.requestlog [req-c7570c5b-4727-4cb4-9ada-fceef00086c7 req-d27686a1-7af0-44ff-aa07-90677a322a67 None None] Starting request: 10.222.0.67 "GET /placement/allocations/871912c6-0038-489c-b066-e3ecace4e58c" {{(pid=114077) __call__ /opt/stack/placement/placement/requestlog.py:55}}
Oct 04 20:54:56.777669 n-d-852088-12 devstack@placement-api.service[114077]: INFO placement.requestlog [req-c7570c5b-4727-4cb4-9ada-fceef00086c7 req-d27686a1-7af0-44ff-aa07-90677a322a67 service placement] 10.222.0.67 "GET /placement/allocations/871912c6-0038-489c-b066-e3ecace4e58c" status: 200 len: 258 microversion: 1.28
Oct 04 20:54:56.780588 n-d-852088-12 devstack@placement-api.service[114077]: [pid: 114077|app: 0|req: 100/198] 10.222.0.67 () {60 vars in 1377 bytes} [Tue Oct 4 20:54:56 2022] GET /placement/allocations/871912c6-0038-489c-b066-e3ecace4e58c => generated 258 bytes in 40 msecs (HTTP/1.1 200) 8 headers in 296 bytes (1 switches on core 0)
Oct 04 20:54:56.792384 n-d-852088-12 devstack@placement-api.service[114078]: DEBUG placement.requestlog [req-c7570c5b-4727-4cb4-9ada-fceef00086c7 req-0c20cb5f-6a35-4639-a490-1de44866b921 None None] Starting request: 10.222.0.67 "GET /placement/allocations/5df0001d-dc08-4f0f-a242-e8a237f648ec" {{(pid=114078) __call__ /opt/stack/placement/placement/requestlog.py:55}}
Oct 04 20:54:56.846517 n-d-852088-12 devstack@placement-api.service[114078]: INFO placement.requestlog [req-c7570c5b-4727-4cb4-9ada-fceef00086c7 req-0c20cb5f-6a35-4639-a490-1de44866b921 service placement] 10.222.0.67 "GET /placement/allocations/5df0001d-dc08-4f0f-a242-e8a237f648ec" status: 200 len: 258 microversion: 1.28
Oct 04 20:54:56.850535 n-d-852088-12 devstack@placement-api.service[114078]: [pid: 114078|app: 0|req: 99/199] 10.222.0.67 () {60 vars in 1377 bytes} [Tue Oct 4 20:54:56 2022] GET /placement/allocations/5df0001d-dc08-4f0f-a242-e8a237f648ec => generated 258 bytes in 58 msecs (HTTP/1.1 200) 8 headers in 296 bytes (1 switches on core 0)
Oct 04 20:54:57.046922 n-d-852088-12 devstack@placement-api.service[114077]: DEBUG placement.requestlog [req-74f96613-01db-4230-bb0d-c27b5b4ca24a req-e8a5d4c6-1344-465f-b29f-29f73cfd5700 None None] Starting request: 10.222.0.47 "GET /placement/allocations/fe0821d6-a282-4eba-8674-10b2f3ac3dca" {{(pid=114077) __call__ /opt/stack/placement/placement/requestlog.py:55}}
Oct 04 20:54:57.115765 n-d-852088-12 devstack@placement-api.service[114077]: INFO placement.requestlog [req-74f96613-01db-4230-bb0d-c27b5b4ca24a req-e8a5d4c6-1344-465f-b29f-29f73cfd5700 service placement] 10.222.0.47 "GET /placement/allocations/fe0821d6-a282-4eba-8674-10b2f3ac3dca" status: 200 len: 259 microversion: 1.28
