Aug 31 18:35:37.845357 n-d-852086-7 devstack@placement-api.service[107677]: INFO placement.requestlog [req-6f6fc226-7f5c-478a-b593-b6de838bd54b req-306ea3ab-7031-44e5-a87b-563e9ad63e64 service placement] 10.222.0.26 "GET /placement/allocations/45177d15-db8f-44de-825f-e7168e1d1453" status: 200 len: 259 microversion: 1.28
Aug 31 18:35:37.845748 n-d-852086-7 devstack@placement-api.service[107677]: [pid: 107677|app: 0|req: 103/207] 10.222.0.26 () {60 vars in 1377 bytes} [Wed Aug 31 18:35:37 2022] GET /placement/allocations/45177d15-db8f-44de-825f-e7168e1d1453 => generated 259 bytes in 30 msecs (HTTP/1.1 200) 8 headers in 296 bytes (1 switches on core 0)
Aug 31 18:35:37.856269 n-d-852086-7 devstack@placement-api.service[107678]: DEBUG placement.requestlog [req-6f6fc226-7f5c-478a-b593-b6de838bd54b req-f2efc09f-45d6-40f4-86fd-ca503fce4842 None None] Starting request: 10.222.0.26 "GET /placement/allocations/6d71489c-9433-45cb-ae88-8c60e048bc8d" {{(pid=107678) __call__ /opt/stack/placement/placement/requestlog.py:55}}
Aug 31 18:35:37.879470 n-d-852086-7 devstack@placement-api.service[107678]: INFO placement.requestlog [req-6f6fc226-7f5c-478a-b593-b6de838bd54b req-f2efc09f-45d6-40f4-86fd-ca503fce4842 service placement] 10.222.0.26 "GET /placement/allocations/6d71489c-9433-45cb-ae88-8c60e048bc8d" status: 200 len: 259 microversion: 1.28
Aug 31 18:35:37.880152 n-d-852086-7 devstack@placement-api.service[107678]: [pid: 107678|app: 0|req: 105/208] 10.222.0.26 () {60 vars in 1377 bytes} [Wed Aug 31 18:35:37 2022] GET /placement/allocations/6d71489c-9433-45cb-ae88-8c60e048bc8d => generated 259 bytes in 24 msecs (HTTP/1.1 200) 8 headers in 296 bytes (1 switches on core 0)
Aug 31 18:35:45.907314 n-d-852086-7 devstack@placement-api.service[107677]: DEBUG placement.requestlog [req-533243cd-732f-4ddc-93a9-98dd2e208da5 req-7e312c8c-cfed-4ab6-a396-3236e3140c7b None None] Starting request: 10.222.0.26 "GET /placement/resource_providers/348b995e-6d0c-48a0-92ca-b3c225e47047/allocations" {{(pid=107677) __call__ /opt/stack/placement/placement/requestlog.py:55}}
Aug 31 18:35:45.938663 n-d-852086-7 devstack@placement-api.service[107677]: INFO placement.requestlog [req-533243cd-732f-4ddc-93a9-98dd2e208da5 req-7e312c8c-cfed-4ab6-a396-3236e3140c7b service placement] 10.222.0.26 "GET /placement/resource_providers/348b995e-6d0c-48a0-92ca-b3c225e47047/allocations" status: 200 len: 457 microversion: 1.0
Aug 31 18:35:45.939582 n-d-852086-7 devstack@placement-api.service[107677]: [pid: 107677|app: 0|req: 104/209] 10.222.0.26 () {58 vars in 1390 bytes} [Wed Aug 31 18:35:45 2022] GET /placement/resource_providers/348b995e-6d0c-48a0-92ca-b3c225e47047/allocations => generated 457 bytes in 33 msecs (HTTP/1.1 200) 6 headers in 224 bytes (1 switches on core 0)
Aug 31 18:35:45.998870 n-d-852086-7 devstack@placement-api.service[107678]: DEBUG placement.requestlog [req-533243cd-732f-4ddc-93a9-98dd2e208da5 req-3fb88e47-fb6c-4507-bd43-71a8402bd100 None None] Starting request: 10.222.0.26 "GET /placement/resource_providers/348b995e-6d0c-48a0-92ca-b3c225e47047/allocations" {{(pid=107678) __call__ /opt/stack/placement/placement/requestlog.py:55}}
Aug 31 18:35:46.023855 n-d-852086-7 devstack@placement-api.service[107678]: INFO placement.requestlog [req-533243cd-732f-4ddc-93a9-98dd2e208da5 req-3fb88e47-fb6c-4507-bd43-71a8402bd100 service placement] 10.222.0.26 "GET /placement/resource_providers/348b995e-6d0c-48a0-92ca-b3c225e47047/allocations" status: 200 len: 457 microversion: 1.0
Aug 31 18:35:46.024492 n-d-852086-7 devstack@placement-api.service[107678]: [pid: 107678|app: 0|req: 106/210] 10.222.0.26 () {58 vars in 1390 bytes} [Wed Aug 31 18:35:45 2022] GET /placement/resource_providers/348b995e-6d0c-48a0-92ca-b3c225e47047/allocations => generated 457 bytes in 26 msecs (HTTP/1.1 200) 6 headers in 224 bytes (1 switches on core 0)
Aug 31 18:35:46.038433 n-d-852086-7 devstack@placement-api.service[107677]: DEBUG placement.requestlog [req-533243cd-732f-4ddc-93a9-98dd2e208da5 req-eaa7f9f2-b18d-423d-aaa5-95f8da58e266 None None] Starting request: 10.222.0.26 "GET /placement/allocations/fc2cf911-3e54-4bfa-96f6-ec8c18599260" {{(pid=107677) __call__ /opt/stack/placement/placement/requestlog.py:55}}
Aug 31 18:35:46.056554 n-d-852086-7 devstack@placement-api.service[107677]: INFO placement.requestlog [req-533243cd-732f-4ddc-93a9-98dd2e208da5 req-eaa7f9f2-b18d-423d-aaa5-95f8da58e266 service placement] 10.222.0.26 "GET /placement/allocations/fc2cf911-3e54-4bfa-96f6-ec8c18599260" status: 200 len: 259 microversion: 1.28
Aug 31 18:35:46.057355 n-d-852086-7 devstack@placement-api.service[107677]: [pid: 107677|app: 0|req: 105/211] 10.222.0.26 () {60 vars in 1377 bytes} [Wed Aug 31 18:35:46 2022] GET /placement/allocations/fc2cf911-3e54-4bfa-96f6-ec8c18599260 => generated 259 bytes in 19 msecs (HTTP/1.1 200) 8 headers in 296 bytes (1 switches on core 0)
Aug 31 18:35:46.065719 n-d-852086-7 devstack@placement-api.service[107678]: DEBUG placement.requestlog [req-533243cd-732f-4ddc-93a9-98dd2e208da5 req-6cd30b6d-89fc-4774-a860-ebf4cc6851a6 None None] Starting request: 10.222.0.26 "GET /placement/allocations/b779591e-7459-44ed-ab6c-e68b78d8284d" {{(pid=107678) __call__ /opt/stack/placement/placement/requestlog.py:55}}
Aug 31 18:35:46.082356 n-d-852086-7 devstack@placement-api.service[107678]: INFO placement.requestlog [req-533243cd-732f-4ddc-93a9-98dd2e208da5 req-6cd30b6d-89fc-4774-a860-ebf4cc6851a6 service placement] 10.222.0.26 "GET /placement/allocations/b779591e-7459-44ed-ab6c-e68b78d8284d" status: 200 len: 259 microversion: 1.28
Aug 31 18:35:46.083969 n-d-852086-7 devstack@placement-api.service[107678]: [pid: 107678|app: 0|req: 107/212] 10.222.0.26 () {60 vars in 1377 bytes} [Wed Aug 31 18:35:46 2022] GET /placement/allocations/b779591e-7459-44ed-ab6c-e68b78d8284d => generated 259 bytes in 18 msecs (HTTP/1.1 200) 8 headers in 296 bytes (2 switches on core 0)
Aug 31 18:35:46.091129 n-d-852086-7 devstack@placement-api.service[107677]: DEBUG placement.requestlog [req-533243cd-732f-4ddc-93a9-98dd2e208da5 req-f87745e5-fe39-427f-8cad-a03e8f0a69cd None None] Starting request: 10.222.0.26 "GET /placement/allocations/45177d15-db8f-44de-825f-e7168e1d1453" {{(pid=107677) __call__ /opt/stack/placement/placement/requestlog.py:55}}
Aug 31 18:35:46.108591 n-d-852086-7 devstack@placement-api.service[107677]: INFO placement.requestlog [req-533243cd-732f-4ddc-93a9-98dd2e208da5 req-f87745e5-fe39-427f-8cad-a03e8f0a69cd service placement] 10.222.0.26 "GET /placement/allocations/45177d15-db8f-44de-825f-e7168e1d1453" status: 200 len: 259 microversion: 1.28
Aug 31 18:35:46.109584 n-d-852086-7 devstack@placement-api.service[107677]: [pid: 107677|app: 0|req: 106/213] 10.222.0.26 () {60 vars in 1377 bytes} [Wed Aug 31 18:35:46 2022] GET /placement/allocations/45177d15-db8f-44de-825f-e7168e1d1453 => generated 259 bytes in 19 msecs (HTTP/1.1 200) 8 headers in 296 bytes (1 switches on core 0)
Aug 31 18:35:46.117327 n-d-852086-7 devstack@placement-api.service[107678]: DEBUG placement.requestlog [req-533243cd-732f-4ddc-93a9-98dd2e208da5 req-cf8b5a2c-ff9a-4661-91ac-5dbb6973a32d None None] Starting request: 10.222.0.26 "GET /placement/allocations/6d71489c-9433-45cb-ae88-8c60e048bc8d" {{(pid=107678) __call__ /opt/stack/placement/placement/requestlog.py:55}}
Aug 31 18:35:46.136808 n-d-852086-7 devstack@placement-api.service[107678]: INFO placement.requestlog [req-533243cd-732f-4ddc-93a9-98dd2e208da5 req-cf8b5a2c-ff9a-4661-91ac-5dbb6973a32d service placement] 10.222.0.26 "GET /placement/allocations/6d71489c-9433-45cb-ae88-8c60e048bc8d" status: 200 len: 259 microversion: 1.28
Aug 31 18:35:46.137726 n-d-852086-7 devstack@placement-api.service[107678]: [pid: 107678|app: 0|req: 108/214] 10.222.0.26 () {60 vars in 1377 bytes} [Wed Aug 31 18:35:46 2022] GET /placement/allocations/6d71489c-9433-45cb-ae88-8c60e048bc8d => generated 259 bytes in 20 msecs (HTTP/1.1 200) 8 headers in 296 bytes (1 switches on core 0)
Aug 31 18:35:46.511998 n-d-852086-7 devstack@placement-api.service[107677]: DEBUG placement.requestlog [req-a45ff790-703f-4037-a4b1-b934501f95eb req-97b7620e-57a2-4538-a50d-f3dfa18bfc90 None None] Starting request: 10.222.0.74 "GET /placement/allocation_candidates?resources=DISK_GB%3A1%2CMEMORY_MB%3A1024%2CVCPU%3A1&root_required=%21COMPUTE_STATUS_DISABLED" {{(pid=107677) __call__ /opt/stack/placement/placement/requestlog.py:55}}
Aug 31 18:35:46.564764 n-d-852086-7 devstack@placement-api.service[107677]: DEBUG placement.objects.research_context [req-a45ff790-703f-4037-a4b1-b934501f95eb req-97b7620e-57a2-4538-a50d-f3dfa18bfc90 service placement] getting providers with 1 DISK_GB {{(pid=107677) __init__ /opt/stack/placement/placement/objects/research_context.py:136}}
Aug 31 18:35:46.575910 n-d-852086-7 devstack@placement-api.service[107677]: DEBUG placement.objects.research_context [req-a45ff790-703f-4037-a4b1-b934501f95eb req-97b7620e-57a2-4538-a50d-f3dfa18bfc90 service placement] getting providers with 1024 MEMORY_MB {{(pid=107677) __init__ /opt/stack/placement/placement/objects/research_context.py:136}}
Aug 31 18:35:46.582686 n-d-852086-7 devstack@placement-api.service[107677]: DEBUG placement.objects.research_context [req-a45ff790-703f-4037-a4b1-b934501f95eb req-97b7620e-57a2-4538-a50d-f3dfa18bfc90 service placement] getting providers with 1 VCPU {{(pid=107677) __init__ /opt/stack/placement/placement/objects/research_context.py:136}}
Aug 31 18:35:46.589608 n-d-852086-7 devstack@placement-api.service[107677]: DEBUG placement.objects.research_context [req-a45ff790-703f-4037-a4b1-b934501f95eb req-97b7620e-57a2-4538-a50d-f3dfa18bfc90 service placement] found 2 providers with available 1 DISK_GB {{(pid=107677) get_provider_ids_matching /opt/stack/placement/placement/objects/research_context.py:563}}
Aug 31 18:35:46.590099 n-d-852086-7 devstack@placement-api.service[107677]: DEBUG placement.objects.research_context [req-a45ff790-703f-4037-a4b1-b934501f95eb req-97b7620e-57a2-4538-a50d-f3dfa18bfc90 service placement] found 2 providers with available 1024 MEMORY_MB {{(pid=107677) get_provider_ids_matching /opt/stack/placement/placement/objects/research_context.py:563}}
Aug 31 18:35:46.590578 n-d-852086-7 devstack@placement-api.service[107677]: DEBUG placement.objects.research_context [req-a45ff790-703f-4037-a4b1-b934501f95eb req-97b7620e-57a2-4538-a50d-f3dfa18bfc90 service placement] found 2 providers after filtering by previous result {{(pid=107677) get_provider_ids_matching /opt/stack/placement/placement/objects/research_context.py:594}}
Aug 31 18:35:46.591009 n-d-852086-7 devstack@placement-api.service[107677]: DEBUG placement.objects.research_context [req-a45ff790-703f-4037-a4b1-b934501f95eb req-97b7620e-57a2-4538-a50d-f3dfa18bfc90 service placement] found 2 providers with available 1 VCPU {{(pid=107677) get_provider_ids_matching /opt/stack/placement/placement/objects/research_context.py:563}}
Aug 31 18:35:46.591596 n-d-852086-7 devstack@placement-api.service[107677]: DEBUG placement.objects.research_context [req-a45ff790-703f-4037-a4b1-b934501f95eb req-97b7620e-57a2-4538-a50d-f3dfa18bfc90 service placement] found 2 providers after filtering by previous result {{(pid=107677) get_provider_ids_matching /opt/stack/placement/placement/objects/research_context.py:594}}
Aug 31 18:35:46.604255 n-d-852086-7 devstack@placement-api.service[107677]: DEBUG placement.objects.allocation_candidate [req-a45ff790-703f-4037-a4b1-b934501f95eb req-97b7620e-57a2-4538-a50d-f3dfa18bfc90 service placement] RequestGroup(use_same_provider=False, resources={DISK_GB:1, MEMORY_MB:1024, VCPU:1}, traits=(), aggregates=[]) (suffix '') returned 2 matches {{(pid=107677) _get_by_requests /opt/stack/placement/placement/objects/allocation_candidate.py:156}}
Aug 31 18:35:46.604909 n-d-852086-7 devstack@placement-api.service[107677]: DEBUG placement.objects.allocation_candidate [req-a45ff790-703f-4037-a4b1-b934501f95eb req-97b7620e-57a2-4538-a50d-f3dfa18bfc90 service placement] Merging candidates yields 2 allocation requests and 2 provider summaries {{(pid=107677) _merge_candidates /opt/stack/placement/placement/objects/allocation_candidate.py:809}}
Aug 31 18:35:46.607140 n-d-852086-7 devstack@placement-api.service[107677]: INFO placement.requestlog [req-a45ff790-703f-4037-a4b1-b934501f95eb req-97b7620e-57a2-4538-a50d-f3dfa18bfc90 service placement] 10.222.0.74 "GET /placement/allocation_candidates?resources=DISK_GB%3A1%2CMEMORY_MB%3A1024%2CVCPU%3A1&root_required=%21COMPUTE_STATUS_DISABLED" status: 200 len: 1309 microversion: 1.36
Aug 31 18:35:46.612757 n-d-852086-7 devstack@placement-api.service[107677]: [pid: 107677|app: 0|req: 107/215] 10.222.0.74 () {60 vars in 1484 bytes} [Wed Aug 31 18:35:46 2022] GET /placement/allocation_candidates?resources=DISK_GB%3A1%2CMEMORY_MB%3A1024%2CVCPU%3A1&root_required=%21COMPUTE_STATUS_DISABLED => generated 1309 bytes in 101 msecs (HTTP/1.1 200) 8 headers in 297 bytes (1 switches on core 0)
Aug 31 18:35:46.630735 n-d-852086-7 devstack@placement-api.service[107678]: DEBUG placement.requestlog [req-533243cd-732f-4ddc-93a9-98dd2e208da5 req-6ba7bb24-8f66-4243-be70-aec3efdf5957 None None] Starting request: 10.222.0.26 "GET /placement/allocations/6d71489c-9433-45cb-ae88-8c60e048bc8d" {{(pid=107678) __call__ /opt/stack/placement/placement/requestlog.py:55}}
Aug 31 18:35:46.657445 n-d-852086-7 devstack@placement-api.service[107678]: INFO placement.requestlog [req-533243cd-732f-4ddc-93a9-98dd2e208da5 req-6ba7bb24-8f66-4243-be70-aec3efdf5957 service placement] 10.222.0.26 "GET /placement/allocations/6d71489c-9433-45cb-ae88-8c60e048bc8d" status: 200 len: 259 microversion: 1.28
Aug 31 18:35:46.657914 n-d-852086-7 devstack@placement-api.service[107678]: [pid: 107678|app: 0|req: 109/216] 10.222.0.26 () {60 vars in 1377 bytes} [Wed Aug 31 18:35:46 2022] GET /placement/allocations/6d71489c-9433-45cb-ae88-8c60e048bc8d => generated 259 bytes in 28 msecs (HTTP/1.1 200) 8 headers in 296 bytes (1 switches on core 0)
Aug 31 18:35:46.696183 n-d-852086-7 devstack@placement-api.service[107677]: DEBUG placement.requestlog [req-a2a95df9-a241-4463-8263-224b449e0c56 req-3f38a2cf-ddeb-4613-a799-75159c83bff4 None None] Starting request: 10.222.0.93 "GET /placement/resource_providers/dd0d85fe-9fe7-4785-9ea8-a893f500cc6c/allocations" {{(pid=107677) __call__ /opt/stack/placement/placement/requestlog.py:55}}
Aug 31 18:35:46.725662 n-d-852086-7 devstack@placement-api.service[107678]: DEBUG placement.requestlog [req-a45ff790-703f-4037-a4b1-b934501f95eb req-f8390f44-ac7d-4f88-8c79-d9b86af550d7 None None] Starting request: 10.222.0.74 "GET /placement/allocations/86ababc8-8c57-4436-beca-b61ebb5724ff" {{(pid=107678) __call__ /opt/stack/placement/placement/requestlog.py:55}}
Aug 31 18:35:46.734638 n-d-852086-7 devstack@placement-api.service[107677]: INFO placement.requestlog [req-a2a95df9-a241-4463-8263-224b449e0c56 req-3f38a2cf-ddeb-4613-a799-75159c83bff4 service placement] 10.222.0.93 "GET /placement/resource_providers/dd0d85fe-9fe7-4785-9ea8-a893f500cc6c/allocations" status: 200 len: 457 microversion: 1.0
Aug 31 18:35:46.736651 n-d-852086-7 devstack@placement-api.service[107677]: [pid: 107677|app: 0|req: 108/217] 10.222.0.93 () {58 vars in 1390 bytes} [Wed Aug 31 18:35:46 2022] GET /placement/resource_providers/dd0d85fe-9fe7-4785-9ea8-a893f500cc6c/allocations => generated 457 bytes in 40 msecs (HTTP/1.1 200) 6 headers in 224 bytes (1 switches on core 0)
Aug 31 18:35:46.738889 n-d-852086-7 devstack@placement-api.service[107678]: INFO placement.requestlog [req-a45ff790-703f-4037-a4b1-b934501f95eb req-f8390f44-ac7d-4f88-8c79-d9b86af550d7 service placement] 10.222.0.74 "GET /placement/allocations/86ababc8-8c57-4436-beca-b61ebb5724ff" status: 200 len: 19 microversion: 1.28
Aug 31 18:35:46.744479 n-d-852086-7 devstack@placement-api.service[107678]: [pid: 107678|app: 0|req: 110/218] 10.222.0.74 () {60 vars in 1380 bytes} [Wed Aug 31 18:35:46 2022] GET /placement/allocations/86ababc8-8c57-4436-beca-b61ebb5724ff => generated 19 bytes in 19 msecs (HTTP/1.1 200) 8 headers in 295 bytes (1 switches on core 0)
Aug 31 18:35:46.745549 n-d-852086-7 devstack@placement-api.service[107677]: DEBUG placement.requestlog [req-a45ff790-703f-4037-a4b1-b934501f95eb req-118e0977-7454-43aa-8077-497288ed897f None None] Starting request: 10.222.0.74 "PUT /placement/allocations/86ababc8-8c57-4436-beca-b61ebb5724ff" {{(pid=107677) __call__ /opt/stack/placement/placement/requestlog.py:55}}
Aug 31 18:35:46.785164 n-d-852086-7 devstack@placement-api.service[107678]: DEBUG placement.requestlog [req-a2a95df9-a241-4463-8263-224b449e0c56 req-3742d84b-65ae-4a96-a7a9-76de4a7883d8 None None] Starting request: 10.222.0.93 "GET /placement/resource_providers/dd0d85fe-9fe7-4785-9ea8-a893f500cc6c/allocations" {{(pid=107678) __call__ /opt/stack/placement/placement/requestlog.py:55}}
Aug 31 18:35:46.813247 n-d-852086-7 devstack@placement-api.service[107678]: INFO placement.requestlog [req-a2a95df9-a241-4463-8263-224b449e0c56 req-3742d84b-65ae-4a96-a7a9-76de4a7883d8 service placement] 10.222.0.93 "GET /placement/resource_providers/dd0d85fe-9fe7-4785-9ea8-a893f500cc6c/allocations" status: 200 len: 457 microversion: 1.0
Aug 31 18:35:46.813992 n-d-852086-7 devstack@placement-api.service[107678]: [pid: 107678|app: 0|req: 111/219] 10.222.0.93 () {58 vars in 1390 bytes} [Wed Aug 31 18:35:46 2022] GET /placement/resource_providers/dd0d85fe-9fe7-4785-9ea8-a893f500cc6c/allocations => generated 457 bytes in 29 msecs (HTTP/1.1 200) 6 headers in 224 bytes (2 switches on core 0)
Aug 31 18:35:46.827439 n-d-852086-7 devstack@placement-api.service[107678]: DEBUG placement.requestlog [req-a2a95df9-a241-4463-8263-224b449e0c56 req-1e5273d4-4ab5-4ddf-a9ad-b4e467d68495 None None] Starting request: 10.222.0.93 "GET /placement/allocations/290f9ff7-30f5-449a-9f77-874e2600af17" {{(pid=107678) __call__ /opt/stack/placement/placement/requestlog.py:55}}
Aug 31 18:35:46.830135 n-d-852086-7 devstack@placement-api.service[107677]: DEBUG placement.handlers.allocation [req-a45ff790-703f-4037-a4b1-b934501f95eb req-118e0977-7454-43aa-8077-497288ed897f service placement] Successfully wrote allocations [, , ] {{(pid=107677) _update_consumers_and_create_allocations /opt/stack/placement/placement/handlers/allocation.py:462}}
Aug 31 18:35:46.835296 n-d-852086-7 devstack@placement-api.service[107677]: INFO placement.requestlog [req-a45ff790-703f-4037-a4b1-b934501f95eb req-118e0977-7454-43aa-8077-497288ed897f service placement] 10.222.0.74 "PUT /placement/allocations/86ababc8-8c57-4436-beca-b61ebb5724ff" status: 204 len: 0 microversion: 1.36
Aug 31 18:35:46.835811 n-d-852086-7 devstack@placement-api.service[107677]: [pid: 107677|app: 0|req: 109/220] 10.222.0.74 () {64 vars in 1433 bytes} [Wed Aug 31 18:35:46 2022] PUT /placement/allocations/86ababc8-8c57-4436-beca-b61ebb5724ff => generated 0 bytes in 91 msecs (HTTP/1.1 204) 5 headers in 199 bytes (1 switches on core 0)
Aug 31 18:35:46.848541 n-d-852086-7 devstack@placement-api.service[107677]: DEBUG placement.requestlog [req-a45ff790-703f-4037-a4b1-b934501f95eb req-7d653c02-4f4d-46a8-b266-201ad2fc85e2 None None] Starting request: 10.222.0.74 "GET /placement/allocations/c06bf91e-40f6-44a8-aef0-118db6ff09eb" {{(pid=107677) __call__ /opt/stack/placement/placement/requestlog.py:55}}
Aug 31 18:35:46.854005 n-d-852086-7 devstack@placement-api.service[107678]: INFO placement.requestlog [req-a2a95df9-a241-4463-8263-224b449e0c56 req-1e5273d4-4ab5-4ddf-a9ad-b4e467d68495 service placement] 10.222.0.93 "GET /placement/allocations/290f9ff7-30f5-449a-9f77-874e2600af17" status: 200 len: 259 microversion: 1.28
Aug 31 18:35:46.854409 n-d-852086-7 devstack@placement-api.service[107678]: [pid: 107678|app: 0|req: 112/221] 10.222.0.93 () {60 vars in 1377 bytes} [Wed Aug 31 18:35:46 2022] GET /placement/allocations/290f9ff7-30f5-449a-9f77-874e2600af17 => generated 259 bytes in 28 msecs (HTTP/1.1 200) 8 headers in 296 bytes (1 switches on core 0)
Aug 31 18:35:46.862358 n-d-852086-7 devstack@placement-api.service[107677]: INFO placement.requestlog [req-a45ff790-703f-4037-a4b1-b934501f95eb req-7d653c02-4f4d-46a8-b266-201ad2fc85e2 service placement] 10.222.0.74 "GET /placement/allocations/c06bf91e-40f6-44a8-aef0-118db6ff09eb" status: 200 len: 19 microversion: 1.28
Aug 31 18:35:46.862918 n-d-852086-7 devstack@placement-api.service[107678]: DEBUG placement.requestlog [req-a2a95df9-a241-4463-8263-224b449e0c56 req-7951318f-6ea1-4aaf-b8f4-82b8aa43771e None None] Starting request: 10.222.0.93 "GET /placement/allocations/50abe891-0db3-4d37-88c9-a107a15fb17a" {{(pid=107678) __call__ /opt/stack/placement/placement/requestlog.py:55}}
Aug 31 18:35:46.863058 n-d-852086-7 devstack@placement-api.service[107677]: [pid: 107677|app: 0|req: 110/222] 10.222.0.74 () {60 vars in 1380 bytes} [Wed Aug 31 18:35:46 2022] GET /placement/allocations/c06bf91e-40f6-44a8-aef0-118db6ff09eb => generated 19 bytes in 15 msecs (HTTP/1.1 200) 8 headers in 295 bytes (1 switches on core 0)
Aug 31 18:35:46.869732 n-d-852086-7 devstack@placement-api.service[107677]: DEBUG placement.requestlog [req-a45ff790-703f-4037-a4b1-b934501f95eb req-a2ee8dc5-6123-41f7-bd77-2c644ad24d13 None None] Starting request: 10.222.0.74 "PUT /placement/allocations/c06bf91e-40f6-44a8-aef0-118db6ff09eb" {{(pid=107677) __call__ /opt/stack/placement/placement/requestlog.py:55}}
Aug 31 18:35:46.881681 n-d-852086-7 devstack@placement-api.service[107678]: INFO placement.requestlog [req-a2a95df9-a241-4463-8263-224b449e0c56 req-7951318f-6ea1-4aaf-b8f4-82b8aa43771e service placement] 10.222.0.93 "GET /placement/allocations/50abe891-0db3-4d37-88c9-a107a15fb17a" status: 200 len: 259 microversion: 1.28
Aug 31 18:35:46.882277 n-d-852086-7 devstack@placement-api.service[107678]: [pid: 107678|app: 0|req: 113/223] 10.222.0.93 () {60 vars in 1377 bytes} [Wed Aug 31 18:35:46 2022] GET /placement/allocations/50abe891-0db3-4d37-88c9-a107a15fb17a => generated 259 bytes in 19 msecs (HTTP/1.1 200) 8 headers in 296 bytes (1 switches on core 0)
Aug 31 18:35:46.894715 n-d-852086-7 devstack@placement-api.service[107678]: DEBUG placement.requestlog [req-a2a95df9-a241-4463-8263-224b449e0c56 req-fd4dcc8e-ac8f-4d39-8856-a7c1554dacad None None] Starting request: 10.222.0.93 "GET /placement/allocations/2c1f1f01-a5ec-4da5-929e-9211abd2cc47" {{(pid=107678) __call__ /opt/stack/placement/placement/requestlog.py:55}}
Aug 31 18:35:46.914821 n-d-852086-7 devstack@placement-api.service[107678]: INFO placement.requestlog [req-a2a95df9-a241-4463-8263-224b449e0c56 req-fd4dcc8e-ac8f-4d39-8856-a7c1554dacad service placement] 10.222.0.93 "GET /placement/allocations/2c1f1f01-a5ec-4da5-929e-9211abd2cc47" status: 200 len: 259 microversion: 1.28
Aug 31 18:35:46.915357 n-d-852086-7 devstack@placement-api.service[107678]: [pid: 107678|app: 0|req: 114/224] 10.222.0.93 () {60 vars in 1377 bytes} [Wed Aug 31 18:35:46 2022] GET /placement/allocations/2c1f1f01-a5ec-4da5-929e-9211abd2cc47 => generated 259 bytes in 21 msecs (HTTP/1.1 200) 8 headers in 296 bytes (1 switches on core 0)
Aug 31 18:35:46.934367 n-d-852086-7 devstack@placement-api.service[107678]: DEBUG placement.requestlog [req-a2a95df9-a241-4463-8263-224b449e0c56 req-96238146-e694-427b-9853-1eec1a6e504e None None] Starting request: 10.222.0.93 "GET /placement/allocations/8a12e827-d45c-458d-8b6e-6a6b8946592d" {{(pid=107678) __call__ /opt/stack/placement/placement/requestlog.py:55}}
Aug 31 18:35:46.937191 n-d-852086-7 devstack@placement-api.service[107677]: DEBUG placement.handlers.allocation [req-a45ff790-703f-4037-a4b1-b934501f95eb req-a2ee8dc5-6123-41f7-bd77-2c644ad24d13 service placement] Successfully wrote allocations [, , ] {{(pid=107677) _update_consumers_and_create_allocations /opt/stack/placement/placement/handlers/allocation.py:462}}
Aug 31 18:35:46.942066 n-d-852086-7 devstack@placement-api.service[107677]: INFO placement.requestlog [req-a45ff790-703f-4037-a4b1-b934501f95eb req-a2ee8dc5-6123-41f7-bd77-2c644ad24d13 service placement] 10.222.0.74 "PUT /placement/allocations/c06bf91e-40f6-44a8-aef0-118db6ff09eb" status: 204 len: 0 microversion: 1.36
Aug 31 18:35:46.942946 n-d-852086-7 devstack@placement-api.service[107677]: [pid: 107677|app: 0|req: 111/225] 10.222.0.74 () {64 vars in 1433 bytes} [Wed Aug 31 18:35:46 2022] PUT /placement/allocations/c06bf91e-40f6-44a8-aef0-118db6ff09eb => generated 0 bytes in 74 msecs (HTTP/1.1 204) 5 headers in 199 bytes (2 switches on core 0)
Aug 31 18:35:46.953254 n-d-852086-7 devstack@placement-api.service[107678]: INFO placement.requestlog [req-a2a95df9-a241-4463-8263-224b449e0c56 req-96238146-e694-427b-9853-1eec1a6e504e service placement] 10.222.0.93 "GET /placement/allocations/8a12e827-d45c-458d-8b6e-6a6b8946592d" status: 200 len: 259 microversion: 1.28
Aug 31 18:35:46.953872 n-d-852086-7 devstack@placement-api.service[107678]: [pid: 107678|app: 0|req: 115/226] 10.222.0.93 () {60 vars in 1377 bytes} [Wed Aug 31 18:35:46 2022] GET /placement/allocations/8a12e827-d45c-458d-8b6e-6a6b8946592d => generated 259 bytes in 20 msecs (HTTP/1.1 200) 8 headers in 296 bytes (2 switches on core 0)
Aug 31 18:35:47.364566 n-d-852086-7 devstack@placement-api.service[107677]: DEBUG placement.requestlog [req-59c0c7b4-14d2-4d9c-9253-9313e2704933 req-48999cac-4245-44b7-8c34-ca91a67ccbc9 None None] Starting request: 10.222.0.74 "GET /placement/allocation_candidates?limit=1000&resources=DISK_GB%3A1%2CMEMORY_MB%3A1024%2CVCPU%3A1&root_required=%21COMPUTE_STATUS_DISABLED" {{(pid=107677) __call__ /opt/stack/placement/placement/requestlog.py:55}}
Aug 31 18:35:47.413060 n-d-852086-7 devstack@placement-api.service[107678]: DEBUG placement.requestlog [req-a45ff790-703f-4037-a4b1-b934501f95eb req-0316074b-d8c5-499b-8d8a-383c01291cae None None] Starting request: 10.222.0.93 "GET /placement/allocations/86ababc8-8c57-4436-beca-b61ebb5724ff" {{(pid=107678) __call__ /opt/stack/placement/placement/requestlog.py:55}}
Aug 31 18:35:47.428978 n-d-852086-7 devstack@placement-api.service[107677]: DEBUG placement.objects.research_context [req-59c0c7b4-14d2-4d9c-9253-9313e2704933 req-48999cac-4245-44b7-8c34-ca91a67ccbc9 service placement] getting providers with 1 DISK_GB {{(pid=107677) __init__ /opt/stack/placement/placement/objects/research_context.py:136}}
Aug 31 18:35:47.435028 n-d-852086-7 devstack@placement-api.service[107678]: INFO placement.requestlog [req-a45ff790-703f-4037-a4b1-b934501f95eb req-0316074b-d8c5-499b-8d8a-383c01291cae service placement] 10.222.0.93 "GET /placement/allocations/86ababc8-8c57-4436-beca-b61ebb5724ff" status: 200 len: 259 microversion: 1.28
Aug 31 18:35:47.435296 n-d-852086-7 devstack@placement-api.service[107677]: DEBUG placement.objects.research_context [req-59c0c7b4-14d2-4d9c-9253-9313e2704933 req-48999cac-4245-44b7-8c34-ca91a67ccbc9 service placement] getting providers with 1024 MEMORY_MB {{(pid=107677) __init__ /opt/stack/placement/placement/objects/research_context.py:136}}
Aug 31 18:35:47.436296 n-d-852086-7 devstack@placement-api.service[107678]: [pid: 107678|app: 0|req: 116/227] 10.222.0.93 () {60 vars in 1377 bytes} [Wed Aug 31 18:35:47 2022] GET /placement/allocations/86ababc8-8c57-4436-beca-b61ebb5724ff => generated 259 bytes in 23 msecs (HTTP/1.1 200) 8 headers in 296 bytes (2 switches on core 0)
Aug 31 18:35:47.440784 n-d-852086-7 devstack@placement-api.service[107677]: DEBUG placement.objects.research_context [req-59c0c7b4-14d2-4d9c-9253-9313e2704933 req-48999cac-4245-44b7-8c34-ca91a67ccbc9 service placement] getting providers with 1 VCPU {{(pid=107677) __init__ /opt/stack/placement/placement/objects/research_context.py:136}}
Aug 31 18:35:47.446667 n-d-852086-7 devstack@placement-api.service[107677]: DEBUG placement.objects.research_context [req-59c0c7b4-14d2-4d9c-9253-9313e2704933 req-48999cac-4245-44b7-8c34-ca91a67ccbc9 service placement] found 2 providers with available 1 DISK_GB {{(pid=107677) get_provider_ids_matching /opt/stack/placement/placement/objects/research_context.py:563}}
Aug 31 18:35:47.447045 n-d-852086-7 devstack@placement-api.service[107677]: DEBUG placement.objects.research_context [req-59c0c7b4-14d2-4d9c-9253-9313e2704933 req-48999cac-4245-44b7-8c34-ca91a67ccbc9 service placement] found 2 providers with available 1024 MEMORY_MB {{(pid=107677) get_provider_ids_matching /opt/stack/placement/placement/objects/research_context.py:563}}
Aug 31 18:35:47.447431 n-d-852086-7 devstack@placement-api.service[107677]: DEBUG placement.objects.research_context [req-59c0c7b4-14d2-4d9c-9253-9313e2704933 req-48999cac-4245-44b7-8c34-ca91a67ccbc9 service placement] found 2 providers after filtering by previous result {{(pid=107677) get_provider_ids_matching /opt/stack/placement/placement/objects/research_context.py:594}}
Aug 31 18:35:47.447812 n-d-852086-7 devstack@placement-api.service[107677]: DEBUG placement.objects.research_context [req-59c0c7b4-14d2-4d9c-9253-9313e2704933 req-48999cac-4245-44b7-8c34-ca91a67ccbc9 service placement] found 2 providers with available 1 VCPU {{(pid=107677) get_provider_ids_matching /opt/stack/placement/placement/objects/research_context.py:563}}
Aug 31 18:35:47.448162 n-d-852086-7 devstack@placement-api.service[107677]: DEBUG placement.objects.research_context [req-59c0c7b4-14d2-4d9c-9253-9313e2704933 req-48999cac-4245-44b7-8c34-ca91a67ccbc9 service placement] found 2 providers after filtering by previous result {{(pid=107677) get_provider_ids_matching /opt/stack/placement/placement/objects/research_context.py:594}}
Aug 31 18:35:47.459055 n-d-852086-7 devstack@placement-api.service[107677]: DEBUG placement.objects.allocation_candidate [req-59c0c7b4-14d2-4d9c-9253-9313e2704933 req-48999cac-4245-44b7-8c34-ca91a67ccbc9 service placement] RequestGroup(use_same_provider=False, resources={DISK_GB:1, MEMORY_MB:1024, VCPU:1}, traits=(), aggregates=[]) (suffix '') returned 2 matches {{(pid=107677) _get_by_requests /opt/stack/placement/placement/objects/allocation_candidate.py:156}}
Aug 31 18:35:47.459785 n-d-852086-7 devstack@placement-api.service[107677]: DEBUG dbcounter [-] [107677] Writing DB stats placement:SELECT=84,placement:INSERT=8,placement:DELETE=4,placement:UPDATE=4 {{(pid=107677) stat_writer /usr/local/lib/python3.8/dist-packages/dbcounter.py:114}}
Aug 31 18:35:47.460260 n-d-852086-7 devstack@placement-api.service[107677]: DEBUG placement.objects.allocation_candidate [req-59c0c7b4-14d2-4d9c-9253-9313e2704933 req-48999cac-4245-44b7-8c34-ca91a67ccbc9 service placement] Merging candidates yields 2 allocation requests and 2 provider summaries {{(pid=107677) _merge_candidates /opt/stack/placement/placement/objects/allocation_candidate.py:809}}
Aug 31 18:35:47.462459 n-d-852086-7 devstack@placement-api.service[107677]: INFO placement.requestlog [req-59c0c7b4-14d2-4d9c-9253-9313e2704933 req-48999cac-4245-44b7-8c34-ca91a67ccbc9 service placement] 10.222.0.74 "GET /placement/allocation_candidates?limit=1000&resources=DISK_GB%3A1%2CMEMORY_MB%3A1024%2CVCPU%3A1&root_required=%21COMPUTE_STATUS_DISABLED" status: 200 len: 1309 microversion: 1.36
Aug 31 18:35:47.463529 n-d-852086-7 devstack@placement-api.service[107677]: [pid: 107677|app: 0|req: 112/228] 10.222.0.74 () {60 vars in 1506 bytes} [Wed Aug 31 18:35:47 2022] GET /placement/allocation_candidates?limit=1000&resources=DISK_GB%3A1%2CMEMORY_MB%3A1024%2CVCPU%3A1&root_required=%21COMPUTE_STATUS_DISABLED => generated 1309 bytes in 99 msecs (HTTP/1.1 200) 8 headers in 297 bytes (1 switches on core 0)
Aug 31 18:35:47.483744 n-d-852086-7 devstack@placement-api.service[107678]: DEBUG placement.requestlog [req-533243cd-732f-4ddc-93a9-98dd2e208da5 req-b99e1d84-bad6-4b26-9eaa-c2b8f276032d None None] Starting request: 10.222.0.26 "PUT /placement/allocations/6d71489c-9433-45cb-ae88-8c60e048bc8d" {{(pid=107678) __call__ /opt/stack/placement/placement/requestlog.py:55}}
Aug 31 18:35:47.581991 n-d-852086-7 devstack@placement-api.service[107678]: DEBUG placement.handlers.allocation [req-533243cd-732f-4ddc-93a9-98dd2e208da5 req-b99e1d84-bad6-4b26-9eaa-c2b8f276032d service placement] Successfully wrote allocations [, , ] {{(pid=107678) _update_consumers_and_create_allocations /opt/stack/placement/placement/handlers/allocation.py:462}}
Aug 31 18:35:47.584137 n-d-852086-7 devstack@placement-api.service[107677]: DEBUG placement.requestlog [req-59c0c7b4-14d2-4d9c-9253-9313e2704933 req-380aba29-43ff-4a83-b08c-6f619a31429b None None] Starting request: 10.222.0.74 "GET /placement/allocations/5d87c07f-e69e-4042-ad87-64c4d69c48cf" {{(pid=107677) __call__ /opt/stack/placement/placement/requestlog.py:55}}
Aug 31 18:35:47.589534 n-d-852086-7 devstack@placement-api.service[107678]: INFO placement.requestlog [req-533243cd-732f-4ddc-93a9-98dd2e208da5 req-b99e1d84-bad6-4b26-9eaa-c2b8f276032d service placement] 10.222.0.26 "PUT /placement/allocations/6d71489c-9433-45cb-ae88-8c60e048bc8d" status: 204 len: 0 microversion: 1.28
Aug 31 18:35:47.590531 n-d-852086-7 devstack@placement-api.service[107678]: [pid: 107678|app: 0|req: 117/229] 10.222.0.26 () {64 vars in 1430 bytes} [Wed Aug 31 18:35:47 2022] PUT /placement/allocations/6d71489c-9433-45cb-ae88-8c60e048bc8d => generated 0 bytes in 107 msecs (HTTP/1.1 204) 5 headers in 199 bytes (1 switches on core 0)
Aug 31 18:35:47.597726 n-d-852086-7 devstack@placement-api.service[107677]: INFO placement.requestlog [req-59c0c7b4-14d2-4d9c-9253-9313e2704933 req-380aba29-43ff-4a83-b08c-6f619a31429b service placement] 10.222.0.74 "GET /placement/allocations/5d87c07f-e69e-4042-ad87-64c4d69c48cf" status: 200 len: 19 microversion: 1.28
Aug 31 18:35:47.598522 n-d-852086-7 devstack@placement-api.service[107677]: [pid: 107677|app: 0|req: 113/230] 10.222.0.74 () {60 vars in 1380 bytes} [Wed Aug 31 18:35:47 2022] GET /placement/allocations/5d87c07f-e69e-4042-ad87-64c4d69c48cf => generated 19 bytes in 15 msecs (HTTP/1.1 200) 8 headers in 295 bytes (2 switches on core 0)
Aug 31 18:35:47.605539 n-d-852086-7 devstack@placement-api.service[107678]: DEBUG placement.requestlog [req-59c0c7b4-14d2-4d9c-9253-9313e2704933 req-34d8c9bd-e1ba-41f3-8b3f-2eef8bba1c87 None None] Starting request: 10.222.0.74 "PUT /placement/allocations/5d87c07f-e69e-4042-ad87-64c4d69c48cf" {{(pid=107678) __call__ /opt/stack/placement/placement/requestlog.py:55}}
Aug 31 18:35:47.614673 n-d-852086-7 devstack@placement-api.service[107677]: DEBUG placement.requestlog [req-a45ff790-703f-4037-a4b1-b934501f95eb req-bdeb42da-00fc-405f-a0b9-89c154afdf9e None None] Starting request: 10.222.0.93 "GET /placement/resource_providers/dd0d85fe-9fe7-4785-9ea8-a893f500cc6c/allocations" {{(pid=107677) __call__ /opt/stack/placement/placement/requestlog.py:55}}
Aug 31 18:35:47.644639 n-d-852086-7 devstack@placement-api.service[107677]: INFO placement.requestlog [req-a45ff790-703f-4037-a4b1-b934501f95eb req-bdeb42da-00fc-405f-a0b9-89c154afdf9e service placement] 10.222.0.93 "GET /placement/resource_providers/dd0d85fe-9fe7-4785-9ea8-a893f500cc6c/allocations" status: 200 len: 558 microversion: 1.0
Aug 31 18:35:47.645410 n-d-852086-7 devstack@placement-api.service[107677]: [pid: 107677|app: 0|req: 114/231] 10.222.0.93 () {58 vars in 1390 bytes} [Wed Aug 31 18:35:47 2022] GET /placement/resource_providers/dd0d85fe-9fe7-4785-9ea8-a893f500cc6c/allocations => generated 558 bytes in 31 msecs (HTTP/1.1 200) 6 headers in 224 bytes (2 switches on core 0)
Aug 31 18:35:47.652758 n-d-852086-7 devstack@placement-api.service[107677]: DEBUG placement.requestlog [req-a45ff790-703f-4037-a4b1-b934501f95eb req-c27ab0b6-9e53-4fa6-8fa1-7ed0eb776c5d None None] Starting request: 10.222.0.93 "GET /placement/allocations/290f9ff7-30f5-449a-9f77-874e2600af17" {{(pid=107677) __call__ /opt/stack/placement/placement/requestlog.py:55}}
Aug 31 18:35:47.674729 n-d-852086-7 devstack@placement-api.service[107677]: INFO placement.requestlog [req-a45ff790-703f-4037-a4b1-b934501f95eb req-c27ab0b6-9e53-4fa6-8fa1-7ed0eb776c5d service placement] 10.222.0.93 "GET /placement/allocations/290f9ff7-30f5-449a-9f77-874e2600af17" status: 200 len: 259 microversion: 1.28
Aug 31 18:35:47.680870 n-d-852086-7 devstack@placement-api.service[107677]: [pid: 107677|app: 0|req: 115/232] 10.222.0.93 () {60 vars in 1377 bytes} [Wed Aug 31 18:35:47 2022] GET /placement/allocations/290f9ff7-30f5-449a-9f77-874e2600af17 => generated 259 bytes in 28 msecs (HTTP/1.1 200) 8 headers in 296 bytes (2 switches on core 0)
Aug 31 18:35:47.686850 n-d-852086-7 devstack@placement-api.service[107678]: DEBUG dbcounter [-] [107678] Writing DB stats placement:SELECT=93,placement:DELETE=4,placement:UPDATE=2,placement:INSERT=1 {{(pid=107678) stat_writer /usr/local/lib/python3.8/dist-packages/dbcounter.py:114}}
Aug 31 18:35:47.689704 n-d-852086-7 devstack@placement-api.service[107677]: DEBUG placement.requestlog [req-a45ff790-703f-4037-a4b1-b934501f95eb req-caf02fec-79f8-434f-9d8c-a0df28ed90c3 None None] Starting request: 10.222.0.93 "GET /placement/allocations/50abe891-0db3-4d37-88c9-a107a15fb17a" {{(pid=107677) __call__ /opt/stack/placement/placement/requestlog.py:55}}
Aug 31 18:35:47.714898 n-d-852086-7 devstack@placement-api.service[107678]: DEBUG placement.handlers.allocation [req-59c0c7b4-14d2-4d9c-9253-9313e2704933 req-34d8c9bd-e1ba-41f3-8b3f-2eef8bba1c87 service placement] Successfully wrote allocations [, , ] {{(pid=107678) _update_consumers_and_create_allocations /opt/stack/placement/placement/handlers/allocation.py:462}}
Aug 31 18:35:47.719463 n-d-852086-7 devstack@placement-api.service[107677]: INFO placement.requestlog [req-a45ff790-703f-4037-a4b1-b934501f95eb req-caf02fec-79f8-434f-9d8c-a0df28ed90c3 service placement] 10.222.0.93 "GET /placement/allocations/50abe891-0db3-4d37-88c9-a107a15fb17a" status: 200 len: 259 microversion: 1.28
Aug 31 18:35:47.719884 n-d-852086-7 devstack@placement-api.service[107677]: [pid: 107677|app: 0|req: 116/233] 10.222.0.93 () {60 vars in 1377 bytes} [Wed Aug 31 18:35:47 2022] GET /placement/allocations/50abe891-0db3-4d37-88c9-a107a15fb17a => generated 259 bytes in 31 msecs (HTTP/1.1 200) 8 headers in 296 bytes (1 switches on core 0)
Aug 31 18:35:47.722059 n-d-852086-7 devstack@placement-api.service[107678]: INFO placement.requestlog [req-59c0c7b4-14d2-4d9c-9253-9313e2704933 req-34d8c9bd-e1ba-41f3-8b3f-2eef8bba1c87 service placement] 10.222.0.74 "PUT /placement/allocations/5d87c07f-e69e-4042-ad87-64c4d69c48cf" status: 204 len: 0 microversion: 1.36
Aug 31 18:35:47.723183 n-d-852086-7 devstack@placement-api.service[107678]: [pid: 107678|app: 0|req: 118/234] 10.222.0.74 () {64 vars in 1433 bytes} [Wed Aug 31 18:35:47 2022] PUT /placement/allocations/5d87c07f-e69e-4042-ad87-64c4d69c48cf => generated 0 bytes in 118 msecs (HTTP/1.1 204) 5 headers in 199 bytes (2 switches on core 0)
Aug 31 18:35:47.726836 n-d-852086-7 devstack@placement-api.service[107677]: DEBUG placement.requestlog [req-a45ff790-703f-4037-a4b1-b934501f95eb req-167026f5-c5d9-4ef5-8538-196e3a605dd6 None None] Starting request: 10.222.0.93 "GET /placement/allocations/2c1f1f01-a5ec-4da5-929e-9211abd2cc47" {{(pid=107677) __call__ /opt/stack/placement/placement/requestlog.py:55}}
Aug 31 18:35:47.749546 n-d-852086-7 devstack@placement-api.service[107677]: INFO placement.requestlog [req-a45ff790-703f-4037-a4b1-b934501f95eb req-167026f5-c5d9-4ef5-8538-196e3a605dd6 service placement] 10.222.0.93 "GET /placement/allocations/2c1f1f01-a5ec-4da5-929e-9211abd2cc47" status: 200 len: 259 microversion: 1.28
Aug 31 18:35:47.750874 n-d-852086-7 devstack@placement-api.service[107677]: [pid: 107677|app: 0|req: 117/235] 10.222.0.93 () {60 vars in 1377 bytes} [Wed Aug 31 18:35:47 2022] GET /placement/allocations/2c1f1f01-a5ec-4da5-929e-9211abd2cc47 => generated 259 bytes in 24 msecs (HTTP/1.1 200) 8 headers in 296 bytes (1 switches on core 0)
Aug 31 18:35:47.766992 n-d-852086-7 devstack@placement-api.service[107678]: DEBUG placement.requestlog [req-a45ff790-703f-4037-a4b1-b934501f95eb req-2a106a70-1779-486a-ac0a-e712ab54ea34 None None] Starting request: 10.222.0.93 "GET /placement/allocations/86ababc8-8c57-4436-beca-b61ebb5724ff" {{(pid=107678) __call__ /opt/stack/placement/placement/requestlog.py:55}}
Aug 31 18:35:47.807328 n-d-852086-7 devstack@placement-api.service[107678]: INFO placement.requestlog [req-a45ff790-703f-4037-a4b1-b934501f95eb req-2a106a70-1779-486a-ac0a-e712ab54ea34 service placement] 10.222.0.93 "GET /placement/allocations/86ababc8-8c57-4436-beca-b61ebb5724ff" status: 200 len: 259 microversion: 1.28
Aug 31 18:35:47.809835 n-d-852086-7 devstack@placement-api.service[107678]: [pid: 107678|app: 0|req: 119/236] 10.222.0.93 () {60 vars in 1377 bytes} [Wed Aug 31 18:35:47 2022] GET /placement/allocations/86ababc8-8c57-4436-beca-b61ebb5724ff => generated 259 bytes in 42 msecs (HTTP/1.1 200) 8 headers in 296 bytes (1 switches on core 0)
Aug 31 18:35:47.824534 n-d-852086-7 devstack@placement-api.service[107677]: DEBUG placement.requestlog [req-a45ff790-703f-4037-a4b1-b934501f95eb req-e4046c03-4f9a-470a-8930-cd5703126dcf None None] Starting request: 10.222.0.93 "GET /placement/allocations/8a12e827-d45c-458d-8b6e-6a6b8946592d" {{(pid=107677) __call__ /opt/stack/placement/placement/requestlog.py:55}}
Aug 31 18:35:47.860648 n-d-852086-7 devstack@placement-api.service[107677]: INFO placement.requestlog [req-a45ff790-703f-4037-a4b1-b934501f95eb req-e4046c03-4f9a-470a-8930-cd5703126dcf service placement] 10.222.0.93 "GET /placement/allocations/8a12e827-d45c-458d-8b6e-6a6b8946592d" status: 200 len: 259 microversion: 1.28
Aug 31 18:35:47.861742 n-d-852086-7 devstack@placement-api.service[107677]: [pid: 107677|app: 0|req: 118/237] 10.222.0.93 () {60 vars in 1377 bytes} [Wed Aug 31 18:35:47 2022] GET /placement/allocations/8a12e827-d45c-458d-8b6e-6a6b8946592d => generated 259 bytes in 38 msecs (HTTP/1.1 200) 8 headers in 296 bytes (1 switches on core 0)
Aug 31 18:35:47.972060 n-d-852086-7 devstack@placement-api.service[107678]: DEBUG placement.requestlog [req-a45ff790-703f-4037-a4b1-b934501f95eb req-f6e08657-d307-4937-a8e2-b3a0d21cb3b8 None None] Starting request: 10.222.0.26 "GET /placement/allocations/c06bf91e-40f6-44a8-aef0-118db6ff09eb" {{(pid=107678) __call__ /opt/stack/placement/placement/requestlog.py:55}}
Aug 31 18:35:47.992264 n-d-852086-7 devstack@placement-api.service[107678]: INFO placement.requestlog [req-a45ff790-703f-4037-a4b1-b934501f95eb req-f6e08657-d307-4937-a8e2-b3a0d21cb3b8 service placement] 10.222.0.26 "GET /placement/allocations/c06bf91e-40f6-44a8-aef0-118db6ff09eb" status: 200 len: 259 microversion: 1.28
Aug 31 18:35:47.993525 n-d-852086-7 devstack@placement-api.service[107678]: [pid: 107678|app: 0|req: 120/238] 10.222.0.26 () {60 vars in 1377 bytes} [Wed Aug 31 18:35:47 2022] GET /placement/allocations/c06bf91e-40f6-44a8-aef0-118db6ff09eb => generated 259 bytes in 22 msecs (HTTP/1.1 200) 8 headers in 296 bytes (1 switches on core 0)
Aug 31 18:35:48.271747 n-d-852086-7 devstack@placement-api.service[107677]: DEBUG placement.requestlog [req-59c0c7b4-14d2-4d9c-9253-9313e2704933 req-cf2dea5f-e105-4ada-8f69-b9d2699f8c0c None None] Starting request: 10.222.0.93 "GET /placement/allocations/5d87c07f-e69e-4042-ad87-64c4d69c48cf" {{(pid=107677) __call__ /opt/stack/placement/placement/requestlog.py:55}}
Aug 31 18:35:48.296665 n-d-852086-7 devstack@placement-api.service[107677]: INFO placement.requestlog [req-59c0c7b4-14d2-4d9c-9253-9313e2704933 req-cf2dea5f-e105-4ada-8f69-b9d2699f8c0c service placement] 10.222.0.93 "GET /placement/allocations/5d87c07f-e69e-4042-ad87-64c4d69c48cf" status: 200 len: 259 microversion: 1.28
Aug 31 18:35:48.296967 n-d-852086-7 devstack@placement-api.service[107677]: [pid: 107677|app: 0|req: 119/239] 10.222.0.93 () {60 vars in 1377 bytes} [Wed Aug 31 18:35:48 2022] GET /placement/allocations/5d87c07f-e69e-4042-ad87-64c4d69c48cf => generated 259 bytes in 25 msecs (HTTP/1.1 200) 8 headers in 296 bytes (1 switches on core 0)
Aug 31 18:35:48.595500 n-d-852086-7 devstack@placement-api.service[107678]: DEBUG placement.requestlog [req-59c0c7b4-14d2-4d9c-9253-9313e2704933 req-c5b2b90b-001b-4b13-87ac-7f77fdb60452 None None] Starting request: 10.222.0.93 "GET /placement/resource_providers/dd0d85fe-9fe7-4785-9ea8-a893f500cc6c/allocations" {{(pid=107678) __call__ /opt/stack/placement/placement/requestlog.py:55}}
Aug 31 18:35:48.629312 n-d-852086-7 devstack@placement-api.service[107678]: INFO placement.requestlog [req-59c0c7b4-14d2-4d9c-9253-9313e2704933 req-c5b2b90b-001b-4b13-87ac-7f77fdb60452 service placement] 10.222.0.93 "GET /placement/resource_providers/dd0d85fe-9fe7-4785-9ea8-a893f500cc6c/allocations" status: 200 len: 659 microversion: 1.0
Aug 31 18:35:48.632090 n-d-852086-7 devstack@placement-api.service[107678]: [pid: 107678|app: 0|req: 121/240] 10.222.0.93 () {58 vars in 1390 bytes} [Wed Aug 31 18:35:48 2022] GET /placement/resource_providers/dd0d85fe-9fe7-4785-9ea8-a893f500cc6c/allocations => generated 659 bytes in 37 msecs (HTTP/1.1 200) 6 headers in 224 bytes (1 switches on core 0)
Aug 31 18:35:48.642422 n-d-852086-7 devstack@placement-api.service[107677]: DEBUG placement.requestlog [req-59c0c7b4-14d2-4d9c-9253-9313e2704933 req-928d60af-d564-4da7-85cf-24f47c22c0ee None None] Starting request: 10.222.0.93 "GET /placement/allocations/290f9ff7-30f5-449a-9f77-874e2600af17" {{(pid=107677) __call__ /opt/stack/placement/placement/requestlog.py:55}}
Aug 31 18:35:48.667339 n-d-852086-7 devstack@placement-api.service[107677]: INFO placement.requestlog [req-59c0c7b4-14d2-4d9c-9253-9313e2704933 req-928d60af-d564-4da7-85cf-24f47c22c0ee service placement] 10.222.0.93 "GET /placement/allocations/290f9ff7-30f5-449a-9f77-874e2600af17" status: 200 len: 259 microversion: 1.28
Aug 31 18:35:48.667705 n-d-852086-7 devstack@placement-api.service[107677]: [pid: 107677|app: 0|req: 120/241] 10.222.0.93 () {60 vars in 1377 bytes} [Wed Aug 31 18:35:48 2022] GET /placement/allocations/290f9ff7-30f5-449a-9f77-874e2600af17 => generated 259 bytes in 26 msecs (HTTP/1.1 200) 8 headers in 296 bytes (1 switches on core 0)
Aug 31 18:35:48.676256 n-d-852086-7 devstack@placement-api.service[107678]: DEBUG placement.requestlog [req-59c0c7b4-14d2-4d9c-9253-9313e2704933 req-6f526b76-9c55-4deb-bdbd-4479dd1dc74e None None] Starting request: 10.222.0.93 "GET /placement/allocations/50abe891-0db3-4d37-88c9-a107a15fb17a" {{(pid=107678) __call__ /opt/stack/placement/placement/requestlog.py:55}}
Aug 31 18:35:48.693471 n-d-852086-7 devstack@placement-api.service[107678]: INFO placement.requestlog [req-59c0c7b4-14d2-4d9c-9253-9313e2704933 req-6f526b76-9c55-4deb-bdbd-4479dd1dc74e service placement] 10.222.0.93 "GET /placement/allocations/50abe891-0db3-4d37-88c9-a107a15fb17a" status: 200 len: 259 microversion: 1.28
Aug 31 18:35:48.694157 n-d-852086-7 devstack@placement-api.service[107678]: [pid: 107678|app: 0|req: 122/242] 10.222.0.93 () {60 vars in 1377 bytes} [Wed Aug 31 18:35:48 2022] GET /placement/allocations/50abe891-0db3-4d37-88c9-a107a15fb17a => generated 259 bytes in 18 msecs (HTTP/1.1 200) 8 headers in 296 bytes (1 switches on core 0)
Aug 31 18:35:48.750831 n-d-852086-7 devstack@placement-api.service[107677]: DEBUG placement.requestlog [req-59c0c7b4-14d2-4d9c-9253-9313e2704933 req-30897ff7-cb08-4031-abfe-57a0fe6d1f4c None None] Starting request: 10.222.0.93 "GET /placement/allocations/5d87c07f-e69e-4042-ad87-64c4d69c48cf" {{(pid=107677) __call__ /opt/stack/placement/placement/requestlog.py:55}}
Aug 31 18:35:48.783109 n-d-852086-7 devstack@placement-api.service[107677]: INFO placement.requestlog [req-59c0c7b4-14d2-4d9c-9253-9313e2704933 req-30897ff7-cb08-4031-abfe-57a0fe6d1f4c service placement] 10.222.0.93 "GET /placement/allocations/5d87c07f-e69e-4042-ad87-64c4d69c48cf" status: 200 len: 259 microversion: 1.28
Aug 31 18:35:48.783563 n-d-852086-7 devstack@placement-api.service[107677]: [pid: 107677|app: 0|req: 121/243] 10.222.0.93 () {60 vars in 1377 bytes} [Wed Aug 31 18:35:48 2022] GET /placement/allocations/5d87c07f-e69e-4042-ad87-64c4d69c48cf => generated 259 bytes in 34 msecs (HTTP/1.1 200) 8 headers in 296 bytes (2 switches on core 0)
Aug 31 18:35:48.793642 n-d-852086-7 devstack@placement-api.service[107678]: DEBUG placement.requestlog [req-59c0c7b4-14d2-4d9c-9253-9313e2704933 req-da21f5a1-9385-4b2e-99a0-23013607f6a1 None None] Starting request: 10.222.0.93 "GET /placement/allocations/2c1f1f01-a5ec-4da5-929e-9211abd2cc47" {{(pid=107678) __call__ /opt/stack/placement/placement/requestlog.py:55}}
Aug 31 18:35:48.816445 n-d-852086-7 devstack@placement-api.service[107678]: INFO placement.requestlog [req-59c0c7b4-14d2-4d9c-9253-9313e2704933 req-da21f5a1-9385-4b2e-99a0-23013607f6a1 service placement] 10.222.0.93 "GET /placement/allocations/2c1f1f01-a5ec-4da5-929e-9211abd2cc47" status: 200 len: 259 microversion: 1.28
Aug 31 18:35:48.817389 n-d-852086-7 devstack@placement-api.service[107678]: [pid: 107678|app: 0|req: 123/244] 10.222.0.93 () {60 vars in 1377 bytes} [Wed Aug 31 18:35:48 2022] GET /placement/allocations/2c1f1f01-a5ec-4da5-929e-9211abd2cc47 => generated 259 bytes in 24 msecs (HTTP/1.1 200) 8 headers in 296 bytes (1 switches on core 0)
Aug 31 18:35:48.827119 n-d-852086-7 devstack@placement-api.service[107677]: DEBUG placement.requestlog [req-59c0c7b4-14d2-4d9c-9253-9313e2704933 req-cf345cc9-b3b5-4a0f-9974-2ec022d22a34 None None] Starting request: 10.222.0.93 "GET /placement/allocations/86ababc8-8c57-4436-beca-b61ebb5724ff" {{(pid=107677) __call__ /opt/stack/placement/placement/requestlog.py:55}}
Aug 31 18:35:48.848544 n-d-852086-7 devstack@placement-api.service[107677]: INFO placement.requestlog [req-59c0c7b4-14d2-4d9c-9253-9313e2704933 req-cf345cc9-b3b5-4a0f-9974-2ec022d22a34 service placement] 10.222.0.93 "GET /placement/allocations/86ababc8-8c57-4436-beca-b61ebb5724ff" status: 200 len: 259 microversion: 1.28
Aug 31 18:35:48.849306 n-d-852086-7 devstack@placement-api.service[107677]: [pid: 107677|app: 0|req: 122/245] 10.222.0.93 () {60 vars in 1377 bytes} [Wed Aug 31 18:35:48 2022] GET /placement/allocations/86ababc8-8c57-4436-beca-b61ebb5724ff => generated 259 bytes in 22 msecs (HTTP/1.1 200) 8 headers in 296 bytes (2 switches on core 0)
