Aug 27 03:09:46.450727 n-d-852086-5 devstack@placement-api.service[107855]: DEBUG placement.objects.research_context [req-537ed741-30b3-4da2-840e-5d5bd6737adc req-77d0557e-50c8-4380-bdfd-b407e52a9221 service placement] found 2 providers with available 1 DISK_GB {{(pid=107855) get_provider_ids_matching /opt/stack/placement/placement/objects/research_context.py:563}}
Aug 27 03:09:46.451372 n-d-852086-5 devstack@placement-api.service[107855]: DEBUG placement.objects.research_context [req-537ed741-30b3-4da2-840e-5d5bd6737adc req-77d0557e-50c8-4380-bdfd-b407e52a9221 service placement] found 2 providers with available 1024 MEMORY_MB {{(pid=107855) get_provider_ids_matching /opt/stack/placement/placement/objects/research_context.py:563}}
Aug 27 03:09:46.452099 n-d-852086-5 devstack@placement-api.service[107855]: DEBUG placement.objects.research_context [req-537ed741-30b3-4da2-840e-5d5bd6737adc req-77d0557e-50c8-4380-bdfd-b407e52a9221 service placement] found 2 providers after filtering by previous result {{(pid=107855) get_provider_ids_matching /opt/stack/placement/placement/objects/research_context.py:594}}
Aug 27 03:09:46.452583 n-d-852086-5 devstack@placement-api.service[107855]: DEBUG placement.objects.research_context [req-537ed741-30b3-4da2-840e-5d5bd6737adc req-77d0557e-50c8-4380-bdfd-b407e52a9221 service placement] found 2 providers with available 1 VCPU {{(pid=107855) get_provider_ids_matching /opt/stack/placement/placement/objects/research_context.py:563}}
Aug 27 03:09:46.453153 n-d-852086-5 devstack@placement-api.service[107855]: DEBUG placement.objects.research_context [req-537ed741-30b3-4da2-840e-5d5bd6737adc req-77d0557e-50c8-4380-bdfd-b407e52a9221 service placement] found 2 providers after filtering by previous result {{(pid=107855) get_provider_ids_matching /opt/stack/placement/placement/objects/research_context.py:594}}
Aug 27 03:09:46.472165 n-d-852086-5 devstack@placement-api.service[107855]: DEBUG placement.objects.allocation_candidate [req-537ed741-30b3-4da2-840e-5d5bd6737adc req-77d0557e-50c8-4380-bdfd-b407e52a9221 service placement] RequestGroup(use_same_provider=False, resources={DISK_GB:1, MEMORY_MB:1024, VCPU:1}, traits=(), aggregates=[]) (suffix '') returned 2 matches {{(pid=107855) _get_by_requests /opt/stack/placement/placement/objects/allocation_candidate.py:156}}
Aug 27 03:09:46.472907 n-d-852086-5 devstack@placement-api.service[107855]: DEBUG placement.objects.allocation_candidate [req-537ed741-30b3-4da2-840e-5d5bd6737adc req-77d0557e-50c8-4380-bdfd-b407e52a9221 service placement] Merging candidates yields 2 allocation requests and 2 provider summaries {{(pid=107855) _merge_candidates /opt/stack/placement/placement/objects/allocation_candidate.py:809}}
Aug 27 03:09:46.475048 n-d-852086-5 devstack@placement-api.service[107855]: INFO placement.requestlog [req-537ed741-30b3-4da2-840e-5d5bd6737adc req-77d0557e-50c8-4380-bdfd-b407e52a9221 service placement] 10.222.0.69 "GET /placement/allocation_candidates?limit=1000&resources=DISK_GB%3A1%2CMEMORY_MB%3A1024%2CVCPU%3A1&root_required=%21COMPUTE_STATUS_DISABLED" status: 200 len: 1309 microversion: 1.36
Aug 27 03:09:46.476251 n-d-852086-5 devstack@placement-api.service[107855]: [pid: 107855|app: 0|req: 159/323] 10.222.0.69 () {60 vars in 1506 bytes} [Sat Aug 27 03:09:46 2022] GET /placement/allocation_candidates?limit=1000&resources=DISK_GB%3A1%2CMEMORY_MB%3A1024%2CVCPU%3A1&root_required=%21COMPUTE_STATUS_DISABLED => generated 1309 bytes in 222 msecs (HTTP/1.1 200) 8 headers in 297 bytes (1 switches on core 0)
Aug 27 03:09:46.536160 n-d-852086-5 devstack@placement-api.service[107856]: DEBUG placement.requestlog [req-4999b834-f996-4a10-bccf-3681ea943d6d req-62ebbd69-5360-4a49-bb87-f1ba26a05257 None None] Starting request: 10.222.0.87 "GET /placement/allocations/36c4b4e2-b5c0-44d3-b520-c1571ceee8ef" {{(pid=107856) __call__ /opt/stack/placement/placement/requestlog.py:55}}
Aug 27 03:09:46.570724 n-d-852086-5 devstack@placement-api.service[107856]: INFO placement.requestlog [req-4999b834-f996-4a10-bccf-3681ea943d6d req-62ebbd69-5360-4a49-bb87-f1ba26a05257 service placement] 10.222.0.87 "GET /placement/allocations/36c4b4e2-b5c0-44d3-b520-c1571ceee8ef" status: 200 len: 259 microversion: 1.28
Aug 27 03:09:46.571948 n-d-852086-5 devstack@placement-api.service[107856]: [pid: 107856|app: 0|req: 165/324] 10.222.0.87 () {60 vars in 1377 bytes} [Sat Aug 27 03:09:46 2022] GET /placement/allocations/36c4b4e2-b5c0-44d3-b520-c1571ceee8ef => generated 259 bytes in 36 msecs (HTTP/1.1 200) 8 headers in 296 bytes (1 switches on core 0)
Aug 27 03:09:46.637285 n-d-852086-5 devstack@placement-api.service[107855]: DEBUG placement.requestlog [req-537ed741-30b3-4da2-840e-5d5bd6737adc req-3e5fac32-3d3a-48eb-91a1-59881ea2ad53 None None] Starting request: 10.222.0.69 "GET /placement/allocations/acd3b4a0-b115-4688-af4f-27f15a0eaea0" {{(pid=107855) __call__ /opt/stack/placement/placement/requestlog.py:55}}
Aug 27 03:09:46.655738 n-d-852086-5 devstack@placement-api.service[107855]: INFO placement.requestlog [req-537ed741-30b3-4da2-840e-5d5bd6737adc req-3e5fac32-3d3a-48eb-91a1-59881ea2ad53 service placement] 10.222.0.69 "GET /placement/allocations/acd3b4a0-b115-4688-af4f-27f15a0eaea0" status: 200 len: 19 microversion: 1.28
Aug 27 03:09:46.656702 n-d-852086-5 devstack@placement-api.service[107855]: [pid: 107855|app: 0|req: 160/325] 10.222.0.69 () {60 vars in 1380 bytes} [Sat Aug 27 03:09:46 2022] GET /placement/allocations/acd3b4a0-b115-4688-af4f-27f15a0eaea0 => generated 19 bytes in 20 msecs (HTTP/1.1 200) 8 headers in 295 bytes (2 switches on core 0)
Aug 27 03:09:46.671617 n-d-852086-5 devstack@placement-api.service[107856]: DEBUG placement.requestlog [req-537ed741-30b3-4da2-840e-5d5bd6737adc req-50e390e3-6c80-4160-95f5-0926062d9128 None None] Starting request: 10.222.0.69 "PUT /placement/allocations/acd3b4a0-b115-4688-af4f-27f15a0eaea0" {{(pid=107856) __call__ /opt/stack/placement/placement/requestlog.py:55}}
Aug 27 03:09:46.802598 n-d-852086-5 devstack@placement-api.service[107855]: DEBUG placement.requestlog [req-4999b834-f996-4a10-bccf-3681ea943d6d req-8a7e1d86-91a2-4d8f-a367-362e0c9da1ae None None] Starting request: 10.222.0.87 "GET /placement/resource_providers/85ce2b8b-84d3-437a-9eee-03dbbaf7dcdc/allocations" {{(pid=107855) __call__ /opt/stack/placement/placement/requestlog.py:55}}
Aug 27 03:09:46.832232 n-d-852086-5 devstack@placement-api.service[107856]: DEBUG placement.handlers.allocation [req-537ed741-30b3-4da2-840e-5d5bd6737adc req-50e390e3-6c80-4160-95f5-0926062d9128 service placement] Successfully wrote allocations [, , ] {{(pid=107856) _update_consumers_and_create_allocations /opt/stack/placement/placement/handlers/allocation.py:462}}
Aug 27 03:09:46.838847 n-d-852086-5 devstack@placement-api.service[107856]: INFO placement.requestlog [req-537ed741-30b3-4da2-840e-5d5bd6737adc req-50e390e3-6c80-4160-95f5-0926062d9128 service placement] 10.222.0.69 "PUT /placement/allocations/acd3b4a0-b115-4688-af4f-27f15a0eaea0" status: 204 len: 0 microversion: 1.36
Aug 27 03:09:46.841083 n-d-852086-5 devstack@placement-api.service[107856]: [pid: 107856|app: 0|req: 166/326] 10.222.0.69 () {64 vars in 1433 bytes} [Sat Aug 27 03:09:46 2022] PUT /placement/allocations/acd3b4a0-b115-4688-af4f-27f15a0eaea0 => generated 0 bytes in 169 msecs (HTTP/1.1 204) 5 headers in 199 bytes (1 switches on core 0)
Aug 27 03:09:46.865936 n-d-852086-5 devstack@placement-api.service[107855]: INFO placement.requestlog [req-4999b834-f996-4a10-bccf-3681ea943d6d req-8a7e1d86-91a2-4d8f-a367-362e0c9da1ae service placement] 10.222.0.87 "GET /placement/resource_providers/85ce2b8b-84d3-437a-9eee-03dbbaf7dcdc/allocations" status: 200 len: 759 microversion: 1.0
Aug 27 03:09:46.867300 n-d-852086-5 devstack@placement-api.service[107855]: [pid: 107855|app: 0|req: 161/327] 10.222.0.87 () {58 vars in 1390 bytes} [Sat Aug 27 03:09:46 2022] GET /placement/resource_providers/85ce2b8b-84d3-437a-9eee-03dbbaf7dcdc/allocations => generated 759 bytes in 70 msecs (HTTP/1.1 200) 6 headers in 224 bytes (1 switches on core 0)
Aug 27 03:09:46.874764 n-d-852086-5 devstack@placement-api.service[107856]: DEBUG placement.requestlog [req-4999b834-f996-4a10-bccf-3681ea943d6d req-ba4b37aa-ea66-4356-9a7a-a81d4d9fe2a7 None None] Starting request: 10.222.0.87 "GET /placement/allocations/ef480d6e-0ba0-49fb-a9f3-e52b5fbc1037" {{(pid=107856) __call__ /opt/stack/placement/placement/requestlog.py:55}}
Aug 27 03:09:46.910105 n-d-852086-5 devstack@placement-api.service[107856]: INFO placement.requestlog [req-4999b834-f996-4a10-bccf-3681ea943d6d req-ba4b37aa-ea66-4356-9a7a-a81d4d9fe2a7 service placement] 10.222.0.87 "GET /placement/allocations/ef480d6e-0ba0-49fb-a9f3-e52b5fbc1037" status: 200 len: 259 microversion: 1.28
Aug 27 03:09:46.911115 n-d-852086-5 devstack@placement-api.service[107856]: [pid: 107856|app: 0|req: 167/328] 10.222.0.87 () {60 vars in 1377 bytes} [Sat Aug 27 03:09:46 2022] GET /placement/allocations/ef480d6e-0ba0-49fb-a9f3-e52b5fbc1037 => generated 259 bytes in 37 msecs (HTTP/1.1 200) 8 headers in 296 bytes (2 switches on core 0)
Aug 27 03:09:46.918211 n-d-852086-5 devstack@placement-api.service[107855]: DEBUG placement.requestlog [req-4999b834-f996-4a10-bccf-3681ea943d6d req-2bf421c0-39cb-47ca-877e-8a7b8d202042 None None] Starting request: 10.222.0.87 "GET /placement/allocations/b8b27cbd-aa6c-43c5-9260-0a77d1b83677" {{(pid=107855) __call__ /opt/stack/placement/placement/requestlog.py:55}}
Aug 27 03:09:46.947506 n-d-852086-5 devstack@placement-api.service[107855]: INFO placement.requestlog [req-4999b834-f996-4a10-bccf-3681ea943d6d req-2bf421c0-39cb-47ca-877e-8a7b8d202042 service placement] 10.222.0.87 "GET /placement/allocations/b8b27cbd-aa6c-43c5-9260-0a77d1b83677" status: 200 len: 259 microversion: 1.28
Aug 27 03:09:46.948666 n-d-852086-5 devstack@placement-api.service[107855]: [pid: 107855|app: 0|req: 162/329] 10.222.0.87 () {60 vars in 1377 bytes} [Sat Aug 27 03:09:46 2022] GET /placement/allocations/b8b27cbd-aa6c-43c5-9260-0a77d1b83677 => generated 259 bytes in 31 msecs (HTTP/1.1 200) 8 headers in 296 bytes (1 switches on core 0)
Aug 27 03:09:46.955359 n-d-852086-5 devstack@placement-api.service[107856]: DEBUG placement.requestlog [req-4999b834-f996-4a10-bccf-3681ea943d6d req-436ea6c5-f7e0-427d-8a73-fccdbcb05a03 None None] Starting request: 10.222.0.87 "GET /placement/allocations/acd3b4a0-b115-4688-af4f-27f15a0eaea0" {{(pid=107856) __call__ /opt/stack/placement/placement/requestlog.py:55}}
Aug 27 03:09:46.992628 n-d-852086-5 devstack@placement-api.service[107856]: INFO placement.requestlog [req-4999b834-f996-4a10-bccf-3681ea943d6d req-436ea6c5-f7e0-427d-8a73-fccdbcb05a03 service placement] 10.222.0.87 "GET /placement/allocations/acd3b4a0-b115-4688-af4f-27f15a0eaea0" status: 200 len: 259 microversion: 1.28
Aug 27 03:09:46.993360 n-d-852086-5 devstack@placement-api.service[107856]: [pid: 107856|app: 0|req: 168/330] 10.222.0.87 () {60 vars in 1377 bytes} [Sat Aug 27 03:09:46 2022] GET /placement/allocations/acd3b4a0-b115-4688-af4f-27f15a0eaea0 => generated 259 bytes in 39 msecs (HTTP/1.1 200) 8 headers in 296 bytes (1 switches on core 0)
Aug 27 03:09:47.001487 n-d-852086-5 devstack@placement-api.service[107855]: DEBUG placement.requestlog [req-4999b834-f996-4a10-bccf-3681ea943d6d req-c055c3e5-c29b-425d-a76b-5f8dd91cc453 None None] Starting request: 10.222.0.87 "GET /placement/allocations/f651cdea-2174-4ec4-8e1e-e357a81d3b08" {{(pid=107855) __call__ /opt/stack/placement/placement/requestlog.py:55}}
Aug 27 03:09:47.039025 n-d-852086-5 devstack@placement-api.service[107855]: INFO placement.requestlog [req-4999b834-f996-4a10-bccf-3681ea943d6d req-c055c3e5-c29b-425d-a76b-5f8dd91cc453 service placement] 10.222.0.87 "GET /placement/allocations/f651cdea-2174-4ec4-8e1e-e357a81d3b08" status: 200 len: 259 microversion: 1.28
Aug 27 03:09:47.039984 n-d-852086-5 devstack@placement-api.service[107855]: [pid: 107855|app: 0|req: 163/331] 10.222.0.87 () {60 vars in 1377 bytes} [Sat Aug 27 03:09:46 2022] GET /placement/allocations/f651cdea-2174-4ec4-8e1e-e357a81d3b08 => generated 259 bytes in 40 msecs (HTTP/1.1 200) 8 headers in 296 bytes (1 switches on core 0)
Aug 27 03:09:47.046896 n-d-852086-5 devstack@placement-api.service[107856]: DEBUG placement.requestlog [req-4999b834-f996-4a10-bccf-3681ea943d6d req-82eb00ae-3a06-4ffe-923e-92d72291fa11 None None] Starting request: 10.222.0.87 "GET /placement/allocations/0c6506c3-9989-47ab-88c5-0258c00070d9" {{(pid=107856) __call__ /opt/stack/placement/placement/requestlog.py:55}}
Aug 27 03:09:47.078627 n-d-852086-5 devstack@placement-api.service[107856]: INFO placement.requestlog [req-4999b834-f996-4a10-bccf-3681ea943d6d req-82eb00ae-3a06-4ffe-923e-92d72291fa11 service placement] 10.222.0.87 "GET /placement/allocations/0c6506c3-9989-47ab-88c5-0258c00070d9" status: 200 len: 258 microversion: 1.28
Aug 27 03:09:47.079114 n-d-852086-5 devstack@placement-api.service[107856]: [pid: 107856|app: 0|req: 169/332] 10.222.0.87 () {60 vars in 1377 bytes} [Sat Aug 27 03:09:47 2022] GET /placement/allocations/0c6506c3-9989-47ab-88c5-0258c00070d9 => generated 258 bytes in 33 msecs (HTTP/1.1 200) 8 headers in 296 bytes (2 switches on core 0)
Aug 27 03:09:47.087275 n-d-852086-5 devstack@placement-api.service[107855]: DEBUG placement.requestlog [req-4999b834-f996-4a10-bccf-3681ea943d6d req-3cc5f79c-e8cd-48aa-8918-677d6ed6b4e4 None None] Starting request: 10.222.0.87 "GET /placement/allocations/36c4b4e2-b5c0-44d3-b520-c1571ceee8ef" {{(pid=107855) __call__ /opt/stack/placement/placement/requestlog.py:55}}
Aug 27 03:09:47.129457 n-d-852086-5 devstack@placement-api.service[107855]: INFO placement.requestlog [req-4999b834-f996-4a10-bccf-3681ea943d6d req-3cc5f79c-e8cd-48aa-8918-677d6ed6b4e4 service placement] 10.222.0.87 "GET /placement/allocations/36c4b4e2-b5c0-44d3-b520-c1571ceee8ef" status: 200 len: 259 microversion: 1.28
Aug 27 03:09:47.129686 n-d-852086-5 devstack@placement-api.service[107855]: [pid: 107855|app: 0|req: 164/333] 10.222.0.87 () {60 vars in 1377 bytes} [Sat Aug 27 03:09:47 2022] GET /placement/allocations/36c4b4e2-b5c0-44d3-b520-c1571ceee8ef => generated 259 bytes in 43 msecs (HTTP/1.1 200) 8 headers in 296 bytes (2 switches on core 0)
Aug 27 03:09:47.137792 n-d-852086-5 devstack@placement-api.service[107856]: DEBUG placement.requestlog [req-4999b834-f996-4a10-bccf-3681ea943d6d req-2a0ebbf2-84a5-4826-a3ea-1e90c9d0b4e4 None None] Starting request: 10.222.0.87 "GET /placement/allocations/d4f86480-02eb-4df3-b033-7f8a064c6ac8" {{(pid=107856) __call__ /opt/stack/placement/placement/requestlog.py:55}}
Aug 27 03:09:47.159443 n-d-852086-5 devstack@placement-api.service[107856]: INFO placement.requestlog [req-4999b834-f996-4a10-bccf-3681ea943d6d req-2a0ebbf2-84a5-4826-a3ea-1e90c9d0b4e4 service placement] 10.222.0.87 "GET /placement/allocations/d4f86480-02eb-4df3-b033-7f8a064c6ac8" status: 200 len: 259 microversion: 1.28
Aug 27 03:09:47.160366 n-d-852086-5 devstack@placement-api.service[107856]: [pid: 107856|app: 0|req: 170/334] 10.222.0.87 () {60 vars in 1377 bytes} [Sat Aug 27 03:09:47 2022] GET /placement/allocations/d4f86480-02eb-4df3-b033-7f8a064c6ac8 => generated 259 bytes in 24 msecs (HTTP/1.1 200) 8 headers in 296 bytes (1 switches on core 0)
Aug 27 03:09:47.374842 n-d-852086-5 devstack@placement-api.service[107855]: DEBUG placement.requestlog [req-679920c1-57f0-4e85-8a11-5b69860cdc04 req-f42fa657-345e-4e7b-8497-adb8e3456787 None None] Starting request: 10.222.0.72 "GET /placement/resource_providers/abfeb07b-336a-4cc6-99c2-7f1fef869574/allocations" {{(pid=107855) __call__ /opt/stack/placement/placement/requestlog.py:55}}
Aug 27 03:09:47.449932 n-d-852086-5 devstack@placement-api.service[107856]: DEBUG placement.requestlog [req-14866b28-5edf-4273-9377-b0eec2c7a698 req-0b506a6c-a825-4747-a886-969c2c5522bd None None] Starting request: 10.222.0.69 "GET /placement/allocation_candidates?limit=1000&resources=DISK_GB%3A1%2CMEMORY_MB%3A1024%2CVCPU%3A1&root_required=%21COMPUTE_STATUS_DISABLED" {{(pid=107856) __call__ /opt/stack/placement/placement/requestlog.py:55}}
Aug 27 03:09:47.452831 n-d-852086-5 devstack@placement-api.service[107855]: INFO placement.requestlog [req-679920c1-57f0-4e85-8a11-5b69860cdc04 req-f42fa657-345e-4e7b-8497-adb8e3456787 service placement] 10.222.0.72 "GET /placement/resource_providers/abfeb07b-336a-4cc6-99c2-7f1fef869574/allocations" status: 200 len: 558 microversion: 1.0
Aug 27 03:09:47.452831 n-d-852086-5 devstack@placement-api.service[107855]: [pid: 107855|app: 0|req: 165/335] 10.222.0.72 () {58 vars in 1390 bytes} [Sat Aug 27 03:09:47 2022] GET /placement/resource_providers/abfeb07b-336a-4cc6-99c2-7f1fef869574/allocations => generated 558 bytes in 81 msecs (HTTP/1.1 200) 6 headers in 224 bytes (1 switches on core 0)
Aug 27 03:09:47.475559 n-d-852086-5 devstack@placement-api.service[107856]: DEBUG dbcounter [-] [107856] Writing DB stats placement:SELECT=82,placement:INSERT=10,placement:DELETE=4,placement:UPDATE=4 {{(pid=107856) stat_writer /usr/local/lib/python3.8/dist-packages/dbcounter.py:114}}
Aug 27 03:09:47.574084 n-d-852086-5 devstack@placement-api.service[107856]: DEBUG placement.objects.research_context [req-14866b28-5edf-4273-9377-b0eec2c7a698 req-0b506a6c-a825-4747-a886-969c2c5522bd service placement] getting providers with 1 DISK_GB {{(pid=107856) __init__ /opt/stack/placement/placement/objects/research_context.py:136}}
Aug 27 03:09:47.578913 n-d-852086-5 devstack@placement-api.service[107855]: DEBUG placement.requestlog [req-679920c1-57f0-4e85-8a11-5b69860cdc04 req-2d61af8f-c40f-481a-b140-9c50b3618b7c None None] Starting request: 10.222.0.72 "GET /placement/resource_providers/abfeb07b-336a-4cc6-99c2-7f1fef869574/allocations" {{(pid=107855) __call__ /opt/stack/placement/placement/requestlog.py:55}}
Aug 27 03:09:47.600781 n-d-852086-5 devstack@placement-api.service[107856]: DEBUG placement.objects.research_context [req-14866b28-5edf-4273-9377-b0eec2c7a698 req-0b506a6c-a825-4747-a886-969c2c5522bd service placement] getting providers with 1024 MEMORY_MB {{(pid=107856) __init__ /opt/stack/placement/placement/objects/research_context.py:136}}
Aug 27 03:09:47.612753 n-d-852086-5 devstack@placement-api.service[107855]: INFO placement.requestlog [req-679920c1-57f0-4e85-8a11-5b69860cdc04 req-2d61af8f-c40f-481a-b140-9c50b3618b7c service placement] 10.222.0.72 "GET /placement/resource_providers/abfeb07b-336a-4cc6-99c2-7f1fef869574/allocations" status: 200 len: 558 microversion: 1.0
Aug 27 03:09:47.616290 n-d-852086-5 devstack@placement-api.service[107855]: [pid: 107855|app: 0|req: 166/336] 10.222.0.72 () {58 vars in 1390 bytes} [Sat Aug 27 03:09:47 2022] GET /placement/resource_providers/abfeb07b-336a-4cc6-99c2-7f1fef869574/allocations => generated 558 bytes in 35 msecs (HTTP/1.1 200) 6 headers in 224 bytes (2 switches on core 0)
Aug 27 03:09:47.617576 n-d-852086-5 devstack@placement-api.service[107856]: DEBUG placement.objects.research_context [req-14866b28-5edf-4273-9377-b0eec2c7a698 req-0b506a6c-a825-4747-a886-969c2c5522bd service placement] getting providers with 1 VCPU {{(pid=107856) __init__ /opt/stack/placement/placement/objects/research_context.py:136}}
Aug 27 03:09:47.621928 n-d-852086-5 devstack@placement-api.service[107855]: DEBUG placement.requestlog [req-537ed741-30b3-4da2-840e-5d5bd6737adc req-900e5622-60f7-4af2-a35f-baf51ad4188c None None] Starting request: 10.222.0.87 "GET /placement/allocations/acd3b4a0-b115-4688-af4f-27f15a0eaea0" {{(pid=107855) __call__ /opt/stack/placement/placement/requestlog.py:55}}
Aug 27 03:09:47.629064 n-d-852086-5 devstack@placement-api.service[107856]: DEBUG placement.objects.research_context [req-14866b28-5edf-4273-9377-b0eec2c7a698 req-0b506a6c-a825-4747-a886-969c2c5522bd service placement] found 2 providers with available 1 DISK_GB {{(pid=107856) get_provider_ids_matching /opt/stack/placement/placement/objects/research_context.py:563}}
Aug 27 03:09:47.629326 n-d-852086-5 devstack@placement-api.service[107856]: DEBUG placement.objects.research_context [req-14866b28-5edf-4273-9377-b0eec2c7a698 req-0b506a6c-a825-4747-a886-969c2c5522bd service placement] found 2 providers with available 1024 MEMORY_MB {{(pid=107856) get_provider_ids_matching /opt/stack/placement/placement/objects/research_context.py:563}}
Aug 27 03:09:47.629661 n-d-852086-5 devstack@placement-api.service[107856]: DEBUG placement.objects.research_context [req-14866b28-5edf-4273-9377-b0eec2c7a698 req-0b506a6c-a825-4747-a886-969c2c5522bd service placement] found 2 providers after filtering by previous result {{(pid=107856) get_provider_ids_matching /opt/stack/placement/placement/objects/research_context.py:594}}
Aug 27 03:09:47.629903 n-d-852086-5 devstack@placement-api.service[107856]: DEBUG placement.objects.research_context [req-14866b28-5edf-4273-9377-b0eec2c7a698 req-0b506a6c-a825-4747-a886-969c2c5522bd service placement] found 2 providers with available 1 VCPU {{(pid=107856) get_provider_ids_matching /opt/stack/placement/placement/objects/research_context.py:563}}
Aug 27 03:09:47.630192 n-d-852086-5 devstack@placement-api.service[107856]: DEBUG placement.objects.research_context [req-14866b28-5edf-4273-9377-b0eec2c7a698 req-0b506a6c-a825-4747-a886-969c2c5522bd service placement] found 2 providers after filtering by previous result {{(pid=107856) get_provider_ids_matching /opt/stack/placement/placement/objects/research_context.py:594}}
Aug 27 03:09:47.651427 n-d-852086-5 devstack@placement-api.service[107856]: DEBUG placement.objects.allocation_candidate [req-14866b28-5edf-4273-9377-b0eec2c7a698 req-0b506a6c-a825-4747-a886-969c2c5522bd service placement] RequestGroup(use_same_provider=False, resources={DISK_GB:1, MEMORY_MB:1024, VCPU:1}, traits=(), aggregates=[]) (suffix '') returned 2 matches {{(pid=107856) _get_by_requests /opt/stack/placement/placement/objects/allocation_candidate.py:156}}
Aug 27 03:09:47.651778 n-d-852086-5 devstack@placement-api.service[107856]: DEBUG placement.objects.allocation_candidate [req-14866b28-5edf-4273-9377-b0eec2c7a698 req-0b506a6c-a825-4747-a886-969c2c5522bd service placement] Merging candidates yields 2 allocation requests and 2 provider summaries {{(pid=107856) _merge_candidates /opt/stack/placement/placement/objects/allocation_candidate.py:809}}
Aug 27 03:09:47.658071 n-d-852086-5 devstack@placement-api.service[107856]: INFO placement.requestlog [req-14866b28-5edf-4273-9377-b0eec2c7a698 req-0b506a6c-a825-4747-a886-969c2c5522bd service placement] 10.222.0.69 "GET /placement/allocation_candidates?limit=1000&resources=DISK_GB%3A1%2CMEMORY_MB%3A1024%2CVCPU%3A1&root_required=%21COMPUTE_STATUS_DISABLED" status: 200 len: 1309 microversion: 1.36
Aug 27 03:09:47.667412 n-d-852086-5 devstack@placement-api.service[107856]: [pid: 107856|app: 0|req: 171/337] 10.222.0.69 () {60 vars in 1506 bytes} [Sat Aug 27 03:09:47 2022] GET /placement/allocation_candidates?limit=1000&resources=DISK_GB%3A1%2CMEMORY_MB%3A1024%2CVCPU%3A1&root_required=%21COMPUTE_STATUS_DISABLED => generated 1309 bytes in 216 msecs (HTTP/1.1 200) 8 headers in 297 bytes (1 switches on core 0)
Aug 27 03:09:47.667412 n-d-852086-5 devstack@placement-api.service[107856]: DEBUG placement.requestlog [req-679920c1-57f0-4e85-8a11-5b69860cdc04 req-ba306a02-80ff-4fdb-8966-55df39d836c2 None None] Starting request: 10.222.0.72 "GET /placement/allocations/a20b4f1b-4a52-49f0-8d69-1d567e0f4ef9" {{(pid=107856) __call__ /opt/stack/placement/placement/requestlog.py:55}}
Aug 27 03:09:47.679619 n-d-852086-5 devstack@placement-api.service[107855]: INFO placement.requestlog [req-537ed741-30b3-4da2-840e-5d5bd6737adc req-900e5622-60f7-4af2-a35f-baf51ad4188c service placement] 10.222.0.87 "GET /placement/allocations/acd3b4a0-b115-4688-af4f-27f15a0eaea0" status: 200 len: 259 microversion: 1.28
Aug 27 03:09:47.680360 n-d-852086-5 devstack@placement-api.service[107855]: [pid: 107855|app: 0|req: 167/338] 10.222.0.87 () {60 vars in 1377 bytes} [Sat Aug 27 03:09:47 2022] GET /placement/allocations/acd3b4a0-b115-4688-af4f-27f15a0eaea0 => generated 259 bytes in 63 msecs (HTTP/1.1 200) 8 headers in 296 bytes (1 switches on core 0)
Aug 27 03:09:47.687943 n-d-852086-5 devstack@placement-api.service[107856]: INFO placement.requestlog [req-679920c1-57f0-4e85-8a11-5b69860cdc04 req-ba306a02-80ff-4fdb-8966-55df39d836c2 service placement] 10.222.0.72 "GET /placement/allocations/a20b4f1b-4a52-49f0-8d69-1d567e0f4ef9" status: 200 len: 259 microversion: 1.28
Aug 27 03:09:47.688986 n-d-852086-5 devstack@placement-api.service[107856]: [pid: 107856|app: 0|req: 172/339] 10.222.0.72 () {60 vars in 1377 bytes} [Sat Aug 27 03:09:47 2022] GET /placement/allocations/a20b4f1b-4a52-49f0-8d69-1d567e0f4ef9 => generated 259 bytes in 28 msecs (HTTP/1.1 200) 8 headers in 296 bytes (1 switches on core 0)
Aug 27 03:09:47.700310 n-d-852086-5 devstack@placement-api.service[107855]: DEBUG placement.requestlog [req-679920c1-57f0-4e85-8a11-5b69860cdc04 req-1e2a7225-1d89-4c3e-a5a7-c007cc39ae10 None None] Starting request: 10.222.0.72 "GET /placement/allocations/50391137-b227-49eb-8694-c599b899a117" {{(pid=107855) __call__ /opt/stack/placement/placement/requestlog.py:55}}
Aug 27 03:09:47.735518 n-d-852086-5 devstack@placement-api.service[107855]: INFO placement.requestlog [req-679920c1-57f0-4e85-8a11-5b69860cdc04 req-1e2a7225-1d89-4c3e-a5a7-c007cc39ae10 service placement] 10.222.0.72 "GET /placement/allocations/50391137-b227-49eb-8694-c599b899a117" status: 200 len: 259 microversion: 1.28
Aug 27 03:09:47.736544 n-d-852086-5 devstack@placement-api.service[107855]: [pid: 107855|app: 0|req: 168/340] 10.222.0.72 () {60 vars in 1377 bytes} [Sat Aug 27 03:09:47 2022] GET /placement/allocations/50391137-b227-49eb-8694-c599b899a117 => generated 259 bytes in 37 msecs (HTTP/1.1 200) 8 headers in 296 bytes (1 switches on core 0)
Aug 27 03:09:47.749086 n-d-852086-5 devstack@placement-api.service[107856]: DEBUG placement.requestlog [req-679920c1-57f0-4e85-8a11-5b69860cdc04 req-042aed4a-fc66-4064-9325-ceea5b21c319 None None] Starting request: 10.222.0.72 "GET /placement/allocations/d97f7a2f-dcdd-4a7b-8d53-0e13e04ec798" {{(pid=107856) __call__ /opt/stack/placement/placement/requestlog.py:55}}
Aug 27 03:09:47.789177 n-d-852086-5 devstack@placement-api.service[107856]: INFO placement.requestlog [req-679920c1-57f0-4e85-8a11-5b69860cdc04 req-042aed4a-fc66-4064-9325-ceea5b21c319 service placement] 10.222.0.72 "GET /placement/allocations/d97f7a2f-dcdd-4a7b-8d53-0e13e04ec798" status: 200 len: 259 microversion: 1.28
Aug 27 03:09:47.790244 n-d-852086-5 devstack@placement-api.service[107856]: [pid: 107856|app: 0|req: 173/341] 10.222.0.72 () {60 vars in 1377 bytes} [Sat Aug 27 03:09:47 2022] GET /placement/allocations/d97f7a2f-dcdd-4a7b-8d53-0e13e04ec798 => generated 259 bytes in 41 msecs (HTTP/1.1 200) 8 headers in 296 bytes (1 switches on core 0)
Aug 27 03:09:47.801154 n-d-852086-5 devstack@placement-api.service[107855]: DEBUG placement.requestlog [req-679920c1-57f0-4e85-8a11-5b69860cdc04 req-3e8b4296-612d-4a06-aaef-397f56548f19 None None] Starting request: 10.222.0.72 "GET /placement/allocations/3688d85b-42f3-4f81-8b01-dd440e545c13" {{(pid=107855) __call__ /opt/stack/placement/placement/requestlog.py:55}}
Aug 27 03:09:47.830535 n-d-852086-5 devstack@placement-api.service[107855]: INFO placement.requestlog [req-679920c1-57f0-4e85-8a11-5b69860cdc04 req-3e8b4296-612d-4a06-aaef-397f56548f19 service placement] 10.222.0.72 "GET /placement/allocations/3688d85b-42f3-4f81-8b01-dd440e545c13" status: 200 len: 259 microversion: 1.28
Aug 27 03:09:47.835731 n-d-852086-5 devstack@placement-api.service[107855]: [pid: 107855|app: 0|req: 169/342] 10.222.0.72 () {60 vars in 1377 bytes} [Sat Aug 27 03:09:47 2022] GET /placement/allocations/3688d85b-42f3-4f81-8b01-dd440e545c13 => generated 259 bytes in 35 msecs (HTTP/1.1 200) 8 headers in 296 bytes (2 switches on core 0)
Aug 27 03:09:47.839080 n-d-852086-5 devstack@placement-api.service[107856]: DEBUG placement.requestlog [req-679920c1-57f0-4e85-8a11-5b69860cdc04 req-0a270a57-b885-4b53-830b-9141c7c2f22b None None] Starting request: 10.222.0.72 "GET /placement/allocations/b9a3df85-951a-44c4-bb86-97082125b3a8" {{(pid=107856) __call__ /opt/stack/placement/placement/requestlog.py:55}}
Aug 27 03:09:47.862577 n-d-852086-5 devstack@placement-api.service[107855]: DEBUG placement.requestlog [req-14866b28-5edf-4273-9377-b0eec2c7a698 req-2d72ad6e-5862-4074-8b1d-2f761fc7b904 None None] Starting request: 10.222.0.69 "GET /placement/allocations/53b6f613-7f60-4e14-8283-4617c9b0f283" {{(pid=107855) __call__ /opt/stack/placement/placement/requestlog.py:55}}
Aug 27 03:09:47.884517 n-d-852086-5 devstack@placement-api.service[107856]: INFO placement.requestlog [req-679920c1-57f0-4e85-8a11-5b69860cdc04 req-0a270a57-b885-4b53-830b-9141c7c2f22b service placement] 10.222.0.72 "GET /placement/allocations/b9a3df85-951a-44c4-bb86-97082125b3a8" status: 200 len: 259 microversion: 1.28
Aug 27 03:09:47.887345 n-d-852086-5 devstack@placement-api.service[107856]: [pid: 107856|app: 0|req: 174/343] 10.222.0.72 () {60 vars in 1377 bytes} [Sat Aug 27 03:09:47 2022] GET /placement/allocations/b9a3df85-951a-44c4-bb86-97082125b3a8 => generated 259 bytes in 49 msecs (HTTP/1.1 200) 8 headers in 296 bytes (1 switches on core 0)
Aug 27 03:09:47.896855 n-d-852086-5 devstack@placement-api.service[107855]: INFO placement.requestlog [req-14866b28-5edf-4273-9377-b0eec2c7a698 req-2d72ad6e-5862-4074-8b1d-2f761fc7b904 service placement] 10.222.0.69 "GET /placement/allocations/53b6f613-7f60-4e14-8283-4617c9b0f283" status: 200 len: 19 microversion: 1.28
Aug 27 03:09:47.901770 n-d-852086-5 devstack@placement-api.service[107855]: [pid: 107855|app: 0|req: 170/344] 10.222.0.69 () {60 vars in 1380 bytes} [Sat Aug 27 03:09:47 2022] GET /placement/allocations/53b6f613-7f60-4e14-8283-4617c9b0f283 => generated 19 bytes in 40 msecs (HTTP/1.1 200) 8 headers in 295 bytes (2 switches on core 0)
Aug 27 03:09:47.911820 n-d-852086-5 devstack@placement-api.service[107856]: DEBUG placement.requestlog [req-14866b28-5edf-4273-9377-b0eec2c7a698 req-f1510388-45ff-4ebf-9b99-99403eb505b6 None None] Starting request: 10.222.0.69 "PUT /placement/allocations/53b6f613-7f60-4e14-8283-4617c9b0f283" {{(pid=107856) __call__ /opt/stack/placement/placement/requestlog.py:55}}
Aug 27 03:09:48.015246 n-d-852086-5 devstack@placement-api.service[107855]: DEBUG placement.requestlog [req-537ed741-30b3-4da2-840e-5d5bd6737adc req-cbd6aaa4-49bf-40e9-86e1-f40199ae2184 None None] Starting request: 10.222.0.87 "GET /placement/resource_providers/85ce2b8b-84d3-437a-9eee-03dbbaf7dcdc/allocations" {{(pid=107855) __call__ /opt/stack/placement/placement/requestlog.py:55}}
Aug 27 03:09:48.063111 n-d-852086-5 devstack@placement-api.service[107856]: DEBUG placement.handlers.allocation [req-14866b28-5edf-4273-9377-b0eec2c7a698 req-f1510388-45ff-4ebf-9b99-99403eb505b6 service placement] Successfully wrote allocations [, , ] {{(pid=107856) _update_consumers_and_create_allocations /opt/stack/placement/placement/handlers/allocation.py:462}}
Aug 27 03:09:48.069858 n-d-852086-5 devstack@placement-api.service[107855]: DEBUG dbcounter [-] [107855] Writing DB stats placement:SELECT=96,placement:DELETE=2,placement:UPDATE=2 {{(pid=107855) stat_writer /usr/local/lib/python3.8/dist-packages/dbcounter.py:114}}
Aug 27 03:09:48.072674 n-d-852086-5 devstack@placement-api.service[107856]: INFO placement.requestlog [req-14866b28-5edf-4273-9377-b0eec2c7a698 req-f1510388-45ff-4ebf-9b99-99403eb505b6 service placement] 10.222.0.69 "PUT /placement/allocations/53b6f613-7f60-4e14-8283-4617c9b0f283" status: 204 len: 0 microversion: 1.36
Aug 27 03:09:48.087204 n-d-852086-5 devstack@placement-api.service[107855]: INFO placement.requestlog [req-537ed741-30b3-4da2-840e-5d5bd6737adc req-cbd6aaa4-49bf-40e9-86e1-f40199ae2184 service placement] 10.222.0.87 "GET /placement/resource_providers/85ce2b8b-84d3-437a-9eee-03dbbaf7dcdc/allocations" status: 200 len: 759 microversion: 1.0
Aug 27 03:09:48.088929 n-d-852086-5 devstack@placement-api.service[107856]: [pid: 107856|app: 0|req: 175/345] 10.222.0.69 () {64 vars in 1433 bytes} [Sat Aug 27 03:09:47 2022] PUT /placement/allocations/53b6f613-7f60-4e14-8283-4617c9b0f283 => generated 0 bytes in 163 msecs (HTTP/1.1 204) 5 headers in 199 bytes (2 switches on core 0)
Aug 27 03:09:48.090180 n-d-852086-5 devstack@placement-api.service[107855]: [pid: 107855|app: 0|req: 171/346] 10.222.0.87 () {58 vars in 1390 bytes} [Sat Aug 27 03:09:48 2022] GET /placement/resource_providers/85ce2b8b-84d3-437a-9eee-03dbbaf7dcdc/allocations => generated 759 bytes in 75 msecs (HTTP/1.1 200) 6 headers in 224 bytes (1 switches on core 0)
Aug 27 03:09:48.099226 n-d-852086-5 devstack@placement-api.service[107856]: DEBUG placement.requestlog [req-537ed741-30b3-4da2-840e-5d5bd6737adc req-164e450f-98f9-4799-abdb-08bcc92d3e26 None None] Starting request: 10.222.0.87 "GET /placement/allocations/ef480d6e-0ba0-49fb-a9f3-e52b5fbc1037" {{(pid=107856) __call__ /opt/stack/placement/placement/requestlog.py:55}}
Aug 27 03:09:48.153773 n-d-852086-5 devstack@placement-api.service[107856]: INFO placement.requestlog [req-537ed741-30b3-4da2-840e-5d5bd6737adc req-164e450f-98f9-4799-abdb-08bcc92d3e26 service placement] 10.222.0.87 "GET /placement/allocations/ef480d6e-0ba0-49fb-a9f3-e52b5fbc1037" status: 200 len: 259 microversion: 1.28
Aug 27 03:09:48.164056 n-d-852086-5 devstack@placement-api.service[107855]: DEBUG placement.requestlog [req-537ed741-30b3-4da2-840e-5d5bd6737adc req-2dec9b9a-7f44-4d44-8703-185fb47c308a None None] Starting request: 10.222.0.87 "GET /placement/allocations/b8b27cbd-aa6c-43c5-9260-0a77d1b83677" {{(pid=107855) __call__ /opt/stack/placement/placement/requestlog.py:55}}
Aug 27 03:09:48.170972 n-d-852086-5 devstack@placement-api.service[107856]: [pid: 107856|app: 0|req: 176/347] 10.222.0.87 () {60 vars in 1377 bytes} [Sat Aug 27 03:09:48 2022] GET /placement/allocations/ef480d6e-0ba0-49fb-a9f3-e52b5fbc1037 => generated 259 bytes in 72 msecs (HTTP/1.1 200) 8 headers in 296 bytes (1 switches on core 0)
Aug 27 03:09:48.229546 n-d-852086-5 devstack@placement-api.service[107855]: INFO placement.requestlog [req-537ed741-30b3-4da2-840e-5d5bd6737adc req-2dec9b9a-7f44-4d44-8703-185fb47c308a service placement] 10.222.0.87 "GET /placement/allocations/b8b27cbd-aa6c-43c5-9260-0a77d1b83677" status: 200 len: 259 microversion: 1.28
Aug 27 03:09:48.230845 n-d-852086-5 devstack@placement-api.service[107855]: [pid: 107855|app: 0|req: 172/348] 10.222.0.87 () {60 vars in 1377 bytes} [Sat Aug 27 03:09:48 2022] GET /placement/allocations/b8b27cbd-aa6c-43c5-9260-0a77d1b83677 => generated 259 bytes in 67 msecs (HTTP/1.1 200) 8 headers in 296 bytes (1 switches on core 0)
Aug 27 03:09:48.237873 n-d-852086-5 devstack@placement-api.service[107856]: DEBUG placement.requestlog [req-537ed741-30b3-4da2-840e-5d5bd6737adc req-de84ca65-62a7-458e-9de9-76fd2840475f None None] Starting request: 10.222.0.87 "GET /placement/allocations/acd3b4a0-b115-4688-af4f-27f15a0eaea0" {{(pid=107856) __call__ /opt/stack/placement/placement/requestlog.py:55}}
Aug 27 03:09:48.281093 n-d-852086-5 devstack@placement-api.service[107856]: INFO placement.requestlog [req-537ed741-30b3-4da2-840e-5d5bd6737adc req-de84ca65-62a7-458e-9de9-76fd2840475f service placement] 10.222.0.87 "GET /placement/allocations/acd3b4a0-b115-4688-af4f-27f15a0eaea0" status: 200 len: 259 microversion: 1.28
Aug 27 03:09:48.282125 n-d-852086-5 devstack@placement-api.service[107856]: [pid: 107856|app: 0|req: 177/349] 10.222.0.87 () {60 vars in 1377 bytes} [Sat Aug 27 03:09:48 2022] GET /placement/allocations/acd3b4a0-b115-4688-af4f-27f15a0eaea0 => generated 259 bytes in 44 msecs (HTTP/1.1 200) 8 headers in 296 bytes (2 switches on core 0)
Aug 27 03:09:48.291529 n-d-852086-5 devstack@placement-api.service[107855]: DEBUG placement.requestlog [req-537ed741-30b3-4da2-840e-5d5bd6737adc req-20bc0027-4820-491a-bcf8-2ce95cfea623 None None] Starting request: 10.222.0.87 "GET /placement/allocations/f651cdea-2174-4ec4-8e1e-e357a81d3b08" {{(pid=107855) __call__ /opt/stack/placement/placement/requestlog.py:55}}
Aug 27 03:09:48.301506 n-d-852086-5 devstack@placement-api.service[107856]: DEBUG placement.requestlog [req-679920c1-57f0-4e85-8a11-5b69860cdc04 req-ff20da67-8c4c-4c70-a3ae-fb97d0a0a333 None None] Starting request: 10.222.0.72 "GET /placement/allocations/b9a3df85-951a-44c4-bb86-97082125b3a8" {{(pid=107856) __call__ /opt/stack/placement/placement/requestlog.py:55}}
Aug 27 03:09:48.345172 n-d-852086-5 devstack@placement-api.service[107855]: INFO placement.requestlog [req-537ed741-30b3-4da2-840e-5d5bd6737adc req-20bc0027-4820-491a-bcf8-2ce95cfea623 service placement] 10.222.0.87 "GET /placement/allocations/f651cdea-2174-4ec4-8e1e-e357a81d3b08" status: 200 len: 259 microversion: 1.28
Aug 27 03:09:48.345868 n-d-852086-5 devstack@placement-api.service[107855]: [pid: 107855|app: 0|req: 173/350] 10.222.0.87 () {60 vars in 1377 bytes} [Sat Aug 27 03:09:48 2022] GET /placement/allocations/f651cdea-2174-4ec4-8e1e-e357a81d3b08 => generated 259 bytes in 56 msecs (HTTP/1.1 200) 8 headers in 296 bytes (1 switches on core 0)
Aug 27 03:09:48.357365 n-d-852086-5 devstack@placement-api.service[107855]: DEBUG placement.requestlog [req-537ed741-30b3-4da2-840e-5d5bd6737adc req-c12fd154-2684-42a2-988d-16cd7b161a14 None None] Starting request: 10.222.0.87 "GET /placement/allocations/0c6506c3-9989-47ab-88c5-0258c00070d9" {{(pid=107855) __call__ /opt/stack/placement/placement/requestlog.py:55}}
Aug 27 03:09:48.367136 n-d-852086-5 devstack@placement-api.service[107856]: INFO placement.requestlog [req-679920c1-57f0-4e85-8a11-5b69860cdc04 req-ff20da67-8c4c-4c70-a3ae-fb97d0a0a333 service placement] 10.222.0.72 "GET /placement/allocations/b9a3df85-951a-44c4-bb86-97082125b3a8" status: 200 len: 259 microversion: 1.28
Aug 27 03:09:48.369033 n-d-852086-5 devstack@placement-api.service[107856]: [pid: 107856|app: 0|req: 178/351] 10.222.0.72 () {60 vars in 1377 bytes} [Sat Aug 27 03:09:48 2022] GET /placement/allocations/b9a3df85-951a-44c4-bb86-97082125b3a8 => generated 259 bytes in 68 msecs (HTTP/1.1 200) 8 headers in 296 bytes (1 switches on core 0)
Aug 27 03:09:48.380025 n-d-852086-5 devstack@placement-api.service[107856]: DEBUG placement.requestlog [req-679920c1-57f0-4e85-8a11-5b69860cdc04 req-084dc4cc-151a-4d7d-9fae-9c3ba77d6c82 None None] Starting request: 10.222.0.72 "PUT /placement/allocations/b9a3df85-951a-44c4-bb86-97082125b3a8" {{(pid=107856) __call__ /opt/stack/placement/placement/requestlog.py:55}}
Aug 27 03:09:48.422573 n-d-852086-5 devstack@placement-api.service[107855]: INFO placement.requestlog [req-537ed741-30b3-4da2-840e-5d5bd6737adc req-c12fd154-2684-42a2-988d-16cd7b161a14 service placement] 10.222.0.87 "GET /placement/allocations/0c6506c3-9989-47ab-88c5-0258c00070d9" status: 200 len: 258 microversion: 1.28
Aug 27 03:09:48.423456 n-d-852086-5 devstack@placement-api.service[107855]: [pid: 107855|app: 0|req: 174/352] 10.222.0.87 () {60 vars in 1377 bytes} [Sat Aug 27 03:09:48 2022] GET /placement/allocations/0c6506c3-9989-47ab-88c5-0258c00070d9 => generated 258 bytes in 68 msecs (HTTP/1.1 200) 8 headers in 296 bytes (1 switches on core 0)
Aug 27 03:09:48.431237 n-d-852086-5 devstack@placement-api.service[107855]: DEBUG placement.requestlog [req-537ed741-30b3-4da2-840e-5d5bd6737adc req-9904e493-09d8-4654-a722-1f63a7e31a25 None None] Starting request: 10.222.0.87 "GET /placement/allocations/36c4b4e2-b5c0-44d3-b520-c1571ceee8ef" {{(pid=107855) __call__ /opt/stack/placement/placement/requestlog.py:55}}
Aug 27 03:09:48.468789 n-d-852086-5 devstack@placement-api.service[107855]: INFO placement.requestlog [req-537ed741-30b3-4da2-840e-5d5bd6737adc req-9904e493-09d8-4654-a722-1f63a7e31a25 service placement] 10.222.0.87 "GET /placement/allocations/36c4b4e2-b5c0-44d3-b520-c1571ceee8ef" status: 200 len: 259 microversion: 1.28
Aug 27 03:09:48.469907 n-d-852086-5 devstack@placement-api.service[107855]: [pid: 107855|app: 0|req: 175/353] 10.222.0.87 () {60 vars in 1377 bytes} [Sat Aug 27 03:09:48 2022] GET /placement/allocations/36c4b4e2-b5c0-44d3-b520-c1571ceee8ef => generated 259 bytes in 39 msecs (HTTP/1.1 200) 8 headers in 296 bytes (2 switches on core 0)
Aug 27 03:09:48.476687 n-d-852086-5 devstack@placement-api.service[107855]: DEBUG placement.requestlog [req-537ed741-30b3-4da2-840e-5d5bd6737adc req-e2f9260b-5aec-40e1-9172-8c14e3f61564 None None] Starting request: 10.222.0.87 "GET /placement/allocations/d4f86480-02eb-4df3-b033-7f8a064c6ac8" {{(pid=107855) __call__ /opt/stack/placement/placement/requestlog.py:55}}
Aug 27 03:09:48.522277 n-d-852086-5 devstack@placement-api.service[107855]: INFO placement.requestlog [req-537ed741-30b3-4da2-840e-5d5bd6737adc req-e2f9260b-5aec-40e1-9172-8c14e3f61564 service placement] 10.222.0.87 "GET /placement/allocations/d4f86480-02eb-4df3-b033-7f8a064c6ac8" status: 200 len: 259 microversion: 1.28
Aug 27 03:09:48.524201 n-d-852086-5 devstack@placement-api.service[107855]: [pid: 107855|app: 0|req: 176/354] 10.222.0.87 () {60 vars in 1377 bytes} [Sat Aug 27 03:09:48 2022] GET /placement/allocations/d4f86480-02eb-4df3-b033-7f8a064c6ac8 => generated 259 bytes in 48 msecs (HTTP/1.1 200) 8 headers in 296 bytes (1 switches on core 0)
Aug 27 03:09:48.553896 n-d-852086-5 devstack@placement-api.service[107856]: DEBUG placement.handlers.allocation [req-679920c1-57f0-4e85-8a11-5b69860cdc04 req-084dc4cc-151a-4d7d-9fae-9c3ba77d6c82 service placement] Successfully wrote allocations [, , ] {{(pid=107856) _update_consumers_and_create_allocations /opt/stack/placement/placement/handlers/allocation.py:462}}
Aug 27 03:09:48.559773 n-d-852086-5 devstack@placement-api.service[107856]: INFO placement.requestlog [req-679920c1-57f0-4e85-8a11-5b69860cdc04 req-084dc4cc-151a-4d7d-9fae-9c3ba77d6c82 service placement] 10.222.0.72 "PUT /placement/allocations/b9a3df85-951a-44c4-bb86-97082125b3a8" status: 204 len: 0 microversion: 1.28
Aug 27 03:09:48.560533 n-d-852086-5 devstack@placement-api.service[107856]: [pid: 107856|app: 0|req: 179/355] 10.222.0.72 () {64 vars in 1430 bytes} [Sat Aug 27 03:09:48 2022] PUT /placement/allocations/b9a3df85-951a-44c4-bb86-97082125b3a8 => generated 0 bytes in 181 msecs (HTTP/1.1 204) 5 headers in 199 bytes (1 switches on core 0)
Aug 27 03:09:48.758314 n-d-852086-5 devstack@placement-api.service[107855]: DEBUG placement.requestlog [req-14866b28-5edf-4273-9377-b0eec2c7a698 req-18a5d6b3-bf46-477f-9278-e8991285b83b None None] Starting request: 10.222.0.72 "GET /placement/allocations/53b6f613-7f60-4e14-8283-4617c9b0f283" {{(pid=107855) __call__ /opt/stack/placement/placement/requestlog.py:55}}
Aug 27 03:09:48.825304 n-d-852086-5 devstack@placement-api.service[107855]: INFO placement.requestlog [req-14866b28-5edf-4273-9377-b0eec2c7a698 req-18a5d6b3-bf46-477f-9278-e8991285b83b service placement] 10.222.0.72 "GET /placement/allocations/53b6f613-7f60-4e14-8283-4617c9b0f283" status: 200 len: 259 microversion: 1.28
Aug 27 03:09:48.826423 n-d-852086-5 devstack@placement-api.service[107855]: [pid: 107855|app: 0|req: 177/356] 10.222.0.72 () {60 vars in 1377 bytes} [Sat Aug 27 03:09:48 2022] GET /placement/allocations/53b6f613-7f60-4e14-8283-4617c9b0f283 => generated 259 bytes in 71 msecs (HTTP/1.1 200) 8 headers in 296 bytes (2 switches on core 0)
Aug 27 03:09:49.079949 n-d-852086-5 devstack@placement-api.service[107856]: DEBUG placement.requestlog [req-14866b28-5edf-4273-9377-b0eec2c7a698 req-6a224b47-d23c-4d2e-a4c3-4b673d365650 None None] Starting request: 10.222.0.72 "GET /placement/resource_providers/abfeb07b-336a-4cc6-99c2-7f1fef869574/allocations" {{(pid=107856) __call__ /opt/stack/placement/placement/requestlog.py:55}}
Aug 27 03:09:49.154509 n-d-852086-5 devstack@placement-api.service[107856]: INFO placement.requestlog [req-14866b28-5edf-4273-9377-b0eec2c7a698 req-6a224b47-d23c-4d2e-a4c3-4b673d365650 service placement] 10.222.0.72 "GET /placement/resource_providers/abfeb07b-336a-4cc6-99c2-7f1fef869574/allocations" status: 200 len: 558 microversion: 1.0
Aug 27 03:09:49.154905 n-d-852086-5 devstack@placement-api.service[107856]: [pid: 107856|app: 0|req: 180/357] 10.222.0.72 () {58 vars in 1390 bytes} [Sat Aug 27 03:09:49 2022] GET /placement/resource_providers/abfeb07b-336a-4cc6-99c2-7f1fef869574/allocations => generated 558 bytes in 76 msecs (HTTP/1.1 200) 6 headers in 224 bytes (1 switches on core 0)
Aug 27 03:09:49.167028 n-d-852086-5 devstack@placement-api.service[107855]: DEBUG placement.requestlog [req-14866b28-5edf-4273-9377-b0eec2c7a698 req-7fe2dfc7-b4f6-42cf-a196-a7d0f87388da None None] Starting request: 10.222.0.72 "GET /placement/allocations/a20b4f1b-4a52-49f0-8d69-1d567e0f4ef9" {{(pid=107855) __call__ /opt/stack/placement/placement/requestlog.py:55}}
Aug 27 03:09:49.207787 n-d-852086-5 devstack@placement-api.service[107855]: INFO placement.requestlog [req-14866b28-5edf-4273-9377-b0eec2c7a698 req-7fe2dfc7-b4f6-42cf-a196-a7d0f87388da service placement] 10.222.0.72 "GET /placement/allocations/a20b4f1b-4a52-49f0-8d69-1d567e0f4ef9" status: 200 len: 259 microversion: 1.28
Aug 27 03:09:49.208563 n-d-852086-5 devstack@placement-api.service[107855]: [pid: 107855|app: 0|req: 178/358] 10.222.0.72 () {60 vars in 1377 bytes} [Sat Aug 27 03:09:49 2022] GET /placement/allocations/a20b4f1b-4a52-49f0-8d69-1d567e0f4ef9 => generated 259 bytes in 42 msecs (HTTP/1.1 200) 8 headers in 296 bytes (2 switches on core 0)
Aug 27 03:09:49.218822 n-d-852086-5 devstack@placement-api.service[107856]: DEBUG placement.requestlog [req-14866b28-5edf-4273-9377-b0eec2c7a698 req-8f865b97-2793-4dc0-b738-f3b388af628d None None] Starting request: 10.222.0.72 "GET /placement/allocations/50391137-b227-49eb-8694-c599b899a117" {{(pid=107856) __call__ /opt/stack/placement/placement/requestlog.py:55}}
Aug 27 03:09:49.259420 n-d-852086-5 devstack@placement-api.service[107856]: INFO placement.requestlog [req-14866b28-5edf-4273-9377-b0eec2c7a698 req-8f865b97-2793-4dc0-b738-f3b388af628d service placement] 10.222.0.72 "GET /placement/allocations/50391137-b227-49eb-8694-c599b899a117" status: 200 len: 259 microversion: 1.28
Aug 27 03:09:49.260021 n-d-852086-5 devstack@placement-api.service[107856]: [pid: 107856|app: 0|req: 181/359] 10.222.0.72 () {60 vars in 1377 bytes} [Sat Aug 27 03:09:49 2022] GET /placement/allocations/50391137-b227-49eb-8694-c599b899a117 => generated 259 bytes in 42 msecs (HTTP/1.1 200) 8 headers in 296 bytes (1 switches on core 0)
Aug 27 03:09:49.273498 n-d-852086-5 devstack@placement-api.service[107855]: DEBUG placement.requestlog [req-14866b28-5edf-4273-9377-b0eec2c7a698 req-551f0d3e-3c1b-4955-942d-f730cf3e16ec None None] Starting request: 10.222.0.72 "GET /placement/allocations/d97f7a2f-dcdd-4a7b-8d53-0e13e04ec798" {{(pid=107855) __call__ /opt/stack/placement/placement/requestlog.py:55}}
Aug 27 03:09:49.302338 n-d-852086-5 devstack@placement-api.service[107855]: INFO placement.requestlog [req-14866b28-5edf-4273-9377-b0eec2c7a698 req-551f0d3e-3c1b-4955-942d-f730cf3e16ec service placement] 10.222.0.72 "GET /placement/allocations/d97f7a2f-dcdd-4a7b-8d53-0e13e04ec798" status: 200 len: 259 microversion: 1.28
Aug 27 03:09:49.303141 n-d-852086-5 devstack@placement-api.service[107855]: [pid: 107855|app: 0|req: 179/360] 10.222.0.72 () {60 vars in 1377 bytes} [Sat Aug 27 03:09:49 2022] GET /placement/allocations/d97f7a2f-dcdd-4a7b-8d53-0e13e04ec798 => generated 259 bytes in 32 msecs (HTTP/1.1 200) 8 headers in 296 bytes (2 switches on core 0)
Aug 27 03:09:49.313975 n-d-852086-5 devstack@placement-api.service[107856]: DEBUG placement.requestlog [req-14866b28-5edf-4273-9377-b0eec2c7a698 req-ba1a5ad7-7f91-4461-b70c-38752e8744f5 None None] Starting request: 10.222.0.72 "GET /placement/allocations/3688d85b-42f3-4f81-8b01-dd440e545c13" {{(pid=107856) __call__ /opt/stack/placement/placement/requestlog.py:55}}
Aug 27 03:09:49.350201 n-d-852086-5 devstack@placement-api.service[107856]: INFO placement.requestlog [req-14866b28-5edf-4273-9377-b0eec2c7a698 req-ba1a5ad7-7f91-4461-b70c-38752e8744f5 service placement] 10.222.0.72 "GET /placement/allocations/3688d85b-42f3-4f81-8b01-dd440e545c13" status: 200 len: 259 microversion: 1.28
Aug 27 03:09:49.350908 n-d-852086-5 devstack@placement-api.service[107856]: [pid: 107856|app: 0|req: 182/361] 10.222.0.72 () {60 vars in 1377 bytes} [Sat Aug 27 03:09:49 2022] GET /placement/allocations/3688d85b-42f3-4f81-8b01-dd440e545c13 => generated 259 bytes in 38 msecs (HTTP/1.1 200) 8 headers in 296 bytes (1 switches on core 0)
Aug 27 03:09:49.362882 n-d-852086-5 devstack@placement-api.service[107855]: DEBUG placement.requestlog [req-14866b28-5edf-4273-9377-b0eec2c7a698 req-1b0c1652-2f5f-4193-9051-2dab9a55b4df None None] Starting request: 10.222.0.72 "GET /placement/allocations/53b6f613-7f60-4e14-8283-4617c9b0f283" {{(pid=107855) __call__ /opt/stack/placement/placement/requestlog.py:55}}
Aug 27 03:09:49.392908 n-d-852086-5 devstack@placement-api.service[107855]: INFO placement.requestlog [req-14866b28-5edf-4273-9377-b0eec2c7a698 req-1b0c1652-2f5f-4193-9051-2dab9a55b4df service placement] 10.222.0.72 "GET /placement/allocations/53b6f613-7f60-4e14-8283-4617c9b0f283" status: 200 len: 259 microversion: 1.28
Aug 27 03:09:49.393452 n-d-852086-5 devstack@placement-api.service[107855]: [pid: 107855|app: 0|req: 180/362] 10.222.0.72 () {60 vars in 1377 bytes} [Sat Aug 27 03:09:49 2022] GET /placement/allocations/53b6f613-7f60-4e14-8283-4617c9b0f283 => generated 259 bytes in 31 msecs (HTTP/1.1 200) 8 headers in 296 bytes (1 switches on core 0)
Aug 27 03:09:51.317733 n-d-852086-5 devstack@placement-api.service[107856]: DEBUG placement.requestlog [req-0fcbe1d2-9c6b-42a7-9dab-3cdf4a794a9c req-92bfe83f-8dff-48e2-85fe-6082e755af7a None None] Starting request: 10.222.0.69 "GET /placement/allocation_candidates?limit=1000&resources=DISK_GB%3A1%2CMEMORY_MB%3A1024%2CVCPU%3A1&root_required=%21COMPUTE_STATUS_DISABLED" {{(pid=107856) __call__ /opt/stack/placement/placement/requestlog.py:55}}
