Aug 27 02:52:13.036070 n-d-852086-5 devstack@keystone.service[81924]: DEBUG keystone.server.flask.request_processing.req_logging [None req-e615956c-1ae9-44ee-87d3-b058ce3ef4cf None admin] PATH_INFO: `/v3/roles` {{(pid=81924) log_request_info /opt/stack/keystone/keystone/server/flask/request_processing/req_logging.py:29}}
Aug 27 02:52:13.037004 n-d-852086-5 devstack@keystone.service[81924]: DEBUG keystone.common.rbac_enforcer.enforcer [None req-e615956c-1ae9-44ee-87d3-b058ce3ef4cf None admin] RBAC: Adding query filter params (name=member) {{(pid=81924) _extract_filter_values /opt/stack/keystone/keystone/common/rbac_enforcer/enforcer.py:167}}
Aug 27 02:52:13.037477 n-d-852086-5 devstack@keystone.service[81924]: DEBUG keystone.common.rbac_enforcer.enforcer [None req-e615956c-1ae9-44ee-87d3-b058ce3ef4cf None admin] RBAC: Authorizing `identity:list_roles()` {{(pid=81924) enforce_call /opt/stack/keystone/keystone/common/rbac_enforcer/enforcer.py:449}}
Aug 27 02:52:13.039119 n-d-852086-5 devstack@keystone.service[81924]: DEBUG keystone.common.rbac_enforcer.enforcer [None req-e615956c-1ae9-44ee-87d3-b058ce3ef4cf None admin] RBAC: Authorization granted {{(pid=81924) enforce_call /opt/stack/keystone/keystone/common/rbac_enforcer/enforcer.py:457}}
Aug 27 02:52:13.056762 n-d-852086-5 devstack@keystone.service[81924]: [pid: 81924|app: 0|req: 176/347] 10.222.0.69 () {56 vars in 1101 bytes} [Sat Aug 27 02:52:12 2022] GET /identity/v3/roles?name=member => generated 341 bytes in 262 msecs (HTTP/1.1 200) 5 headers in 177 bytes (1 switches on core 0)
Aug 27 02:52:13.058075 n-d-852086-5 devstack@keystone.service[81924]: DEBUG keystone.server.flask.request_processing.middleware.auth_context [None req-e615956c-1ae9-44ee-87d3-b058ce3ef4cf None admin] Authenticating user token {{(pid=81924) process_request /usr/local/lib/python3.8/dist-packages/keystonemiddleware/auth_token/__init__.py:407}}
Aug 27 02:52:13.095439 n-d-852086-5 devstack@keystone.service[81925]: DEBUG keystone.server.flask.request_processing.middleware.auth_context [None req-46668c18-53cc-49b4-abda-179cb75a169e None admin] Validating token access rules against request {{(pid=81925) validate_allowed_request /usr/local/lib/python3.8/dist-packages/keystonemiddleware/auth_token/__init__.py:545}}
Aug 27 02:52:13.110670 n-d-852086-5 devstack@keystone.service[81925]: DEBUG dbcounter [-] [81925] Writing DB stats keystone:SELECT=100 {{(pid=81925) stat_writer /usr/local/lib/python3.8/dist-packages/dbcounter.py:114}}
Aug 27 02:52:13.132929 n-d-852086-5 devstack@keystone.service[81925]: DEBUG keystone.server.flask.request_processing.middleware.auth_context [None req-e9fc4ff7-2817-48c6-9058-9bd4c18a1e96 None admin] RBAC: auth_context: {'token': , 'domain_id': None, 'trust_id': None, 'trustor_id': None, 'trustee_id': None, 'domain_name': None, 'group_ids': [], 'user_id': '9f04bb0258a949ffa7a195d6d3c204be', 'user_domain_id': 'default', 'system_scope': 'all', 'project_id': None, 'project_domain_id': None, 'roles': ['admin', 'member', 'reader'], 'is_admin_project': True, 'service_user_id': None, 'service_user_domain_id': None, 'service_project_id': None, 'service_project_domain_id': None, 'service_roles': []} {{(pid=81925) fill_context /opt/stack/keystone/keystone/server/flask/request_processing/middleware/auth_context.py:478}}
Aug 27 02:52:13.133686 n-d-852086-5 devstack@keystone.service[81925]: DEBUG keystone.server.flask.request_processing.req_logging [None req-e9fc4ff7-2817-48c6-9058-9bd4c18a1e96 None admin] REQUEST_METHOD: `GET` {{(pid=81925) log_request_info /opt/stack/keystone/keystone/server/flask/request_processing/req_logging.py:27}}
Aug 27 02:52:13.134013 n-d-852086-5 devstack@keystone.service[81925]: DEBUG keystone.server.flask.request_processing.req_logging [None req-e9fc4ff7-2817-48c6-9058-9bd4c18a1e96 None admin] SCRIPT_NAME: `/identity` {{(pid=81925) log_request_info /opt/stack/keystone/keystone/server/flask/request_processing/req_logging.py:28}}
Aug 27 02:52:13.134382 n-d-852086-5 devstack@keystone.service[81925]: DEBUG keystone.server.flask.request_processing.req_logging [None req-e9fc4ff7-2817-48c6-9058-9bd4c18a1e96 None admin] PATH_INFO: `/v3/auth/tokens` {{(pid=81925) log_request_info /opt/stack/keystone/keystone/server/flask/request_processing/req_logging.py:29}}
Aug 27 02:52:13.209608 n-d-852086-5 devstack@keystone.service[81925]: DEBUG keystone.common.rbac_enforcer.enforcer [None req-e9fc4ff7-2817-48c6-9058-9bd4c18a1e96 None admin] RBAC: Authorizing `identity:validate_token()` {{(pid=81925) enforce_call /opt/stack/keystone/keystone/common/rbac_enforcer/enforcer.py:449}}
Aug 27 02:52:13.211219 n-d-852086-5 devstack@keystone.service[81925]: DEBUG keystone.common.rbac_enforcer.enforcer [None req-e9fc4ff7-2817-48c6-9058-9bd4c18a1e96 None admin] RBAC: Authorization granted {{(pid=81925) enforce_call /opt/stack/keystone/keystone/common/rbac_enforcer/enforcer.py:457}}
Aug 27 02:52:13.229683 n-d-852086-5 devstack@keystone.service[81924]: DEBUG keystone.server.flask.request_processing.middleware.auth_context [None req-e615956c-1ae9-44ee-87d3-b058ce3ef4cf None admin] Validating token access rules against request {{(pid=81924) validate_allowed_request /usr/local/lib/python3.8/dist-packages/keystonemiddleware/auth_token/__init__.py:545}}
Aug 27 02:52:13.272879 n-d-852086-5 devstack@keystone.service[81924]: DEBUG keystone.server.flask.request_processing.middleware.auth_context [None req-13c33595-e32e-4489-9d24-56c1e976a8bd None admin] RBAC: auth_context: {'token': , 'domain_id': None, 'trust_id': None, 'trustor_id': None, 'trustee_id': None, 'domain_name': None, 'group_ids': [], 'user_id': '9f04bb0258a949ffa7a195d6d3c204be', 'user_domain_id': 'default', 'system_scope': 'all', 'project_id': None, 'project_domain_id': None, 'roles': ['admin', 'member', 'reader'], 'is_admin_project': True, 'service_user_id': None, 'service_user_domain_id': None, 'service_project_id': None, 'service_project_domain_id': None, 'service_roles': []} {{(pid=81924) fill_context /opt/stack/keystone/keystone/server/flask/request_processing/middleware/auth_context.py:478}}
Aug 27 02:52:13.272879 n-d-852086-5 devstack@keystone.service[81924]: DEBUG keystone.server.flask.request_processing.req_logging [None req-13c33595-e32e-4489-9d24-56c1e976a8bd None admin] REQUEST_METHOD: `GET` {{(pid=81924) log_request_info /opt/stack/keystone/keystone/server/flask/request_processing/req_logging.py:27}}
Aug 27 02:52:13.272879 n-d-852086-5 devstack@keystone.service[81924]: DEBUG keystone.server.flask.request_processing.req_logging [None req-13c33595-e32e-4489-9d24-56c1e976a8bd None admin] SCRIPT_NAME: `/identity` {{(pid=81924) log_request_info /opt/stack/keystone/keystone/server/flask/request_processing/req_logging.py:28}}
Aug 27 02:52:13.272879 n-d-852086-5 devstack@keystone.service[81924]: DEBUG keystone.server.flask.request_processing.req_logging [None req-13c33595-e32e-4489-9d24-56c1e976a8bd None admin] PATH_INFO: `/v3/roles` {{(pid=81924) log_request_info /opt/stack/keystone/keystone/server/flask/request_processing/req_logging.py:29}}
Aug 27 02:52:13.273281 n-d-852086-5 devstack@keystone.service[81924]: DEBUG keystone.common.rbac_enforcer.enforcer [None req-13c33595-e32e-4489-9d24-56c1e976a8bd None admin] RBAC: Adding query filter params (name=member) {{(pid=81924) _extract_filter_values /opt/stack/keystone/keystone/common/rbac_enforcer/enforcer.py:167}}
Aug 27 02:52:13.273281 n-d-852086-5 devstack@keystone.service[81924]: DEBUG keystone.common.rbac_enforcer.enforcer [None req-13c33595-e32e-4489-9d24-56c1e976a8bd None admin] RBAC: Authorizing `identity:list_roles()` {{(pid=81924) enforce_call /opt/stack/keystone/keystone/common/rbac_enforcer/enforcer.py:449}}
Aug 27 02:52:13.273281 n-d-852086-5 devstack@keystone.service[81924]: DEBUG keystone.common.rbac_enforcer.enforcer [None req-13c33595-e32e-4489-9d24-56c1e976a8bd None admin] RBAC: Authorization granted {{(pid=81924) enforce_call /opt/stack/keystone/keystone/common/rbac_enforcer/enforcer.py:457}}
Aug 27 02:52:13.280635 n-d-852086-5 devstack@keystone.service[81924]: [pid: 81924|app: 0|req: 177/348] 10.222.0.69 () {56 vars in 1101 bytes} [Sat Aug 27 02:52:13 2022] GET /identity/v3/roles?name=member => generated 341 bytes in 223 msecs (HTTP/1.1 200) 5 headers in 177 bytes (1 switches on core 0)
Aug 27 02:52:13.281571 n-d-852086-5 devstack@keystone.service[81924]: DEBUG keystone.server.flask.request_processing.middleware.auth_context [None req-13c33595-e32e-4489-9d24-56c1e976a8bd None admin] Authenticating user token {{(pid=81924) process_request /usr/local/lib/python3.8/dist-packages/keystonemiddleware/auth_token/__init__.py:407}}
Aug 27 02:52:13.332176 n-d-852086-5 devstack@keystone.service[81925]: [pid: 81925|app: 0|req: 172/349] 10.222.0.69 () {58 vars in 1282 bytes} [Sat Aug 27 02:52:12 2022] GET /identity/v3/auth/tokens => generated 799 bytes in 348 msecs (HTTP/1.1 200) 6 headers in 358 bytes (1 switches on core 0)
Aug 27 02:52:13.334587 n-d-852086-5 devstack@keystone.service[81925]: DEBUG keystone.server.flask.request_processing.req_logging [None req-24c4158e-4e78-4c38-98f5-1a4cafac5817 None None] REQUEST_METHOD: `GET` {{(pid=81925) log_request_info /opt/stack/keystone/keystone/server/flask/request_processing/req_logging.py:27}}
Aug 27 02:52:13.334869 n-d-852086-5 devstack@keystone.service[81925]: DEBUG keystone.server.flask.request_processing.req_logging [None req-24c4158e-4e78-4c38-98f5-1a4cafac5817 None None] SCRIPT_NAME: `/identity` {{(pid=81925) log_request_info /opt/stack/keystone/keystone/server/flask/request_processing/req_logging.py:28}}
Aug 27 02:52:13.335141 n-d-852086-5 devstack@keystone.service[81925]: DEBUG keystone.server.flask.request_processing.req_logging [None req-24c4158e-4e78-4c38-98f5-1a4cafac5817 None None] PATH_INFO: `/` {{(pid=81925) log_request_info /opt/stack/keystone/keystone/server/flask/request_processing/req_logging.py:29}}
Aug 27 02:52:13.336517 n-d-852086-5 devstack@keystone.service[81925]: [pid: 81925|app: 0|req: 173/350] 10.222.0.69 () {54 vars in 927 bytes} [Sat Aug 27 02:52:13 2022] GET /identity => generated 270 bytes in 4 msecs (HTTP/1.1 300) 6 headers in 234 bytes (1 switches on core 0)
Aug 27 02:52:13.337275 n-d-852086-5 devstack@keystone.service[81925]: DEBUG keystone.server.flask.request_processing.middleware.auth_context [None req-24c4158e-4e78-4c38-98f5-1a4cafac5817 None None] Authenticating user token {{(pid=81925) process_request /usr/local/lib/python3.8/dist-packages/keystonemiddleware/auth_token/__init__.py:407}}
Aug 27 02:52:13.348947 n-d-852086-5 devstack@keystone.service[81924]: DEBUG dbcounter [-] [81924] Writing DB stats keystone:SELECT=100 {{(pid=81924) stat_writer /usr/local/lib/python3.8/dist-packages/dbcounter.py:114}}
Aug 27 02:52:13.357123 n-d-852086-5 devstack@keystone.service[81925]: DEBUG dbcounter [-] [81925] Writing DB stats keystone:SELECT=100 {{(pid=81925) stat_writer /usr/local/lib/python3.8/dist-packages/dbcounter.py:114}}
Aug 27 02:52:13.408808 n-d-852086-5 devstack@keystone.service[81924]: DEBUG keystone.server.flask.request_processing.middleware.auth_context [None req-13c33595-e32e-4489-9d24-56c1e976a8bd None admin] Validating token access rules against request {{(pid=81924) validate_allowed_request /usr/local/lib/python3.8/dist-packages/keystonemiddleware/auth_token/__init__.py:545}}
Aug 27 02:52:13.464159 n-d-852086-5 devstack@keystone.service[81925]: DEBUG keystone.server.flask.request_processing.middleware.auth_context [None req-24c4158e-4e78-4c38-98f5-1a4cafac5817 None None] Validating token access rules against request {{(pid=81925) validate_allowed_request /usr/local/lib/python3.8/dist-packages/keystonemiddleware/auth_token/__init__.py:545}}
Aug 27 02:52:13.464841 n-d-852086-5 devstack@keystone.service[81924]: DEBUG keystone.server.flask.request_processing.middleware.auth_context [None req-588353fc-bcd8-4f8f-9d66-fce0c58fc454 None admin] RBAC: auth_context: {'token': , 'domain_id': None, 'trust_id': None, 'trustor_id': None, 'trustee_id': None, 'domain_name': None, 'group_ids': [], 'user_id': '9f04bb0258a949ffa7a195d6d3c204be', 'user_domain_id': 'default', 'system_scope': 'all', 'project_id': None, 'project_domain_id': None, 'roles': ['admin', 'member', 'reader'], 'is_admin_project': True, 'service_user_id': None, 'service_user_domain_id': None, 'service_project_id': None, 'service_project_domain_id': None, 'service_roles': []} {{(pid=81924) fill_context /opt/stack/keystone/keystone/server/flask/request_processing/middleware/auth_context.py:478}}
Aug 27 02:52:13.466014 n-d-852086-5 devstack@keystone.service[81924]: DEBUG keystone.server.flask.request_processing.req_logging [None req-588353fc-bcd8-4f8f-9d66-fce0c58fc454 None admin] REQUEST_METHOD: `GET` {{(pid=81924) log_request_info /opt/stack/keystone/keystone/server/flask/request_processing/req_logging.py:27}}
Aug 27 02:52:13.466332 n-d-852086-5 devstack@keystone.service[81924]: DEBUG keystone.server.flask.request_processing.req_logging [None req-588353fc-bcd8-4f8f-9d66-fce0c58fc454 None admin] SCRIPT_NAME: `/identity` {{(pid=81924) log_request_info /opt/stack/keystone/keystone/server/flask/request_processing/req_logging.py:28}}
Aug 27 02:52:13.466771 n-d-852086-5 devstack@keystone.service[81924]: DEBUG keystone.server.flask.request_processing.req_logging [None req-588353fc-bcd8-4f8f-9d66-fce0c58fc454 None admin] PATH_INFO: `/v3/auth/tokens` {{(pid=81924) log_request_info /opt/stack/keystone/keystone/server/flask/request_processing/req_logging.py:29}}
Aug 27 02:52:13.504400 n-d-852086-5 devstack@keystone.service[81925]: DEBUG keystone.server.flask.request_processing.middleware.auth_context [None req-543f609e-fd65-416f-9b88-a8777056c332 None admin] RBAC: auth_context: {'token': , 'domain_id': None, 'trust_id': None, 'trustor_id': None, 'trustee_id': None, 'domain_name': None, 'group_ids': [], 'user_id': '9f04bb0258a949ffa7a195d6d3c204be', 'user_domain_id': 'default', 'system_scope': 'all', 'project_id': None, 'project_domain_id': None, 'roles': ['admin', 'member', 'reader'], 'is_admin_project': True, 'service_user_id': None, 'service_user_domain_id': None, 'service_project_id': None, 'service_project_domain_id': None, 'service_roles': []} {{(pid=81925) fill_context /opt/stack/keystone/keystone/server/flask/request_processing/middleware/auth_context.py:478}}
Aug 27 02:52:13.505424 n-d-852086-5 devstack@keystone.service[81925]: DEBUG keystone.server.flask.request_processing.req_logging [None req-543f609e-fd65-416f-9b88-a8777056c332 None admin] REQUEST_METHOD: `GET` {{(pid=81925) log_request_info /opt/stack/keystone/keystone/server/flask/request_processing/req_logging.py:27}}
Aug 27 02:52:13.505703 n-d-852086-5 devstack@keystone.service[81925]: DEBUG keystone.server.flask.request_processing.req_logging [None req-543f609e-fd65-416f-9b88-a8777056c332 None admin] SCRIPT_NAME: `/identity` {{(pid=81925) log_request_info /opt/stack/keystone/keystone/server/flask/request_processing/req_logging.py:28}}
Aug 27 02:52:13.506010 n-d-852086-5 devstack@keystone.service[81925]: DEBUG keystone.server.flask.request_processing.req_logging [None req-543f609e-fd65-416f-9b88-a8777056c332 None admin] PATH_INFO: `/v3/auth/tokens` {{(pid=81925) log_request_info /opt/stack/keystone/keystone/server/flask/request_processing/req_logging.py:29}}
Aug 27 02:52:13.557603 n-d-852086-5 devstack@keystone.service[81924]: DEBUG keystone.common.rbac_enforcer.enforcer [None req-588353fc-bcd8-4f8f-9d66-fce0c58fc454 None admin] RBAC: Authorizing `identity:validate_token()` {{(pid=81924) enforce_call /opt/stack/keystone/keystone/common/rbac_enforcer/enforcer.py:449}}
Aug 27 02:52:13.559799 n-d-852086-5 devstack@keystone.service[81924]: DEBUG keystone.common.rbac_enforcer.enforcer [None req-588353fc-bcd8-4f8f-9d66-fce0c58fc454 None admin] RBAC: Authorization granted {{(pid=81924) enforce_call /opt/stack/keystone/keystone/common/rbac_enforcer/enforcer.py:457}}
Aug 27 02:52:13.597472 n-d-852086-5 devstack@keystone.service[81925]: DEBUG keystone.common.rbac_enforcer.enforcer [None req-543f609e-fd65-416f-9b88-a8777056c332 None admin] RBAC: Authorizing `identity:validate_token()` {{(pid=81925) enforce_call /opt/stack/keystone/keystone/common/rbac_enforcer/enforcer.py:449}}
Aug 27 02:52:13.598995 n-d-852086-5 devstack@keystone.service[81925]: DEBUG keystone.common.rbac_enforcer.enforcer [None req-543f609e-fd65-416f-9b88-a8777056c332 None admin] RBAC: Authorization granted {{(pid=81925) enforce_call /opt/stack/keystone/keystone/common/rbac_enforcer/enforcer.py:457}}
Aug 27 02:52:13.616756 n-d-852086-5 devstack@keystone.service[81924]: DEBUG dbcounter [-] [81924] Writing DB stats keystone:SELECT=100 {{(pid=81924) stat_writer /usr/local/lib/python3.8/dist-packages/dbcounter.py:114}}
Aug 27 02:52:13.619636 n-d-852086-5 devstack@keystone.service[81925]: DEBUG dbcounter [-] [81925] Writing DB stats keystone:SELECT=100 {{(pid=81925) stat_writer /usr/local/lib/python3.8/dist-packages/dbcounter.py:114}}
Aug 27 02:52:13.682203 n-d-852086-5 devstack@keystone.service[81924]: [pid: 81924|app: 0|req: 178/351] 10.222.0.69 () {58 vars in 1282 bytes} [Sat Aug 27 02:52:13 2022] GET /identity/v3/auth/tokens => generated 799 bytes in 401 msecs (HTTP/1.1 200) 6 headers in 358 bytes (1 switches on core 0)
Aug 27 02:52:13.683042 n-d-852086-5 devstack@keystone.service[81924]: DEBUG keystone.server.flask.request_processing.middleware.auth_context [None req-588353fc-bcd8-4f8f-9d66-fce0c58fc454 None admin] Authenticating user token {{(pid=81924) process_request /usr/local/lib/python3.8/dist-packages/keystonemiddleware/auth_token/__init__.py:407}}
Aug 27 02:52:13.732820 n-d-852086-5 devstack@keystone.service[81925]: [pid: 81925|app: 0|req: 174/352] 10.222.0.69 () {58 vars in 1282 bytes} [Sat Aug 27 02:52:13 2022] GET /identity/v3/auth/tokens => generated 799 bytes in 396 msecs (HTTP/1.1 200) 6 headers in 358 bytes (1 switches on core 0)
Aug 27 02:52:13.734377 n-d-852086-5 devstack@keystone.service[81925]: DEBUG keystone.server.flask.request_processing.req_logging [None req-6e954c7f-5970-4bb2-895e-e9be0a28eae7 None None] REQUEST_METHOD: `POST` {{(pid=81925) log_request_info /opt/stack/keystone/keystone/server/flask/request_processing/req_logging.py:27}}
Aug 27 02:52:13.734662 n-d-852086-5 devstack@keystone.service[81925]: DEBUG keystone.server.flask.request_processing.req_logging [None req-6e954c7f-5970-4bb2-895e-e9be0a28eae7 None None] SCRIPT_NAME: `/identity` {{(pid=81925) log_request_info /opt/stack/keystone/keystone/server/flask/request_processing/req_logging.py:28}}
Aug 27 02:52:13.734930 n-d-852086-5 devstack@keystone.service[81925]: DEBUG keystone.server.flask.request_processing.req_logging [None req-6e954c7f-5970-4bb2-895e-e9be0a28eae7 None None] PATH_INFO: `/v3/auth/tokens` {{(pid=81925) log_request_info /opt/stack/keystone/keystone/server/flask/request_processing/req_logging.py:29}}
Aug 27 02:52:13.755142 n-d-852086-5 devstack@keystone.service[81925]: DEBUG keystone.auth.core [None req-6e954c7f-5970-4bb2-895e-e9be0a28eae7 None None] MFA Rules not processed for user `9f04bb0258a949ffa7a195d6d3c204be`. Rule list: `[]` (Enabled: `True`). {{(pid=81925) check_auth_methods_against_rules /opt/stack/keystone/keystone/auth/core.py:438}}
Aug 27 02:52:13.756407 n-d-852086-5 devstack@keystone.service[81925]: DEBUG keystone.common.fernet_utils [None req-6e954c7f-5970-4bb2-895e-e9be0a28eae7 None None] Loaded 2 Fernet keys from /etc/keystone/fernet-keys/, but `[fernet_tokens] max_active_keys = 3`; perhaps there have not been enough key rotations to reach `max_active_keys` yet? {{(pid=81925) load_keys /opt/stack/keystone/keystone/common/fernet_utils.py:286}}
Aug 27 02:52:13.819124 n-d-852086-5 devstack@keystone.service[81924]: DEBUG keystone.server.flask.request_processing.middleware.auth_context [None req-588353fc-bcd8-4f8f-9d66-fce0c58fc454 None admin] Validating token access rules against request {{(pid=81924) validate_allowed_request /usr/local/lib/python3.8/dist-packages/keystonemiddleware/auth_token/__init__.py:545}}
Aug 27 02:52:13.837500 n-d-852086-5 devstack@keystone.service[81925]: [pid: 81925|app: 0|req: 175/353] 10.222.0.69 () {58 vars in 1024 bytes} [Sat Aug 27 02:52:13 2022] POST /identity/v3/auth/tokens => generated 799 bytes in 104 msecs (HTTP/1.1 201) 6 headers in 363 bytes (1 switches on core 0)
Aug 27 02:52:13.838184 n-d-852086-5 devstack@keystone.service[81925]: DEBUG keystone.server.flask.request_processing.middleware.auth_context [None req-6e954c7f-5970-4bb2-895e-e9be0a28eae7 None None] Authenticating user token {{(pid=81925) process_request /usr/local/lib/python3.8/dist-packages/keystonemiddleware/auth_token/__init__.py:407}}
Aug 27 02:52:13.858565 n-d-852086-5 devstack@keystone.service[81924]: DEBUG keystone.server.flask.request_processing.middleware.auth_context [None req-ed15fc29-b182-4bd5-9af5-6c7c71ea08ca None admin] RBAC: auth_context: {'token': , 'domain_id': None, 'trust_id': None, 'trustor_id': None, 'trustee_id': None, 'domain_name': None, 'group_ids': [], 'user_id': '9f04bb0258a949ffa7a195d6d3c204be', 'user_domain_id': 'default', 'system_scope': 'all', 'project_id': None, 'project_domain_id': None, 'roles': ['admin', 'member', 'reader'], 'is_admin_project': True, 'service_user_id': None, 'service_user_domain_id': None, 'service_project_id': None, 'service_project_domain_id': None, 'service_roles': []} {{(pid=81924) fill_context /opt/stack/keystone/keystone/server/flask/request_processing/middleware/auth_context.py:478}}
Aug 27 02:52:13.859564 n-d-852086-5 devstack@keystone.service[81924]: DEBUG keystone.server.flask.request_processing.req_logging [None req-ed15fc29-b182-4bd5-9af5-6c7c71ea08ca None admin] REQUEST_METHOD: `GET` {{(pid=81924) log_request_info /opt/stack/keystone/keystone/server/flask/request_processing/req_logging.py:27}}
Aug 27 02:52:13.860055 n-d-852086-5 devstack@keystone.service[81924]: DEBUG keystone.server.flask.request_processing.req_logging [None req-ed15fc29-b182-4bd5-9af5-6c7c71ea08ca None admin] SCRIPT_NAME: `/identity` {{(pid=81924) log_request_info /opt/stack/keystone/keystone/server/flask/request_processing/req_logging.py:28}}
Aug 27 02:52:13.860523 n-d-852086-5 devstack@keystone.service[81924]: DEBUG keystone.server.flask.request_processing.req_logging [None req-ed15fc29-b182-4bd5-9af5-6c7c71ea08ca None admin] PATH_INFO: `/v3/projects/fb2c245c2fd64f50bd8ba3254fe65f8e` {{(pid=81924) log_request_info /opt/stack/keystone/keystone/server/flask/request_processing/req_logging.py:29}}
Aug 27 02:52:13.861889 n-d-852086-5 devstack@keystone.service[81924]: DEBUG keystone.common.rbac_enforcer.enforcer [None req-ed15fc29-b182-4bd5-9af5-6c7c71ea08ca None admin] RBAC: Authorizing `identity:get_project(project_id=fb2c245c2fd64f50bd8ba3254fe65f8e)` {{(pid=81924) enforce_call /opt/stack/keystone/keystone/common/rbac_enforcer/enforcer.py:449}}
Aug 27 02:52:13.863428 n-d-852086-5 devstack@keystone.service[81924]: DEBUG keystone.common.rbac_enforcer.enforcer [None req-ed15fc29-b182-4bd5-9af5-6c7c71ea08ca None admin] RBAC: Authorization granted {{(pid=81924) enforce_call /opt/stack/keystone/keystone/common/rbac_enforcer/enforcer.py:457}}
Aug 27 02:52:13.870379 n-d-852086-5 devstack@keystone.service[81924]: [pid: 81924|app: 0|req: 179/354] 10.222.0.69 () {56 vars in 1186 bytes} [Sat Aug 27 02:52:13 2022] GET /identity/v3/projects/fb2c245c2fd64f50bd8ba3254fe65f8e => generated 298 bytes in 184 msecs (HTTP/1.1 200) 5 headers in 177 bytes (1 switches on core 0)
Aug 27 02:52:13.871266 n-d-852086-5 devstack@keystone.service[81924]: DEBUG keystone.server.flask.request_processing.middleware.auth_context [None req-ed15fc29-b182-4bd5-9af5-6c7c71ea08ca None admin] Authenticating user token {{(pid=81924) process_request /usr/local/lib/python3.8/dist-packages/keystonemiddleware/auth_token/__init__.py:407}}
Aug 27 02:52:13.893928 n-d-852086-5 devstack@keystone.service[81925]: DEBUG dbcounter [-] [81925] Writing DB stats keystone:SELECT=100 {{(pid=81925) stat_writer /usr/local/lib/python3.8/dist-packages/dbcounter.py:114}}
Aug 27 02:52:13.898402 n-d-852086-5 devstack@keystone.service[81924]: DEBUG dbcounter [-] [81924] Writing DB stats keystone:SELECT=100 {{(pid=81924) stat_writer /usr/local/lib/python3.8/dist-packages/dbcounter.py:114}}
Aug 27 02:52:13.972115 n-d-852086-5 devstack@keystone.service[81925]: DEBUG keystone.server.flask.request_processing.middleware.auth_context [None req-6e954c7f-5970-4bb2-895e-e9be0a28eae7 None None] Validating token access rules against request {{(pid=81925) validate_allowed_request /usr/local/lib/python3.8/dist-packages/keystonemiddleware/auth_token/__init__.py:545}}
Aug 27 02:52:14.001036 n-d-852086-5 devstack@keystone.service[81924]: DEBUG keystone.server.flask.request_processing.middleware.auth_context [None req-ed15fc29-b182-4bd5-9af5-6c7c71ea08ca None admin] Validating token access rules against request {{(pid=81924) validate_allowed_request /usr/local/lib/python3.8/dist-packages/keystonemiddleware/auth_token/__init__.py:545}}
Aug 27 02:52:14.025075 n-d-852086-5 devstack@keystone.service[81925]: DEBUG keystone.server.flask.request_processing.middleware.auth_context [None req-9de14c66-e975-4348-8b2f-2ebc475ab12f None admin] RBAC: auth_context: {'token': , 'domain_id': None, 'trust_id': None, 'trustor_id': None, 'trustee_id': None, 'domain_name': None, 'group_ids': [], 'user_id': '9f04bb0258a949ffa7a195d6d3c204be', 'user_domain_id': 'default', 'system_scope': 'all', 'project_id': None, 'project_domain_id': None, 'roles': ['admin', 'member', 'reader'], 'is_admin_project': True, 'service_user_id': None, 'service_user_domain_id': None, 'service_project_id': None, 'service_project_domain_id': None, 'service_roles': []} {{(pid=81925) fill_context /opt/stack/keystone/keystone/server/flask/request_processing/middleware/auth_context.py:478}}
Aug 27 02:52:14.025849 n-d-852086-5 devstack@keystone.service[81925]: DEBUG keystone.server.flask.request_processing.req_logging [None req-9de14c66-e975-4348-8b2f-2ebc475ab12f None admin] REQUEST_METHOD: `GET` {{(pid=81925) log_request_info /opt/stack/keystone/keystone/server/flask/request_processing/req_logging.py:27}}
Aug 27 02:52:14.026129 n-d-852086-5 devstack@keystone.service[81925]: DEBUG keystone.server.flask.request_processing.req_logging [None req-9de14c66-e975-4348-8b2f-2ebc475ab12f None admin] SCRIPT_NAME: `/identity` {{(pid=81925) log_request_info /opt/stack/keystone/keystone/server/flask/request_processing/req_logging.py:28}}
Aug 27 02:52:14.026430 n-d-852086-5 devstack@keystone.service[81925]: DEBUG keystone.server.flask.request_processing.req_logging [None req-9de14c66-e975-4348-8b2f-2ebc475ab12f None admin] PATH_INFO: `/v3/roles/reader` {{(pid=81925) log_request_info /opt/stack/keystone/keystone/server/flask/request_processing/req_logging.py:29}}
Aug 27 02:52:14.039418 n-d-852086-5 devstack@keystone.service[81925]: DEBUG keystone.common.rbac_enforcer.enforcer [None req-9de14c66-e975-4348-8b2f-2ebc475ab12f None admin] Extracting inferred target data resulted in "NOT FOUND (404)". {{(pid=81925) enforce_call /opt/stack/keystone/keystone/common/rbac_enforcer/enforcer.py:409}}
Aug 27 02:52:14.045821 n-d-852086-5 devstack@keystone.service[81925]: ERROR keystone.server.flask.application [None req-9de14c66-e975-4348-8b2f-2ebc475ab12f None admin] Could not find role: reader.: keystone.exception.RoleNotFound: Could not find role: reader.
Aug 27 02:52:14.045821 n-d-852086-5 devstack@keystone.service[81925]: ERROR keystone.server.flask.application
Traceback (most recent call last):
Aug 27 02:52:14.045821 n-d-852086-5 devstack@keystone.service[81925]: ERROR keystone.server.flask.application
File "/usr/local/lib/python3.8/dist-packages/flask/app.py", line 1820, in full_dispatch_request
Aug 27 02:52:14.045821 n-d-852086-5 devstack@keystone.service[81925]: ERROR keystone.server.flask.application rv = self.dispatch_request()
Aug 27 02:52:14.045821 n-d-852086-5 devstack@keystone.service[81925]: ERROR keystone.server.flask.application
File "/usr/local/lib/python3.8/dist-packages/flask/app.py", line 1796, in dispatch_request
Aug 27 02:52:14.045821 n-d-852086-5 devstack@keystone.service[81925]: ERROR keystone.server.flask.application return self.ensure_sync(self.view_functions[rule.endpoint])(**view_args)
Aug 27 02:52:14.045821 n-d-852086-5 devstack@keystone.service[81925]: ERROR keystone.server.flask.application
File "/usr/local/lib/python3.8/dist-packages/flask_restful/__init__.py", line 467, in wrapper
Aug 27 02:52:14.045821 n-d-852086-5 devstack@keystone.service[81925]: ERROR keystone.server.flask.application resp = resource(*args, **kwargs)
Aug 27 02:52:14.045821 n-d-852086-5 devstack@keystone.service[81925]: ERROR keystone.server.flask.application
File "/usr/local/lib/python3.8/dist-packages/flask/views.py", line 107, in view
Aug 27 02:52:14.045821 n-d-852086-5 devstack@keystone.service[81925]: ERROR keystone.server.flask.application return current_app.ensure_sync(self.dispatch_request)(**kwargs)
Aug 27 02:52:14.045821 n-d-852086-5 devstack@keystone.service[81925]: ERROR keystone.server.flask.application
File "/usr/local/lib/python3.8/dist-packages/flask_restful/__init__.py", line 582, in dispatch_request
Aug 27 02:52:14.045821 n-d-852086-5 devstack@keystone.service[81925]: ERROR keystone.server.flask.application resp = meth(*args, **kwargs)
Aug 27 02:52:14.045821 n-d-852086-5 devstack@keystone.service[81925]: ERROR keystone.server.flask.application
File "/opt/stack/keystone/keystone/api/roles.py", line 50, in get
Aug 27 02:52:14.045821 n-d-852086-5 devstack@keystone.service[81925]: ERROR keystone.server.flask.application return self._get_role(role_id)
Aug 27 02:52:14.045821 n-d-852086-5 devstack@keystone.service[81925]: ERROR keystone.server.flask.application
File "/opt/stack/keystone/keystone/api/roles.py", line 70, in _get_role
Aug 27 02:52:14.045821 n-d-852086-5 devstack@keystone.service[81925]: ERROR keystone.server.flask.application ENFORCER.enforce_call(action='identity:get_role')
Aug 27 02:52:14.046853 n-d-852086-5 devstack@keystone.service[81925]: ERROR keystone.server.flask.application
File "/opt/stack/keystone/keystone/common/rbac_enforcer/enforcer.py", line 402, in enforce_call
Aug 27 02:52:14.046853 n-d-852086-5 devstack@keystone.service[81925]: ERROR keystone.server.flask.application policy_dict.update(cls._extract_member_target_data(
Aug 27 02:52:14.046853 n-d-852086-5 devstack@keystone.service[81925]: ERROR keystone.server.flask.application
File "/opt/stack/keystone/keystone/common/rbac_enforcer/enforcer.py", line 234, in _extract_member_target_data
Aug 27 02:52:14.046853 n-d-852086-5 devstack@keystone.service[81925]: ERROR keystone.server.flask.application member_name: func(flask.request.view_args[key])
Aug 27 02:52:14.046853 n-d-852086-5 devstack@keystone.service[81925]: ERROR keystone.server.flask.application
File "/opt/stack/keystone/keystone/common/manager.py", line 115, in wrapped
Aug 27 02:52:14.046853 n-d-852086-5 devstack@keystone.service[81925]: ERROR keystone.server.flask.application __ret_val = __f(*args, **kwargs)
Aug 27 02:52:14.046853 n-d-852086-5 devstack@keystone.service[81925]: ERROR keystone.server.flask.application
File "/usr/local/lib/python3.8/dist-packages/decorator.py", line 232, in fun
Aug 27 02:52:14.046853 n-d-852086-5 devstack@keystone.service[81925]: ERROR keystone.server.flask.application return caller(func, *(extras + args), **kw)
Aug 27 02:52:14.046853 n-d-852086-5 devstack@keystone.service[81925]: ERROR keystone.server.flask.application
File "/usr/local/lib/python3.8/dist-packages/dogpile/cache/region.py", line 1577, in get_or_create_for_user_func
Aug 27 02:52:14.046853 n-d-852086-5 devstack@keystone.service[81925]: ERROR keystone.server.flask.application return self.get_or_create(
Aug 27 02:52:14.046853 n-d-852086-5 devstack@keystone.service[81925]: ERROR keystone.server.flask.application
File "/usr/local/lib/python3.8/dist-packages/dogpile/cache/region.py", line 1042, in get_or_create
Aug 27 02:52:14.046853 n-d-852086-5 devstack@keystone.service[81925]: ERROR keystone.server.flask.application with Lock(
Aug 27 02:52:14.046853 n-d-852086-5 devstack@keystone.service[81925]: ERROR keystone.server.flask.application
File "/usr/local/lib/python3.8/dist-packages/dogpile/lock.py", line 185, in __enter__
Aug 27 02:52:14.046853 n-d-852086-5 devstack@keystone.service[81925]: ERROR keystone.server.flask.application return self._enter()
Aug 27 02:52:14.046853 n-d-852086-5 devstack@keystone.service[81925]: ERROR keystone.server.flask.application
File "/usr/local/lib/python3.8/dist-packages/dogpile/lock.py", line 94, in _enter
Aug 27 02:52:14.046853 n-d-852086-5 devstack@keystone.service[81925]: ERROR keystone.server.flask.application generated = self._enter_create(value, createdtime)
Aug 27 02:52:14.047695 n-d-852086-5 devstack@keystone.service[81925]: ERROR keystone.server.flask.application
File "/usr/local/lib/python3.8/dist-packages/dogpile/lock.py", line 178, in _enter_create
Aug 27 02:52:14.047695 n-d-852086-5 devstack@keystone.service[81925]: ERROR keystone.server.flask.application return self.creator()
Aug 27 02:52:14.047695 n-d-852086-5 devstack@keystone.service[81925]: ERROR keystone.server.flask.application
File "/usr/local/lib/python3.8/dist-packages/dogpile/cache/region.py", line 995, in gen_value
Aug 27 02:52:14.047695 n-d-852086-5 devstack@keystone.service[81925]: ERROR keystone.server.flask.application created_value = creator(
Aug 27 02:52:14.047695 n-d-852086-5 devstack@keystone.service[81925]: ERROR keystone.server.flask.application
File "/opt/stack/keystone/keystone/assignment/core.py", line 1276, in get_role
Aug 27 02:52:14.047695 n-d-852086-5 devstack@keystone.service[81925]: ERROR keystone.server.flask.application return self.driver.get_role(role_id)
Aug 27 02:52:14.047695 n-d-852086-5 devstack@keystone.service[81925]: ERROR keystone.server.flask.application
File "/opt/stack/keystone/keystone/assignment/role_backends/sql.py", line 70, in get_role
Aug 27 02:52:14.047695 n-d-852086-5 devstack@keystone.service[81925]: ERROR keystone.server.flask.application return self._get_role(session, role_id).to_dict()
Aug 27 02:52:14.047695 n-d-852086-5 devstack@keystone.service[81925]: ERROR keystone.server.flask.application
File "/opt/stack/keystone/keystone/assignment/role_backends/sql.py", line 65, in _get_role
Aug 27 02:52:14.047695 n-d-852086-5 devstack@keystone.service[81925]: ERROR keystone.server.flask.application raise exception.RoleNotFound(role_id=role_id)
Aug 27 02:52:14.047695 n-d-852086-5 devstack@keystone.service[81925]: ERROR keystone.server.flask.application keystone.exception.RoleNotFound: Could not find role: reader.
Aug 27 02:52:14.047695 n-d-852086-5 devstack@keystone.service[81925]: ERROR keystone.server.flask.application
Aug 27 02:52:14.049894 n-d-852086-5 devstack@keystone.service[81925]: [pid: 81925|app: 0|req: 176/355] 10.222.0.69 () {56 vars in 1099 bytes} [Sat Aug 27 02:52:13 2022] GET /identity/v3/roles/reader => generated 84 bytes in 212 msecs (HTTP/1.1 404) 5 headers in 183 bytes (1 switches on core 0)
Aug 27 02:52:14.050930 n-d-852086-5 devstack@keystone.service[81925]: DEBUG keystone.server.flask.request_processing.middleware.auth_context [None req-9de14c66-e975-4348-8b2f-2ebc475ab12f None admin] Authenticating user token {{(pid=81925) process_request /usr/local/lib/python3.8/dist-packages/keystonemiddleware/auth_token/__init__.py:407}}
Aug 27 02:52:14.053008 n-d-852086-5 devstack@keystone.service[81924]: DEBUG keystone.server.flask.request_processing.middleware.auth_context [None req-2bc46d3e-dbb3-4958-9def-f248201bfeae None admin] RBAC: auth_context: {'token': , 'domain_id': None, 'trust_id': None, 'trustor_id': None, 'trustee_id': None, 'domain_name': None, 'group_ids': [], 'user_id': '9f04bb0258a949ffa7a195d6d3c204be', 'user_domain_id': 'default', 'system_scope': 'all', 'project_id': None, 'project_domain_id': None, 'roles': ['admin', 'member', 'reader'], 'is_admin_project': True, 'service_user_id': None, 'service_user_domain_id': None, 'service_project_id': None, 'service_project_domain_id': None, 'service_roles': []} {{(pid=81924) fill_context /opt/stack/keystone/keystone/server/flask/request_processing/middleware/auth_context.py:478}}
Aug 27 02:52:14.053642 n-d-852086-5 devstack@keystone.service[81924]: DEBUG keystone.server.flask.request_processing.req_logging [None req-2bc46d3e-dbb3-4958-9def-f248201bfeae None admin] REQUEST_METHOD: `GET` {{(pid=81924) log_request_info /opt/stack/keystone/keystone/server/flask/request_processing/req_logging.py:27}}
Aug 27 02:52:14.053914 n-d-852086-5 devstack@keystone.service[81924]: DEBUG keystone.server.flask.request_processing.req_logging [None req-2bc46d3e-dbb3-4958-9def-f248201bfeae None admin] SCRIPT_NAME: `/identity` {{(pid=81924) log_request_info /opt/stack/keystone/keystone/server/flask/request_processing/req_logging.py:28}}
Aug 27 02:52:14.054266 n-d-852086-5 devstack@keystone.service[81924]: DEBUG keystone.server.flask.request_processing.req_logging [None req-2bc46d3e-dbb3-4958-9def-f248201bfeae None admin] PATH_INFO: `/v3/projects/fb2c245c2fd64f50bd8ba3254fe65f8e` {{(pid=81924) log_request_info /opt/stack/keystone/keystone/server/flask/request_processing/req_logging.py:29}}
Aug 27 02:52:14.055672 n-d-852086-5 devstack@keystone.service[81924]: DEBUG keystone.common.rbac_enforcer.enforcer [None req-2bc46d3e-dbb3-4958-9def-f248201bfeae None admin] RBAC: Authorizing `identity:get_project(project_id=fb2c245c2fd64f50bd8ba3254fe65f8e)` {{(pid=81924) enforce_call /opt/stack/keystone/keystone/common/rbac_enforcer/enforcer.py:449}}
Aug 27 02:52:14.058012 n-d-852086-5 devstack@keystone.service[81924]: DEBUG keystone.common.rbac_enforcer.enforcer [None req-2bc46d3e-dbb3-4958-9def-f248201bfeae None admin] RBAC: Authorization granted {{(pid=81924) enforce_call /opt/stack/keystone/keystone/common/rbac_enforcer/enforcer.py:457}}
Aug 27 02:52:14.060621 n-d-852086-5 devstack@keystone.service[81924]: [pid: 81924|app: 0|req: 180/356] 10.222.0.69 () {56 vars in 1186 bytes} [Sat Aug 27 02:52:13 2022] GET /identity/v3/projects/fb2c245c2fd64f50bd8ba3254fe65f8e => generated 298 bytes in 190 msecs (HTTP/1.1 200) 5 headers in 177 bytes (1 switches on core 0)
Aug 27 02:52:14.061390 n-d-852086-5 devstack@keystone.service[81924]: DEBUG keystone.server.flask.request_processing.middleware.auth_context [None req-2bc46d3e-dbb3-4958-9def-f248201bfeae None admin] Authenticating user token {{(pid=81924) process_request /usr/local/lib/python3.8/dist-packages/keystonemiddleware/auth_token/__init__.py:407}}
Aug 27 02:52:14.173302 n-d-852086-5 devstack@keystone.service[81924]: DEBUG dbcounter [-] [81924] Writing DB stats keystone:SELECT=100 {{(pid=81924) stat_writer /usr/local/lib/python3.8/dist-packages/dbcounter.py:114}}
Aug 27 02:52:14.179855 n-d-852086-5 devstack@keystone.service[81925]: DEBUG keystone.server.flask.request_processing.middleware.auth_context [None req-9de14c66-e975-4348-8b2f-2ebc475ab12f None admin] Validating token access rules against request {{(pid=81925) validate_allowed_request /usr/local/lib/python3.8/dist-packages/keystonemiddleware/auth_token/__init__.py:545}}
Aug 27 02:52:14.182516 n-d-852086-5 devstack@keystone.service[81925]: DEBUG dbcounter [-] [81925] Writing DB stats keystone:SELECT=100 {{(pid=81925) stat_writer /usr/local/lib/python3.8/dist-packages/dbcounter.py:114}}
Aug 27 02:52:14.191344 n-d-852086-5 devstack@keystone.service[81924]: DEBUG keystone.server.flask.request_processing.middleware.auth_context [None req-2bc46d3e-dbb3-4958-9def-f248201bfeae None admin] Validating token access rules against request {{(pid=81924) validate_allowed_request /usr/local/lib/python3.8/dist-packages/keystonemiddleware/auth_token/__init__.py:545}}
Aug 27 02:52:14.226461 n-d-852086-5 devstack@keystone.service[81925]: DEBUG keystone.server.flask.request_processing.middleware.auth_context [None req-8469a8e9-8b8b-428b-8ae6-05018f39d69a None admin] RBAC: auth_context: {'token': , 'domain_id': None, 'trust_id': None, 'trustor_id': None, 'trustee_id': None, 'domain_name': None, 'group_ids': [], 'user_id': '9f04bb0258a949ffa7a195d6d3c204be', 'user_domain_id': 'default', 'system_scope': 'all', 'project_id': None, 'project_domain_id': None, 'roles': ['admin', 'member', 'reader'], 'is_admin_project': True, 'service_user_id': None, 'service_user_domain_id': None, 'service_project_id': None, 'service_project_domain_id': None, 'service_roles': []} {{(pid=81925) fill_context /opt/stack/keystone/keystone/server/flask/request_processing/middleware/auth_context.py:478}}
Aug 27 02:52:14.227396 n-d-852086-5 devstack@keystone.service[81925]: DEBUG keystone.server.flask.request_processing.req_logging [None req-8469a8e9-8b8b-428b-8ae6-05018f39d69a None admin] REQUEST_METHOD: `GET` {{(pid=81925) log_request_info /opt/stack/keystone/keystone/server/flask/request_processing/req_logging.py:27}}
Aug 27 02:52:14.227669 n-d-852086-5 devstack@keystone.service[81925]: DEBUG keystone.server.flask.request_processing.req_logging [None req-8469a8e9-8b8b-428b-8ae6-05018f39d69a None admin] SCRIPT_NAME: `/identity` {{(pid=81925) log_request_info /opt/stack/keystone/keystone/server/flask/request_processing/req_logging.py:28}}
Aug 27 02:52:14.228085 n-d-852086-5 devstack@keystone.service[81925]: DEBUG keystone.server.flask.request_processing.req_logging [None req-8469a8e9-8b8b-428b-8ae6-05018f39d69a None admin] PATH_INFO: `/v3/projects/e234bc30db3f408e8bb5d9587245fa65` {{(pid=81925) log_request_info /opt/stack/keystone/keystone/server/flask/request_processing/req_logging.py:29}}
Aug 27 02:52:14.229272 n-d-852086-5 devstack@keystone.service[81925]: DEBUG keystone.common.rbac_enforcer.enforcer [None req-8469a8e9-8b8b-428b-8ae6-05018f39d69a None admin] RBAC: Authorizing `identity:get_project(project_id=e234bc30db3f408e8bb5d9587245fa65)` {{(pid=81925) enforce_call /opt/stack/keystone/keystone/common/rbac_enforcer/enforcer.py:449}}
Aug 27 02:52:14.232326 n-d-852086-5 devstack@keystone.service[81925]: DEBUG keystone.common.rbac_enforcer.enforcer [None req-8469a8e9-8b8b-428b-8ae6-05018f39d69a None admin] RBAC: Authorization granted {{(pid=81925) enforce_call /opt/stack/keystone/keystone/common/rbac_enforcer/enforcer.py:457}}
Aug 27 02:52:14.232897 n-d-852086-5 devstack@keystone.service[81924]: DEBUG keystone.server.flask.request_processing.middleware.auth_context [None req-276c9dd3-37fc-4d2a-a658-a5d033e1f9c9 None admin] RBAC: auth_context: {'token': , 'domain_id': None, 'trust_id': None, 'trustor_id': None, 'trustee_id': None, 'domain_name': None, 'group_ids': [], 'user_id': '9f04bb0258a949ffa7a195d6d3c204be', 'user_domain_id': 'default', 'system_scope': 'all', 'project_id': None, 'project_domain_id': None, 'roles': ['admin', 'member', 'reader'], 'is_admin_project': True, 'service_user_id': None, 'service_user_domain_id': None, 'service_project_id': None, 'service_project_domain_id': None, 'service_roles': []} {{(pid=81924) fill_context /opt/stack/keystone/keystone/server/flask/request_processing/middleware/auth_context.py:478}}
Aug 27 02:52:14.233022 n-d-852086-5 devstack@keystone.service[81925]: [pid: 81925|app: 0|req: 177/357] 10.222.0.69 () {56 vars in 1186 bytes} [Sat Aug 27 02:52:14 2022] GET /identity/v3/projects/e234bc30db3f408e8bb5d9587245fa65 => generated 302 bytes in 182 msecs (HTTP/1.1 200) 5 headers in 177 bytes (1 switches on core 0)
Aug 27 02:52:14.233976 n-d-852086-5 devstack@keystone.service[81924]: DEBUG keystone.server.flask.request_processing.req_logging [None req-276c9dd3-37fc-4d2a-a658-a5d033e1f9c9 None admin] REQUEST_METHOD: `GET` {{(pid=81924) log_request_info /opt/stack/keystone/keystone/server/flask/request_processing/req_logging.py:27}}
Aug 27 02:52:14.233976 n-d-852086-5 devstack@keystone.service[81924]: DEBUG keystone.server.flask.request_processing.req_logging [None req-276c9dd3-37fc-4d2a-a658-a5d033e1f9c9 None admin] SCRIPT_NAME: `/identity` {{(pid=81924) log_request_info /opt/stack/keystone/keystone/server/flask/request_processing/req_logging.py:28}}
Aug 27 02:52:14.234209 n-d-852086-5 devstack@keystone.service[81924]: DEBUG keystone.server.flask.request_processing.req_logging [None req-276c9dd3-37fc-4d2a-a658-a5d033e1f9c9 None admin] PATH_INFO: `/v3/groups/2f7de0518904445abe2d932f38f031f8` {{(pid=81924) log_request_info /opt/stack/keystone/keystone/server/flask/request_processing/req_logging.py:29}}
Aug 27 02:52:14.234297 n-d-852086-5 devstack@keystone.service[81925]: DEBUG keystone.server.flask.request_processing.req_logging [None req-cc5c162f-8c93-42f3-b1be-b01bc43c2dc5 None None] REQUEST_METHOD: `GET` {{(pid=81925) log_request_info /opt/stack/keystone/keystone/server/flask/request_processing/req_logging.py:27}}
Aug 27 02:52:14.235996 n-d-852086-5 devstack@keystone.service[81925]: DEBUG keystone.server.flask.request_processing.req_logging [None req-cc5c162f-8c93-42f3-b1be-b01bc43c2dc5 None None] SCRIPT_NAME: `/identity` {{(pid=81925) log_request_info /opt/stack/keystone/keystone/server/flask/request_processing/req_logging.py:28}}
Aug 27 02:52:14.235996 n-d-852086-5 devstack@keystone.service[81925]: DEBUG keystone.server.flask.request_processing.req_logging [None req-cc5c162f-8c93-42f3-b1be-b01bc43c2dc5 None None] PATH_INFO: `/` {{(pid=81925) log_request_info /opt/stack/keystone/keystone/server/flask/request_processing/req_logging.py:29}}
Aug 27 02:52:14.235996 n-d-852086-5 devstack@keystone.service[81925]: [pid: 81925|app: 0|req: 178/358] 10.222.0.69 () {54 vars in 927 bytes} [Sat Aug 27 02:52:14 2022] GET /identity => generated 270 bytes in 2 msecs (HTTP/1.1 300) 6 headers in 234 bytes (1 switches on core 0)
Aug 27 02:52:14.236599 n-d-852086-5 devstack@keystone.service[81925]: DEBUG keystone.server.flask.request_processing.middleware.auth_context [None req-cc5c162f-8c93-42f3-b1be-b01bc43c2dc5 None None] Authenticating user token {{(pid=81925) process_request /usr/local/lib/python3.8/dist-packages/keystonemiddleware/auth_token/__init__.py:407}}
Aug 27 02:52:14.245807 n-d-852086-5 devstack@keystone.service[81924]: DEBUG keystone.common.rbac_enforcer.enforcer [None req-276c9dd3-37fc-4d2a-a658-a5d033e1f9c9 None admin] RBAC: Authorizing `identity:get_group(group_id=2f7de0518904445abe2d932f38f031f8)` {{(pid=81924) enforce_call /opt/stack/keystone/keystone/common/rbac_enforcer/enforcer.py:449}}
Aug 27 02:52:14.247548 n-d-852086-5 devstack@keystone.service[81924]: DEBUG keystone.common.rbac_enforcer.enforcer [None req-276c9dd3-37fc-4d2a-a658-a5d033e1f9c9 None admin] RBAC: Authorization granted {{(pid=81924) enforce_call /opt/stack/keystone/keystone/common/rbac_enforcer/enforcer.py:457}}
Aug 27 02:52:14.249241 n-d-852086-5 devstack@keystone.service[81924]: [pid: 81924|app: 0|req: 181/359] 10.222.0.69 () {56 vars in 1180 bytes} [Sat Aug 27 02:52:14 2022] GET /identity/v3/groups/2f7de0518904445abe2d932f38f031f8 => generated 226 bytes in 188 msecs (HTTP/1.1 200) 5 headers in 177 bytes (1 switches on core 0)
Aug 27 02:52:14.250005 n-d-852086-5 devstack@keystone.service[81924]: DEBUG keystone.server.flask.request_processing.middleware.auth_context [None req-276c9dd3-37fc-4d2a-a658-a5d033e1f9c9 None admin] Authenticating user token {{(pid=81924) process_request /usr/local/lib/python3.8/dist-packages/keystonemiddleware/auth_token/__init__.py:407}}
Aug 27 02:52:14.365945 n-d-852086-5 devstack@keystone.service[81925]: DEBUG keystone.server.flask.request_processing.middleware.auth_context [None req-cc5c162f-8c93-42f3-b1be-b01bc43c2dc5 None None] Validating token access rules against request {{(pid=81925) validate_allowed_request /usr/local/lib/python3.8/dist-packages/keystonemiddleware/auth_token/__init__.py:545}}
Aug 27 02:52:14.375641 n-d-852086-5 devstack@keystone.service[81924]: DEBUG keystone.server.flask.request_processing.middleware.auth_context [None req-276c9dd3-37fc-4d2a-a658-a5d033e1f9c9 None admin] Validating token access rules against request {{(pid=81924) validate_allowed_request /usr/local/lib/python3.8/dist-packages/keystonemiddleware/auth_token/__init__.py:545}}
Aug 27 02:52:14.412530 n-d-852086-5 devstack@keystone.service[81925]: DEBUG keystone.server.flask.request_processing.middleware.auth_context [None req-8a98e281-861a-4957-b491-8ebfee500be0 None admin] RBAC: auth_context: {'token': , 'domain_id': None, 'trust_id': None, 'trustor_id': None, 'trustee_id': None, 'domain_name': None, 'group_ids': [], 'user_id': '9f04bb0258a949ffa7a195d6d3c204be', 'user_domain_id': 'default', 'system_scope': 'all', 'project_id': None, 'project_domain_id': None, 'roles': ['admin', 'member', 'reader'], 'is_admin_project': True, 'service_user_id': None, 'service_user_domain_id': None, 'service_project_id': None, 'service_project_domain_id': None, 'service_roles': []} {{(pid=81925) fill_context /opt/stack/keystone/keystone/server/flask/request_processing/middleware/auth_context.py:478}}
Aug 27 02:52:14.413099 n-d-852086-5 devstack@keystone.service[81925]: DEBUG keystone.server.flask.request_processing.req_logging [None req-8a98e281-861a-4957-b491-8ebfee500be0 None admin] REQUEST_METHOD: `GET` {{(pid=81925) log_request_info /opt/stack/keystone/keystone/server/flask/request_processing/req_logging.py:27}}
Aug 27 02:52:14.413387 n-d-852086-5 devstack@keystone.service[81925]: DEBUG keystone.server.flask.request_processing.req_logging [None req-8a98e281-861a-4957-b491-8ebfee500be0 None admin] SCRIPT_NAME: `/identity` {{(pid=81925) log_request_info /opt/stack/keystone/keystone/server/flask/request_processing/req_logging.py:28}}
Aug 27 02:52:14.413649 n-d-852086-5 devstack@keystone.service[81925]: DEBUG keystone.server.flask.request_processing.req_logging [None req-8a98e281-861a-4957-b491-8ebfee500be0 None admin] PATH_INFO: `/v3/roles` {{(pid=81925) log_request_info /opt/stack/keystone/keystone/server/flask/request_processing/req_logging.py:29}}
