Aug 27 02:58:55.008144 n-d-852086-5 devstack@g-api.service[116351]: DEBUG swiftclient [None req-3fa33633-a514-47b5-b395-9cf8062bf9fd admin admin] RESP HEADERS: {'Content-Type': 'text/html; charset=UTF-8', 'Content-Length': '0', 'Etag': '318f990048c8a194829e52141534610d', 'Last-Modified': 'Sat, 27 Aug 2022 02:58:41 GMT', 'X-Trans-Id': 'txd34fa2949cc84fc4b82f2-0063098860', 'X-Openstack-Request-Id': 'txd34fa2949cc84fc4b82f2-0063098860', 'Date': 'Sat, 27 Aug 2022 02:58:55 GMT'} {{(pid=116351) http_log /usr/local/lib/python3.8/dist-packages/swiftclient/client.py:159}}
Aug 27 02:58:55.008787 n-d-852086-5 devstack@g-api.service[116351]: INFO glance.location [None req-3fa33633-a514-47b5-b395-9cf8062bf9fd admin admin] Image format matched and virtual size computed: 734003200
Aug 27 02:58:55.055521 n-d-852086-5 devstack@g-api.service[116351]: DEBUG glance_store.backend [None req-3fa33633-a514-47b5-b395-9cf8062bf9fd admin admin] Attempting to import store swift {{(pid=116351) _load_store /usr/local/lib/python3.8/dist-packages/glance_store/backend.py:216}}
Aug 27 02:58:55.058282 n-d-852086-5 devstack@g-api.service[116351]: DEBUG glance_store.capabilities [None req-3fa33633-a514-47b5-b395-9cf8062bf9fd admin admin] Store glance_store._drivers.swift.store.SingleTenantStore doesn't support updating dynamic storage capabilities. Please overwrite 'update_capabilities' method of the store to implement updating logics if needed. {{(pid=116351) update_capabilities /usr/local/lib/python3.8/dist-packages/glance_store/capabilities.py:91}}
Aug 27 02:58:55.058615 n-d-852086-5 devstack@g-api.service[116351]: DEBUG glance_store.driver [None req-3fa33633-a514-47b5-b395-9cf8062bf9fd admin admin] Late loading location class glance_store._drivers.swift.store.StoreLocation {{(pid=116351) get_store_location_class /usr/local/lib/python3.8/dist-packages/glance_store/driver.py:116}}
Aug 27 02:58:55.058809 n-d-852086-5 devstack@g-api.service[116351]: DEBUG glance_store.location [None req-3fa33633-a514-47b5-b395-9cf8062bf9fd admin admin] Registering scheme swift+https with {'store': , 'location_class': , 'store_entry': 'swift'} {{(pid=116351) register_scheme_map /usr/local/lib/python3.8/dist-packages/glance_store/location.py:146}}
Aug 27 02:58:55.059061 n-d-852086-5 devstack@g-api.service[116351]: DEBUG glance_store.location [None req-3fa33633-a514-47b5-b395-9cf8062bf9fd admin admin] Registering scheme swift+https with {'store': , 'location_class': , 'store_entry': 'swift'} {{(pid=116351) register_scheme_map /usr/local/lib/python3.8/dist-packages/glance_store/location.py:146}}
Aug 27 02:58:55.059299 n-d-852086-5 devstack@g-api.service[116351]: DEBUG glance_store.location [None req-3fa33633-a514-47b5-b395-9cf8062bf9fd admin admin] Registering scheme swift with {'store': , 'location_class': , 'store_entry': 'swift'} {{(pid=116351) register_scheme_map /usr/local/lib/python3.8/dist-packages/glance_store/location.py:146}}
Aug 27 02:58:55.059539 n-d-852086-5 devstack@g-api.service[116351]: DEBUG glance_store.location [None req-3fa33633-a514-47b5-b395-9cf8062bf9fd admin admin] Registering scheme swift+https with {'store': , 'location_class': , 'store_entry': 'swift'} {{(pid=116351) register_scheme_map /usr/local/lib/python3.8/dist-packages/glance_store/location.py:146}}
Aug 27 02:58:55.059776 n-d-852086-5 devstack@g-api.service[116351]: DEBUG glance_store.location [None req-3fa33633-a514-47b5-b395-9cf8062bf9fd admin admin] Registering scheme swift with {'store': , 'location_class': , 'store_entry': 'swift'} {{(pid=116351) register_scheme_map /usr/local/lib/python3.8/dist-packages/glance_store/location.py:146}}
Aug 27 02:58:55.060010 n-d-852086-5 devstack@g-api.service[116351]: DEBUG glance_store.location [None req-3fa33633-a514-47b5-b395-9cf8062bf9fd admin admin] Registering scheme swift+http with {'store': , 'location_class': , 'store_entry': 'swift'} {{(pid=116351) register_scheme_map /usr/local/lib/python3.8/dist-packages/glance_store/location.py:146}}
Aug 27 02:58:55.060246 n-d-852086-5 devstack@g-api.service[116351]: DEBUG glance_store.location [None req-3fa33633-a514-47b5-b395-9cf8062bf9fd admin admin] Registering scheme swift+https with {'store': , 'location_class': , 'store_entry': 'swift'} {{(pid=116351) register_scheme_map /usr/local/lib/python3.8/dist-packages/glance_store/location.py:146}}
Aug 27 02:58:55.060477 n-d-852086-5 devstack@g-api.service[116351]: DEBUG glance_store.location [None req-3fa33633-a514-47b5-b395-9cf8062bf9fd admin admin] Registering scheme swift with {'store': , 'location_class': , 'store_entry': 'swift'} {{(pid=116351) register_scheme_map /usr/local/lib/python3.8/dist-packages/glance_store/location.py:146}}
Aug 27 02:58:55.060708 n-d-852086-5 devstack@g-api.service[116351]: DEBUG glance_store.location [None req-3fa33633-a514-47b5-b395-9cf8062bf9fd admin admin] Registering scheme swift+http with {'store': , 'location_class': , 'store_entry': 'swift'} {{(pid=116351) register_scheme_map /usr/local/lib/python3.8/dist-packages/glance_store/location.py:146}}
Aug 27 02:58:55.060936 n-d-852086-5 devstack@g-api.service[116351]: DEBUG glance_store.location [None req-3fa33633-a514-47b5-b395-9cf8062bf9fd admin admin] Registering scheme swift+config with {'store': , 'location_class': , 'store_entry': 'swift'} {{(pid=116351) register_scheme_map /usr/local/lib/python3.8/dist-packages/glance_store/location.py:146}}
Aug 27 02:58:55.061178 n-d-852086-5 devstack@g-api.service[116351]: DEBUG glance_store.backend [None req-3fa33633-a514-47b5-b395-9cf8062bf9fd admin admin] Skipping store.set_acls... not implemented. {{(pid=116351) set_acls /usr/local/lib/python3.8/dist-packages/glance_store/backend.py:508}}
Aug 27 02:58:55.064177 n-d-852086-5 devstack@g-api.service[116351]: [pid: 116351|app: 0|req: 3/4] 127.0.0.1 () {40 vars in 866 bytes} [Sat Aug 27 02:58:39 2022] PUT /v2/images/acef3da5-f17c-4877-a77f-8b5440d3d46e/file => generated 0 bytes in 16021 msecs (HTTP/1.1 204) 4 headers in 171 bytes (1 switches on core 0)
Aug 27 02:59:05.053242 n-d-852086-5 devstack@g-api.service[116351]: DEBUG dbcounter [-] [116351] Writing DB stats glance:SELECT=9,glance:UPDATE=1,glance:INSERT=1 {{(pid=116351) stat_writer /usr/local/lib/python3.8/dist-packages/dbcounter.py:114}}
Aug 27 03:00:07.798522 n-d-852086-5 devstack@g-api.service[116349]: DEBUG glance.api.middleware.version_negotiation [None req-40a0b6f0-b372-40ad-a2cf-61b0832ac3b8 admin admin] Determining version of request: GET / Accept: application/json {{(pid=116349) process_request /opt/stack/glance/glance/api/middleware/version_negotiation.py:44}}
Aug 27 03:00:07.799188 n-d-852086-5 devstack@g-api.service[116349]: DEBUG glance.api.middleware.version_negotiation [None req-40a0b6f0-b372-40ad-a2cf-61b0832ac3b8 admin admin] Using url versioning {{(pid=116349) process_request /opt/stack/glance/glance/api/middleware/version_negotiation.py:57}}
Aug 27 03:00:07.799312 n-d-852086-5 devstack@g-api.service[116349]: DEBUG glance.api.middleware.version_negotiation [None req-40a0b6f0-b372-40ad-a2cf-61b0832ac3b8 admin admin] Unknown version. Returning version choices. {{(pid=116349) process_request /opt/stack/glance/glance/api/middleware/version_negotiation.py:64}}
Aug 27 03:00:07.801225 n-d-852086-5 devstack@g-api.service[116349]: [pid: 116349|app: 0|req: 2/5] 127.0.0.1 () {34 vars in 509 bytes} [Sat Aug 27 03:00:07 2022] GET / => generated 1299 bytes in 3 msecs (HTTP/1.1 300) 3 headers in 106 bytes (1 switches on core 0)
Aug 27 03:00:07.813351 n-d-852086-5 devstack@g-api.service[116351]: DEBUG glance.api.middleware.version_negotiation [None req-3fa33633-a514-47b5-b395-9cf8062bf9fd admin admin] Determining version of request: GET /v2/images Accept: application/json {{(pid=116351) process_request /opt/stack/glance/glance/api/middleware/version_negotiation.py:44}}
Aug 27 03:00:07.813813 n-d-852086-5 devstack@g-api.service[116351]: DEBUG glance.api.middleware.version_negotiation [None req-3fa33633-a514-47b5-b395-9cf8062bf9fd admin admin] Using url versioning {{(pid=116351) process_request /opt/stack/glance/glance/api/middleware/version_negotiation.py:57}}
Aug 27 03:00:07.814005 n-d-852086-5 devstack@g-api.service[116351]: DEBUG glance.api.middleware.version_negotiation [None req-3fa33633-a514-47b5-b395-9cf8062bf9fd admin admin] Matched version: v2 {{(pid=116351) process_request /opt/stack/glance/glance/api/middleware/version_negotiation.py:69}}
Aug 27 03:00:07.814348 n-d-852086-5 devstack@g-api.service[116351]: DEBUG glance.api.middleware.version_negotiation [None req-3fa33633-a514-47b5-b395-9cf8062bf9fd admin admin] new path /v2/images {{(pid=116351) process_request /opt/stack/glance/glance/api/middleware/version_negotiation.py:70}}
Aug 27 03:00:08.333454 n-d-852086-5 devstack@g-api.service[116351]: [pid: 116351|app: 0|req: 4/6] 127.0.0.1 () {36 vars in 731 bytes} [Sat Aug 27 03:00:07 2022] GET /v2/images => generated 1015 bytes in 521 msecs (HTTP/1.1 200) 4 headers in 158 bytes (1 switches on core 0)
Aug 27 03:00:18.323564 n-d-852086-5 devstack@g-api.service[116351]: DEBUG dbcounter [-] [116351] Writing DB stats glance:SELECT=2 {{(pid=116351) stat_writer /usr/local/lib/python3.8/dist-packages/dbcounter.py:114}}
Aug 27 03:01:51.860070 n-d-852086-5 devstack@g-api.service[116349]: DEBUG glance.api.middleware.version_negotiation [None req-40a0b6f0-b372-40ad-a2cf-61b0832ac3b8 admin admin] Determining version of request: GET /v1 Accept: application/json {{(pid=116349) process_request /opt/stack/glance/glance/api/middleware/version_negotiation.py:44}}
Aug 27 03:01:51.860521 n-d-852086-5 devstack@g-api.service[116349]: DEBUG glance.api.middleware.version_negotiation [None req-40a0b6f0-b372-40ad-a2cf-61b0832ac3b8 admin admin] Using url versioning {{(pid=116349) process_request /opt/stack/glance/glance/api/middleware/version_negotiation.py:57}}
Aug 27 03:01:51.860713 n-d-852086-5 devstack@g-api.service[116349]: DEBUG glance.api.middleware.version_negotiation [None req-40a0b6f0-b372-40ad-a2cf-61b0832ac3b8 admin admin] Unknown version. Returning version choices. {{(pid=116349) process_request /opt/stack/glance/glance/api/middleware/version_negotiation.py:64}}
Aug 27 03:01:51.862227 n-d-852086-5 devstack@g-api.service[116349]: [pid: 116349|app: 0|req: 3/7] 127.0.0.1 () {38 vars in 688 bytes} [Sat Aug 27 03:01:51 2022] GET /v1 => generated 1299 bytes in 2 msecs (HTTP/1.1 300) 3 headers in 106 bytes (1 switches on core 0)
Aug 27 03:07:17.270779 n-d-852086-5 devstack@g-api.service[116351]: DEBUG glance.api.middleware.version_negotiation [None req-8004519b-9f38-4663-8a01-10dbb134b1d2 admin admin] Determining version of request: GET / Accept: application/json {{(pid=116351) process_request /opt/stack/glance/glance/api/middleware/version_negotiation.py:44}}
Aug 27 03:07:17.271272 n-d-852086-5 devstack@g-api.service[116351]: DEBUG glance.api.middleware.version_negotiation [None req-8004519b-9f38-4663-8a01-10dbb134b1d2 admin admin] Using url versioning {{(pid=116351) process_request /opt/stack/glance/glance/api/middleware/version_negotiation.py:57}}
Aug 27 03:07:17.271410 n-d-852086-5 devstack@g-api.service[116351]: DEBUG glance.api.middleware.version_negotiation [None req-8004519b-9f38-4663-8a01-10dbb134b1d2 admin admin] Unknown version. Returning version choices. {{(pid=116351) process_request /opt/stack/glance/glance/api/middleware/version_negotiation.py:64}}
Aug 27 03:07:17.273847 n-d-852086-5 devstack@g-api.service[116351]: [pid: 116351|app: 0|req: 5/8] 127.0.0.1 () {34 vars in 494 bytes} [Sat Aug 27 03:07:17 2022] GET / => generated 1299 bytes in 3 msecs (HTTP/1.1 300) 3 headers in 106 bytes (1 switches on core 0)
Aug 27 03:07:17.345528 n-d-852086-5 devstack@g-api.service[116349]: DEBUG glance.api.middleware.version_negotiation [None req-40a0b6f0-b372-40ad-a2cf-61b0832ac3b8 admin admin] Determining version of request: GET /v2/images/acef3da5-f17c-4877-a77f-8b5440d3d46e Accept: */* {{(pid=116349) process_request /opt/stack/glance/glance/api/middleware/version_negotiation.py:44}}
Aug 27 03:07:17.346084 n-d-852086-5 devstack@g-api.service[116349]: DEBUG glance.api.middleware.version_negotiation [None req-40a0b6f0-b372-40ad-a2cf-61b0832ac3b8 admin admin] Using url versioning {{(pid=116349) process_request /opt/stack/glance/glance/api/middleware/version_negotiation.py:57}}
Aug 27 03:07:17.346193 n-d-852086-5 devstack@g-api.service[116349]: DEBUG glance.api.middleware.version_negotiation [None req-40a0b6f0-b372-40ad-a2cf-61b0832ac3b8 admin admin] Matched version: v2 {{(pid=116349) process_request /opt/stack/glance/glance/api/middleware/version_negotiation.py:69}}
Aug 27 03:07:17.346474 n-d-852086-5 devstack@g-api.service[116349]: DEBUG glance.api.middleware.version_negotiation [None req-40a0b6f0-b372-40ad-a2cf-61b0832ac3b8 admin admin] new path /v2/images/acef3da5-f17c-4877-a77f-8b5440d3d46e {{(pid=116349) process_request /opt/stack/glance/glance/api/middleware/version_negotiation.py:70}}
Aug 27 03:07:17.888816 n-d-852086-5 devstack@g-api.service[116349]: WARNING keystonemiddleware.auth_token [None req-40a0b6f0-b372-40ad-a2cf-61b0832ac3b8 admin admin] A valid token was submitted as a service token, but it was not a valid service token. This is incorrect but backwards compatible behaviour. This will be removed in future releases.
Aug 27 03:07:17.958929 n-d-852086-5 devstack@g-api.service[116351]: DEBUG glance.api.middleware.version_negotiation [None req-8004519b-9f38-4663-8a01-10dbb134b1d2 admin admin] Determining version of request: GET /v2/schemas/image Accept: */* {{(pid=116351) process_request /opt/stack/glance/glance/api/middleware/version_negotiation.py:44}}
Aug 27 03:07:17.959521 n-d-852086-5 devstack@g-api.service[116351]: DEBUG glance.api.middleware.version_negotiation [None req-8004519b-9f38-4663-8a01-10dbb134b1d2 admin admin] Using url versioning {{(pid=116351) process_request /opt/stack/glance/glance/api/middleware/version_negotiation.py:57}}
Aug 27 03:07:17.959636 n-d-852086-5 devstack@g-api.service[116349]: [pid: 116349|app: 0|req: 4/9] 127.0.0.1 () {42 vars in 1051 bytes} [Sat Aug 27 03:07:17 2022] GET /v2/images/acef3da5-f17c-4877-a77f-8b5440d3d46e => generated 946 bytes in 608 msecs (HTTP/1.1 200) 4 headers in 157 bytes (1 switches on core 0)
Aug 27 03:07:17.960084 n-d-852086-5 devstack@g-api.service[116351]: DEBUG glance.api.middleware.version_negotiation [None req-8004519b-9f38-4663-8a01-10dbb134b1d2 admin admin] Matched version: v2 {{(pid=116351) process_request /opt/stack/glance/glance/api/middleware/version_negotiation.py:69}}
Aug 27 03:07:17.960515 n-d-852086-5 devstack@g-api.service[116351]: DEBUG glance.api.middleware.version_negotiation [None req-8004519b-9f38-4663-8a01-10dbb134b1d2 admin admin] new path /v2/schemas/image {{(pid=116351) process_request /opt/stack/glance/glance/api/middleware/version_negotiation.py:70}}
Aug 27 03:07:17.962618 n-d-852086-5 devstack@g-api.service[116351]: WARNING keystonemiddleware.auth_token [None req-8004519b-9f38-4663-8a01-10dbb134b1d2 admin admin] A valid token was submitted as a service token, but it was not a valid service token. This is incorrect but backwards compatible behaviour. This will be removed in future releases.
Aug 27 03:07:17.966825 n-d-852086-5 devstack@g-api.service[116351]: [pid: 116351|app: 0|req: 6/10] 127.0.0.1 () {42 vars in 991 bytes} [Sat Aug 27 03:07:17 2022] GET /v2/schemas/image => generated 6083 bytes in 8 msecs (HTTP/1.1 200) 4 headers in 158 bytes (1 switches on core 0)
Aug 27 03:07:19.916920 n-d-852086-5 devstack@g-api.service[116349]: DEBUG glance.api.middleware.version_negotiation [None req-22152067-62fe-47d5-8a87-e8338a83909d tempest-DeleteServersAdminTestJSON-1991656501 tempest-DeleteServersAdminTestJSON-1991656501-project] Determining version of request: GET /v2/images/acef3da5-f17c-4877-a77f-8b5440d3d46e Accept: */* {{(pid=116349) process_request /opt/stack/glance/glance/api/middleware/version_negotiation.py:44}}
Aug 27 03:07:19.917474 n-d-852086-5 devstack@g-api.service[116349]: DEBUG glance.api.middleware.version_negotiation [None req-22152067-62fe-47d5-8a87-e8338a83909d tempest-DeleteServersAdminTestJSON-1991656501 tempest-DeleteServersAdminTestJSON-1991656501-project] Using url versioning {{(pid=116349) process_request /opt/stack/glance/glance/api/middleware/version_negotiation.py:57}}
Aug 27 03:07:19.917946 n-d-852086-5 devstack@g-api.service[116349]: DEBUG glance.api.middleware.version_negotiation [None req-22152067-62fe-47d5-8a87-e8338a83909d tempest-DeleteServersAdminTestJSON-1991656501 tempest-DeleteServersAdminTestJSON-1991656501-project] Matched version: v2 {{(pid=116349) process_request /opt/stack/glance/glance/api/middleware/version_negotiation.py:69}}
Aug 27 03:07:19.918374 n-d-852086-5 devstack@g-api.service[116349]: DEBUG glance.api.middleware.version_negotiation [None req-22152067-62fe-47d5-8a87-e8338a83909d tempest-DeleteServersAdminTestJSON-1991656501 tempest-DeleteServersAdminTestJSON-1991656501-project] new path /v2/images/acef3da5-f17c-4877-a77f-8b5440d3d46e {{(pid=116349) process_request /opt/stack/glance/glance/api/middleware/version_negotiation.py:70}}
Aug 27 03:07:19.939686 n-d-852086-5 devstack@g-api.service[116349]: [pid: 116349|app: 0|req: 5/11] 127.0.0.1 () {42 vars in 1051 bytes} [Sat Aug 27 03:07:19 2022] GET /v2/images/acef3da5-f17c-4877-a77f-8b5440d3d46e => generated 946 bytes in 23 msecs (HTTP/1.1 200) 4 headers in 157 bytes (1 switches on core 0)
Aug 27 03:07:19.945332 n-d-852086-5 devstack@g-api.service[116351]: DEBUG glance.api.middleware.version_negotiation [None req-22152067-62fe-47d5-8a87-e8338a83909d tempest-DeleteServersAdminTestJSON-1991656501 tempest-DeleteServersAdminTestJSON-1991656501-project] Determining version of request: GET /v2/schemas/image Accept: */* {{(pid=116351) process_request /opt/stack/glance/glance/api/middleware/version_negotiation.py:44}}
Aug 27 03:07:19.946502 n-d-852086-5 devstack@g-api.service[116351]: DEBUG glance.api.middleware.version_negotiation [None req-22152067-62fe-47d5-8a87-e8338a83909d tempest-DeleteServersAdminTestJSON-1991656501 tempest-DeleteServersAdminTestJSON-1991656501-project] Using url versioning {{(pid=116351) process_request /opt/stack/glance/glance/api/middleware/version_negotiation.py:57}}
Aug 27 03:07:19.946836 n-d-852086-5 devstack@g-api.service[116351]: DEBUG glance.api.middleware.version_negotiation [None req-22152067-62fe-47d5-8a87-e8338a83909d tempest-DeleteServersAdminTestJSON-1991656501 tempest-DeleteServersAdminTestJSON-1991656501-project] Matched version: v2 {{(pid=116351) process_request /opt/stack/glance/glance/api/middleware/version_negotiation.py:69}}
Aug 27 03:07:19.947122 n-d-852086-5 devstack@g-api.service[116351]: DEBUG glance.api.middleware.version_negotiation [None req-22152067-62fe-47d5-8a87-e8338a83909d tempest-DeleteServersAdminTestJSON-1991656501 tempest-DeleteServersAdminTestJSON-1991656501-project] new path /v2/schemas/image {{(pid=116351) process_request /opt/stack/glance/glance/api/middleware/version_negotiation.py:70}}
Aug 27 03:07:19.957765 n-d-852086-5 devstack@g-api.service[116351]: [pid: 116351|app: 0|req: 7/12] 127.0.0.1 () {42 vars in 991 bytes} [Sat Aug 27 03:07:19 2022] GET /v2/schemas/image => generated 6083 bytes in 13 msecs (HTTP/1.1 200) 4 headers in 158 bytes (1 switches on core 0)
Aug 27 03:07:22.368793 n-d-852086-5 devstack@g-api.service[116349]: DEBUG glance.api.middleware.version_negotiation [None req-226c4249-2ce9-49a6-9764-4bfdceba1588 tempest-AggregatesAdminTestJSON-1886446157 tempest-AggregatesAdminTestJSON-1886446157-project] Determining version of request: GET /v2/images/acef3da5-f17c-4877-a77f-8b5440d3d46e Accept: */* {{(pid=116349) process_request /opt/stack/glance/glance/api/middleware/version_negotiation.py:44}}
Aug 27 03:07:22.370224 n-d-852086-5 devstack@g-api.service[116349]: DEBUG glance.api.middleware.version_negotiation [None req-226c4249-2ce9-49a6-9764-4bfdceba1588 tempest-AggregatesAdminTestJSON-1886446157 tempest-AggregatesAdminTestJSON-1886446157-project] Using url versioning {{(pid=116349) process_request /opt/stack/glance/glance/api/middleware/version_negotiation.py:57}}
Aug 27 03:07:22.371962 n-d-852086-5 devstack@g-api.service[116349]: DEBUG glance.api.middleware.version_negotiation [None req-226c4249-2ce9-49a6-9764-4bfdceba1588 tempest-AggregatesAdminTestJSON-1886446157 tempest-AggregatesAdminTestJSON-1886446157-project] Matched version: v2 {{(pid=116349) process_request /opt/stack/glance/glance/api/middleware/version_negotiation.py:69}}
Aug 27 03:07:22.372614 n-d-852086-5 devstack@g-api.service[116349]: DEBUG glance.api.middleware.version_negotiation [None req-226c4249-2ce9-49a6-9764-4bfdceba1588 tempest-AggregatesAdminTestJSON-1886446157 tempest-AggregatesAdminTestJSON-1886446157-project] new path /v2/images/acef3da5-f17c-4877-a77f-8b5440d3d46e {{(pid=116349) process_request /opt/stack/glance/glance/api/middleware/version_negotiation.py:70}}
Aug 27 03:07:22.411534 n-d-852086-5 devstack@g-api.service[116349]: [pid: 116349|app: 0|req: 6/13] 127.0.0.1 () {40 vars in 844 bytes} [Sat Aug 27 03:07:22 2022] GET /v2/images/acef3da5-f17c-4877-a77f-8b5440d3d46e => generated 946 bytes in 44 msecs (HTTP/1.1 200) 4 headers in 157 bytes (1 switches on core 0)
Aug 27 03:07:22.510465 n-d-852086-5 devstack@g-api.service[116351]: DEBUG glance.api.middleware.version_negotiation [None req-226c4249-2ce9-49a6-9764-4bfdceba1588 tempest-AggregatesAdminTestJSON-1886446157 tempest-AggregatesAdminTestJSON-1886446157-project] Determining version of request: GET /v2/images/acef3da5-f17c-4877-a77f-8b5440d3d46e/file Accept: */* {{(pid=116351) process_request /opt/stack/glance/glance/api/middleware/version_negotiation.py:44}}
Aug 27 03:07:22.511889 n-d-852086-5 devstack@g-api.service[116351]: DEBUG glance.api.middleware.version_negotiation [None req-226c4249-2ce9-49a6-9764-4bfdceba1588 tempest-AggregatesAdminTestJSON-1886446157 tempest-AggregatesAdminTestJSON-1886446157-project] Using url versioning {{(pid=116351) process_request /opt/stack/glance/glance/api/middleware/version_negotiation.py:57}}
Aug 27 03:07:22.515869 n-d-852086-5 devstack@g-api.service[116351]: DEBUG glance.api.middleware.version_negotiation [None req-226c4249-2ce9-49a6-9764-4bfdceba1588 tempest-AggregatesAdminTestJSON-1886446157 tempest-AggregatesAdminTestJSON-1886446157-project] Matched version: v2 {{(pid=116351) process_request /opt/stack/glance/glance/api/middleware/version_negotiation.py:69}}
Aug 27 03:07:22.516925 n-d-852086-5 devstack@g-api.service[116351]: DEBUG glance.api.middleware.version_negotiation [None req-226c4249-2ce9-49a6-9764-4bfdceba1588 tempest-AggregatesAdminTestJSON-1886446157 tempest-AggregatesAdminTestJSON-1886446157-project] new path /v2/images/acef3da5-f17c-4877-a77f-8b5440d3d46e/file {{(pid=116351) process_request /opt/stack/glance/glance/api/middleware/version_negotiation.py:70}}
Aug 27 03:07:22.570058 n-d-852086-5 devstack@g-api.service[116351]: DEBUG glance_store.backend [None req-22152067-62fe-47d5-8a87-e8338a83909d tempest-DeleteServersAdminTestJSON-1991656501 tempest-DeleteServersAdminTestJSON-1991656501-project] Attempting to import store swift {{(pid=116351) _load_store /usr/local/lib/python3.8/dist-packages/glance_store/backend.py:216}}
Aug 27 03:07:22.579763 n-d-852086-5 devstack@g-api.service[116351]: DEBUG glance_store.capabilities [None req-22152067-62fe-47d5-8a87-e8338a83909d tempest-DeleteServersAdminTestJSON-1991656501 tempest-DeleteServersAdminTestJSON-1991656501-project] Store glance_store._drivers.swift.store.SingleTenantStore doesn't support updating dynamic storage capabilities. Please overwrite 'update_capabilities' method of the store to implement updating logics if needed. {{(pid=116351) update_capabilities /usr/local/lib/python3.8/dist-packages/glance_store/capabilities.py:91}}
Aug 27 03:07:22.580411 n-d-852086-5 devstack@g-api.service[116351]: DEBUG glance_store.driver [None req-22152067-62fe-47d5-8a87-e8338a83909d tempest-DeleteServersAdminTestJSON-1991656501 tempest-DeleteServersAdminTestJSON-1991656501-project] Late loading location class glance_store._drivers.swift.store.StoreLocation {{(pid=116351) get_store_location_class /usr/local/lib/python3.8/dist-packages/glance_store/driver.py:116}}
Aug 27 03:07:22.581403 n-d-852086-5 devstack@g-api.service[116351]: DEBUG glance_store.location [None req-22152067-62fe-47d5-8a87-e8338a83909d tempest-DeleteServersAdminTestJSON-1991656501 tempest-DeleteServersAdminTestJSON-1991656501-project] Registering scheme swift+https with {'store': , 'location_class': , 'store_entry': 'swift'} {{(pid=116351) register_scheme_map /usr/local/lib/python3.8/dist-packages/glance_store/location.py:146}}
Aug 27 03:07:22.584612 n-d-852086-5 devstack@g-api.service[116351]: DEBUG glance_store.location [None req-22152067-62fe-47d5-8a87-e8338a83909d tempest-DeleteServersAdminTestJSON-1991656501 tempest-DeleteServersAdminTestJSON-1991656501-project] Registering scheme swift+https with {'store': , 'location_class': , 'store_entry': 'swift'} {{(pid=116351) register_scheme_map /usr/local/lib/python3.8/dist-packages/glance_store/location.py:146}}
Aug 27 03:07:22.585108 n-d-852086-5 devstack@g-api.service[116351]: DEBUG glance_store.location [None req-22152067-62fe-47d5-8a87-e8338a83909d tempest-DeleteServersAdminTestJSON-1991656501 tempest-DeleteServersAdminTestJSON-1991656501-project] Registering scheme swift with {'store': , 'location_class': , 'store_entry': 'swift'} {{(pid=116351) register_scheme_map /usr/local/lib/python3.8/dist-packages/glance_store/location.py:146}}
Aug 27 03:07:22.585653 n-d-852086-5 devstack@g-api.service[116351]: DEBUG glance_store.location [None req-22152067-62fe-47d5-8a87-e8338a83909d tempest-DeleteServersAdminTestJSON-1991656501 tempest-DeleteServersAdminTestJSON-1991656501-project] Registering scheme swift+https with {'store': , 'location_class': , 'store_entry': 'swift'} {{(pid=116351) register_scheme_map /usr/local/lib/python3.8/dist-packages/glance_store/location.py:146}}
Aug 27 03:07:22.586100 n-d-852086-5 devstack@g-api.service[116351]: DEBUG glance_store.location [None req-22152067-62fe-47d5-8a87-e8338a83909d tempest-DeleteServersAdminTestJSON-1991656501 tempest-DeleteServersAdminTestJSON-1991656501-project] Registering scheme swift with {'store': , 'location_class': , 'store_entry': 'swift'} {{(pid=116351) register_scheme_map /usr/local/lib/python3.8/dist-packages/glance_store/location.py:146}}
Aug 27 03:07:22.586645 n-d-852086-5 devstack@g-api.service[116351]: DEBUG glance_store.location [None req-22152067-62fe-47d5-8a87-e8338a83909d tempest-DeleteServersAdminTestJSON-1991656501 tempest-DeleteServersAdminTestJSON-1991656501-project] Registering scheme swift+http with {'store': , 'location_class': , 'store_entry': 'swift'} {{(pid=116351) register_scheme_map /usr/local/lib/python3.8/dist-packages/glance_store/location.py:146}}
Aug 27 03:07:22.587100 n-d-852086-5 devstack@g-api.service[116351]: DEBUG glance_store.location [None req-22152067-62fe-47d5-8a87-e8338a83909d tempest-DeleteServersAdminTestJSON-1991656501 tempest-DeleteServersAdminTestJSON-1991656501-project] Registering scheme swift+https with {'store': , 'location_class': , 'store_entry': 'swift'} {{(pid=116351) register_scheme_map /usr/local/lib/python3.8/dist-packages/glance_store/location.py:146}}
Aug 27 03:07:22.587536 n-d-852086-5 devstack@g-api.service[116351]: DEBUG glance_store.location [None req-22152067-62fe-47d5-8a87-e8338a83909d tempest-DeleteServersAdminTestJSON-1991656501 tempest-DeleteServersAdminTestJSON-1991656501-project] Registering scheme swift with {'store': , 'location_class': , 'store_entry': 'swift'} {{(pid=116351) register_scheme_map /usr/local/lib/python3.8/dist-packages/glance_store/location.py:146}}
Aug 27 03:07:22.588004 n-d-852086-5 devstack@g-api.service[116351]: DEBUG glance_store.location [None req-22152067-62fe-47d5-8a87-e8338a83909d tempest-DeleteServersAdminTestJSON-1991656501 tempest-DeleteServersAdminTestJSON-1991656501-project] Registering scheme swift+http with {'store': , 'location_class': , 'store_entry': 'swift'} {{(pid=116351) register_scheme_map /usr/local/lib/python3.8/dist-packages/glance_store/location.py:146}}
Aug 27 03:07:22.588467 n-d-852086-5 devstack@g-api.service[116351]: DEBUG glance_store.location [None req-22152067-62fe-47d5-8a87-e8338a83909d tempest-DeleteServersAdminTestJSON-1991656501 tempest-DeleteServersAdminTestJSON-1991656501-project] Registering scheme swift+config with {'store': , 'location_class': , 'store_entry': 'swift'} {{(pid=116351) register_scheme_map /usr/local/lib/python3.8/dist-packages/glance_store/location.py:146}}
Aug 27 03:07:24.082081 n-d-852086-5 devstack@g-api.service[116351]: DEBUG swiftclient [None req-22152067-62fe-47d5-8a87-e8338a83909d tempest-DeleteServersAdminTestJSON-1991656501 tempest-DeleteServersAdminTestJSON-1991656501-project] REQ: curl -i http://10.222.0.69:8080/v1/AUTH_f9be6e1d3bac43e686bdfc19912543cf/glance/acef3da5-f17c-4877-a77f-8b5440d3d46e -X GET -H "X-Auth-Token: gAAAAABjCYpq_Wq8..." {{(pid=116351) http_log /usr/local/lib/python3.8/dist-packages/swiftclient/client.py:157}}
Aug 27 03:07:24.084467 n-d-852086-5 devstack@g-api.service[116351]: DEBUG swiftclient [None req-22152067-62fe-47d5-8a87-e8338a83909d tempest-DeleteServersAdminTestJSON-1991656501 tempest-DeleteServersAdminTestJSON-1991656501-project] RESP STATUS: 200 OK {{(pid=116351) http_log /usr/local/lib/python3.8/dist-packages/swiftclient/client.py:158}}
Aug 27 03:07:24.089995 n-d-852086-5 devstack@g-api.service[116351]: DEBUG swiftclient [None req-22152067-62fe-47d5-8a87-e8338a83909d tempest-DeleteServersAdminTestJSON-1991656501 tempest-DeleteServersAdminTestJSON-1991656501-project] RESP HEADERS: {'Content-Type': 'application/octet-stream', 'Etag': '318f990048c8a194829e52141534610d', 'Last-Modified': 'Sat, 27 Aug 2022 02:58:41 GMT', 'X-Timestamp': '1661569120.20993', 'Accept-Ranges': 'bytes', 'Content-Length': '645922816', 'X-Trans-Id': 'tx428dc08b9113447eb3966-0063098a6b', 'X-Openstack-Request-Id': 'tx428dc08b9113447eb3966-0063098a6b', 'Date': 'Sat, 27 Aug 2022 03:07:24 GMT'} {{(pid=116351) http_log /usr/local/lib/python3.8/dist-packages/swiftclient/client.py:159}}
Aug 27 03:07:24.120682 n-d-852086-5 devstack@g-api.service[116351]: DEBUG glance.image_cache [None req-22152067-62fe-47d5-8a87-e8338a83909d tempest-DeleteServersAdminTestJSON-1991656501 tempest-DeleteServersAdminTestJSON-1991656501-project] Tee'ing image 'acef3da5-f17c-4877-a77f-8b5440d3d46e' into cache {{(pid=116351) get_caching_iter /opt/stack/glance/glance/image_cache/__init__.py:343}}
Aug 27 03:07:32.400874 n-d-852086-5 devstack@g-api.service[116349]: DEBUG dbcounter [-] [116349] Writing DB stats glance:SELECT=12 {{(pid=116349) stat_writer /usr/local/lib/python3.8/dist-packages/dbcounter.py:114}}
Aug 27 03:07:34.112736 n-d-852086-5 devstack@g-api.service[116351]: DEBUG dbcounter [-] [116351] Writing DB stats glance:SELECT=8 {{(pid=116351) stat_writer /usr/local/lib/python3.8/dist-packages/dbcounter.py:114}}
Aug 27 03:07:37.387177 n-d-852086-5 devstack@g-api.service[116351]: DEBUG glance.image_cache.drivers.sqlite [None req-22152067-62fe-47d5-8a87-e8338a83909d tempest-DeleteServersAdminTestJSON-1991656501 tempest-DeleteServersAdminTestJSON-1991656501-project] Fetch finished, moving '/opt/stack/data/glance/cache/incomplete/acef3da5-f17c-4877-a77f-8b5440d3d46e' to '/opt/stack/data/glance/cache/acef3da5-f17c-4877-a77f-8b5440d3d46e' {{(pid=116351) commit /opt/stack/glance/glance/image_cache/drivers/sqlite.py:324}}
Aug 27 03:07:37.398116 n-d-852086-5 devstack@g-api.service[116351]: [pid: 116351|app: 0|req: 8/14] 127.0.0.1 () {40 vars in 854 bytes} [Sat Aug 27 03:07:22 2022] GET /v2/images/acef3da5-f17c-4877-a77f-8b5440d3d46e/file => generated 645922816 bytes in 14888 msecs (HTTP/1.1 200) 4 headers in 191 bytes (9857 switches on core 0)
Aug 27 03:07:44.370092 n-d-852086-5 devstack@g-api.service[116349]: DEBUG glance.api.middleware.version_negotiation [None req-22152067-62fe-47d5-8a87-e8338a83909d tempest-DeleteServersAdminTestJSON-1991656501 tempest-DeleteServersAdminTestJSON-1991656501-project] Determining version of request: GET / Accept: application/json {{(pid=116349) process_request /opt/stack/glance/glance/api/middleware/version_negotiation.py:44}}
Aug 27 03:07:44.371383 n-d-852086-5 devstack@g-api.service[116349]: DEBUG glance.api.middleware.version_negotiation [None req-22152067-62fe-47d5-8a87-e8338a83909d tempest-DeleteServersAdminTestJSON-1991656501 tempest-DeleteServersAdminTestJSON-1991656501-project] Using url versioning {{(pid=116349) process_request /opt/stack/glance/glance/api/middleware/version_negotiation.py:57}}
Aug 27 03:07:44.371980 n-d-852086-5 devstack@g-api.service[116349]: DEBUG glance.api.middleware.version_negotiation [None req-22152067-62fe-47d5-8a87-e8338a83909d tempest-DeleteServersAdminTestJSON-1991656501 tempest-DeleteServersAdminTestJSON-1991656501-project] Unknown version. Returning version choices. {{(pid=116349) process_request /opt/stack/glance/glance/api/middleware/version_negotiation.py:64}}
Aug 27 03:07:44.374617 n-d-852086-5 devstack@g-api.service[116349]: [pid: 116349|app: 0|req: 7/15] 127.0.0.1 () {34 vars in 494 bytes} [Sat Aug 27 03:07:44 2022] GET / => generated 1299 bytes in 5 msecs (HTTP/1.1 300) 3 headers in 106 bytes (1 switches on core 0)
Aug 27 03:07:44.411405 n-d-852086-5 devstack@g-api.service[116351]: DEBUG glance.api.middleware.version_negotiation [None req-22152067-62fe-47d5-8a87-e8338a83909d tempest-DeleteServersAdminTestJSON-1991656501 tempest-DeleteServersAdminTestJSON-1991656501-project] Determining version of request: GET /v2/images/acef3da5-f17c-4877-a77f-8b5440d3d46e Accept: */* {{(pid=116351) process_request /opt/stack/glance/glance/api/middleware/version_negotiation.py:44}}
Aug 27 03:07:44.412020 n-d-852086-5 devstack@g-api.service[116351]: DEBUG glance.api.middleware.version_negotiation [None req-22152067-62fe-47d5-8a87-e8338a83909d tempest-DeleteServersAdminTestJSON-1991656501 tempest-DeleteServersAdminTestJSON-1991656501-project] Using url versioning {{(pid=116351) process_request /opt/stack/glance/glance/api/middleware/version_negotiation.py:57}}
Aug 27 03:07:44.412323 n-d-852086-5 devstack@g-api.service[116351]: DEBUG glance.api.middleware.version_negotiation [None req-22152067-62fe-47d5-8a87-e8338a83909d tempest-DeleteServersAdminTestJSON-1991656501 tempest-DeleteServersAdminTestJSON-1991656501-project] Matched version: v2 {{(pid=116351) process_request /opt/stack/glance/glance/api/middleware/version_negotiation.py:69}}
Aug 27 03:07:44.412608 n-d-852086-5 devstack@g-api.service[116351]: DEBUG glance.api.middleware.version_negotiation [None req-22152067-62fe-47d5-8a87-e8338a83909d tempest-DeleteServersAdminTestJSON-1991656501 tempest-DeleteServersAdminTestJSON-1991656501-project] new path /v2/images/acef3da5-f17c-4877-a77f-8b5440d3d46e {{(pid=116351) process_request /opt/stack/glance/glance/api/middleware/version_negotiation.py:70}}
Aug 27 03:07:44.463813 n-d-852086-5 devstack@g-api.service[116351]: [pid: 116351|app: 0|req: 9/16] 127.0.0.1 () {42 vars in 1051 bytes} [Sat Aug 27 03:07:44 2022] GET /v2/images/acef3da5-f17c-4877-a77f-8b5440d3d46e => generated 946 bytes in 53 msecs (HTTP/1.1 200) 4 headers in 157 bytes (1 switches on core 0)
Aug 27 03:07:44.470277 n-d-852086-5 devstack@g-api.service[116349]: DEBUG glance.api.middleware.version_negotiation [None req-22152067-62fe-47d5-8a87-e8338a83909d tempest-DeleteServersAdminTestJSON-1991656501 tempest-DeleteServersAdminTestJSON-1991656501-project] Determining version of request: GET /v2/schemas/image Accept: */* {{(pid=116349) process_request /opt/stack/glance/glance/api/middleware/version_negotiation.py:44}}
Aug 27 03:07:44.470623 n-d-852086-5 devstack@g-api.service[116349]: DEBUG glance.api.middleware.version_negotiation [None req-22152067-62fe-47d5-8a87-e8338a83909d tempest-DeleteServersAdminTestJSON-1991656501 tempest-DeleteServersAdminTestJSON-1991656501-project] Using url versioning {{(pid=116349) process_request /opt/stack/glance/glance/api/middleware/version_negotiation.py:57}}
Aug 27 03:07:44.470957 n-d-852086-5 devstack@g-api.service[116349]: DEBUG glance.api.middleware.version_negotiation [None req-22152067-62fe-47d5-8a87-e8338a83909d tempest-DeleteServersAdminTestJSON-1991656501 tempest-DeleteServersAdminTestJSON-1991656501-project] Matched version: v2 {{(pid=116349) process_request /opt/stack/glance/glance/api/middleware/version_negotiation.py:69}}
Aug 27 03:07:44.471250 n-d-852086-5 devstack@g-api.service[116349]: DEBUG glance.api.middleware.version_negotiation [None req-22152067-62fe-47d5-8a87-e8338a83909d tempest-DeleteServersAdminTestJSON-1991656501 tempest-DeleteServersAdminTestJSON-1991656501-project] new path /v2/schemas/image {{(pid=116349) process_request /opt/stack/glance/glance/api/middleware/version_negotiation.py:70}}
Aug 27 03:07:44.476988 n-d-852086-5 devstack@g-api.service[116349]: [pid: 116349|app: 0|req: 8/17] 127.0.0.1 () {42 vars in 991 bytes} [Sat Aug 27 03:07:44 2022] GET /v2/schemas/image => generated 6083 bytes in 7 msecs (HTTP/1.1 200) 4 headers in 158 bytes (1 switches on core 0)
Aug 27 03:07:49.849697 n-d-852086-5 devstack@g-api.service[116351]: DEBUG glance.api.middleware.version_negotiation [None req-5a659246-b26b-4bc9-bc0d-5f3c3f9942b1 tempest-ServersWithSpecificFlavorTestJSON-98356016 tempest-ServersWithSpecificFlavorTestJSON-98356016-project] Determining version of request: GET /v2/images/acef3da5-f17c-4877-a77f-8b5440d3d46e Accept: */* {{(pid=116351) process_request /opt/stack/glance/glance/api/middleware/version_negotiation.py:44}}
Aug 27 03:07:49.850250 n-d-852086-5 devstack@g-api.service[116351]: DEBUG glance.api.middleware.version_negotiation [None req-5a659246-b26b-4bc9-bc0d-5f3c3f9942b1 tempest-ServersWithSpecificFlavorTestJSON-98356016 tempest-ServersWithSpecificFlavorTestJSON-98356016-project] Using url versioning {{(pid=116351) process_request /opt/stack/glance/glance/api/middleware/version_negotiation.py:57}}
Aug 27 03:07:49.850599 n-d-852086-5 devstack@g-api.service[116351]: DEBUG glance.api.middleware.version_negotiation [None req-5a659246-b26b-4bc9-bc0d-5f3c3f9942b1 tempest-ServersWithSpecificFlavorTestJSON-98356016 tempest-ServersWithSpecificFlavorTestJSON-98356016-project] Matched version: v2 {{(pid=116351) process_request /opt/stack/glance/glance/api/middleware/version_negotiation.py:69}}
Aug 27 03:07:49.851505 n-d-852086-5 devstack@g-api.service[116351]: DEBUG glance.api.middleware.version_negotiation [None req-5a659246-b26b-4bc9-bc0d-5f3c3f9942b1 tempest-ServersWithSpecificFlavorTestJSON-98356016 tempest-ServersWithSpecificFlavorTestJSON-98356016-project] new path /v2/images/acef3da5-f17c-4877-a77f-8b5440d3d46e {{(pid=116351) process_request /opt/stack/glance/glance/api/middleware/version_negotiation.py:70}}
Aug 27 03:07:49.886015 n-d-852086-5 devstack@g-api.service[116349]: DEBUG glance.api.middleware.version_negotiation [None req-5a659246-b26b-4bc9-bc0d-5f3c3f9942b1 tempest-ServersWithSpecificFlavorTestJSON-98356016 tempest-ServersWithSpecificFlavorTestJSON-98356016-project] Determining version of request: GET /v2/schemas/image Accept: */* {{(pid=116349) process_request /opt/stack/glance/glance/api/middleware/version_negotiation.py:44}}
Aug 27 03:07:49.886602 n-d-852086-5 devstack@g-api.service[116349]: DEBUG glance.api.middleware.version_negotiation [None req-5a659246-b26b-4bc9-bc0d-5f3c3f9942b1 tempest-ServersWithSpecificFlavorTestJSON-98356016 tempest-ServersWithSpecificFlavorTestJSON-98356016-project] Using url versioning {{(pid=116349) process_request /opt/stack/glance/glance/api/middleware/version_negotiation.py:57}}
Aug 27 03:07:49.887009 n-d-852086-5 devstack@g-api.service[116349]: DEBUG glance.api.middleware.version_negotiation [None req-5a659246-b26b-4bc9-bc0d-5f3c3f9942b1 tempest-ServersWithSpecificFlavorTestJSON-98356016 tempest-ServersWithSpecificFlavorTestJSON-98356016-project] Matched version: v2 {{(pid=116349) process_request /opt/stack/glance/glance/api/middleware/version_negotiation.py:69}}
Aug 27 03:07:49.887429 n-d-852086-5 devstack@g-api.service[116349]: DEBUG glance.api.middleware.version_negotiation [None req-5a659246-b26b-4bc9-bc0d-5f3c3f9942b1 tempest-ServersWithSpecificFlavorTestJSON-98356016 tempest-ServersWithSpecificFlavorTestJSON-98356016-project] new path /v2/schemas/image {{(pid=116349) process_request /opt/stack/glance/glance/api/middleware/version_negotiation.py:70}}
Aug 27 03:07:49.897315 n-d-852086-5 devstack@g-api.service[116349]: [pid: 116349|app: 0|req: 9/18] 127.0.0.1 () {42 vars in 991 bytes} [Sat Aug 27 03:07:49 2022] GET /v2/schemas/image => generated 6083 bytes in 12 msecs (HTTP/1.1 200) 4 headers in 158 bytes (1 switches on core 0)
Aug 27 03:07:49.903052 n-d-852086-5 devstack@g-api.service[116351]: [pid: 116351|app: 0|req: 10/19] 127.0.0.1 () {42 vars in 1051 bytes} [Sat Aug 27 03:07:49 2022] GET /v2/images/acef3da5-f17c-4877-a77f-8b5440d3d46e => generated 946 bytes in 54 msecs (HTTP/1.1 200) 4 headers in 157 bytes (1 switches on core 0)
Aug 27 03:07:49.942468 n-d-852086-5 devstack@g-api.service[116349]: DEBUG glance.api.middleware.version_negotiation [None req-b59238d3-f6ac-4569-a248-daa53c2c31d9 tempest-MigrationsAdminTest-1673796581 tempest-MigrationsAdminTest-1673796581-project] Determining version of request: GET /v2/images/acef3da5-f17c-4877-a77f-8b5440d3d46e Accept: */* {{(pid=116349) process_request /opt/stack/glance/glance/api/middleware/version_negotiation.py:44}}
Aug 27 03:07:49.943033 n-d-852086-5 devstack@g-api.service[116349]: DEBUG glance.api.middleware.version_negotiation [None req-b59238d3-f6ac-4569-a248-daa53c2c31d9 tempest-MigrationsAdminTest-1673796581 tempest-MigrationsAdminTest-1673796581-project] Using url versioning {{(pid=116349) process_request /opt/stack/glance/glance/api/middleware/version_negotiation.py:57}}
Aug 27 03:07:49.943563 n-d-852086-5 devstack@g-api.service[116349]: DEBUG glance.api.middleware.version_negotiation [None req-b59238d3-f6ac-4569-a248-daa53c2c31d9 tempest-MigrationsAdminTest-1673796581 tempest-MigrationsAdminTest-1673796581-project] Matched version: v2 {{(pid=116349) process_request /opt/stack/glance/glance/api/middleware/version_negotiation.py:69}}
Aug 27 03:07:49.943994 n-d-852086-5 devstack@g-api.service[116349]: DEBUG glance.api.middleware.version_negotiation [None req-b59238d3-f6ac-4569-a248-daa53c2c31d9 tempest-MigrationsAdminTest-1673796581 tempest-MigrationsAdminTest-1673796581-project] new path /v2/images/acef3da5-f17c-4877-a77f-8b5440d3d46e {{(pid=116349) process_request /opt/stack/glance/glance/api/middleware/version_negotiation.py:70}}
Aug 27 03:07:49.997892 n-d-852086-5 devstack@g-api.service[116349]: [pid: 116349|app: 0|req: 10/20] 127.0.0.1 () {40 vars in 844 bytes} [Sat Aug 27 03:07:49 2022] GET /v2/images/acef3da5-f17c-4877-a77f-8b5440d3d46e => generated 946 bytes in 56 msecs (HTTP/1.1 200) 4 headers in 157 bytes (1 switches on core 0)
Aug 27 03:07:50.014638 n-d-852086-5 devstack@g-api.service[116351]: DEBUG glance.api.middleware.version_negotiation [None req-b59238d3-f6ac-4569-a248-daa53c2c31d9 tempest-MigrationsAdminTest-1673796581 tempest-MigrationsAdminTest-1673796581-project] Determining version of request: GET /v2/images/acef3da5-f17c-4877-a77f-8b5440d3d46e/file Accept: */* {{(pid=116351) process_request /opt/stack/glance/glance/api/middleware/version_negotiation.py:44}}
Aug 27 03:07:50.015178 n-d-852086-5 devstack@g-api.service[116351]: DEBUG glance.api.middleware.version_negotiation [None req-b59238d3-f6ac-4569-a248-daa53c2c31d9 tempest-MigrationsAdminTest-1673796581 tempest-MigrationsAdminTest-1673796581-project] Using url versioning {{(pid=116351) process_request /opt/stack/glance/glance/api/middleware/version_negotiation.py:57}}
Aug 27 03:07:50.017186 n-d-852086-5 devstack@g-api.service[116351]: DEBUG glance.api.middleware.version_negotiation [None req-b59238d3-f6ac-4569-a248-daa53c2c31d9 tempest-MigrationsAdminTest-1673796581 tempest-MigrationsAdminTest-1673796581-project] Matched version: v2 {{(pid=116351) process_request /opt/stack/glance/glance/api/middleware/version_negotiation.py:69}}
Aug 27 03:07:50.019882 n-d-852086-5 devstack@g-api.service[116351]: DEBUG glance.api.middleware.version_negotiation [None req-b59238d3-f6ac-4569-a248-daa53c2c31d9 tempest-MigrationsAdminTest-1673796581 tempest-MigrationsAdminTest-1673796581-project] new path /v2/images/acef3da5-f17c-4877-a77f-8b5440d3d46e/file {{(pid=116351) process_request /opt/stack/glance/glance/api/middleware/version_negotiation.py:70}}
Aug 27 03:07:50.055629 n-d-852086-5 devstack@g-api.service[116351]: DEBUG glance.api.middleware.cache [None req-5a659246-b26b-4bc9-bc0d-5f3c3f9942b1 tempest-ServersWithSpecificFlavorTestJSON-98356016 tempest-ServersWithSpecificFlavorTestJSON-98356016-project] Cache hit for image 'acef3da5-f17c-4877-a77f-8b5440d3d46e' {{(pid=116351) process_request /opt/stack/glance/glance/api/middleware/cache.py:160}}
Aug 27 03:07:54.587230 n-d-852086-5 devstack@g-api.service[116351]: [pid: 116351|app: 0|req: 11/21] 127.0.0.1 () {40 vars in 854 bytes} [Sat Aug 27 03:07:50 2022] GET /v2/images/acef3da5-f17c-4877-a77f-8b5440d3d46e/file => generated 645922816 bytes in 4573 msecs (HTTP/1.1 200) 5 headers in 218 bytes (9991 switches on core 0)
Aug 27 03:07:59.989871 n-d-852086-5 devstack@g-api.service[116349]: DEBUG dbcounter [-] [116349] Writing DB stats glance:SELECT=4 {{(pid=116349) stat_writer /usr/local/lib/python3.8/dist-packages/dbcounter.py:114}}
Aug 27 03:08:00.050103 n-d-852086-5 devstack@g-api.service[116351]: DEBUG dbcounter [-] [116351] Writing DB stats glance:SELECT=12 {{(pid=116351) stat_writer /usr/local/lib/python3.8/dist-packages/dbcounter.py:114}}
Aug 27 03:08:02.095765 n-d-852086-5 devstack@g-api.service[116349]: DEBUG glance.api.middleware.version_negotiation [None req-5a659246-b26b-4bc9-bc0d-5f3c3f9942b1 tempest-ServersWithSpecificFlavorTestJSON-98356016 tempest-ServersWithSpecificFlavorTestJSON-98356016-project] Determining version of request: GET /v2/images/acef3da5-f17c-4877-a77f-8b5440d3d46e Accept: */* {{(pid=116349) process_request /opt/stack/glance/glance/api/middleware/version_negotiation.py:44}}
Aug 27 03:08:02.096354 n-d-852086-5 devstack@g-api.service[116349]: DEBUG glance.api.middleware.version_negotiation [None req-5a659246-b26b-4bc9-bc0d-5f3c3f9942b1 tempest-ServersWithSpecificFlavorTestJSON-98356016 tempest-ServersWithSpecificFlavorTestJSON-98356016-project] Using url versioning {{(pid=116349) process_request /opt/stack/glance/glance/api/middleware/version_negotiation.py:57}}
Aug 27 03:08:02.096590 n-d-852086-5 devstack@g-api.service[116349]: DEBUG glance.api.middleware.version_negotiation [None req-5a659246-b26b-4bc9-bc0d-5f3c3f9942b1 tempest-ServersWithSpecificFlavorTestJSON-98356016 tempest-ServersWithSpecificFlavorTestJSON-98356016-project] Matched version: v2 {{(pid=116349) process_request /opt/stack/glance/glance/api/middleware/version_negotiation.py:69}}
Aug 27 03:08:02.097068 n-d-852086-5 devstack@g-api.service[116349]: DEBUG glance.api.middleware.version_negotiation [None req-5a659246-b26b-4bc9-bc0d-5f3c3f9942b1 tempest-ServersWithSpecificFlavorTestJSON-98356016 tempest-ServersWithSpecificFlavorTestJSON-98356016-project] new path /v2/images/acef3da5-f17c-4877-a77f-8b5440d3d46e {{(pid=116349) process_request /opt/stack/glance/glance/api/middleware/version_negotiation.py:70}}
Aug 27 03:08:02.127569 n-d-852086-5 devstack@g-api.service[116349]: [pid: 116349|app: 0|req: 11/22] 127.0.0.1 () {42 vars in 1051 bytes} [Sat Aug 27 03:08:02 2022] GET /v2/images/acef3da5-f17c-4877-a77f-8b5440d3d46e => generated 946 bytes in 32 msecs (HTTP/1.1 200) 4 headers in 157 bytes (1 switches on core 0)
Aug 27 03:08:02.128184 n-d-852086-5 devstack@g-api.service[116351]: DEBUG glance.api.middleware.version_negotiation [None req-5a659246-b26b-4bc9-bc0d-5f3c3f9942b1 tempest-ServersWithSpecificFlavorTestJSON-98356016 tempest-ServersWithSpecificFlavorTestJSON-98356016-project] Determining version of request: GET /v2/schemas/image Accept: */* {{(pid=116351) process_request /opt/stack/glance/glance/api/middleware/version_negotiation.py:44}}
Aug 27 03:08:02.128635 n-d-852086-5 devstack@g-api.service[116351]: DEBUG glance.api.middleware.version_negotiation [None req-5a659246-b26b-4bc9-bc0d-5f3c3f9942b1 tempest-ServersWithSpecificFlavorTestJSON-98356016 tempest-ServersWithSpecificFlavorTestJSON-98356016-project] Using url versioning {{(pid=116351) process_request /opt/stack/glance/glance/api/middleware/version_negotiation.py:57}}
Aug 27 03:08:02.128849 n-d-852086-5 devstack@g-api.service[116351]: DEBUG glance.api.middleware.version_negotiation [None req-5a659246-b26b-4bc9-bc0d-5f3c3f9942b1 tempest-ServersWithSpecificFlavorTestJSON-98356016 tempest-ServersWithSpecificFlavorTestJSON-98356016-project] Matched version: v2 {{(pid=116351) process_request /opt/stack/glance/glance/api/middleware/version_negotiation.py:69}}
Aug 27 03:08:02.129159 n-d-852086-5 devstack@g-api.service[116351]: DEBUG glance.api.middleware.version_negotiation [None req-5a659246-b26b-4bc9-bc0d-5f3c3f9942b1 tempest-ServersWithSpecificFlavorTestJSON-98356016 tempest-ServersWithSpecificFlavorTestJSON-98356016-project] new path /v2/schemas/image {{(pid=116351) process_request /opt/stack/glance/glance/api/middleware/version_negotiation.py:70}}
Aug 27 03:08:02.135777 n-d-852086-5 devstack@g-api.service[116351]: [pid: 116351|app: 0|req: 12/23] 127.0.0.1 () {42 vars in 991 bytes} [Sat Aug 27 03:08:02 2022] GET /v2/schemas/image => generated 6083 bytes in 8 msecs (HTTP/1.1 200) 4 headers in 158 bytes (1 switches on core 0)
