Aug 26 16:24:24.336051 n-d-852086-4 devstack@placement-api.service[108437]: DEBUG placement.objects.research_context [req-f4f76837-115a-44a1-b157-91671933439e req-04b8dfb7-e546-443e-b690-a671a28ba79f service placement] found 2 providers after filtering by previous result {{(pid=108437) get_provider_ids_matching /opt/stack/placement/placement/objects/research_context.py:594}}
Aug 26 16:24:24.362333 n-d-852086-4 devstack@placement-api.service[108437]: DEBUG placement.objects.allocation_candidate [req-f4f76837-115a-44a1-b157-91671933439e req-04b8dfb7-e546-443e-b690-a671a28ba79f service placement] RequestGroup(use_same_provider=False, resources={DISK_GB:1, MEMORY_MB:1024, VCPU:1}, traits=(), aggregates=[]) (suffix '') returned 2 matches {{(pid=108437) _get_by_requests /opt/stack/placement/placement/objects/allocation_candidate.py:156}}
Aug 26 16:24:24.363020 n-d-852086-4 devstack@placement-api.service[108437]: DEBUG placement.objects.allocation_candidate [req-f4f76837-115a-44a1-b157-91671933439e req-04b8dfb7-e546-443e-b690-a671a28ba79f service placement] Merging candidates yields 2 allocation requests and 2 provider summaries {{(pid=108437) _merge_candidates /opt/stack/placement/placement/objects/allocation_candidate.py:809}}
Aug 26 16:24:24.364927 n-d-852086-4 devstack@placement-api.service[108437]: INFO placement.requestlog [req-f4f76837-115a-44a1-b157-91671933439e req-04b8dfb7-e546-443e-b690-a671a28ba79f service placement] 10.222.0.50 "GET /placement/allocation_candidates?limit=1000&resources=DISK_GB%3A1%2CMEMORY_MB%3A1024%2CVCPU%3A1&root_required=%21COMPUTE_STATUS_DISABLED" status: 200 len: 1309 microversion: 1.36
Aug 26 16:24:24.365628 n-d-852086-4 devstack@placement-api.service[108437]: [pid: 108437|app: 0|req: 298/598] 10.222.0.50 () {60 vars in 1506 bytes} [Fri Aug 26 16:24:24 2022] GET /placement/allocation_candidates?limit=1000&resources=DISK_GB%3A1%2CMEMORY_MB%3A1024%2CVCPU%3A1&root_required=%21COMPUTE_STATUS_DISABLED => generated 1309 bytes in 167 msecs (HTTP/1.1 200) 8 headers in 297 bytes (1 switches on core 0)
Aug 26 16:24:24.487473 n-d-852086-4 devstack@placement-api.service[108436]: DEBUG placement.requestlog [req-f4f76837-115a-44a1-b157-91671933439e req-8d4aa037-1bf8-4637-8527-e7867100f40e None None] Starting request: 10.222.0.50 "GET /placement/allocations/caa20098-841d-4a41-991d-6e88d3e8a1c9" {{(pid=108436) __call__ /opt/stack/placement/placement/requestlog.py:55}}
Aug 26 16:24:24.505218 n-d-852086-4 devstack@placement-api.service[108436]: INFO placement.requestlog [req-f4f76837-115a-44a1-b157-91671933439e req-8d4aa037-1bf8-4637-8527-e7867100f40e service placement] 10.222.0.50 "GET /placement/allocations/caa20098-841d-4a41-991d-6e88d3e8a1c9" status: 200 len: 19 microversion: 1.28
Aug 26 16:24:24.505633 n-d-852086-4 devstack@placement-api.service[108436]: [pid: 108436|app: 0|req: 301/599] 10.222.0.50 () {60 vars in 1380 bytes} [Fri Aug 26 16:24:24 2022] GET /placement/allocations/caa20098-841d-4a41-991d-6e88d3e8a1c9 => generated 19 bytes in 24 msecs (HTTP/1.1 200) 8 headers in 295 bytes (1 switches on core 0)
Aug 26 16:24:24.520449 n-d-852086-4 devstack@placement-api.service[108437]: DEBUG placement.requestlog [req-f4f76837-115a-44a1-b157-91671933439e req-a2e6ecc8-60e3-465b-814b-b2359b5f2af4 None None] Starting request: 10.222.0.50 "PUT /placement/allocations/caa20098-841d-4a41-991d-6e88d3e8a1c9" {{(pid=108437) __call__ /opt/stack/placement/placement/requestlog.py:55}}
Aug 26 16:24:24.728747 n-d-852086-4 devstack@placement-api.service[108437]: DEBUG dbcounter [-] [108437] Writing DB stats placement:SELECT=91,placement:DELETE=3,placement:INSERT=4,placement:UPDATE=2 {{(pid=108437) stat_writer /usr/local/lib/python3.8/dist-packages/dbcounter.py:114}}
Aug 26 16:24:24.739827 n-d-852086-4 devstack@placement-api.service[108437]: DEBUG placement.handlers.allocation [req-f4f76837-115a-44a1-b157-91671933439e req-a2e6ecc8-60e3-465b-814b-b2359b5f2af4 service placement] Successfully wrote allocations [, , ] {{(pid=108437) _update_consumers_and_create_allocations /opt/stack/placement/placement/handlers/allocation.py:462}}
Aug 26 16:24:24.828119 n-d-852086-4 devstack@placement-api.service[108437]: INFO placement.requestlog [req-f4f76837-115a-44a1-b157-91671933439e req-a2e6ecc8-60e3-465b-814b-b2359b5f2af4 service placement] 10.222.0.50 "PUT /placement/allocations/caa20098-841d-4a41-991d-6e88d3e8a1c9" status: 204 len: 0 microversion: 1.36
Aug 26 16:24:24.830357 n-d-852086-4 devstack@placement-api.service[108437]: [pid: 108437|app: 0|req: 299/600] 10.222.0.50 () {64 vars in 1433 bytes} [Fri Aug 26 16:24:24 2022] PUT /placement/allocations/caa20098-841d-4a41-991d-6e88d3e8a1c9 => generated 0 bytes in 318 msecs (HTTP/1.1 204) 5 headers in 199 bytes (1 switches on core 0)
Aug 26 16:24:25.095510 n-d-852086-4 devstack@placement-api.service[108436]: DEBUG placement.requestlog [req-a8911f82-68f9-4d3a-aa6a-a984caa6c436 req-f91b868f-855f-45d9-9f64-750a2b9eefb8 None None] Starting request: 10.222.0.65 "GET /placement/resource_providers/146ae1f2-c695-405d-84c8-7c7a7468dd86/allocations" {{(pid=108436) __call__ /opt/stack/placement/placement/requestlog.py:55}}
Aug 26 16:24:25.131009 n-d-852086-4 devstack@placement-api.service[108436]: INFO placement.requestlog [req-a8911f82-68f9-4d3a-aa6a-a984caa6c436 req-f91b868f-855f-45d9-9f64-750a2b9eefb8 service placement] 10.222.0.65 "GET /placement/resource_providers/146ae1f2-c695-405d-84c8-7c7a7468dd86/allocations" status: 200 len: 861 microversion: 1.0
Aug 26 16:24:25.131713 n-d-852086-4 devstack@placement-api.service[108436]: [pid: 108436|app: 0|req: 302/601] 10.222.0.65 () {58 vars in 1390 bytes} [Fri Aug 26 16:24:25 2022] GET /placement/resource_providers/146ae1f2-c695-405d-84c8-7c7a7468dd86/allocations => generated 861 bytes in 37 msecs (HTTP/1.1 200) 6 headers in 224 bytes (1 switches on core 0)
Aug 26 16:24:25.143258 n-d-852086-4 devstack@placement-api.service[108437]: DEBUG placement.requestlog [req-a8911f82-68f9-4d3a-aa6a-a984caa6c436 req-210f56f2-ada2-4a21-bf67-8b8f7a7197c9 None None] Starting request: 10.222.0.65 "GET /placement/allocations/8eb3d25d-ad83-4efb-9071-89939b9b8ad3" {{(pid=108437) __call__ /opt/stack/placement/placement/requestlog.py:55}}
Aug 26 16:24:25.198313 n-d-852086-4 devstack@placement-api.service[108437]: INFO placement.requestlog [req-a8911f82-68f9-4d3a-aa6a-a984caa6c436 req-210f56f2-ada2-4a21-bf67-8b8f7a7197c9 service placement] 10.222.0.65 "GET /placement/allocations/8eb3d25d-ad83-4efb-9071-89939b9b8ad3" status: 200 len: 259 microversion: 1.28
Aug 26 16:24:25.200837 n-d-852086-4 devstack@placement-api.service[108437]: [pid: 108437|app: 0|req: 300/602] 10.222.0.65 () {60 vars in 1377 bytes} [Fri Aug 26 16:24:25 2022] GET /placement/allocations/8eb3d25d-ad83-4efb-9071-89939b9b8ad3 => generated 259 bytes in 58 msecs (HTTP/1.1 200) 8 headers in 296 bytes (1 switches on core 0)
Aug 26 16:24:25.212134 n-d-852086-4 devstack@placement-api.service[108436]: DEBUG placement.requestlog [req-a8911f82-68f9-4d3a-aa6a-a984caa6c436 req-9062bbd1-130b-4adc-8d1e-bb71e61feb19 None None] Starting request: 10.222.0.65 "GET /placement/allocations/1408a10c-a758-42c6-bd94-71efbbf7505d" {{(pid=108436) __call__ /opt/stack/placement/placement/requestlog.py:55}}
Aug 26 16:24:25.232481 n-d-852086-4 devstack@placement-api.service[108436]: INFO placement.requestlog [req-a8911f82-68f9-4d3a-aa6a-a984caa6c436 req-9062bbd1-130b-4adc-8d1e-bb71e61feb19 service placement] 10.222.0.65 "GET /placement/allocations/1408a10c-a758-42c6-bd94-71efbbf7505d" status: 200 len: 259 microversion: 1.28
Aug 26 16:24:25.234224 n-d-852086-4 devstack@placement-api.service[108436]: [pid: 108436|app: 0|req: 303/603] 10.222.0.65 () {60 vars in 1377 bytes} [Fri Aug 26 16:24:25 2022] GET /placement/allocations/1408a10c-a758-42c6-bd94-71efbbf7505d => generated 259 bytes in 21 msecs (HTTP/1.1 200) 8 headers in 296 bytes (1 switches on core 0)
Aug 26 16:24:25.247894 n-d-852086-4 devstack@placement-api.service[108437]: DEBUG placement.requestlog [req-a8911f82-68f9-4d3a-aa6a-a984caa6c436 req-d401e876-d736-4c72-8944-130888bb5d62 None None] Starting request: 10.222.0.65 "GET /placement/allocations/1a6a82f7-ae29-4557-b6c7-5b33314df5fc" {{(pid=108437) __call__ /opt/stack/placement/placement/requestlog.py:55}}
Aug 26 16:24:25.263978 n-d-852086-4 devstack@placement-api.service[108437]: INFO placement.requestlog [req-a8911f82-68f9-4d3a-aa6a-a984caa6c436 req-d401e876-d736-4c72-8944-130888bb5d62 service placement] 10.222.0.65 "GET /placement/allocations/1a6a82f7-ae29-4557-b6c7-5b33314df5fc" status: 200 len: 259 microversion: 1.28
Aug 26 16:24:25.265115 n-d-852086-4 devstack@placement-api.service[108437]: [pid: 108437|app: 0|req: 301/604] 10.222.0.65 () {60 vars in 1377 bytes} [Fri Aug 26 16:24:25 2022] GET /placement/allocations/1a6a82f7-ae29-4557-b6c7-5b33314df5fc => generated 259 bytes in 17 msecs (HTTP/1.1 200) 8 headers in 296 bytes (1 switches on core 0)
Aug 26 16:24:25.297074 n-d-852086-4 devstack@placement-api.service[108436]: DEBUG placement.requestlog [req-a8911f82-68f9-4d3a-aa6a-a984caa6c436 req-83303512-a734-430e-96b9-ad67c4b6838f None None] Starting request: 10.222.0.65 "GET /placement/allocations/139827d1-7b21-4d53-b9fb-7c7ad0a161a2" {{(pid=108436) __call__ /opt/stack/placement/placement/requestlog.py:55}}
Aug 26 16:24:25.314040 n-d-852086-4 devstack@placement-api.service[108436]: INFO placement.requestlog [req-a8911f82-68f9-4d3a-aa6a-a984caa6c436 req-83303512-a734-430e-96b9-ad67c4b6838f service placement] 10.222.0.65 "GET /placement/allocations/139827d1-7b21-4d53-b9fb-7c7ad0a161a2" status: 200 len: 259 microversion: 1.28
Aug 26 16:24:25.320421 n-d-852086-4 devstack@placement-api.service[108436]: [pid: 108436|app: 0|req: 304/605] 10.222.0.65 () {60 vars in 1377 bytes} [Fri Aug 26 16:24:25 2022] GET /placement/allocations/139827d1-7b21-4d53-b9fb-7c7ad0a161a2 => generated 259 bytes in 18 msecs (HTTP/1.1 200) 8 headers in 296 bytes (1 switches on core 0)
Aug 26 16:24:25.348579 n-d-852086-4 devstack@placement-api.service[108437]: DEBUG placement.requestlog [req-a8911f82-68f9-4d3a-aa6a-a984caa6c436 req-3a9dfdf8-d495-471f-838f-7d556adcb14a None None] Starting request: 10.222.0.65 "GET /placement/allocations/73f7e688-f11e-43c7-bd5a-580cb09edea9" {{(pid=108437) __call__ /opt/stack/placement/placement/requestlog.py:55}}
Aug 26 16:24:25.374083 n-d-852086-4 devstack@placement-api.service[108437]: INFO placement.requestlog [req-a8911f82-68f9-4d3a-aa6a-a984caa6c436 req-3a9dfdf8-d495-471f-838f-7d556adcb14a service placement] 10.222.0.65 "GET /placement/allocations/73f7e688-f11e-43c7-bd5a-580cb09edea9" status: 200 len: 259 microversion: 1.28
Aug 26 16:24:25.380583 n-d-852086-4 devstack@placement-api.service[108437]: [pid: 108437|app: 0|req: 302/606] 10.222.0.65 () {60 vars in 1377 bytes} [Fri Aug 26 16:24:25 2022] GET /placement/allocations/73f7e688-f11e-43c7-bd5a-580cb09edea9 => generated 259 bytes in 33 msecs (HTTP/1.1 200) 8 headers in 296 bytes (1 switches on core 0)
Aug 26 16:24:25.393207 n-d-852086-4 devstack@placement-api.service[108436]: DEBUG placement.requestlog [req-a8911f82-68f9-4d3a-aa6a-a984caa6c436 req-afffbca7-72d4-4627-9887-d69c8749082a None None] Starting request: 10.222.0.65 "GET /placement/allocations/b30daa18-737a-4707-abe7-11c1b202c013" {{(pid=108436) __call__ /opt/stack/placement/placement/requestlog.py:55}}
Aug 26 16:24:25.427401 n-d-852086-4 devstack@placement-api.service[108436]: INFO placement.requestlog [req-a8911f82-68f9-4d3a-aa6a-a984caa6c436 req-afffbca7-72d4-4627-9887-d69c8749082a service placement] 10.222.0.65 "GET /placement/allocations/b30daa18-737a-4707-abe7-11c1b202c013" status: 200 len: 259 microversion: 1.28
Aug 26 16:24:25.432562 n-d-852086-4 devstack@placement-api.service[108436]: [pid: 108436|app: 0|req: 305/607] 10.222.0.65 () {60 vars in 1377 bytes} [Fri Aug 26 16:24:25 2022] GET /placement/allocations/b30daa18-737a-4707-abe7-11c1b202c013 => generated 259 bytes in 40 msecs (HTTP/1.1 200) 8 headers in 296 bytes (1 switches on core 0)
Aug 26 16:24:25.448955 n-d-852086-4 devstack@placement-api.service[108437]: DEBUG placement.requestlog [req-a8911f82-68f9-4d3a-aa6a-a984caa6c436 req-e63d7302-6a61-4467-95f7-2e59c758fe6a None None] Starting request: 10.222.0.65 "GET /placement/allocations/d1291fd8-fb2b-4f96-9bc7-81be5a0bcb9f" {{(pid=108437) __call__ /opt/stack/placement/placement/requestlog.py:55}}
Aug 26 16:24:25.480621 n-d-852086-4 devstack@placement-api.service[108437]: INFO placement.requestlog [req-a8911f82-68f9-4d3a-aa6a-a984caa6c436 req-e63d7302-6a61-4467-95f7-2e59c758fe6a service placement] 10.222.0.65 "GET /placement/allocations/d1291fd8-fb2b-4f96-9bc7-81be5a0bcb9f" status: 200 len: 259 microversion: 1.28
Aug 26 16:24:25.487116 n-d-852086-4 devstack@placement-api.service[108437]: [pid: 108437|app: 0|req: 303/608] 10.222.0.65 () {60 vars in 1377 bytes} [Fri Aug 26 16:24:25 2022] GET /placement/allocations/d1291fd8-fb2b-4f96-9bc7-81be5a0bcb9f => generated 259 bytes in 38 msecs (HTTP/1.1 200) 8 headers in 296 bytes (1 switches on core 0)
Aug 26 16:24:25.490427 n-d-852086-4 devstack@placement-api.service[108436]: DEBUG placement.requestlog [req-a8911f82-68f9-4d3a-aa6a-a984caa6c436 req-a24a7e87-a2aa-4c5c-992b-2723ca0d168b None None] Starting request: 10.222.0.65 "GET /placement/allocations/04017884-ed5d-46fb-b8ce-512491452224" {{(pid=108436) __call__ /opt/stack/placement/placement/requestlog.py:55}}
Aug 26 16:24:25.537807 n-d-852086-4 devstack@placement-api.service[108436]: INFO placement.requestlog [req-a8911f82-68f9-4d3a-aa6a-a984caa6c436 req-a24a7e87-a2aa-4c5c-992b-2723ca0d168b service placement] 10.222.0.65 "GET /placement/allocations/04017884-ed5d-46fb-b8ce-512491452224" status: 200 len: 259 microversion: 1.28
Aug 26 16:24:25.538909 n-d-852086-4 devstack@placement-api.service[108436]: [pid: 108436|app: 0|req: 306/609] 10.222.0.65 () {60 vars in 1377 bytes} [Fri Aug 26 16:24:25 2022] GET /placement/allocations/04017884-ed5d-46fb-b8ce-512491452224 => generated 259 bytes in 49 msecs (HTTP/1.1 200) 8 headers in 296 bytes (1 switches on core 0)
Aug 26 16:24:26.133962 n-d-852086-4 devstack@placement-api.service[108437]: DEBUG placement.requestlog [req-f4f76837-115a-44a1-b157-91671933439e req-90699bdc-690b-499d-8bc6-4de40b01a91e None None] Starting request: 10.222.0.70 "GET /placement/allocations/caa20098-841d-4a41-991d-6e88d3e8a1c9" {{(pid=108437) __call__ /opt/stack/placement/placement/requestlog.py:55}}
Aug 26 16:24:26.172407 n-d-852086-4 devstack@placement-api.service[108437]: INFO placement.requestlog [req-f4f76837-115a-44a1-b157-91671933439e req-90699bdc-690b-499d-8bc6-4de40b01a91e service placement] 10.222.0.70 "GET /placement/allocations/caa20098-841d-4a41-991d-6e88d3e8a1c9" status: 200 len: 259 microversion: 1.28
Aug 26 16:24:26.173148 n-d-852086-4 devstack@placement-api.service[108437]: [pid: 108437|app: 0|req: 304/610] 10.222.0.70 () {60 vars in 1377 bytes} [Fri Aug 26 16:24:26 2022] GET /placement/allocations/caa20098-841d-4a41-991d-6e88d3e8a1c9 => generated 259 bytes in 39 msecs (HTTP/1.1 200) 8 headers in 296 bytes (2 switches on core 0)
Aug 26 16:24:26.555438 n-d-852086-4 devstack@placement-api.service[108436]: DEBUG placement.requestlog [req-18ea4383-beba-41a1-8915-4b66ab5c0ff0 req-2e92a7b9-06c2-4345-b78f-8169bfeb668c None None] Starting request: 10.222.0.65 "GET /placement/resource_providers/146ae1f2-c695-405d-84c8-7c7a7468dd86/allocations" {{(pid=108436) __call__ /opt/stack/placement/placement/requestlog.py:55}}
Aug 26 16:24:26.605761 n-d-852086-4 devstack@placement-api.service[108436]: INFO placement.requestlog [req-18ea4383-beba-41a1-8915-4b66ab5c0ff0 req-2e92a7b9-06c2-4345-b78f-8169bfeb668c service placement] 10.222.0.65 "GET /placement/resource_providers/146ae1f2-c695-405d-84c8-7c7a7468dd86/allocations" status: 200 len: 861 microversion: 1.0
Aug 26 16:24:26.607893 n-d-852086-4 devstack@placement-api.service[108436]: [pid: 108436|app: 0|req: 307/611] 10.222.0.65 () {58 vars in 1390 bytes} [Fri Aug 26 16:24:26 2022] GET /placement/resource_providers/146ae1f2-c695-405d-84c8-7c7a7468dd86/allocations => generated 861 bytes in 53 msecs (HTTP/1.1 200) 6 headers in 224 bytes (1 switches on core 0)
Aug 26 16:24:26.670269 n-d-852086-4 devstack@placement-api.service[108437]: DEBUG placement.requestlog [req-f4f76837-115a-44a1-b157-91671933439e req-89c4b38b-4a25-421d-ac23-26bc5656fc36 None None] Starting request: 10.222.0.70 "GET /placement/resource_providers/383df638-adb7-4a6c-9216-a89ecc0cf235/allocations" {{(pid=108437) __call__ /opt/stack/placement/placement/requestlog.py:55}}
Aug 26 16:24:26.712734 n-d-852086-4 devstack@placement-api.service[108437]: INFO placement.requestlog [req-f4f76837-115a-44a1-b157-91671933439e req-89c4b38b-4a25-421d-ac23-26bc5656fc36 service placement] 10.222.0.70 "GET /placement/resource_providers/383df638-adb7-4a6c-9216-a89ecc0cf235/allocations" status: 200 len: 746 microversion: 1.0
Aug 26 16:24:26.713504 n-d-852086-4 devstack@placement-api.service[108437]: [pid: 108437|app: 0|req: 305/612] 10.222.0.70 () {58 vars in 1390 bytes} [Fri Aug 26 16:24:26 2022] GET /placement/resource_providers/383df638-adb7-4a6c-9216-a89ecc0cf235/allocations => generated 746 bytes in 45 msecs (HTTP/1.1 200) 6 headers in 224 bytes (1 switches on core 0)
Aug 26 16:24:26.722801 n-d-852086-4 devstack@placement-api.service[108436]: DEBUG placement.requestlog [req-f4f76837-115a-44a1-b157-91671933439e req-f95f943f-a9ac-4d00-b7bc-40688c95c3d0 None None] Starting request: 10.222.0.70 "GET /placement/allocations/a85e61dd-1bc6-4dc9-9027-a6dd27ed1f2b" {{(pid=108436) __call__ /opt/stack/placement/placement/requestlog.py:55}}
Aug 26 16:24:26.755437 n-d-852086-4 devstack@placement-api.service[108436]: INFO placement.requestlog [req-f4f76837-115a-44a1-b157-91671933439e req-f95f943f-a9ac-4d00-b7bc-40688c95c3d0 service placement] 10.222.0.70 "GET /placement/allocations/a85e61dd-1bc6-4dc9-9027-a6dd27ed1f2b" status: 200 len: 259 microversion: 1.28
Aug 26 16:24:26.765124 n-d-852086-4 devstack@placement-api.service[108436]: [pid: 108436|app: 0|req: 308/613] 10.222.0.70 () {60 vars in 1377 bytes} [Fri Aug 26 16:24:26 2022] GET /placement/allocations/a85e61dd-1bc6-4dc9-9027-a6dd27ed1f2b => generated 259 bytes in 38 msecs (HTTP/1.1 200) 8 headers in 296 bytes (1 switches on core 0)
Aug 26 16:24:26.769767 n-d-852086-4 devstack@placement-api.service[108437]: DEBUG placement.requestlog [req-f4f76837-115a-44a1-b157-91671933439e req-a9cf282c-5bcf-4fb4-a18f-892dce7d1a2f None None] Starting request: 10.222.0.70 "GET /placement/allocations/c6c20244-269a-41a0-a2a7-c8598a2ef8dc" {{(pid=108437) __call__ /opt/stack/placement/placement/requestlog.py:55}}
Aug 26 16:24:26.804600 n-d-852086-4 devstack@placement-api.service[108437]: INFO placement.requestlog [req-f4f76837-115a-44a1-b157-91671933439e req-a9cf282c-5bcf-4fb4-a18f-892dce7d1a2f service placement] 10.222.0.70 "GET /placement/allocations/c6c20244-269a-41a0-a2a7-c8598a2ef8dc" status: 200 len: 259 microversion: 1.28
Aug 26 16:24:26.805012 n-d-852086-4 devstack@placement-api.service[108437]: [pid: 108437|app: 0|req: 306/614] 10.222.0.70 () {60 vars in 1377 bytes} [Fri Aug 26 16:24:26 2022] GET /placement/allocations/c6c20244-269a-41a0-a2a7-c8598a2ef8dc => generated 259 bytes in 36 msecs (HTTP/1.1 200) 8 headers in 296 bytes (1 switches on core 0)
Aug 26 16:24:26.815188 n-d-852086-4 devstack@placement-api.service[108436]: DEBUG placement.requestlog [req-f4f76837-115a-44a1-b157-91671933439e req-144e8533-4a37-408c-9306-7cd91582f268 None None] Starting request: 10.222.0.70 "GET /placement/allocations/5ced3fef-a506-4f6f-9acf-00200928a547" {{(pid=108436) __call__ /opt/stack/placement/placement/requestlog.py:55}}
Aug 26 16:24:26.843623 n-d-852086-4 devstack@placement-api.service[108437]: DEBUG placement.requestlog [req-18ea4383-beba-41a1-8915-4b66ab5c0ff0 req-531b4139-4a2f-4359-82ac-64c33afe9307 None None] Starting request: 10.222.0.65 "GET /placement/resource_providers/146ae1f2-c695-405d-84c8-7c7a7468dd86/allocations" {{(pid=108437) __call__ /opt/stack/placement/placement/requestlog.py:55}}
Aug 26 16:24:26.857674 n-d-852086-4 devstack@placement-api.service[108436]: INFO placement.requestlog [req-f4f76837-115a-44a1-b157-91671933439e req-144e8533-4a37-408c-9306-7cd91582f268 service placement] 10.222.0.70 "GET /placement/allocations/5ced3fef-a506-4f6f-9acf-00200928a547" status: 200 len: 259 microversion: 1.28
Aug 26 16:24:26.865540 n-d-852086-4 devstack@placement-api.service[108436]: [pid: 108436|app: 0|req: 309/615] 10.222.0.70 () {60 vars in 1377 bytes} [Fri Aug 26 16:24:26 2022] GET /placement/allocations/5ced3fef-a506-4f6f-9acf-00200928a547 => generated 259 bytes in 51 msecs (HTTP/1.1 200) 8 headers in 296 bytes (1 switches on core 0)
Aug 26 16:24:26.874931 n-d-852086-4 devstack@placement-api.service[108436]: DEBUG placement.requestlog [req-f4f76837-115a-44a1-b157-91671933439e req-6d1e7939-715e-44e5-8eee-57b6b7325099 None None] Starting request: 10.222.0.70 "GET /placement/allocations/11490f3d-f1bb-4e0b-a30c-1487d005dfc9" {{(pid=108436) __call__ /opt/stack/placement/placement/requestlog.py:55}}
Aug 26 16:24:26.923102 n-d-852086-4 devstack@placement-api.service[108436]: INFO placement.requestlog [req-f4f76837-115a-44a1-b157-91671933439e req-6d1e7939-715e-44e5-8eee-57b6b7325099 service placement] 10.222.0.70 "GET /placement/allocations/11490f3d-f1bb-4e0b-a30c-1487d005dfc9" status: 200 len: 245 microversion: 1.28
Aug 26 16:24:26.924347 n-d-852086-4 devstack@placement-api.service[108436]: [pid: 108436|app: 0|req: 310/616] 10.222.0.70 () {60 vars in 1377 bytes} [Fri Aug 26 16:24:26 2022] GET /placement/allocations/11490f3d-f1bb-4e0b-a30c-1487d005dfc9 => generated 245 bytes in 50 msecs (HTTP/1.1 200) 8 headers in 296 bytes (2 switches on core 0)
Aug 26 16:24:26.924549 n-d-852086-4 devstack@placement-api.service[108437]: INFO placement.requestlog [req-18ea4383-beba-41a1-8915-4b66ab5c0ff0 req-531b4139-4a2f-4359-82ac-64c33afe9307 service placement] 10.222.0.65 "GET /placement/resource_providers/146ae1f2-c695-405d-84c8-7c7a7468dd86/allocations" status: 200 len: 861 microversion: 1.0
Aug 26 16:24:26.924788 n-d-852086-4 devstack@placement-api.service[108437]: [pid: 108437|app: 0|req: 307/617] 10.222.0.65 () {58 vars in 1390 bytes} [Fri Aug 26 16:24:26 2022] GET /placement/resource_providers/146ae1f2-c695-405d-84c8-7c7a7468dd86/allocations => generated 861 bytes in 81 msecs (HTTP/1.1 200) 6 headers in 224 bytes (2 switches on core 0)
Aug 26 16:24:26.931321 n-d-852086-4 devstack@placement-api.service[108436]: DEBUG placement.requestlog [req-f4f76837-115a-44a1-b157-91671933439e req-416d1ba1-fc79-4c1f-952a-48c7a8ba0f23 None None] Starting request: 10.222.0.70 "GET /placement/allocations/c03fee0b-1d6c-4255-974b-2447fb090fad" {{(pid=108436) __call__ /opt/stack/placement/placement/requestlog.py:55}}
Aug 26 16:24:26.937175 n-d-852086-4 devstack@placement-api.service[108437]: DEBUG placement.requestlog [req-18ea4383-beba-41a1-8915-4b66ab5c0ff0 req-bf674f67-8a21-4bc1-b63e-9290fba91935 None None] Starting request: 10.222.0.65 "GET /placement/allocations/8eb3d25d-ad83-4efb-9071-89939b9b8ad3" {{(pid=108437) __call__ /opt/stack/placement/placement/requestlog.py:55}}
Aug 26 16:24:26.963469 n-d-852086-4 devstack@placement-api.service[108436]: INFO placement.requestlog [req-f4f76837-115a-44a1-b157-91671933439e req-416d1ba1-fc79-4c1f-952a-48c7a8ba0f23 service placement] 10.222.0.70 "GET /placement/allocations/c03fee0b-1d6c-4255-974b-2447fb090fad" status: 200 len: 259 microversion: 1.28
Aug 26 16:24:26.964284 n-d-852086-4 devstack@placement-api.service[108436]: [pid: 108436|app: 0|req: 311/618] 10.222.0.70 () {60 vars in 1377 bytes} [Fri Aug 26 16:24:26 2022] GET /placement/allocations/c03fee0b-1d6c-4255-974b-2447fb090fad => generated 259 bytes in 33 msecs (HTTP/1.1 200) 8 headers in 296 bytes (2 switches on core 0)
Aug 26 16:24:26.972147 n-d-852086-4 devstack@placement-api.service[108436]: DEBUG placement.requestlog [req-f4f76837-115a-44a1-b157-91671933439e req-1387b3b9-a82d-405f-9a2e-a7faca26e02a None None] Starting request: 10.222.0.70 "GET /placement/allocations/dd26de99-4631-49b7-8ba8-37ccb2fbd01c" {{(pid=108436) __call__ /opt/stack/placement/placement/requestlog.py:55}}
Aug 26 16:24:26.975419 n-d-852086-4 devstack@placement-api.service[108437]: INFO placement.requestlog [req-18ea4383-beba-41a1-8915-4b66ab5c0ff0 req-bf674f67-8a21-4bc1-b63e-9290fba91935 service placement] 10.222.0.65 "GET /placement/allocations/8eb3d25d-ad83-4efb-9071-89939b9b8ad3" status: 200 len: 259 microversion: 1.28
Aug 26 16:24:26.977683 n-d-852086-4 devstack@placement-api.service[108437]: [pid: 108437|app: 0|req: 308/619] 10.222.0.65 () {60 vars in 1377 bytes} [Fri Aug 26 16:24:26 2022] GET /placement/allocations/8eb3d25d-ad83-4efb-9071-89939b9b8ad3 => generated 259 bytes in 39 msecs (HTTP/1.1 200) 8 headers in 296 bytes (2 switches on core 0)
Aug 26 16:24:26.985300 n-d-852086-4 devstack@placement-api.service[108437]: DEBUG placement.requestlog [req-18ea4383-beba-41a1-8915-4b66ab5c0ff0 req-96d036a4-a233-4f18-999e-ca04cbedf23f None None] Starting request: 10.222.0.65 "GET /placement/allocations/1408a10c-a758-42c6-bd94-71efbbf7505d" {{(pid=108437) __call__ /opt/stack/placement/placement/requestlog.py:55}}
Aug 26 16:24:26.989293 n-d-852086-4 devstack@placement-api.service[108436]: INFO placement.requestlog [req-f4f76837-115a-44a1-b157-91671933439e req-1387b3b9-a82d-405f-9a2e-a7faca26e02a service placement] 10.222.0.70 "GET /placement/allocations/dd26de99-4631-49b7-8ba8-37ccb2fbd01c" status: 200 len: 259 microversion: 1.28
Aug 26 16:24:26.990015 n-d-852086-4 devstack@placement-api.service[108436]: [pid: 108436|app: 0|req: 312/620] 10.222.0.70 () {60 vars in 1377 bytes} [Fri Aug 26 16:24:26 2022] GET /placement/allocations/dd26de99-4631-49b7-8ba8-37ccb2fbd01c => generated 259 bytes in 18 msecs (HTTP/1.1 200) 8 headers in 296 bytes (2 switches on core 0)
Aug 26 16:24:26.997685 n-d-852086-4 devstack@placement-api.service[108436]: DEBUG placement.requestlog [req-f4f76837-115a-44a1-b157-91671933439e req-50ebe02e-ee02-41be-af1a-c23aceb648bb None None] Starting request: 10.222.0.70 "GET /placement/allocations/caa20098-841d-4a41-991d-6e88d3e8a1c9" {{(pid=108436) __call__ /opt/stack/placement/placement/requestlog.py:55}}
Aug 26 16:24:27.021306 n-d-852086-4 devstack@placement-api.service[108436]: INFO placement.requestlog [req-f4f76837-115a-44a1-b157-91671933439e req-50ebe02e-ee02-41be-af1a-c23aceb648bb service placement] 10.222.0.70 "GET /placement/allocations/caa20098-841d-4a41-991d-6e88d3e8a1c9" status: 200 len: 259 microversion: 1.28
Aug 26 16:24:27.022135 n-d-852086-4 devstack@placement-api.service[108436]: [pid: 108436|app: 0|req: 313/621] 10.222.0.70 () {60 vars in 1377 bytes} [Fri Aug 26 16:24:26 2022] GET /placement/allocations/caa20098-841d-4a41-991d-6e88d3e8a1c9 => generated 259 bytes in 25 msecs (HTTP/1.1 200) 8 headers in 296 bytes (2 switches on core 0)
Aug 26 16:24:27.025495 n-d-852086-4 devstack@placement-api.service[108437]: INFO placement.requestlog [req-18ea4383-beba-41a1-8915-4b66ab5c0ff0 req-96d036a4-a233-4f18-999e-ca04cbedf23f service placement] 10.222.0.65 "GET /placement/allocations/1408a10c-a758-42c6-bd94-71efbbf7505d" status: 200 len: 259 microversion: 1.28
Aug 26 16:24:27.026186 n-d-852086-4 devstack@placement-api.service[108437]: [pid: 108437|app: 0|req: 309/622] 10.222.0.65 () {60 vars in 1377 bytes} [Fri Aug 26 16:24:26 2022] GET /placement/allocations/1408a10c-a758-42c6-bd94-71efbbf7505d => generated 259 bytes in 42 msecs (HTTP/1.1 200) 8 headers in 296 bytes (2 switches on core 0)
Aug 26 16:24:27.038381 n-d-852086-4 devstack@placement-api.service[108436]: DEBUG placement.requestlog [req-18ea4383-beba-41a1-8915-4b66ab5c0ff0 req-d4f9429d-6cda-4bfd-b84b-e78e80574370 None None] Starting request: 10.222.0.65 "GET /placement/allocations/1a6a82f7-ae29-4557-b6c7-5b33314df5fc" {{(pid=108436) __call__ /opt/stack/placement/placement/requestlog.py:55}}
Aug 26 16:24:27.063407 n-d-852086-4 devstack@placement-api.service[108436]: INFO placement.requestlog [req-18ea4383-beba-41a1-8915-4b66ab5c0ff0 req-d4f9429d-6cda-4bfd-b84b-e78e80574370 service placement] 10.222.0.65 "GET /placement/allocations/1a6a82f7-ae29-4557-b6c7-5b33314df5fc" status: 200 len: 259 microversion: 1.28
Aug 26 16:24:27.063947 n-d-852086-4 devstack@placement-api.service[108436]: [pid: 108436|app: 0|req: 314/623] 10.222.0.65 () {60 vars in 1377 bytes} [Fri Aug 26 16:24:27 2022] GET /placement/allocations/1a6a82f7-ae29-4557-b6c7-5b33314df5fc => generated 259 bytes in 26 msecs (HTTP/1.1 200) 8 headers in 296 bytes (1 switches on core 0)
Aug 26 16:24:27.072601 n-d-852086-4 devstack@placement-api.service[108437]: DEBUG placement.requestlog [req-18ea4383-beba-41a1-8915-4b66ab5c0ff0 req-45c1f27c-3075-498b-8419-cbd3f304d7c4 None None] Starting request: 10.222.0.65 "GET /placement/allocations/139827d1-7b21-4d53-b9fb-7c7ad0a161a2" {{(pid=108437) __call__ /opt/stack/placement/placement/requestlog.py:55}}
Aug 26 16:24:27.107108 n-d-852086-4 devstack@placement-api.service[108437]: INFO placement.requestlog [req-18ea4383-beba-41a1-8915-4b66ab5c0ff0 req-45c1f27c-3075-498b-8419-cbd3f304d7c4 service placement] 10.222.0.65 "GET /placement/allocations/139827d1-7b21-4d53-b9fb-7c7ad0a161a2" status: 200 len: 259 microversion: 1.28
Aug 26 16:24:27.107794 n-d-852086-4 devstack@placement-api.service[108437]: [pid: 108437|app: 0|req: 310/624] 10.222.0.65 () {60 vars in 1377 bytes} [Fri Aug 26 16:24:27 2022] GET /placement/allocations/139827d1-7b21-4d53-b9fb-7c7ad0a161a2 => generated 259 bytes in 36 msecs (HTTP/1.1 200) 8 headers in 296 bytes (1 switches on core 0)
Aug 26 16:24:27.227230 n-d-852086-4 devstack@placement-api.service[108436]: DEBUG placement.requestlog [req-18ea4383-beba-41a1-8915-4b66ab5c0ff0 req-d3715449-3750-492a-a0c6-92fee0cf0c4d None None] Starting request: 10.222.0.65 "GET /placement/allocations/73f7e688-f11e-43c7-bd5a-580cb09edea9" {{(pid=108436) __call__ /opt/stack/placement/placement/requestlog.py:55}}
Aug 26 16:24:27.255403 n-d-852086-4 devstack@placement-api.service[108436]: INFO placement.requestlog [req-18ea4383-beba-41a1-8915-4b66ab5c0ff0 req-d3715449-3750-492a-a0c6-92fee0cf0c4d service placement] 10.222.0.65 "GET /placement/allocations/73f7e688-f11e-43c7-bd5a-580cb09edea9" status: 200 len: 259 microversion: 1.28
Aug 26 16:24:27.255728 n-d-852086-4 devstack@placement-api.service[108436]: [pid: 108436|app: 0|req: 315/625] 10.222.0.65 () {60 vars in 1377 bytes} [Fri Aug 26 16:24:27 2022] GET /placement/allocations/73f7e688-f11e-43c7-bd5a-580cb09edea9 => generated 259 bytes in 29 msecs (HTTP/1.1 200) 8 headers in 296 bytes (1 switches on core 0)
Aug 26 16:24:27.265785 n-d-852086-4 devstack@placement-api.service[108437]: DEBUG placement.requestlog [req-18ea4383-beba-41a1-8915-4b66ab5c0ff0 req-0a750a29-c8e3-4774-8d93-8d2f7270f73d None None] Starting request: 10.222.0.65 "GET /placement/allocations/b30daa18-737a-4707-abe7-11c1b202c013" {{(pid=108437) __call__ /opt/stack/placement/placement/requestlog.py:55}}
Aug 26 16:24:27.298298 n-d-852086-4 devstack@placement-api.service[108437]: INFO placement.requestlog [req-18ea4383-beba-41a1-8915-4b66ab5c0ff0 req-0a750a29-c8e3-4774-8d93-8d2f7270f73d service placement] 10.222.0.65 "GET /placement/allocations/b30daa18-737a-4707-abe7-11c1b202c013" status: 200 len: 259 microversion: 1.28
Aug 26 16:24:27.298298 n-d-852086-4 devstack@placement-api.service[108437]: [pid: 108437|app: 0|req: 311/626] 10.222.0.65 () {60 vars in 1377 bytes} [Fri Aug 26 16:24:27 2022] GET /placement/allocations/b30daa18-737a-4707-abe7-11c1b202c013 => generated 259 bytes in 32 msecs (HTTP/1.1 200) 8 headers in 296 bytes (1 switches on core 0)
Aug 26 16:24:27.305327 n-d-852086-4 devstack@placement-api.service[108436]: DEBUG placement.requestlog [req-18ea4383-beba-41a1-8915-4b66ab5c0ff0 req-9bd6e58a-2665-4eae-8e11-9756dc4a19e4 None None] Starting request: 10.222.0.65 "GET /placement/allocations/d1291fd8-fb2b-4f96-9bc7-81be5a0bcb9f" {{(pid=108436) __call__ /opt/stack/placement/placement/requestlog.py:55}}
Aug 26 16:24:27.351506 n-d-852086-4 devstack@placement-api.service[108436]: INFO placement.requestlog [req-18ea4383-beba-41a1-8915-4b66ab5c0ff0 req-9bd6e58a-2665-4eae-8e11-9756dc4a19e4 service placement] 10.222.0.65 "GET /placement/allocations/d1291fd8-fb2b-4f96-9bc7-81be5a0bcb9f" status: 200 len: 259 microversion: 1.28
Aug 26 16:24:27.353146 n-d-852086-4 devstack@placement-api.service[108436]: [pid: 108436|app: 0|req: 316/627] 10.222.0.65 () {60 vars in 1377 bytes} [Fri Aug 26 16:24:27 2022] GET /placement/allocations/d1291fd8-fb2b-4f96-9bc7-81be5a0bcb9f => generated 259 bytes in 48 msecs (HTTP/1.1 200) 8 headers in 296 bytes (1 switches on core 0)
Aug 26 16:24:27.361720 n-d-852086-4 devstack@placement-api.service[108437]: DEBUG placement.requestlog [req-18ea4383-beba-41a1-8915-4b66ab5c0ff0 req-299d2a9a-3b7d-4e8e-ab05-9fde6fe0d699 None None] Starting request: 10.222.0.65 "GET /placement/allocations/04017884-ed5d-46fb-b8ce-512491452224" {{(pid=108437) __call__ /opt/stack/placement/placement/requestlog.py:55}}
Aug 26 16:24:27.398903 n-d-852086-4 devstack@placement-api.service[108437]: INFO placement.requestlog [req-18ea4383-beba-41a1-8915-4b66ab5c0ff0 req-299d2a9a-3b7d-4e8e-ab05-9fde6fe0d699 service placement] 10.222.0.65 "GET /placement/allocations/04017884-ed5d-46fb-b8ce-512491452224" status: 200 len: 259 microversion: 1.28
Aug 26 16:24:27.400127 n-d-852086-4 devstack@placement-api.service[108437]: [pid: 108437|app: 0|req: 312/628] 10.222.0.65 () {60 vars in 1377 bytes} [Fri Aug 26 16:24:27 2022] GET /placement/allocations/04017884-ed5d-46fb-b8ce-512491452224 => generated 259 bytes in 39 msecs (HTTP/1.1 200) 8 headers in 296 bytes (1 switches on core 0)
Aug 26 16:24:30.124551 n-d-852086-4 devstack@placement-api.service[108436]: DEBUG placement.requestlog [req-a3b31242-65b4-401a-b4d6-c35006bb3d68 req-5e3b6835-e47b-4fc8-a347-ac998f159432 None None] Starting request: 10.222.0.50 "GET /placement/allocations/d1291fd8-fb2b-4f96-9bc7-81be5a0bcb9f" {{(pid=108436) __call__ /opt/stack/placement/placement/requestlog.py:55}}
Aug 26 16:24:30.160438 n-d-852086-4 devstack@placement-api.service[108436]: INFO placement.requestlog [req-a3b31242-65b4-401a-b4d6-c35006bb3d68 req-5e3b6835-e47b-4fc8-a347-ac998f159432 service placement] 10.222.0.50 "GET /placement/allocations/d1291fd8-fb2b-4f96-9bc7-81be5a0bcb9f" status: 200 len: 259 microversion: 1.28
Aug 26 16:24:30.161239 n-d-852086-4 devstack@placement-api.service[108436]: [pid: 108436|app: 0|req: 317/629] 10.222.0.50 () {60 vars in 1380 bytes} [Fri Aug 26 16:24:30 2022] GET /placement/allocations/d1291fd8-fb2b-4f96-9bc7-81be5a0bcb9f => generated 259 bytes in 37 msecs (HTTP/1.1 200) 8 headers in 296 bytes (1 switches on core 0)
Aug 26 16:24:30.174707 n-d-852086-4 devstack@placement-api.service[108437]: DEBUG placement.requestlog [req-a3b31242-65b4-401a-b4d6-c35006bb3d68 req-5bf5016a-3940-4652-bd74-ba72fd2e9dc8 None None] Starting request: 10.222.0.50 "GET /placement/allocations/d1291fd8-fb2b-4f96-9bc7-81be5a0bcb9f" {{(pid=108437) __call__ /opt/stack/placement/placement/requestlog.py:55}}
Aug 26 16:24:30.209566 n-d-852086-4 devstack@placement-api.service[108437]: INFO placement.requestlog [req-a3b31242-65b4-401a-b4d6-c35006bb3d68 req-5bf5016a-3940-4652-bd74-ba72fd2e9dc8 service placement] 10.222.0.50 "GET /placement/allocations/d1291fd8-fb2b-4f96-9bc7-81be5a0bcb9f" status: 200 len: 259 microversion: 1.28
Aug 26 16:24:30.209566 n-d-852086-4 devstack@placement-api.service[108437]: [pid: 108437|app: 0|req: 313/630] 10.222.0.50 () {60 vars in 1380 bytes} [Fri Aug 26 16:24:30 2022] GET /placement/allocations/d1291fd8-fb2b-4f96-9bc7-81be5a0bcb9f => generated 259 bytes in 39 msecs (HTTP/1.1 200) 8 headers in 296 bytes (1 switches on core 0)
Aug 26 16:24:30.218135 n-d-852086-4 devstack@placement-api.service[108436]: DEBUG placement.requestlog [req-a3b31242-65b4-401a-b4d6-c35006bb3d68 req-2f01b327-d5a0-40db-9727-25b8db4a13cd None None] Starting request: 10.222.0.50 "GET /placement/allocations/830f0ce0-906f-4cbb-8eb8-761483c08228" {{(pid=108436) __call__ /opt/stack/placement/placement/requestlog.py:55}}
Aug 26 16:24:30.258000 n-d-852086-4 devstack@placement-api.service[108436]: INFO placement.requestlog [req-a3b31242-65b4-401a-b4d6-c35006bb3d68 req-2f01b327-d5a0-40db-9727-25b8db4a13cd service placement] 10.222.0.50 "GET /placement/allocations/830f0ce0-906f-4cbb-8eb8-761483c08228" status: 200 len: 19 microversion: 1.28
Aug 26 16:24:30.258636 n-d-852086-4 devstack@placement-api.service[108436]: [pid: 108436|app: 0|req: 318/631] 10.222.0.50 () {60 vars in 1380 bytes} [Fri Aug 26 16:24:30 2022] GET /placement/allocations/830f0ce0-906f-4cbb-8eb8-761483c08228 => generated 19 bytes in 41 msecs (HTTP/1.1 200) 8 headers in 295 bytes (1 switches on core 0)
Aug 26 16:24:30.283510 n-d-852086-4 devstack@placement-api.service[108437]: DEBUG placement.requestlog [req-a3b31242-65b4-401a-b4d6-c35006bb3d68 req-c0c5383f-60e9-44d6-80ce-a201af4290e9 None None] Starting request: 10.222.0.50 "POST /placement/allocations" {{(pid=108437) __call__ /opt/stack/placement/placement/requestlog.py:55}}
Aug 26 16:24:30.621358 n-d-852086-4 devstack@placement-api.service[108437]: DEBUG placement.handlers.allocation [req-a3b31242-65b4-401a-b4d6-c35006bb3d68 req-c0c5383f-60e9-44d6-80ce-a201af4290e9 service placement] Successfully wrote allocations [, , , , , ] {{(pid=108437) _update_consumers_and_create_allocations /opt/stack/placement/placement/handlers/allocation.py:572}}
Aug 26 16:24:30.732178 n-d-852086-4 devstack@placement-api.service[108437]: INFO placement.requestlog [req-a3b31242-65b4-401a-b4d6-c35006bb3d68 req-c0c5383f-60e9-44d6-80ce-a201af4290e9 service placement] 10.222.0.50 "POST /placement/allocations" status: 204 len: 0 microversion: 1.28
Aug 26 16:24:30.737719 n-d-852086-4 devstack@placement-api.service[108437]: [pid: 108437|app: 0|req: 314/632] 10.222.0.50 () {64 vars in 1323 bytes} [Fri Aug 26 16:24:30 2022] POST /placement/allocations => generated 0 bytes in 455 msecs (HTTP/1.1 204) 5 headers in 199 bytes (1 switches on core 0)
Aug 26 16:24:30.797118 n-d-852086-4 devstack@placement-api.service[108436]: DEBUG placement.requestlog [req-a3b31242-65b4-401a-b4d6-c35006bb3d68 req-8ead7d29-07ce-4da7-88dc-42eb6244a02c None None] Starting request: 10.222.0.50 "GET /placement/allocations/d1291fd8-fb2b-4f96-9bc7-81be5a0bcb9f" {{(pid=108436) __call__ /opt/stack/placement/placement/requestlog.py:55}}
Aug 26 16:24:30.821661 n-d-852086-4 devstack@placement-api.service[108436]: INFO placement.requestlog [req-a3b31242-65b4-401a-b4d6-c35006bb3d68 req-8ead7d29-07ce-4da7-88dc-42eb6244a02c service placement] 10.222.0.50 "GET /placement/allocations/d1291fd8-fb2b-4f96-9bc7-81be5a0bcb9f" status: 200 len: 19 microversion: 1.28
Aug 26 16:24:30.822834 n-d-852086-4 devstack@placement-api.service[108436]: [pid: 108436|app: 0|req: 319/633] 10.222.0.50 () {60 vars in 1380 bytes} [Fri Aug 26 16:24:30 2022] GET /placement/allocations/d1291fd8-fb2b-4f96-9bc7-81be5a0bcb9f => generated 19 bytes in 26 msecs (HTTP/1.1 200) 8 headers in 295 bytes (1 switches on core 0)
Aug 26 16:24:30.828092 n-d-852086-4 devstack@placement-api.service[108437]: DEBUG placement.requestlog [req-a3b31242-65b4-401a-b4d6-c35006bb3d68 req-d442d174-7036-43fa-91ce-916e8f396f3d None None] Starting request: 10.222.0.50 "PUT /placement/allocations/d1291fd8-fb2b-4f96-9bc7-81be5a0bcb9f" {{(pid=108437) __call__ /opt/stack/placement/placement/requestlog.py:55}}
Aug 26 16:24:30.888746 n-d-852086-4 devstack@placement-api.service[108437]: DEBUG dbcounter [-] [108437] Writing DB stats placement:SELECT=89,placement:DELETE=4,placement:INSERT=4,placement:UPDATE=3 {{(pid=108437) stat_writer /usr/local/lib/python3.8/dist-packages/dbcounter.py:114}}
Aug 26 16:24:31.029093 n-d-852086-4 devstack@placement-api.service[108437]: DEBUG placement.handlers.allocation [req-a3b31242-65b4-401a-b4d6-c35006bb3d68 req-d442d174-7036-43fa-91ce-916e8f396f3d service placement] Successfully wrote allocations [, , ] {{(pid=108437) _update_consumers_and_create_allocations /opt/stack/placement/placement/handlers/allocation.py:462}}
Aug 26 16:24:31.113956 n-d-852086-4 devstack@placement-api.service[108437]: INFO placement.requestlog [req-a3b31242-65b4-401a-b4d6-c35006bb3d68 req-d442d174-7036-43fa-91ce-916e8f396f3d service placement] 10.222.0.50 "PUT /placement/allocations/d1291fd8-fb2b-4f96-9bc7-81be5a0bcb9f" status: 204 len: 0 microversion: 1.28
Aug 26 16:24:31.114662 n-d-852086-4 devstack@placement-api.service[108437]: [pid: 108437|app: 0|req: 315/634] 10.222.0.50 () {64 vars in 1433 bytes} [Fri Aug 26 16:24:30 2022] PUT /placement/allocations/d1291fd8-fb2b-4f96-9bc7-81be5a0bcb9f => generated 0 bytes in 287 msecs (HTTP/1.1 204) 5 headers in 199 bytes (1 switches on core 0)
Aug 26 16:24:31.360099 n-d-852086-4 devstack@placement-api.service[108436]: DEBUG placement.requestlog [req-a3b31242-65b4-401a-b4d6-c35006bb3d68 req-e2539d4a-23f9-4033-87e9-d5d38dc3256c None None] Starting request: 10.222.0.70 "GET /placement/allocations/d1291fd8-fb2b-4f96-9bc7-81be5a0bcb9f" {{(pid=108436) __call__ /opt/stack/placement/placement/requestlog.py:55}}
Aug 26 16:24:31.384361 n-d-852086-4 devstack@placement-api.service[108436]: DEBUG dbcounter [-] [108436] Writing DB stats placement:SELECT=100 {{(pid=108436) stat_writer /usr/local/lib/python3.8/dist-packages/dbcounter.py:114}}
Aug 26 16:24:31.391978 n-d-852086-4 devstack@placement-api.service[108436]: INFO placement.requestlog [req-a3b31242-65b4-401a-b4d6-c35006bb3d68 req-e2539d4a-23f9-4033-87e9-d5d38dc3256c service placement] 10.222.0.70 "GET /placement/allocations/d1291fd8-fb2b-4f96-9bc7-81be5a0bcb9f" status: 200 len: 259 microversion: 1.28
Aug 26 16:24:31.391978 n-d-852086-4 devstack@placement-api.service[108436]: [pid: 108436|app: 0|req: 320/635] 10.222.0.70 () {60 vars in 1377 bytes} [Fri Aug 26 16:24:31 2022] GET /placement/allocations/d1291fd8-fb2b-4f96-9bc7-81be5a0bcb9f => generated 259 bytes in 31 msecs (HTTP/1.1 200) 8 headers in 296 bytes (1 switches on core 0)
Aug 26 16:24:37.601548 n-d-852086-4 devstack@placement-api.service[108437]: DEBUG placement.requestlog [req-8f3152f4-c8b9-41ca-ba38-9ec04f6b45de req-fa59e1bd-a001-4075-bf57-a918e2f1765c None None] Starting request: 10.222.0.50 "GET /placement/allocation_candidates?limit=1000&resources=DISK_GB%3A1%2CMEMORY_MB%3A1024%2CVCPU%3A1&root_required=%21COMPUTE_STATUS_DISABLED" {{(pid=108437) __call__ /opt/stack/placement/placement/requestlog.py:55}}
Aug 26 16:24:37.660364 n-d-852086-4 devstack@placement-api.service[108437]: DEBUG placement.objects.research_context [req-8f3152f4-c8b9-41ca-ba38-9ec04f6b45de req-fa59e1bd-a001-4075-bf57-a918e2f1765c service placement] getting providers with 1 DISK_GB {{(pid=108437) __init__ /opt/stack/placement/placement/objects/research_context.py:136}}
Aug 26 16:24:37.666873 n-d-852086-4 devstack@placement-api.service[108437]: DEBUG placement.objects.research_context [req-8f3152f4-c8b9-41ca-ba38-9ec04f6b45de req-fa59e1bd-a001-4075-bf57-a918e2f1765c service placement] getting providers with 1024 MEMORY_MB {{(pid=108437) __init__ /opt/stack/placement/placement/objects/research_context.py:136}}
Aug 26 16:24:37.672371 n-d-852086-4 devstack@placement-api.service[108436]: DEBUG placement.requestlog [req-a23ab09b-b338-413b-baeb-233d73c2a5e5 req-1cf48ff6-412c-404b-bde3-9b298accc01b None None] Starting request: 10.222.0.70 "GET /placement/resource_providers/383df638-adb7-4a6c-9216-a89ecc0cf235/allocations" {{(pid=108436) __call__ /opt/stack/placement/placement/requestlog.py:55}}
Aug 26 16:24:37.683630 n-d-852086-4 devstack@placement-api.service[108437]: DEBUG placement.objects.research_context [req-8f3152f4-c8b9-41ca-ba38-9ec04f6b45de req-fa59e1bd-a001-4075-bf57-a918e2f1765c service placement] getting providers with 1 VCPU {{(pid=108437) __init__ /opt/stack/placement/placement/objects/research_context.py:136}}
Aug 26 16:24:37.683630 n-d-852086-4 devstack@placement-api.service[108437]: DEBUG placement.objects.research_context [req-8f3152f4-c8b9-41ca-ba38-9ec04f6b45de req-fa59e1bd-a001-4075-bf57-a918e2f1765c service placement] found 2 providers with available 1 DISK_GB {{(pid=108437) get_provider_ids_matching /opt/stack/placement/placement/objects/research_context.py:563}}
Aug 26 16:24:37.683630 n-d-852086-4 devstack@placement-api.service[108437]: DEBUG placement.objects.research_context [req-8f3152f4-c8b9-41ca-ba38-9ec04f6b45de req-fa59e1bd-a001-4075-bf57-a918e2f1765c service placement] found 2 providers with available 1024 MEMORY_MB {{(pid=108437) get_provider_ids_matching /opt/stack/placement/placement/objects/research_context.py:563}}
Aug 26 16:24:37.683630 n-d-852086-4 devstack@placement-api.service[108437]: DEBUG placement.objects.research_context [req-8f3152f4-c8b9-41ca-ba38-9ec04f6b45de req-fa59e1bd-a001-4075-bf57-a918e2f1765c service placement] found 2 providers after filtering by previous result {{(pid=108437) get_provider_ids_matching /opt/stack/placement/placement/objects/research_context.py:594}}
Aug 26 16:24:37.683630 n-d-852086-4 devstack@placement-api.service[108437]: DEBUG placement.objects.research_context [req-8f3152f4-c8b9-41ca-ba38-9ec04f6b45de req-fa59e1bd-a001-4075-bf57-a918e2f1765c service placement] found 2 providers with available 1 VCPU {{(pid=108437) get_provider_ids_matching /opt/stack/placement/placement/objects/research_context.py:563}}
Aug 26 16:24:37.683630 n-d-852086-4 devstack@placement-api.service[108437]: DEBUG placement.objects.research_context [req-8f3152f4-c8b9-41ca-ba38-9ec04f6b45de req-fa59e1bd-a001-4075-bf57-a918e2f1765c service placement] found 2 providers after filtering by previous result {{(pid=108437) get_provider_ids_matching /opt/stack/placement/placement/objects/research_context.py:594}}
Aug 26 16:24:37.693389 n-d-852086-4 devstack@placement-api.service[108437]: DEBUG placement.objects.allocation_candidate [req-8f3152f4-c8b9-41ca-ba38-9ec04f6b45de req-fa59e1bd-a001-4075-bf57-a918e2f1765c service placement] RequestGroup(use_same_provider=False, resources={DISK_GB:1, MEMORY_MB:1024, VCPU:1}, traits=(), aggregates=[]) (suffix '') returned 2 matches {{(pid=108437) _get_by_requests /opt/stack/placement/placement/objects/allocation_candidate.py:156}}
Aug 26 16:24:37.693789 n-d-852086-4 devstack@placement-api.service[108437]: DEBUG placement.objects.allocation_candidate [req-8f3152f4-c8b9-41ca-ba38-9ec04f6b45de req-fa59e1bd-a001-4075-bf57-a918e2f1765c service placement] Merging candidates yields 2 allocation requests and 2 provider summaries {{(pid=108437) _merge_candidates /opt/stack/placement/placement/objects/allocation_candidate.py:809}}
Aug 26 16:24:37.695328 n-d-852086-4 devstack@placement-api.service[108437]: INFO placement.requestlog [req-8f3152f4-c8b9-41ca-ba38-9ec04f6b45de req-fa59e1bd-a001-4075-bf57-a918e2f1765c service placement] 10.222.0.50 "GET /placement/allocation_candidates?limit=1000&resources=DISK_GB%3A1%2CMEMORY_MB%3A1024%2CVCPU%3A1&root_required=%21COMPUTE_STATUS_DISABLED" status: 200 len: 1309 microversion: 1.36
Aug 26 16:24:37.696220 n-d-852086-4 devstack@placement-api.service[108437]: [pid: 108437|app: 0|req: 316/636] 10.222.0.50 () {60 vars in 1506 bytes} [Fri Aug 26 16:24:37 2022] GET /placement/allocation_candidates?limit=1000&resources=DISK_GB%3A1%2CMEMORY_MB%3A1024%2CVCPU%3A1&root_required=%21COMPUTE_STATUS_DISABLED => generated 1309 bytes in 95 msecs (HTTP/1.1 200) 8 headers in 297 bytes (1 switches on core 0)
Aug 26 16:24:37.751178 n-d-852086-4 devstack@placement-api.service[108436]: INFO placement.requestlog [req-a23ab09b-b338-413b-baeb-233d73c2a5e5 req-1cf48ff6-412c-404b-bde3-9b298accc01b service placement] 10.222.0.70 "GET /placement/resource_providers/383df638-adb7-4a6c-9216-a89ecc0cf235/allocations" status: 200 len: 847 microversion: 1.0
Aug 26 16:24:37.751906 n-d-852086-4 devstack@placement-api.service[108436]: [pid: 108436|app: 0|req: 321/637] 10.222.0.70 () {58 vars in 1390 bytes} [Fri Aug 26 16:24:37 2022] GET /placement/resource_providers/383df638-adb7-4a6c-9216-a89ecc0cf235/allocations => generated 847 bytes in 80 msecs (HTTP/1.1 200) 6 headers in 224 bytes (1 switches on core 0)
Aug 26 16:24:37.759947 n-d-852086-4 devstack@placement-api.service[108437]: DEBUG placement.requestlog [req-a23ab09b-b338-413b-baeb-233d73c2a5e5 req-eeafbe4b-2d67-4810-8627-0f32c28a9c53 None None] Starting request: 10.222.0.70 "GET /placement/allocations/c03fee0b-1d6c-4255-974b-2447fb090fad" {{(pid=108437) __call__ /opt/stack/placement/placement/requestlog.py:55}}
Aug 26 16:24:37.793106 n-d-852086-4 devstack@placement-api.service[108437]: INFO placement.requestlog [req-a23ab09b-b338-413b-baeb-233d73c2a5e5 req-eeafbe4b-2d67-4810-8627-0f32c28a9c53 service placement] 10.222.0.70 "GET /placement/allocations/c03fee0b-1d6c-4255-974b-2447fb090fad" status: 200 len: 259 microversion: 1.28
Aug 26 16:24:37.793995 n-d-852086-4 devstack@placement-api.service[108437]: [pid: 108437|app: 0|req: 317/638] 10.222.0.70 () {60 vars in 1377 bytes} [Fri Aug 26 16:24:37 2022] GET /placement/allocations/c03fee0b-1d6c-4255-974b-2447fb090fad => generated 259 bytes in 34 msecs (HTTP/1.1 200) 8 headers in 296 bytes (1 switches on core 0)
Aug 26 16:24:37.808889 n-d-852086-4 devstack@placement-api.service[108436]: DEBUG placement.requestlog [req-8f3152f4-c8b9-41ca-ba38-9ec04f6b45de req-293dcaad-7009-4c3d-b382-ebd3de7b9341 None None] Starting request: 10.222.0.50 "GET /placement/allocations/2303ba3f-57eb-4cc8-8465-ad7e3009a9f3" {{(pid=108436) __call__ /opt/stack/placement/placement/requestlog.py:55}}
Aug 26 16:24:37.823810 n-d-852086-4 devstack@placement-api.service[108436]: INFO placement.requestlog [req-8f3152f4-c8b9-41ca-ba38-9ec04f6b45de req-293dcaad-7009-4c3d-b382-ebd3de7b9341 service placement] 10.222.0.50 "GET /placement/allocations/2303ba3f-57eb-4cc8-8465-ad7e3009a9f3" status: 200 len: 19 microversion: 1.28
