Aug 29 18:13:07.312584 n-d-852085-6 devstack@placement-api.service[107729]: [pid: 107729|app: 0|req: 549/1113] 10.222.0.57 () {60 vars in 1377 bytes} [Mon Aug 29 18:13:07 2022] GET /placement/allocations/00ed3d86-f189-4a5f-b35f-a1bc54869290 => generated 259 bytes in 30 msecs (HTTP/1.1 200) 8 headers in 296 bytes (1 switches on core 0)
Aug 29 18:13:07.319699 n-d-852085-6 devstack@placement-api.service[107730]: DEBUG placement.requestlog [req-c08031fa-ac61-4c3d-bc00-5203533d860f req-bc8d7554-178c-42fc-b6a9-921280e60e80 None None] Starting request: 10.222.0.57 "GET /placement/allocations/7b18c06e-b8ca-4013-b6f4-f0b65163a8c0" {{(pid=107730) __call__ /opt/stack/placement/placement/requestlog.py:55}}
Aug 29 18:13:07.349454 n-d-852085-6 devstack@placement-api.service[107730]: INFO placement.requestlog [req-c08031fa-ac61-4c3d-bc00-5203533d860f req-bc8d7554-178c-42fc-b6a9-921280e60e80 service placement] 10.222.0.57 "GET /placement/allocations/7b18c06e-b8ca-4013-b6f4-f0b65163a8c0" status: 200 len: 259 microversion: 1.28
Aug 29 18:13:07.350354 n-d-852085-6 devstack@placement-api.service[107730]: [pid: 107730|app: 0|req: 565/1114] 10.222.0.57 () {60 vars in 1377 bytes} [Mon Aug 29 18:13:07 2022] GET /placement/allocations/7b18c06e-b8ca-4013-b6f4-f0b65163a8c0 => generated 259 bytes in 31 msecs (HTTP/1.1 200) 8 headers in 296 bytes (2 switches on core 0)
Aug 29 18:13:08.947214 n-d-852085-6 devstack@placement-api.service[107729]: DEBUG placement.requestlog [req-fb16b60b-6e2a-4835-b9f9-2ed66c880200 req-a48915d3-caee-4e30-904c-f2eebab01379 None None] Starting request: 10.222.0.16 "GET /placement/allocation_candidates?limit=1000&resources=DISK_GB%3A1%2CMEMORY_MB%3A1024%2CVCPU%3A1&root_required=%21COMPUTE_STATUS_DISABLED" {{(pid=107729) __call__ /opt/stack/placement/placement/requestlog.py:55}}
Aug 29 18:13:09.055958 n-d-852085-6 devstack@placement-api.service[107729]: DEBUG placement.objects.research_context [req-fb16b60b-6e2a-4835-b9f9-2ed66c880200 req-a48915d3-caee-4e30-904c-f2eebab01379 service placement] getting providers with 1 DISK_GB {{(pid=107729) __init__ /opt/stack/placement/placement/objects/research_context.py:136}}
Aug 29 18:13:09.067634 n-d-852085-6 devstack@placement-api.service[107729]: DEBUG placement.objects.research_context [req-fb16b60b-6e2a-4835-b9f9-2ed66c880200 req-a48915d3-caee-4e30-904c-f2eebab01379 service placement] getting providers with 1024 MEMORY_MB {{(pid=107729) __init__ /opt/stack/placement/placement/objects/research_context.py:136}}
Aug 29 18:13:09.086981 n-d-852085-6 devstack@placement-api.service[107729]: DEBUG placement.objects.research_context [req-fb16b60b-6e2a-4835-b9f9-2ed66c880200 req-a48915d3-caee-4e30-904c-f2eebab01379 service placement] getting providers with 1 VCPU {{(pid=107729) __init__ /opt/stack/placement/placement/objects/research_context.py:136}}
Aug 29 18:13:09.106440 n-d-852085-6 devstack@placement-api.service[107729]: DEBUG placement.objects.research_context [req-fb16b60b-6e2a-4835-b9f9-2ed66c880200 req-a48915d3-caee-4e30-904c-f2eebab01379 service placement] found 2 providers with available 1 DISK_GB {{(pid=107729) get_provider_ids_matching /opt/stack/placement/placement/objects/research_context.py:563}}
Aug 29 18:13:09.107227 n-d-852085-6 devstack@placement-api.service[107729]: DEBUG placement.objects.research_context [req-fb16b60b-6e2a-4835-b9f9-2ed66c880200 req-a48915d3-caee-4e30-904c-f2eebab01379 service placement] found 2 providers with available 1024 MEMORY_MB {{(pid=107729) get_provider_ids_matching /opt/stack/placement/placement/objects/research_context.py:563}}
Aug 29 18:13:09.107733 n-d-852085-6 devstack@placement-api.service[107729]: DEBUG placement.objects.research_context [req-fb16b60b-6e2a-4835-b9f9-2ed66c880200 req-a48915d3-caee-4e30-904c-f2eebab01379 service placement] found 2 providers after filtering by previous result {{(pid=107729) get_provider_ids_matching /opt/stack/placement/placement/objects/research_context.py:594}}
Aug 29 18:13:09.108253 n-d-852085-6 devstack@placement-api.service[107729]: DEBUG placement.objects.research_context [req-fb16b60b-6e2a-4835-b9f9-2ed66c880200 req-a48915d3-caee-4e30-904c-f2eebab01379 service placement] found 2 providers with available 1 VCPU {{(pid=107729) get_provider_ids_matching /opt/stack/placement/placement/objects/research_context.py:563}}
Aug 29 18:13:09.108764 n-d-852085-6 devstack@placement-api.service[107729]: DEBUG placement.objects.research_context [req-fb16b60b-6e2a-4835-b9f9-2ed66c880200 req-a48915d3-caee-4e30-904c-f2eebab01379 service placement] found 2 providers after filtering by previous result {{(pid=107729) get_provider_ids_matching /opt/stack/placement/placement/objects/research_context.py:594}}
Aug 29 18:13:09.129771 n-d-852085-6 devstack@placement-api.service[107729]: DEBUG placement.objects.allocation_candidate [req-fb16b60b-6e2a-4835-b9f9-2ed66c880200 req-a48915d3-caee-4e30-904c-f2eebab01379 service placement] RequestGroup(use_same_provider=False, resources={DISK_GB:1, MEMORY_MB:1024, VCPU:1}, traits=(), aggregates=[]) (suffix '') returned 2 matches {{(pid=107729) _get_by_requests /opt/stack/placement/placement/objects/allocation_candidate.py:156}}
Aug 29 18:13:09.130489 n-d-852085-6 devstack@placement-api.service[107729]: DEBUG placement.objects.allocation_candidate [req-fb16b60b-6e2a-4835-b9f9-2ed66c880200 req-a48915d3-caee-4e30-904c-f2eebab01379 service placement] Merging candidates yields 2 allocation requests and 2 provider summaries {{(pid=107729) _merge_candidates /opt/stack/placement/placement/objects/allocation_candidate.py:809}}
Aug 29 18:13:09.134482 n-d-852085-6 devstack@placement-api.service[107729]: INFO placement.requestlog [req-fb16b60b-6e2a-4835-b9f9-2ed66c880200 req-a48915d3-caee-4e30-904c-f2eebab01379 service placement] 10.222.0.16 "GET /placement/allocation_candidates?limit=1000&resources=DISK_GB%3A1%2CMEMORY_MB%3A1024%2CVCPU%3A1&root_required=%21COMPUTE_STATUS_DISABLED" status: 200 len: 1309 microversion: 1.36
Aug 29 18:13:09.135994 n-d-852085-6 devstack@placement-api.service[107729]: [pid: 107729|app: 0|req: 550/1115] 10.222.0.16 () {60 vars in 1506 bytes} [Mon Aug 29 18:13:08 2022] GET /placement/allocation_candidates?limit=1000&resources=DISK_GB%3A1%2CMEMORY_MB%3A1024%2CVCPU%3A1&root_required=%21COMPUTE_STATUS_DISABLED => generated 1309 bytes in 189 msecs (HTTP/1.1 200) 8 headers in 297 bytes (1 switches on core 0)
Aug 29 18:13:09.297278 n-d-852085-6 devstack@placement-api.service[107730]: DEBUG placement.requestlog [req-fb16b60b-6e2a-4835-b9f9-2ed66c880200 req-9c4280d5-8471-4325-8b70-8ce62013eb3a None None] Starting request: 10.222.0.16 "GET /placement/allocations/339a8461-d016-4e19-a70d-a1afcec53586" {{(pid=107730) __call__ /opt/stack/placement/placement/requestlog.py:55}}
Aug 29 18:13:09.310832 n-d-852085-6 devstack@placement-api.service[107730]: DEBUG dbcounter [-] [107730] Writing DB stats placement:SELECT=90,placement:INSERT=6,placement:DELETE=2,placement:UPDATE=2 {{(pid=107730) stat_writer /usr/local/lib/python3.8/dist-packages/dbcounter.py:114}}
Aug 29 18:13:09.317603 n-d-852085-6 devstack@placement-api.service[107730]: INFO placement.requestlog [req-fb16b60b-6e2a-4835-b9f9-2ed66c880200 req-9c4280d5-8471-4325-8b70-8ce62013eb3a service placement] 10.222.0.16 "GET /placement/allocations/339a8461-d016-4e19-a70d-a1afcec53586" status: 200 len: 19 microversion: 1.28
Aug 29 18:13:09.321547 n-d-852085-6 devstack@placement-api.service[107730]: [pid: 107730|app: 0|req: 566/1116] 10.222.0.16 () {60 vars in 1380 bytes} [Mon Aug 29 18:13:09 2022] GET /placement/allocations/339a8461-d016-4e19-a70d-a1afcec53586 => generated 19 bytes in 24 msecs (HTTP/1.1 200) 8 headers in 295 bytes (2 switches on core 0)
Aug 29 18:13:09.360106 n-d-852085-6 devstack@placement-api.service[107729]: DEBUG placement.requestlog [req-fb16b60b-6e2a-4835-b9f9-2ed66c880200 req-5f5f3d7d-0dfa-46b3-a73e-aecf0724b380 None None] Starting request: 10.222.0.16 "PUT /placement/allocations/339a8461-d016-4e19-a70d-a1afcec53586" {{(pid=107729) __call__ /opt/stack/placement/placement/requestlog.py:55}}
Aug 29 18:13:09.554440 n-d-852085-6 devstack@placement-api.service[107729]: DEBUG placement.handlers.allocation [req-fb16b60b-6e2a-4835-b9f9-2ed66c880200 req-5f5f3d7d-0dfa-46b3-a73e-aecf0724b380 service placement] Successfully wrote allocations [, , ] {{(pid=107729) _update_consumers_and_create_allocations /opt/stack/placement/placement/handlers/allocation.py:462}}
Aug 29 18:13:09.565266 n-d-852085-6 devstack@placement-api.service[107729]: INFO placement.requestlog [req-fb16b60b-6e2a-4835-b9f9-2ed66c880200 req-5f5f3d7d-0dfa-46b3-a73e-aecf0724b380 service placement] 10.222.0.16 "PUT /placement/allocations/339a8461-d016-4e19-a70d-a1afcec53586" status: 204 len: 0 microversion: 1.36
Aug 29 18:13:09.574657 n-d-852085-6 devstack@placement-api.service[107729]: [pid: 107729|app: 0|req: 551/1117] 10.222.0.16 () {64 vars in 1433 bytes} [Mon Aug 29 18:13:09 2022] PUT /placement/allocations/339a8461-d016-4e19-a70d-a1afcec53586 => generated 0 bytes in 206 msecs (HTTP/1.1 204) 5 headers in 199 bytes (1 switches on core 0)
Aug 29 18:13:10.284656 n-d-852085-6 devstack@placement-api.service[107730]: DEBUG placement.requestlog [req-fb16b60b-6e2a-4835-b9f9-2ed66c880200 req-dddd4d0f-02ab-4ad9-a624-55359119c762 None None] Starting request: 10.222.0.66 "GET /placement/allocations/339a8461-d016-4e19-a70d-a1afcec53586" {{(pid=107730) __call__ /opt/stack/placement/placement/requestlog.py:55}}
Aug 29 18:13:10.327567 n-d-852085-6 devstack@placement-api.service[107730]: INFO placement.requestlog [req-fb16b60b-6e2a-4835-b9f9-2ed66c880200 req-dddd4d0f-02ab-4ad9-a624-55359119c762 service placement] 10.222.0.66 "GET /placement/allocations/339a8461-d016-4e19-a70d-a1afcec53586" status: 200 len: 259 microversion: 1.28
Aug 29 18:13:10.329334 n-d-852085-6 devstack@placement-api.service[107730]: [pid: 107730|app: 0|req: 567/1118] 10.222.0.66 () {60 vars in 1377 bytes} [Mon Aug 29 18:13:10 2022] GET /placement/allocations/339a8461-d016-4e19-a70d-a1afcec53586 => generated 259 bytes in 45 msecs (HTTP/1.1 200) 8 headers in 296 bytes (1 switches on core 0)
Aug 29 18:13:10.628701 n-d-852085-6 devstack@placement-api.service[107729]: DEBUG placement.requestlog [req-fb16b60b-6e2a-4835-b9f9-2ed66c880200 req-0d35f89a-b2ea-440a-a3f2-08ed4c6b9cbe None None] Starting request: 10.222.0.66 "GET /placement/resource_providers/46e9fe05-b6e9-411b-8739-161aea8a143d/allocations" {{(pid=107729) __call__ /opt/stack/placement/placement/requestlog.py:55}}
Aug 29 18:13:10.758911 n-d-852085-6 devstack@placement-api.service[107729]: INFO placement.requestlog [req-fb16b60b-6e2a-4835-b9f9-2ed66c880200 req-0d35f89a-b2ea-440a-a3f2-08ed4c6b9cbe service placement] 10.222.0.66 "GET /placement/resource_providers/46e9fe05-b6e9-411b-8739-161aea8a143d/allocations" status: 200 len: 659 microversion: 1.0
Aug 29 18:13:10.759811 n-d-852085-6 devstack@placement-api.service[107729]: [pid: 107729|app: 0|req: 552/1119] 10.222.0.66 () {58 vars in 1390 bytes} [Mon Aug 29 18:13:10 2022] GET /placement/resource_providers/46e9fe05-b6e9-411b-8739-161aea8a143d/allocations => generated 659 bytes in 132 msecs (HTTP/1.1 200) 6 headers in 224 bytes (1 switches on core 0)
Aug 29 18:13:10.767506 n-d-852085-6 devstack@placement-api.service[107730]: DEBUG placement.requestlog [req-fb16b60b-6e2a-4835-b9f9-2ed66c880200 req-a58a265a-f2a0-4d5f-8b24-db7b2e51f27e None None] Starting request: 10.222.0.66 "GET /placement/allocations/3fbc7839-eef9-4c36-904f-1676d757ca25" {{(pid=107730) __call__ /opt/stack/placement/placement/requestlog.py:55}}
Aug 29 18:13:10.858701 n-d-852085-6 devstack@placement-api.service[107730]: INFO placement.requestlog [req-fb16b60b-6e2a-4835-b9f9-2ed66c880200 req-a58a265a-f2a0-4d5f-8b24-db7b2e51f27e service placement] 10.222.0.66 "GET /placement/allocations/3fbc7839-eef9-4c36-904f-1676d757ca25" status: 200 len: 259 microversion: 1.28
Aug 29 18:13:10.860313 n-d-852085-6 devstack@placement-api.service[107730]: [pid: 107730|app: 0|req: 568/1120] 10.222.0.66 () {60 vars in 1377 bytes} [Mon Aug 29 18:13:10 2022] GET /placement/allocations/3fbc7839-eef9-4c36-904f-1676d757ca25 => generated 259 bytes in 93 msecs (HTTP/1.1 200) 8 headers in 296 bytes (2 switches on core 0)
Aug 29 18:13:10.869449 n-d-852085-6 devstack@placement-api.service[107729]: DEBUG placement.requestlog [req-fb16b60b-6e2a-4835-b9f9-2ed66c880200 req-8865c0c2-2d17-4b69-be0a-97a69c21d719 None None] Starting request: 10.222.0.66 "GET /placement/allocations/f4baf9ab-f38f-4819-a440-37c8580bc55d" {{(pid=107729) __call__ /opt/stack/placement/placement/requestlog.py:55}}
Aug 29 18:13:10.909582 n-d-852085-6 devstack@placement-api.service[107729]: INFO placement.requestlog [req-fb16b60b-6e2a-4835-b9f9-2ed66c880200 req-8865c0c2-2d17-4b69-be0a-97a69c21d719 service placement] 10.222.0.66 "GET /placement/allocations/f4baf9ab-f38f-4819-a440-37c8580bc55d" status: 200 len: 259 microversion: 1.28
Aug 29 18:13:10.910889 n-d-852085-6 devstack@placement-api.service[107729]: [pid: 107729|app: 0|req: 553/1121] 10.222.0.66 () {60 vars in 1377 bytes} [Mon Aug 29 18:13:10 2022] GET /placement/allocations/f4baf9ab-f38f-4819-a440-37c8580bc55d => generated 259 bytes in 42 msecs (HTTP/1.1 200) 8 headers in 296 bytes (1 switches on core 0)
Aug 29 18:13:10.919097 n-d-852085-6 devstack@placement-api.service[107730]: DEBUG placement.requestlog [req-fb16b60b-6e2a-4835-b9f9-2ed66c880200 req-568a7c70-38d6-480f-a624-84db8aba4edb None None] Starting request: 10.222.0.66 "GET /placement/allocations/fd3bbba2-2fb2-4ef1-be3c-80db7df2906d" {{(pid=107730) __call__ /opt/stack/placement/placement/requestlog.py:55}}
Aug 29 18:13:10.967642 n-d-852085-6 devstack@placement-api.service[107730]: INFO placement.requestlog [req-fb16b60b-6e2a-4835-b9f9-2ed66c880200 req-568a7c70-38d6-480f-a624-84db8aba4edb service placement] 10.222.0.66 "GET /placement/allocations/fd3bbba2-2fb2-4ef1-be3c-80db7df2906d" status: 200 len: 259 microversion: 1.28
Aug 29 18:13:10.968818 n-d-852085-6 devstack@placement-api.service[107730]: [pid: 107730|app: 0|req: 569/1122] 10.222.0.66 () {60 vars in 1377 bytes} [Mon Aug 29 18:13:10 2022] GET /placement/allocations/fd3bbba2-2fb2-4ef1-be3c-80db7df2906d => generated 259 bytes in 51 msecs (HTTP/1.1 200) 8 headers in 296 bytes (1 switches on core 0)
Aug 29 18:13:10.977152 n-d-852085-6 devstack@placement-api.service[107729]: DEBUG placement.requestlog [req-fb16b60b-6e2a-4835-b9f9-2ed66c880200 req-e9b3793e-536b-4fe1-a25b-de5d19ad5707 None None] Starting request: 10.222.0.66 "GET /placement/allocations/07465b96-65d5-4562-b691-d39b184a587b" {{(pid=107729) __call__ /opt/stack/placement/placement/requestlog.py:55}}
Aug 29 18:13:11.016450 n-d-852085-6 devstack@placement-api.service[107729]: INFO placement.requestlog [req-fb16b60b-6e2a-4835-b9f9-2ed66c880200 req-e9b3793e-536b-4fe1-a25b-de5d19ad5707 service placement] 10.222.0.66 "GET /placement/allocations/07465b96-65d5-4562-b691-d39b184a587b" status: 200 len: 259 microversion: 1.28
Aug 29 18:13:11.016981 n-d-852085-6 devstack@placement-api.service[107729]: [pid: 107729|app: 0|req: 554/1123] 10.222.0.66 () {60 vars in 1377 bytes} [Mon Aug 29 18:13:10 2022] GET /placement/allocations/07465b96-65d5-4562-b691-d39b184a587b => generated 259 bytes in 41 msecs (HTTP/1.1 200) 8 headers in 296 bytes (2 switches on core 0)
Aug 29 18:13:11.028805 n-d-852085-6 devstack@placement-api.service[107730]: DEBUG placement.requestlog [req-fb16b60b-6e2a-4835-b9f9-2ed66c880200 req-6755eba3-1738-43f4-80c3-a63f0a2b2b61 None None] Starting request: 10.222.0.66 "GET /placement/allocations/31496fa6-55c3-4fad-9e8f-4d7fac014a20" {{(pid=107730) __call__ /opt/stack/placement/placement/requestlog.py:55}}
Aug 29 18:13:11.093386 n-d-852085-6 devstack@placement-api.service[107730]: INFO placement.requestlog [req-fb16b60b-6e2a-4835-b9f9-2ed66c880200 req-6755eba3-1738-43f4-80c3-a63f0a2b2b61 service placement] 10.222.0.66 "GET /placement/allocations/31496fa6-55c3-4fad-9e8f-4d7fac014a20" status: 200 len: 259 microversion: 1.28
Aug 29 18:13:11.094507 n-d-852085-6 devstack@placement-api.service[107730]: [pid: 107730|app: 0|req: 570/1124] 10.222.0.66 () {60 vars in 1377 bytes} [Mon Aug 29 18:13:11 2022] GET /placement/allocations/31496fa6-55c3-4fad-9e8f-4d7fac014a20 => generated 259 bytes in 70 msecs (HTTP/1.1 200) 8 headers in 296 bytes (1 switches on core 0)
Aug 29 18:13:11.102232 n-d-852085-6 devstack@placement-api.service[107729]: DEBUG placement.requestlog [req-fb16b60b-6e2a-4835-b9f9-2ed66c880200 req-855ef1a6-bcf5-4308-9f89-c8e500272c68 None None] Starting request: 10.222.0.66 "GET /placement/allocations/339a8461-d016-4e19-a70d-a1afcec53586" {{(pid=107729) __call__ /opt/stack/placement/placement/requestlog.py:55}}
Aug 29 18:13:11.123089 n-d-852085-6 devstack@placement-api.service[107729]: INFO placement.requestlog [req-fb16b60b-6e2a-4835-b9f9-2ed66c880200 req-855ef1a6-bcf5-4308-9f89-c8e500272c68 service placement] 10.222.0.66 "GET /placement/allocations/339a8461-d016-4e19-a70d-a1afcec53586" status: 200 len: 259 microversion: 1.28
Aug 29 18:13:11.123959 n-d-852085-6 devstack@placement-api.service[107729]: [pid: 107729|app: 0|req: 555/1125] 10.222.0.66 () {60 vars in 1377 bytes} [Mon Aug 29 18:13:11 2022] GET /placement/allocations/339a8461-d016-4e19-a70d-a1afcec53586 => generated 259 bytes in 22 msecs (HTTP/1.1 200) 8 headers in 296 bytes (1 switches on core 0)
Aug 29 18:13:11.639369 n-d-852085-6 devstack@placement-api.service[107730]: DEBUG placement.requestlog [req-b8b1a7bd-fb2b-4728-ac0e-bec9603292f6 req-47968461-0740-497a-aa00-3e9d7b25b727 None None] Starting request: 10.222.0.16 "GET /placement/allocation_candidates?limit=1000&resources=MEMORY_MB%3A1024%2CVCPU%3A1&root_required=%21COMPUTE_STATUS_DISABLED" {{(pid=107730) __call__ /opt/stack/placement/placement/requestlog.py:55}}
Aug 29 18:13:11.787888 n-d-852085-6 devstack@placement-api.service[107730]: DEBUG placement.objects.research_context [req-b8b1a7bd-fb2b-4728-ac0e-bec9603292f6 req-47968461-0740-497a-aa00-3e9d7b25b727 service placement] getting providers with 1024 MEMORY_MB {{(pid=107730) __init__ /opt/stack/placement/placement/objects/research_context.py:136}}
Aug 29 18:13:11.803814 n-d-852085-6 devstack@placement-api.service[107730]: DEBUG placement.objects.research_context [req-b8b1a7bd-fb2b-4728-ac0e-bec9603292f6 req-47968461-0740-497a-aa00-3e9d7b25b727 service placement] getting providers with 1 VCPU {{(pid=107730) __init__ /opt/stack/placement/placement/objects/research_context.py:136}}
Aug 29 18:13:11.818975 n-d-852085-6 devstack@placement-api.service[107730]: DEBUG placement.objects.research_context [req-b8b1a7bd-fb2b-4728-ac0e-bec9603292f6 req-47968461-0740-497a-aa00-3e9d7b25b727 service placement] found 2 providers with available 1024 MEMORY_MB {{(pid=107730) get_provider_ids_matching /opt/stack/placement/placement/objects/research_context.py:563}}
Aug 29 18:13:11.821180 n-d-852085-6 devstack@placement-api.service[107730]: DEBUG placement.objects.research_context [req-b8b1a7bd-fb2b-4728-ac0e-bec9603292f6 req-47968461-0740-497a-aa00-3e9d7b25b727 service placement] found 2 providers with available 1 VCPU {{(pid=107730) get_provider_ids_matching /opt/stack/placement/placement/objects/research_context.py:563}}
Aug 29 18:13:11.823060 n-d-852085-6 devstack@placement-api.service[107730]: DEBUG placement.objects.research_context [req-b8b1a7bd-fb2b-4728-ac0e-bec9603292f6 req-47968461-0740-497a-aa00-3e9d7b25b727 service placement] found 2 providers after filtering by previous result {{(pid=107730) get_provider_ids_matching /opt/stack/placement/placement/objects/research_context.py:594}}
Aug 29 18:13:11.853172 n-d-852085-6 devstack@placement-api.service[107730]: DEBUG placement.objects.allocation_candidate [req-b8b1a7bd-fb2b-4728-ac0e-bec9603292f6 req-47968461-0740-497a-aa00-3e9d7b25b727 service placement] RequestGroup(use_same_provider=False, resources={MEMORY_MB:1024, VCPU:1}, traits=(), aggregates=[]) (suffix '') returned 2 matches {{(pid=107730) _get_by_requests /opt/stack/placement/placement/objects/allocation_candidate.py:156}}
Aug 29 18:13:11.855907 n-d-852085-6 devstack@placement-api.service[107730]: DEBUG placement.objects.allocation_candidate [req-b8b1a7bd-fb2b-4728-ac0e-bec9603292f6 req-47968461-0740-497a-aa00-3e9d7b25b727 service placement] Merging candidates yields 2 allocation requests and 2 provider summaries {{(pid=107730) _merge_candidates /opt/stack/placement/placement/objects/allocation_candidate.py:809}}
Aug 29 18:13:11.859874 n-d-852085-6 devstack@placement-api.service[107730]: INFO placement.requestlog [req-b8b1a7bd-fb2b-4728-ac0e-bec9603292f6 req-47968461-0740-497a-aa00-3e9d7b25b727 service placement] 10.222.0.16 "GET /placement/allocation_candidates?limit=1000&resources=MEMORY_MB%3A1024%2CVCPU%3A1&root_required=%21COMPUTE_STATUS_DISABLED" status: 200 len: 1281 microversion: 1.36
Aug 29 18:13:11.880174 n-d-852085-6 devstack@placement-api.service[107730]: [pid: 107730|app: 0|req: 571/1126] 10.222.0.16 () {60 vars in 1478 bytes} [Mon Aug 29 18:13:11 2022] GET /placement/allocation_candidates?limit=1000&resources=MEMORY_MB%3A1024%2CVCPU%3A1&root_required=%21COMPUTE_STATUS_DISABLED => generated 1281 bytes in 241 msecs (HTTP/1.1 200) 8 headers in 297 bytes (2 switches on core 0)
Aug 29 18:13:11.931343 n-d-852085-6 devstack@placement-api.service[107729]: DEBUG placement.requestlog [req-7a392160-0e03-453f-8f43-0c820f510c50 req-e5f2361f-3783-43f3-86ce-cb4f678665b0 None None] Starting request: 10.222.0.16 "GET /placement/allocation_candidates?limit=1000&resources=DISK_GB%3A1%2CMEMORY_MB%3A1024%2CVCPU%3A1&root_required=%21COMPUTE_STATUS_DISABLED" {{(pid=107729) __call__ /opt/stack/placement/placement/requestlog.py:55}}
Aug 29 18:13:12.031810 n-d-852085-6 devstack@placement-api.service[107729]: DEBUG placement.objects.research_context [req-7a392160-0e03-453f-8f43-0c820f510c50 req-e5f2361f-3783-43f3-86ce-cb4f678665b0 service placement] getting providers with 1 DISK_GB {{(pid=107729) __init__ /opt/stack/placement/placement/objects/research_context.py:136}}
Aug 29 18:13:12.039360 n-d-852085-6 devstack@placement-api.service[107730]: DEBUG placement.requestlog [req-b8b1a7bd-fb2b-4728-ac0e-bec9603292f6 req-303c0af4-0cfb-4467-9386-faefd03a106c None None] Starting request: 10.222.0.16 "GET /placement/allocations/05f4af27-b88c-4a8c-838b-14317aa739cd" {{(pid=107730) __call__ /opt/stack/placement/placement/requestlog.py:55}}
Aug 29 18:13:12.066765 n-d-852085-6 devstack@placement-api.service[107730]: INFO placement.requestlog [req-b8b1a7bd-fb2b-4728-ac0e-bec9603292f6 req-303c0af4-0cfb-4467-9386-faefd03a106c service placement] 10.222.0.16 "GET /placement/allocations/05f4af27-b88c-4a8c-838b-14317aa739cd" status: 200 len: 19 microversion: 1.28
Aug 29 18:13:12.068665 n-d-852085-6 devstack@placement-api.service[107729]: DEBUG placement.objects.research_context [req-7a392160-0e03-453f-8f43-0c820f510c50 req-e5f2361f-3783-43f3-86ce-cb4f678665b0 service placement] getting providers with 1024 MEMORY_MB {{(pid=107729) __init__ /opt/stack/placement/placement/objects/research_context.py:136}}
Aug 29 18:13:12.076565 n-d-852085-6 devstack@placement-api.service[107730]: [pid: 107730|app: 0|req: 572/1127] 10.222.0.16 () {60 vars in 1380 bytes} [Mon Aug 29 18:13:12 2022] GET /placement/allocations/05f4af27-b88c-4a8c-838b-14317aa739cd => generated 19 bytes in 38 msecs (HTTP/1.1 200) 8 headers in 295 bytes (1 switches on core 0)
Aug 29 18:13:12.080088 n-d-852085-6 devstack@placement-api.service[107730]: DEBUG placement.requestlog [req-b8b1a7bd-fb2b-4728-ac0e-bec9603292f6 req-e4dc66e6-503d-4fde-a41d-6ee9879f2214 None None] Starting request: 10.222.0.16 "PUT /placement/allocations/05f4af27-b88c-4a8c-838b-14317aa739cd" {{(pid=107730) __call__ /opt/stack/placement/placement/requestlog.py:55}}
Aug 29 18:13:12.081878 n-d-852085-6 devstack@placement-api.service[107729]: DEBUG placement.objects.research_context [req-7a392160-0e03-453f-8f43-0c820f510c50 req-e5f2361f-3783-43f3-86ce-cb4f678665b0 service placement] getting providers with 1 VCPU {{(pid=107729) __init__ /opt/stack/placement/placement/objects/research_context.py:136}}
Aug 29 18:13:12.089015 n-d-852085-6 devstack@placement-api.service[107729]: DEBUG placement.objects.research_context [req-7a392160-0e03-453f-8f43-0c820f510c50 req-e5f2361f-3783-43f3-86ce-cb4f678665b0 service placement] found 2 providers with available 1 DISK_GB {{(pid=107729) get_provider_ids_matching /opt/stack/placement/placement/objects/research_context.py:563}}
Aug 29 18:13:12.089703 n-d-852085-6 devstack@placement-api.service[107729]: DEBUG placement.objects.research_context [req-7a392160-0e03-453f-8f43-0c820f510c50 req-e5f2361f-3783-43f3-86ce-cb4f678665b0 service placement] found 2 providers with available 1024 MEMORY_MB {{(pid=107729) get_provider_ids_matching /opt/stack/placement/placement/objects/research_context.py:563}}
Aug 29 18:13:12.090139 n-d-852085-6 devstack@placement-api.service[107729]: DEBUG placement.objects.research_context [req-7a392160-0e03-453f-8f43-0c820f510c50 req-e5f2361f-3783-43f3-86ce-cb4f678665b0 service placement] found 2 providers after filtering by previous result {{(pid=107729) get_provider_ids_matching /opt/stack/placement/placement/objects/research_context.py:594}}
Aug 29 18:13:12.090581 n-d-852085-6 devstack@placement-api.service[107729]: DEBUG placement.objects.research_context [req-7a392160-0e03-453f-8f43-0c820f510c50 req-e5f2361f-3783-43f3-86ce-cb4f678665b0 service placement] found 2 providers with available 1 VCPU {{(pid=107729) get_provider_ids_matching /opt/stack/placement/placement/objects/research_context.py:563}}
Aug 29 18:13:12.091017 n-d-852085-6 devstack@placement-api.service[107729]: DEBUG placement.objects.research_context [req-7a392160-0e03-453f-8f43-0c820f510c50 req-e5f2361f-3783-43f3-86ce-cb4f678665b0 service placement] found 2 providers after filtering by previous result {{(pid=107729) get_provider_ids_matching /opt/stack/placement/placement/objects/research_context.py:594}}
Aug 29 18:13:12.109253 n-d-852085-6 devstack@placement-api.service[107729]: DEBUG placement.objects.allocation_candidate [req-7a392160-0e03-453f-8f43-0c820f510c50 req-e5f2361f-3783-43f3-86ce-cb4f678665b0 service placement] RequestGroup(use_same_provider=False, resources={DISK_GB:1, MEMORY_MB:1024, VCPU:1}, traits=(), aggregates=[]) (suffix '') returned 2 matches {{(pid=107729) _get_by_requests /opt/stack/placement/placement/objects/allocation_candidate.py:156}}
Aug 29 18:13:12.110020 n-d-852085-6 devstack@placement-api.service[107729]: DEBUG placement.objects.allocation_candidate [req-7a392160-0e03-453f-8f43-0c820f510c50 req-e5f2361f-3783-43f3-86ce-cb4f678665b0 service placement] Merging candidates yields 2 allocation requests and 2 provider summaries {{(pid=107729) _merge_candidates /opt/stack/placement/placement/objects/allocation_candidate.py:809}}
Aug 29 18:13:12.112731 n-d-852085-6 devstack@placement-api.service[107729]: INFO placement.requestlog [req-7a392160-0e03-453f-8f43-0c820f510c50 req-e5f2361f-3783-43f3-86ce-cb4f678665b0 service placement] 10.222.0.16 "GET /placement/allocation_candidates?limit=1000&resources=DISK_GB%3A1%2CMEMORY_MB%3A1024%2CVCPU%3A1&root_required=%21COMPUTE_STATUS_DISABLED" status: 200 len: 1309 microversion: 1.36
Aug 29 18:13:12.113781 n-d-852085-6 devstack@placement-api.service[107729]: [pid: 107729|app: 0|req: 556/1128] 10.222.0.16 () {60 vars in 1506 bytes} [Mon Aug 29 18:13:11 2022] GET /placement/allocation_candidates?limit=1000&resources=DISK_GB%3A1%2CMEMORY_MB%3A1024%2CVCPU%3A1&root_required=%21COMPUTE_STATUS_DISABLED => generated 1309 bytes in 183 msecs (HTTP/1.1 200) 8 headers in 297 bytes (2 switches on core 0)
Aug 29 18:13:12.368536 n-d-852085-6 devstack@placement-api.service[107730]: DEBUG placement.handlers.allocation [req-b8b1a7bd-fb2b-4728-ac0e-bec9603292f6 req-e4dc66e6-503d-4fde-a41d-6ee9879f2214 service placement] Successfully wrote allocations [, ] {{(pid=107730) _update_consumers_and_create_allocations /opt/stack/placement/placement/handlers/allocation.py:462}}
Aug 29 18:13:12.383782 n-d-852085-6 devstack@placement-api.service[107730]: INFO placement.requestlog [req-b8b1a7bd-fb2b-4728-ac0e-bec9603292f6 req-e4dc66e6-503d-4fde-a41d-6ee9879f2214 service placement] 10.222.0.16 "PUT /placement/allocations/05f4af27-b88c-4a8c-838b-14317aa739cd" status: 204 len: 0 microversion: 1.36
Aug 29 18:13:12.404403 n-d-852085-6 devstack@placement-api.service[107730]: [pid: 107730|app: 0|req: 573/1129] 10.222.0.16 () {64 vars in 1433 bytes} [Mon Aug 29 18:13:12 2022] PUT /placement/allocations/05f4af27-b88c-4a8c-838b-14317aa739cd => generated 0 bytes in 309 msecs (HTTP/1.1 204) 5 headers in 199 bytes (1 switches on core 0)
Aug 29 18:13:12.408903 n-d-852085-6 devstack@placement-api.service[107729]: DEBUG placement.requestlog [req-7a392160-0e03-453f-8f43-0c820f510c50 req-ef1a9373-5bd6-4edc-ab6f-8eaa194c58cf None None] Starting request: 10.222.0.16 "GET /placement/allocations/3169ec42-9233-4001-a108-3a8043ce4139" {{(pid=107729) __call__ /opt/stack/placement/placement/requestlog.py:55}}
Aug 29 18:13:12.435842 n-d-852085-6 devstack@placement-api.service[107729]: INFO placement.requestlog [req-7a392160-0e03-453f-8f43-0c820f510c50 req-ef1a9373-5bd6-4edc-ab6f-8eaa194c58cf service placement] 10.222.0.16 "GET /placement/allocations/3169ec42-9233-4001-a108-3a8043ce4139" status: 200 len: 19 microversion: 1.28
Aug 29 18:13:12.440930 n-d-852085-6 devstack@placement-api.service[107729]: [pid: 107729|app: 0|req: 557/1130] 10.222.0.16 () {60 vars in 1380 bytes} [Mon Aug 29 18:13:12 2022] GET /placement/allocations/3169ec42-9233-4001-a108-3a8043ce4139 => generated 19 bytes in 31 msecs (HTTP/1.1 200) 8 headers in 295 bytes (1 switches on core 0)
Aug 29 18:13:12.445734 n-d-852085-6 devstack@placement-api.service[107730]: DEBUG placement.requestlog [req-7a392160-0e03-453f-8f43-0c820f510c50 req-15dbc7d8-8871-460d-8dad-4f6371287b9f None None] Starting request: 10.222.0.16 "PUT /placement/allocations/3169ec42-9233-4001-a108-3a8043ce4139" {{(pid=107730) __call__ /opt/stack/placement/placement/requestlog.py:55}}
Aug 29 18:13:12.657050 n-d-852085-6 devstack@placement-api.service[107730]: DEBUG placement.handlers.allocation [req-7a392160-0e03-453f-8f43-0c820f510c50 req-15dbc7d8-8871-460d-8dad-4f6371287b9f service placement] Successfully wrote allocations [, , ] {{(pid=107730) _update_consumers_and_create_allocations /opt/stack/placement/placement/handlers/allocation.py:462}}
Aug 29 18:13:12.667801 n-d-852085-6 devstack@placement-api.service[107730]: INFO placement.requestlog [req-7a392160-0e03-453f-8f43-0c820f510c50 req-15dbc7d8-8871-460d-8dad-4f6371287b9f service placement] 10.222.0.16 "PUT /placement/allocations/3169ec42-9233-4001-a108-3a8043ce4139" status: 204 len: 0 microversion: 1.36
Aug 29 18:13:12.669681 n-d-852085-6 devstack@placement-api.service[107730]: [pid: 107730|app: 0|req: 574/1131] 10.222.0.16 () {64 vars in 1433 bytes} [Mon Aug 29 18:13:12 2022] PUT /placement/allocations/3169ec42-9233-4001-a108-3a8043ce4139 => generated 0 bytes in 227 msecs (HTTP/1.1 204) 5 headers in 199 bytes (1 switches on core 0)
Aug 29 18:13:13.173921 n-d-852085-6 devstack@placement-api.service[107729]: DEBUG placement.requestlog [req-b8b1a7bd-fb2b-4728-ac0e-bec9603292f6 req-f0b8566a-8b73-4199-bbdc-d73d2eeaef76 None None] Starting request: 10.222.0.66 "GET /placement/allocations/05f4af27-b88c-4a8c-838b-14317aa739cd" {{(pid=107729) __call__ /opt/stack/placement/placement/requestlog.py:55}}
Aug 29 18:13:13.234985 n-d-852085-6 devstack@placement-api.service[107729]: INFO placement.requestlog [req-b8b1a7bd-fb2b-4728-ac0e-bec9603292f6 req-f0b8566a-8b73-4199-bbdc-d73d2eeaef76 service placement] 10.222.0.66 "GET /placement/allocations/05f4af27-b88c-4a8c-838b-14317aa739cd" status: 200 len: 245 microversion: 1.28
Aug 29 18:13:13.238898 n-d-852085-6 devstack@placement-api.service[107729]: [pid: 107729|app: 0|req: 558/1132] 10.222.0.66 () {60 vars in 1377 bytes} [Mon Aug 29 18:13:13 2022] GET /placement/allocations/05f4af27-b88c-4a8c-838b-14317aa739cd => generated 245 bytes in 65 msecs (HTTP/1.1 200) 8 headers in 296 bytes (2 switches on core 0)
Aug 29 18:13:13.322624 n-d-852085-6 devstack@placement-api.service[107730]: DEBUG placement.requestlog [req-74d41f7d-c333-4b12-af1c-2c337d76fc3d req-36c528c9-0136-4e23-99df-5b6d7966c9c4 None None] Starting request: 10.222.0.57 "GET /placement/resource_providers/4445357e-af87-46b8-85d4-c52291df9568/allocations" {{(pid=107730) __call__ /opt/stack/placement/placement/requestlog.py:55}}
Aug 29 18:13:13.482944 n-d-852085-6 devstack@placement-api.service[107730]: INFO placement.requestlog [req-74d41f7d-c333-4b12-af1c-2c337d76fc3d req-36c528c9-0136-4e23-99df-5b6d7966c9c4 service placement] 10.222.0.57 "GET /placement/resource_providers/4445357e-af87-46b8-85d4-c52291df9568/allocations" status: 200 len: 961 microversion: 1.0
Aug 29 18:13:13.483967 n-d-852085-6 devstack@placement-api.service[107730]: [pid: 107730|app: 0|req: 575/1133] 10.222.0.57 () {58 vars in 1390 bytes} [Mon Aug 29 18:13:13 2022] GET /placement/resource_providers/4445357e-af87-46b8-85d4-c52291df9568/allocations => generated 961 bytes in 162 msecs (HTTP/1.1 200) 6 headers in 224 bytes (1 switches on core 0)
Aug 29 18:13:13.495056 n-d-852085-6 devstack@placement-api.service[107729]: DEBUG placement.requestlog [req-74d41f7d-c333-4b12-af1c-2c337d76fc3d req-ec18071e-66f5-487e-8e92-1dfaae8a1063 None None] Starting request: 10.222.0.57 "GET /placement/allocations/128e89a4-82b8-4014-b51b-cdc706e7c585" {{(pid=107729) __call__ /opt/stack/placement/placement/requestlog.py:55}}
Aug 29 18:13:13.536134 n-d-852085-6 devstack@placement-api.service[107729]: INFO placement.requestlog [req-74d41f7d-c333-4b12-af1c-2c337d76fc3d req-ec18071e-66f5-487e-8e92-1dfaae8a1063 service placement] 10.222.0.57 "GET /placement/allocations/128e89a4-82b8-4014-b51b-cdc706e7c585" status: 200 len: 259 microversion: 1.28
Aug 29 18:13:13.540357 n-d-852085-6 devstack@placement-api.service[107729]: [pid: 107729|app: 0|req: 559/1134] 10.222.0.57 () {60 vars in 1377 bytes} [Mon Aug 29 18:13:13 2022] GET /placement/allocations/128e89a4-82b8-4014-b51b-cdc706e7c585 => generated 259 bytes in 48 msecs (HTTP/1.1 200) 8 headers in 296 bytes (1 switches on core 0)
Aug 29 18:13:13.548798 n-d-852085-6 devstack@placement-api.service[107730]: DEBUG placement.requestlog [req-74d41f7d-c333-4b12-af1c-2c337d76fc3d req-4efe022c-6c72-439b-b6f3-4508e413c7f5 None None] Starting request: 10.222.0.57 "GET /placement/allocations/24747afa-dbfa-4588-b5bf-bb1f9dc00254" {{(pid=107730) __call__ /opt/stack/placement/placement/requestlog.py:55}}
Aug 29 18:13:13.565264 n-d-852085-6 devstack@placement-api.service[107729]: DEBUG placement.requestlog [req-7a392160-0e03-453f-8f43-0c820f510c50 req-517e43fe-4be1-4fb5-9d4d-3fbab3b67fa1 None None] Starting request: 10.222.0.66 "GET /placement/allocations/3169ec42-9233-4001-a108-3a8043ce4139" {{(pid=107729) __call__ /opt/stack/placement/placement/requestlog.py:55}}
Aug 29 18:13:13.591904 n-d-852085-6 devstack@placement-api.service[107730]: INFO placement.requestlog [req-74d41f7d-c333-4b12-af1c-2c337d76fc3d req-4efe022c-6c72-439b-b6f3-4508e413c7f5 service placement] 10.222.0.57 "GET /placement/allocations/24747afa-dbfa-4588-b5bf-bb1f9dc00254" status: 200 len: 259 microversion: 1.28
Aug 29 18:13:13.592485 n-d-852085-6 devstack@placement-api.service[107730]: [pid: 107730|app: 0|req: 576/1135] 10.222.0.57 () {60 vars in 1377 bytes} [Mon Aug 29 18:13:13 2022] GET /placement/allocations/24747afa-dbfa-4588-b5bf-bb1f9dc00254 => generated 259 bytes in 44 msecs (HTTP/1.1 200) 8 headers in 296 bytes (2 switches on core 0)
Aug 29 18:13:13.604149 n-d-852085-6 devstack@placement-api.service[107730]: DEBUG placement.requestlog [req-74d41f7d-c333-4b12-af1c-2c337d76fc3d req-0fef2a8d-960e-4830-b815-fd74e8cf477d None None] Starting request: 10.222.0.57 "GET /placement/allocations/9d87f79b-c589-4a03-a733-88d17d58f70c" {{(pid=107730) __call__ /opt/stack/placement/placement/requestlog.py:55}}
Aug 29 18:13:13.606409 n-d-852085-6 devstack@placement-api.service[107729]: INFO placement.requestlog [req-7a392160-0e03-453f-8f43-0c820f510c50 req-517e43fe-4be1-4fb5-9d4d-3fbab3b67fa1 service placement] 10.222.0.66 "GET /placement/allocations/3169ec42-9233-4001-a108-3a8043ce4139" status: 200 len: 259 microversion: 1.28
Aug 29 18:13:13.609080 n-d-852085-6 devstack@placement-api.service[107729]: [pid: 107729|app: 0|req: 560/1136] 10.222.0.66 () {60 vars in 1377 bytes} [Mon Aug 29 18:13:13 2022] GET /placement/allocations/3169ec42-9233-4001-a108-3a8043ce4139 => generated 259 bytes in 46 msecs (HTTP/1.1 200) 8 headers in 296 bytes (1 switches on core 0)
Aug 29 18:13:13.638822 n-d-852085-6 devstack@placement-api.service[107730]: INFO placement.requestlog [req-74d41f7d-c333-4b12-af1c-2c337d76fc3d req-0fef2a8d-960e-4830-b815-fd74e8cf477d service placement] 10.222.0.57 "GET /placement/allocations/9d87f79b-c589-4a03-a733-88d17d58f70c" status: 200 len: 259 microversion: 1.28
Aug 29 18:13:13.641221 n-d-852085-6 devstack@placement-api.service[107730]: [pid: 107730|app: 0|req: 577/1137] 10.222.0.57 () {60 vars in 1377 bytes} [Mon Aug 29 18:13:13 2022] GET /placement/allocations/9d87f79b-c589-4a03-a733-88d17d58f70c => generated 259 bytes in 36 msecs (HTTP/1.1 200) 8 headers in 296 bytes (1 switches on core 0)
Aug 29 18:13:13.647160 n-d-852085-6 devstack@placement-api.service[107729]: DEBUG placement.requestlog [req-b8b1a7bd-fb2b-4728-ac0e-bec9603292f6 req-cfaeef0a-7136-4bd8-b571-43594ad12e22 None None] Starting request: 10.222.0.66 "GET /placement/resource_providers/46e9fe05-b6e9-411b-8739-161aea8a143d/allocations" {{(pid=107729) __call__ /opt/stack/placement/placement/requestlog.py:55}}
Aug 29 18:13:13.648789 n-d-852085-6 devstack@placement-api.service[107730]: DEBUG placement.requestlog [req-74d41f7d-c333-4b12-af1c-2c337d76fc3d req-c4aec74f-9ed4-44ec-ae79-f102b021cb94 None None] Starting request: 10.222.0.57 "GET /placement/allocations/476bace6-be1d-4689-863a-beb26414cf36" {{(pid=107730) __call__ /opt/stack/placement/placement/requestlog.py:55}}
Aug 29 18:13:13.692296 n-d-852085-6 devstack@placement-api.service[107730]: INFO placement.requestlog [req-74d41f7d-c333-4b12-af1c-2c337d76fc3d req-c4aec74f-9ed4-44ec-ae79-f102b021cb94 service placement] 10.222.0.57 "GET /placement/allocations/476bace6-be1d-4689-863a-beb26414cf36" status: 200 len: 259 microversion: 1.28
Aug 29 18:13:13.693481 n-d-852085-6 devstack@placement-api.service[107730]: [pid: 107730|app: 0|req: 578/1138] 10.222.0.57 () {60 vars in 1377 bytes} [Mon Aug 29 18:13:13 2022] GET /placement/allocations/476bace6-be1d-4689-863a-beb26414cf36 => generated 259 bytes in 45 msecs (HTTP/1.1 200) 8 headers in 296 bytes (1 switches on core 0)
Aug 29 18:13:13.699851 n-d-852085-6 devstack@placement-api.service[107729]: INFO placement.requestlog [req-b8b1a7bd-fb2b-4728-ac0e-bec9603292f6 req-cfaeef0a-7136-4bd8-b571-43594ad12e22 service placement] 10.222.0.66 "GET /placement/resource_providers/46e9fe05-b6e9-411b-8739-161aea8a143d/allocations" status: 200 len: 847 microversion: 1.0
Aug 29 18:13:13.701134 n-d-852085-6 devstack@placement-api.service[107729]: [pid: 107729|app: 0|req: 561/1139] 10.222.0.66 () {58 vars in 1390 bytes} [Mon Aug 29 18:13:13 2022] GET /placement/resource_providers/46e9fe05-b6e9-411b-8739-161aea8a143d/allocations => generated 847 bytes in 54 msecs (HTTP/1.1 200) 6 headers in 224 bytes (2 switches on core 0)
Aug 29 18:13:13.701660 n-d-852085-6 devstack@placement-api.service[107730]: DEBUG placement.requestlog [req-74d41f7d-c333-4b12-af1c-2c337d76fc3d req-869ace17-e248-4930-980b-a355c2d0b61e None None] Starting request: 10.222.0.57 "GET /placement/allocations/256af5a1-123c-488e-bf75-27bf63ad9381" {{(pid=107730) __call__ /opt/stack/placement/placement/requestlog.py:55}}
Aug 29 18:13:13.725448 n-d-852085-6 devstack@placement-api.service[107729]: DEBUG placement.requestlog [req-b8b1a7bd-fb2b-4728-ac0e-bec9603292f6 req-44b94586-a530-437d-b001-ea19dd09c3d3 None None] Starting request: 10.222.0.66 "GET /placement/allocations/3169ec42-9233-4001-a108-3a8043ce4139" {{(pid=107729) __call__ /opt/stack/placement/placement/requestlog.py:55}}
Aug 29 18:13:13.732452 n-d-852085-6 devstack@placement-api.service[107730]: INFO placement.requestlog [req-74d41f7d-c333-4b12-af1c-2c337d76fc3d req-869ace17-e248-4930-980b-a355c2d0b61e service placement] 10.222.0.57 "GET /placement/allocations/256af5a1-123c-488e-bf75-27bf63ad9381" status: 200 len: 258 microversion: 1.28
Aug 29 18:13:13.733197 n-d-852085-6 devstack@placement-api.service[107730]: [pid: 107730|app: 0|req: 579/1140] 10.222.0.57 () {60 vars in 1377 bytes} [Mon Aug 29 18:13:13 2022] GET /placement/allocations/256af5a1-123c-488e-bf75-27bf63ad9381 => generated 258 bytes in 33 msecs (HTTP/1.1 200) 8 headers in 296 bytes (2 switches on core 0)
Aug 29 18:13:13.740041 n-d-852085-6 devstack@placement-api.service[107730]: DEBUG placement.requestlog [req-74d41f7d-c333-4b12-af1c-2c337d76fc3d req-db78397e-61b9-4149-bd91-b72ea969b423 None None] Starting request: 10.222.0.57 "GET /placement/allocations/cc0c8e9b-8a9b-4de6-9761-e85671f5016b" {{(pid=107730) __call__ /opt/stack/placement/placement/requestlog.py:55}}
Aug 29 18:13:13.744050 n-d-852085-6 devstack@placement-api.service[107729]: DEBUG dbcounter [-] [107729] Writing DB stats placement:SELECT=90,placement:INSERT=6,placement:DELETE=2,placement:UPDATE=2 {{(pid=107729) stat_writer /usr/local/lib/python3.8/dist-packages/dbcounter.py:114}}
Aug 29 18:13:13.748082 n-d-852085-6 devstack@placement-api.service[107729]: INFO placement.requestlog [req-b8b1a7bd-fb2b-4728-ac0e-bec9603292f6 req-44b94586-a530-437d-b001-ea19dd09c3d3 service placement] 10.222.0.66 "GET /placement/allocations/3169ec42-9233-4001-a108-3a8043ce4139" status: 200 len: 259 microversion: 1.28
Aug 29 18:13:13.748745 n-d-852085-6 devstack@placement-api.service[107729]: [pid: 107729|app: 0|req: 562/1141] 10.222.0.66 () {60 vars in 1377 bytes} [Mon Aug 29 18:13:13 2022] GET /placement/allocations/3169ec42-9233-4001-a108-3a8043ce4139 => generated 259 bytes in 23 msecs (HTTP/1.1 200) 8 headers in 296 bytes (1 switches on core 0)
Aug 29 18:13:13.756019 n-d-852085-6 devstack@placement-api.service[107729]: DEBUG placement.requestlog [req-b8b1a7bd-fb2b-4728-ac0e-bec9603292f6 req-b0130699-e5dc-416a-9afc-a55eacc321c2 None None] Starting request: 10.222.0.66 "GET /placement/allocations/3fbc7839-eef9-4c36-904f-1676d757ca25" {{(pid=107729) __call__ /opt/stack/placement/placement/requestlog.py:55}}
Aug 29 18:13:13.775590 n-d-852085-6 devstack@placement-api.service[107730]: DEBUG dbcounter [-] [107730] Writing DB stats placement:SELECT=83,placement:INSERT=9,placement:DELETE=4,placement:UPDATE=4 {{(pid=107730) stat_writer /usr/local/lib/python3.8/dist-packages/dbcounter.py:114}}
Aug 29 18:13:13.780254 n-d-852085-6 devstack@placement-api.service[107730]: INFO placement.requestlog [req-74d41f7d-c333-4b12-af1c-2c337d76fc3d req-db78397e-61b9-4149-bd91-b72ea969b423 service placement] 10.222.0.57 "GET /placement/allocations/cc0c8e9b-8a9b-4de6-9761-e85671f5016b" status: 200 len: 259 microversion: 1.28
Aug 29 18:13:13.780957 n-d-852085-6 devstack@placement-api.service[107730]: [pid: 107730|app: 0|req: 580/1142] 10.222.0.57 () {60 vars in 1377 bytes} [Mon Aug 29 18:13:13 2022] GET /placement/allocations/cc0c8e9b-8a9b-4de6-9761-e85671f5016b => generated 259 bytes in 41 msecs (HTTP/1.1 200) 8 headers in 296 bytes (1 switches on core 0)
Aug 29 18:13:13.787830 n-d-852085-6 devstack@placement-api.service[107730]: DEBUG placement.requestlog [req-74d41f7d-c333-4b12-af1c-2c337d76fc3d req-3f8aa2b7-bbbe-4d7c-ba58-de42e04e424d None None] Starting request: 10.222.0.57 "GET /placement/allocations/7397ebf0-5f63-46c7-88bf-ff6c85262795" {{(pid=107730) __call__ /opt/stack/placement/placement/requestlog.py:55}}
Aug 29 18:13:13.788152 n-d-852085-6 devstack@placement-api.service[107729]: INFO placement.requestlog [req-b8b1a7bd-fb2b-4728-ac0e-bec9603292f6 req-b0130699-e5dc-416a-9afc-a55eacc321c2 service placement] 10.222.0.66 "GET /placement/allocations/3fbc7839-eef9-4c36-904f-1676d757ca25" status: 200 len: 259 microversion: 1.28
Aug 29 18:13:13.788948 n-d-852085-6 devstack@placement-api.service[107729]: [pid: 107729|app: 0|req: 563/1143] 10.222.0.66 () {60 vars in 1377 bytes} [Mon Aug 29 18:13:13 2022] GET /placement/allocations/3fbc7839-eef9-4c36-904f-1676d757ca25 => generated 259 bytes in 33 msecs (HTTP/1.1 200) 8 headers in 296 bytes (1 switches on core 0)
Aug 29 18:13:13.797117 n-d-852085-6 devstack@placement-api.service[107729]: DEBUG placement.requestlog [req-b8b1a7bd-fb2b-4728-ac0e-bec9603292f6 req-f6452aea-9a8b-4274-80f0-633ce27b8332 None None] Starting request: 10.222.0.66 "GET /placement/allocations/05f4af27-b88c-4a8c-838b-14317aa739cd" {{(pid=107729) __call__ /opt/stack/placement/placement/requestlog.py:55}}
Aug 29 18:13:13.826705 n-d-852085-6 devstack@placement-api.service[107730]: INFO placement.requestlog [req-74d41f7d-c333-4b12-af1c-2c337d76fc3d req-3f8aa2b7-bbbe-4d7c-ba58-de42e04e424d service placement] 10.222.0.57 "GET /placement/allocations/7397ebf0-5f63-46c7-88bf-ff6c85262795" status: 200 len: 259 microversion: 1.28
Aug 29 18:13:13.827462 n-d-852085-6 devstack@placement-api.service[107730]: [pid: 107730|app: 0|req: 581/1144] 10.222.0.57 () {60 vars in 1377 bytes} [Mon Aug 29 18:13:13 2022] GET /placement/allocations/7397ebf0-5f63-46c7-88bf-ff6c85262795 => generated 259 bytes in 40 msecs (HTTP/1.1 200) 8 headers in 296 bytes (2 switches on core 0)
Aug 29 18:13:13.831736 n-d-852085-6 devstack@placement-api.service[107729]: INFO placement.requestlog [req-b8b1a7bd-fb2b-4728-ac0e-bec9603292f6 req-f6452aea-9a8b-4274-80f0-633ce27b8332 service placement] 10.222.0.66 "GET /placement/allocations/05f4af27-b88c-4a8c-838b-14317aa739cd" status: 200 len: 245 microversion: 1.28
Aug 29 18:13:13.832346 n-d-852085-6 devstack@placement-api.service[107729]: [pid: 107729|app: 0|req: 564/1145] 10.222.0.66 () {60 vars in 1377 bytes} [Mon Aug 29 18:13:13 2022] GET /placement/allocations/05f4af27-b88c-4a8c-838b-14317aa739cd => generated 245 bytes in 36 msecs (HTTP/1.1 200) 8 headers in 296 bytes (2 switches on core 0)
Aug 29 18:13:13.835040 n-d-852085-6 devstack@placement-api.service[107730]: DEBUG placement.requestlog [req-74d41f7d-c333-4b12-af1c-2c337d76fc3d req-28b9a72c-8f49-4c2a-bbb1-e4c38fa40d17 None None] Starting request: 10.222.0.57 "GET /placement/allocations/00ed3d86-f189-4a5f-b35f-a1bc54869290" {{(pid=107730) __call__ /opt/stack/placement/placement/requestlog.py:55}}
Aug 29 18:13:13.839840 n-d-852085-6 devstack@placement-api.service[107729]: DEBUG placement.requestlog [req-b8b1a7bd-fb2b-4728-ac0e-bec9603292f6 req-624a52d7-8ad3-49b0-8344-04c0d3f262b1 None None] Starting request: 10.222.0.66 "GET /placement/allocations/07465b96-65d5-4562-b691-d39b184a587b" {{(pid=107729) __call__ /opt/stack/placement/placement/requestlog.py:55}}
Aug 29 18:13:13.868626 n-d-852085-6 devstack@placement-api.service[107730]: INFO placement.requestlog [req-74d41f7d-c333-4b12-af1c-2c337d76fc3d req-28b9a72c-8f49-4c2a-bbb1-e4c38fa40d17 service placement] 10.222.0.57 "GET /placement/allocations/00ed3d86-f189-4a5f-b35f-a1bc54869290" status: 200 len: 259 microversion: 1.28
Aug 29 18:13:13.869648 n-d-852085-6 devstack@placement-api.service[107730]: [pid: 107730|app: 0|req: 582/1146] 10.222.0.57 () {60 vars in 1377 bytes} [Mon Aug 29 18:13:13 2022] GET /placement/allocations/00ed3d86-f189-4a5f-b35f-a1bc54869290 => generated 259 bytes in 35 msecs (HTTP/1.1 200) 8 headers in 296 bytes (2 switches on core 0)
Aug 29 18:13:13.877243 n-d-852085-6 devstack@placement-api.service[107730]: DEBUG placement.requestlog [req-74d41f7d-c333-4b12-af1c-2c337d76fc3d req-9c1592ad-c910-432e-9171-7f30b858049b None None] Starting request: 10.222.0.57 "GET /placement/allocations/7b18c06e-b8ca-4013-b6f4-f0b65163a8c0" {{(pid=107730) __call__ /opt/stack/placement/placement/requestlog.py:55}}
Aug 29 18:13:13.918318 n-d-852085-6 devstack@placement-api.service[107730]: INFO placement.requestlog [req-74d41f7d-c333-4b12-af1c-2c337d76fc3d req-9c1592ad-c910-432e-9171-7f30b858049b service placement] 10.222.0.57 "GET /placement/allocations/7b18c06e-b8ca-4013-b6f4-f0b65163a8c0" status: 200 len: 259 microversion: 1.28
Aug 29 18:13:13.920754 n-d-852085-6 devstack@placement-api.service[107730]: [pid: 107730|app: 0|req: 583/1147] 10.222.0.57 () {60 vars in 1377 bytes} [Mon Aug 29 18:13:13 2022] GET /placement/allocations/7b18c06e-b8ca-4013-b6f4-f0b65163a8c0 => generated 259 bytes in 45 msecs (HTTP/1.1 200) 8 headers in 296 bytes (2 switches on core 0)
Aug 29 18:13:13.921571 n-d-852085-6 devstack@placement-api.service[107729]: INFO placement.requestlog [req-b8b1a7bd-fb2b-4728-ac0e-bec9603292f6 req-624a52d7-8ad3-49b0-8344-04c0d3f262b1 service placement] 10.222.0.66 "GET /placement/allocations/07465b96-65d5-4562-b691-d39b184a587b" status: 200 len: 259 microversion: 1.28
Aug 29 18:13:13.923651 n-d-852085-6 devstack@placement-api.service[107729]: [pid: 107729|app: 0|req: 565/1148] 10.222.0.66 () {60 vars in 1377 bytes} [Mon Aug 29 18:13:13 2022] GET /placement/allocations/07465b96-65d5-4562-b691-d39b184a587b => generated 259 bytes in 85 msecs (HTTP/1.1 200) 8 headers in 296 bytes (2 switches on core 0)
Aug 29 18:13:13.962866 n-d-852085-6 devstack@placement-api.service[107730]: DEBUG placement.requestlog [req-b8b1a7bd-fb2b-4728-ac0e-bec9603292f6 req-7628eb4b-045f-43b6-b774-31234ca44606 None None] Starting request: 10.222.0.66 "GET /placement/allocations/339a8461-d016-4e19-a70d-a1afcec53586" {{(pid=107730) __call__ /opt/stack/placement/placement/requestlog.py:55}}
Aug 29 18:13:13.968087 n-d-852085-6 devstack@placement-api.service[107729]: DEBUG placement.requestlog [req-7a392160-0e03-453f-8f43-0c820f510c50 req-ae193223-9686-4b9c-aa35-c3d874a6ee02 None None] Starting request: 10.222.0.66 "GET /placement/resource_providers/46e9fe05-b6e9-411b-8739-161aea8a143d/allocations" {{(pid=107729) __call__ /opt/stack/placement/placement/requestlog.py:55}}
