Aug 29 18:06:08.900377 n-d-852085-6 devstack@placement-api.service[107730]: [pid: 107730|app: 0|req: 31/62] 10.222.0.57 () {58 vars in 1390 bytes} [Mon Aug 29 18:06:08 2022] GET /placement/resource_providers/4445357e-af87-46b8-85d4-c52291df9568/allocations => generated 153 bytes in 60 msecs (HTTP/1.1 200) 6 headers in 224 bytes (1 switches on core 0)
Aug 29 18:06:08.909504 n-d-852085-6 devstack@placement-api.service[107729]: DEBUG placement.requestlog [req-af3648fc-4686-41f5-95bb-b26feee64aff req-87b55aa0-77a9-4ce3-a1e7-7f9de1208588 None None] Starting request: 10.222.0.57 "GET /placement/allocations/ee18fb39-6b57-41d0-8a57-708e543fa7e0" {{(pid=107729) __call__ /opt/stack/placement/placement/requestlog.py:55}}
Aug 29 18:06:08.970772 n-d-852085-6 devstack@placement-api.service[107729]: INFO placement.requestlog [req-af3648fc-4686-41f5-95bb-b26feee64aff req-87b55aa0-77a9-4ce3-a1e7-7f9de1208588 service placement] 10.222.0.57 "GET /placement/allocations/ee18fb39-6b57-41d0-8a57-708e543fa7e0" status: 200 len: 258 microversion: 1.28
Aug 29 18:06:08.971377 n-d-852085-6 devstack@placement-api.service[107729]: [pid: 107729|app: 0|req: 32/63] 10.222.0.57 () {60 vars in 1377 bytes} [Mon Aug 29 18:06:08 2022] GET /placement/allocations/ee18fb39-6b57-41d0-8a57-708e543fa7e0 => generated 258 bytes in 62 msecs (HTTP/1.1 200) 8 headers in 296 bytes (1 switches on core 0)
Aug 29 18:06:09.183635 n-d-852085-6 devstack@placement-api.service[107730]: DEBUG placement.requestlog [req-af3648fc-4686-41f5-95bb-b26feee64aff req-7b98258e-919f-47fc-9a66-5ec617a120fe None None] Starting request: 10.222.0.57 "DELETE /placement/allocations/ee18fb39-6b57-41d0-8a57-708e543fa7e0" {{(pid=107730) __call__ /opt/stack/placement/placement/requestlog.py:55}}
Aug 29 18:06:09.254925 n-d-852085-6 devstack@placement-api.service[107730]: DEBUG placement.handlers.allocation [req-af3648fc-4686-41f5-95bb-b26feee64aff req-7b98258e-919f-47fc-9a66-5ec617a120fe service placement] Successfully deleted allocations [, , ] {{(pid=107730) delete_allocations /opt/stack/placement/placement/handlers/allocation.py:627}}
Aug 29 18:06:09.255815 n-d-852085-6 devstack@placement-api.service[107730]: INFO placement.requestlog [req-af3648fc-4686-41f5-95bb-b26feee64aff req-7b98258e-919f-47fc-9a66-5ec617a120fe service placement] 10.222.0.57 "DELETE /placement/allocations/ee18fb39-6b57-41d0-8a57-708e543fa7e0" status: 204 len: 0 microversion: 1.0
Aug 29 18:06:09.256697 n-d-852085-6 devstack@placement-api.service[107730]: [pid: 107730|app: 0|req: 32/64] 10.222.0.57 () {60 vars in 1355 bytes} [Mon Aug 29 18:06:09 2022] DELETE /placement/allocations/ee18fb39-6b57-41d0-8a57-708e543fa7e0 => generated 0 bytes in 73 msecs (HTTP/1.1 204) 5 headers in 198 bytes (1 switches on core 0)
Aug 29 18:06:09.335866 n-d-852085-6 devstack@placement-api.service[107729]: DEBUG placement.requestlog [req-0254c3f8-e7aa-435a-9487-606d7f54079f req-f93ad286-a026-40bd-8e79-79d695b18e69 None None] Starting request: 10.222.0.16 "GET /placement/allocation_candidates?limit=1000&resources=DISK_GB%3A1%2CMEMORY_MB%3A1024%2CVCPU%3A1&root_required=%21COMPUTE_STATUS_DISABLED" {{(pid=107729) __call__ /opt/stack/placement/placement/requestlog.py:55}}
Aug 29 18:06:09.444756 n-d-852085-6 devstack@placement-api.service[107729]: DEBUG placement.objects.research_context [req-0254c3f8-e7aa-435a-9487-606d7f54079f req-f93ad286-a026-40bd-8e79-79d695b18e69 service placement] getting providers with 1 DISK_GB {{(pid=107729) __init__ /opt/stack/placement/placement/objects/research_context.py:136}}
Aug 29 18:06:09.457937 n-d-852085-6 devstack@placement-api.service[107729]: DEBUG placement.objects.research_context [req-0254c3f8-e7aa-435a-9487-606d7f54079f req-f93ad286-a026-40bd-8e79-79d695b18e69 service placement] getting providers with 1024 MEMORY_MB {{(pid=107729) __init__ /opt/stack/placement/placement/objects/research_context.py:136}}
Aug 29 18:06:09.466047 n-d-852085-6 devstack@placement-api.service[107729]: DEBUG placement.objects.research_context [req-0254c3f8-e7aa-435a-9487-606d7f54079f req-f93ad286-a026-40bd-8e79-79d695b18e69 service placement] getting providers with 1 VCPU {{(pid=107729) __init__ /opt/stack/placement/placement/objects/research_context.py:136}}
Aug 29 18:06:09.474945 n-d-852085-6 devstack@placement-api.service[107729]: DEBUG placement.objects.research_context [req-0254c3f8-e7aa-435a-9487-606d7f54079f req-f93ad286-a026-40bd-8e79-79d695b18e69 service placement] found 2 providers with available 1 DISK_GB {{(pid=107729) get_provider_ids_matching /opt/stack/placement/placement/objects/research_context.py:563}}
Aug 29 18:06:09.475749 n-d-852085-6 devstack@placement-api.service[107729]: DEBUG placement.objects.research_context [req-0254c3f8-e7aa-435a-9487-606d7f54079f req-f93ad286-a026-40bd-8e79-79d695b18e69 service placement] found 2 providers with available 1024 MEMORY_MB {{(pid=107729) get_provider_ids_matching /opt/stack/placement/placement/objects/research_context.py:563}}
Aug 29 18:06:09.476257 n-d-852085-6 devstack@placement-api.service[107729]: DEBUG placement.objects.research_context [req-0254c3f8-e7aa-435a-9487-606d7f54079f req-f93ad286-a026-40bd-8e79-79d695b18e69 service placement] found 2 providers after filtering by previous result {{(pid=107729) get_provider_ids_matching /opt/stack/placement/placement/objects/research_context.py:594}}
Aug 29 18:06:09.477645 n-d-852085-6 devstack@placement-api.service[107729]: DEBUG placement.objects.research_context [req-0254c3f8-e7aa-435a-9487-606d7f54079f req-f93ad286-a026-40bd-8e79-79d695b18e69 service placement] found 2 providers with available 1 VCPU {{(pid=107729) get_provider_ids_matching /opt/stack/placement/placement/objects/research_context.py:563}}
Aug 29 18:06:09.478110 n-d-852085-6 devstack@placement-api.service[107729]: DEBUG placement.objects.research_context [req-0254c3f8-e7aa-435a-9487-606d7f54079f req-f93ad286-a026-40bd-8e79-79d695b18e69 service placement] found 2 providers after filtering by previous result {{(pid=107729) get_provider_ids_matching /opt/stack/placement/placement/objects/research_context.py:594}}
Aug 29 18:06:09.506244 n-d-852085-6 devstack@placement-api.service[107729]: DEBUG placement.objects.allocation_candidate [req-0254c3f8-e7aa-435a-9487-606d7f54079f req-f93ad286-a026-40bd-8e79-79d695b18e69 service placement] RequestGroup(use_same_provider=False, resources={DISK_GB:1, MEMORY_MB:1024, VCPU:1}, traits=(), aggregates=[]) (suffix '') returned 2 matches {{(pid=107729) _get_by_requests /opt/stack/placement/placement/objects/allocation_candidate.py:156}}
Aug 29 18:06:09.507285 n-d-852085-6 devstack@placement-api.service[107729]: DEBUG placement.objects.allocation_candidate [req-0254c3f8-e7aa-435a-9487-606d7f54079f req-f93ad286-a026-40bd-8e79-79d695b18e69 service placement] Merging candidates yields 2 allocation requests and 2 provider summaries {{(pid=107729) _merge_candidates /opt/stack/placement/placement/objects/allocation_candidate.py:809}}
Aug 29 18:06:09.510059 n-d-852085-6 devstack@placement-api.service[107729]: INFO placement.requestlog [req-0254c3f8-e7aa-435a-9487-606d7f54079f req-f93ad286-a026-40bd-8e79-79d695b18e69 service placement] 10.222.0.16 "GET /placement/allocation_candidates?limit=1000&resources=DISK_GB%3A1%2CMEMORY_MB%3A1024%2CVCPU%3A1&root_required=%21COMPUTE_STATUS_DISABLED" status: 200 len: 1306 microversion: 1.36
Aug 29 18:06:09.510468 n-d-852085-6 devstack@placement-api.service[107729]: [pid: 107729|app: 0|req: 33/65] 10.222.0.16 () {60 vars in 1506 bytes} [Mon Aug 29 18:06:09 2022] GET /placement/allocation_candidates?limit=1000&resources=DISK_GB%3A1%2CMEMORY_MB%3A1024%2CVCPU%3A1&root_required=%21COMPUTE_STATUS_DISABLED => generated 1306 bytes in 178 msecs (HTTP/1.1 200) 8 headers in 297 bytes (1 switches on core 0)
Aug 29 18:06:09.738257 n-d-852085-6 devstack@placement-api.service[107730]: DEBUG placement.requestlog [req-0254c3f8-e7aa-435a-9487-606d7f54079f req-b571d4d7-2592-4c5c-914e-c4057ef244ec None None] Starting request: 10.222.0.16 "GET /placement/allocations/84cdea6f-3220-4951-af41-be9fc0644ffb" {{(pid=107730) __call__ /opt/stack/placement/placement/requestlog.py:55}}
Aug 29 18:06:09.762748 n-d-852085-6 devstack@placement-api.service[107730]: INFO placement.requestlog [req-0254c3f8-e7aa-435a-9487-606d7f54079f req-b571d4d7-2592-4c5c-914e-c4057ef244ec service placement] 10.222.0.16 "GET /placement/allocations/84cdea6f-3220-4951-af41-be9fc0644ffb" status: 200 len: 19 microversion: 1.28
Aug 29 18:06:09.780140 n-d-852085-6 devstack@placement-api.service[107729]: DEBUG placement.requestlog [req-0254c3f8-e7aa-435a-9487-606d7f54079f req-baafcde1-33c8-4aab-b098-aa842afb4972 None None] Starting request: 10.222.0.16 "PUT /placement/allocations/84cdea6f-3220-4951-af41-be9fc0644ffb" {{(pid=107729) __call__ /opt/stack/placement/placement/requestlog.py:55}}
Aug 29 18:06:09.799629 n-d-852085-6 devstack@placement-api.service[107730]: [pid: 107730|app: 0|req: 33/66] 10.222.0.16 () {60 vars in 1380 bytes} [Mon Aug 29 18:06:09 2022] GET /placement/allocations/84cdea6f-3220-4951-af41-be9fc0644ffb => generated 19 bytes in 28 msecs (HTTP/1.1 200) 8 headers in 295 bytes (1 switches on core 0)
Aug 29 18:06:10.030429 n-d-852085-6 devstack@placement-api.service[107729]: DEBUG placement.handlers.allocation [req-0254c3f8-e7aa-435a-9487-606d7f54079f req-baafcde1-33c8-4aab-b098-aa842afb4972 service placement] Successfully wrote allocations [, , ] {{(pid=107729) _update_consumers_and_create_allocations /opt/stack/placement/placement/handlers/allocation.py:462}}
Aug 29 18:06:10.039113 n-d-852085-6 devstack@placement-api.service[107729]: INFO placement.requestlog [req-0254c3f8-e7aa-435a-9487-606d7f54079f req-baafcde1-33c8-4aab-b098-aa842afb4972 service placement] 10.222.0.16 "PUT /placement/allocations/84cdea6f-3220-4951-af41-be9fc0644ffb" status: 204 len: 0 microversion: 1.36
Aug 29 18:06:10.049562 n-d-852085-6 devstack@placement-api.service[107729]: [pid: 107729|app: 0|req: 34/67] 10.222.0.16 () {64 vars in 1433 bytes} [Mon Aug 29 18:06:09 2022] PUT /placement/allocations/84cdea6f-3220-4951-af41-be9fc0644ffb => generated 0 bytes in 261 msecs (HTTP/1.1 204) 5 headers in 199 bytes (2 switches on core 0)
Aug 29 18:06:10.620196 n-d-852085-6 devstack@placement-api.service[107730]: DEBUG placement.requestlog [req-0254c3f8-e7aa-435a-9487-606d7f54079f req-efd1fef9-eda1-4010-9b14-ada46fce5b99 None None] Starting request: 10.222.0.57 "GET /placement/allocations/84cdea6f-3220-4951-af41-be9fc0644ffb" {{(pid=107730) __call__ /opt/stack/placement/placement/requestlog.py:55}}
Aug 29 18:06:10.710011 n-d-852085-6 devstack@placement-api.service[107730]: INFO placement.requestlog [req-0254c3f8-e7aa-435a-9487-606d7f54079f req-efd1fef9-eda1-4010-9b14-ada46fce5b99 service placement] 10.222.0.57 "GET /placement/allocations/84cdea6f-3220-4951-af41-be9fc0644ffb" status: 200 len: 258 microversion: 1.28
Aug 29 18:06:10.713184 n-d-852085-6 devstack@placement-api.service[107730]: [pid: 107730|app: 0|req: 34/68] 10.222.0.57 () {60 vars in 1377 bytes} [Mon Aug 29 18:06:10 2022] GET /placement/allocations/84cdea6f-3220-4951-af41-be9fc0644ffb => generated 258 bytes in 95 msecs (HTTP/1.1 200) 8 headers in 296 bytes (1 switches on core 0)
Aug 29 18:06:10.988185 n-d-852085-6 devstack@placement-api.service[107729]: DEBUG placement.requestlog [req-2e463235-da76-4887-b7d5-3a49cb33d118 req-b0bf1307-e339-44f1-8c7a-e04338fb3275 None None] Starting request: 10.222.0.66 "GET /placement/resource_providers/46e9fe05-b6e9-411b-8739-161aea8a143d/allocations" {{(pid=107729) __call__ /opt/stack/placement/placement/requestlog.py:55}}
Aug 29 18:06:11.050182 n-d-852085-6 devstack@placement-api.service[107729]: INFO placement.requestlog [req-2e463235-da76-4887-b7d5-3a49cb33d118 req-b0bf1307-e339-44f1-8c7a-e04338fb3275 service placement] 10.222.0.66 "GET /placement/resource_providers/46e9fe05-b6e9-411b-8739-161aea8a143d/allocations" status: 200 len: 254 microversion: 1.0
Aug 29 18:06:11.050952 n-d-852085-6 devstack@placement-api.service[107729]: [pid: 107729|app: 0|req: 35/69] 10.222.0.66 () {58 vars in 1390 bytes} [Mon Aug 29 18:06:10 2022] GET /placement/resource_providers/46e9fe05-b6e9-411b-8739-161aea8a143d/allocations => generated 254 bytes in 63 msecs (HTTP/1.1 200) 6 headers in 224 bytes (1 switches on core 0)
Aug 29 18:06:11.058141 n-d-852085-6 devstack@placement-api.service[107730]: DEBUG placement.requestlog [req-2e463235-da76-4887-b7d5-3a49cb33d118 req-14554396-5116-41fe-9ef9-e08811c4c079 None None] Starting request: 10.222.0.66 "GET /placement/allocations/55edf368-13ea-49f4-88e5-1286bd373af6" {{(pid=107730) __call__ /opt/stack/placement/placement/requestlog.py:55}}
Aug 29 18:06:11.064415 n-d-852085-6 devstack@placement-api.service[107729]: DEBUG placement.requestlog [req-0254c3f8-e7aa-435a-9487-606d7f54079f req-1bc1e103-4b2e-46b6-a10a-4d07753682e1 None None] Starting request: 10.222.0.57 "GET /placement/resource_providers/4445357e-af87-46b8-85d4-c52291df9568/allocations" {{(pid=107729) __call__ /opt/stack/placement/placement/requestlog.py:55}}
Aug 29 18:06:11.126064 n-d-852085-6 devstack@placement-api.service[107729]: INFO placement.requestlog [req-0254c3f8-e7aa-435a-9487-606d7f54079f req-1bc1e103-4b2e-46b6-a10a-4d07753682e1 service placement] 10.222.0.57 "GET /placement/resource_providers/4445357e-af87-46b8-85d4-c52291df9568/allocations" status: 200 len: 153 microversion: 1.0
Aug 29 18:06:11.126620 n-d-852085-6 devstack@placement-api.service[107729]: [pid: 107729|app: 0|req: 36/70] 10.222.0.57 () {58 vars in 1390 bytes} [Mon Aug 29 18:06:11 2022] GET /placement/resource_providers/4445357e-af87-46b8-85d4-c52291df9568/allocations => generated 153 bytes in 63 msecs (HTTP/1.1 200) 6 headers in 224 bytes (1 switches on core 0)
Aug 29 18:06:11.134505 n-d-852085-6 devstack@placement-api.service[107729]: DEBUG placement.requestlog [req-0254c3f8-e7aa-435a-9487-606d7f54079f req-938023b6-cf04-4577-aa9d-01fb22f1ca13 None None] Starting request: 10.222.0.57 "GET /placement/allocations/84cdea6f-3220-4951-af41-be9fc0644ffb" {{(pid=107729) __call__ /opt/stack/placement/placement/requestlog.py:55}}
Aug 29 18:06:11.156325 n-d-852085-6 devstack@placement-api.service[107730]: INFO placement.requestlog [req-2e463235-da76-4887-b7d5-3a49cb33d118 req-14554396-5116-41fe-9ef9-e08811c4c079 service placement] 10.222.0.66 "GET /placement/allocations/55edf368-13ea-49f4-88e5-1286bd373af6" status: 200 len: 258 microversion: 1.28
Aug 29 18:06:11.156970 n-d-852085-6 devstack@placement-api.service[107730]: [pid: 107730|app: 0|req: 35/71] 10.222.0.66 () {60 vars in 1377 bytes} [Mon Aug 29 18:06:11 2022] GET /placement/allocations/55edf368-13ea-49f4-88e5-1286bd373af6 => generated 258 bytes in 100 msecs (HTTP/1.1 200) 8 headers in 296 bytes (1 switches on core 0)
Aug 29 18:06:11.161561 n-d-852085-6 devstack@placement-api.service[107729]: INFO placement.requestlog [req-0254c3f8-e7aa-435a-9487-606d7f54079f req-938023b6-cf04-4577-aa9d-01fb22f1ca13 service placement] 10.222.0.57 "GET /placement/allocations/84cdea6f-3220-4951-af41-be9fc0644ffb" status: 200 len: 258 microversion: 1.28
Aug 29 18:06:11.162692 n-d-852085-6 devstack@placement-api.service[107729]: [pid: 107729|app: 0|req: 37/72] 10.222.0.57 () {60 vars in 1377 bytes} [Mon Aug 29 18:06:11 2022] GET /placement/allocations/84cdea6f-3220-4951-af41-be9fc0644ffb => generated 258 bytes in 28 msecs (HTTP/1.1 200) 8 headers in 296 bytes (1 switches on core 0)
Aug 29 18:06:11.164974 n-d-852085-6 devstack@placement-api.service[107730]: DEBUG placement.requestlog [req-2e463235-da76-4887-b7d5-3a49cb33d118 req-1cba62ba-69ae-4a41-b090-d1171d944889 None None] Starting request: 10.222.0.66 "GET /placement/allocations/f2c37e41-7a7a-40b9-8386-44945decf56e" {{(pid=107730) __call__ /opt/stack/placement/placement/requestlog.py:55}}
Aug 29 18:06:11.178871 n-d-852085-6 devstack@placement-api.service[107729]: DEBUG placement.requestlog [req-43e00856-8d14-442d-8b88-90bf1e2dc16c req-6de41941-77d0-4fb8-9493-836adb55a412 None None] Starting request: 10.222.0.16 "GET /placement/resource_providers?name=n-h1-852085-6" {{(pid=107729) __call__ /opt/stack/placement/placement/requestlog.py:55}}
Aug 29 18:06:11.255861 n-d-852085-6 devstack@placement-api.service[107729]: INFO placement.requestlog [req-43e00856-8d14-442d-8b88-90bf1e2dc16c req-6de41941-77d0-4fb8-9493-836adb55a412 service placement] 10.222.0.16 "GET /placement/resource_providers?name=n-h1-852085-6" status: 200 len: 440 microversion: 1.0
Aug 29 18:06:11.264382 n-d-852085-6 devstack@placement-api.service[107729]: [pid: 107729|app: 0|req: 38/73] 10.222.0.16 () {58 vars in 1274 bytes} [Mon Aug 29 18:06:11 2022] GET /placement/resource_providers?name=n-h1-852085-6 => generated 440 bytes in 85 msecs (HTTP/1.1 200) 6 headers in 224 bytes (2 switches on core 0)
Aug 29 18:06:11.264382 n-d-852085-6 devstack@placement-api.service[107729]: DEBUG placement.requestlog [req-43e00856-8d14-442d-8b88-90bf1e2dc16c req-dccf1e19-6e85-4ebe-ba24-e40f69c297fc None None] Starting request: 10.222.0.16 "GET /placement/resource_providers/4445357e-af87-46b8-85d4-c52291df9568/aggregates" {{(pid=107729) __call__ /opt/stack/placement/placement/requestlog.py:55}}
Aug 29 18:06:11.270422 n-d-852085-6 devstack@placement-api.service[107730]: INFO placement.requestlog [req-2e463235-da76-4887-b7d5-3a49cb33d118 req-1cba62ba-69ae-4a41-b090-d1171d944889 service placement] 10.222.0.66 "GET /placement/allocations/f2c37e41-7a7a-40b9-8386-44945decf56e" status: 200 len: 258 microversion: 1.28
Aug 29 18:06:11.280134 n-d-852085-6 devstack@placement-api.service[107730]: [pid: 107730|app: 0|req: 36/74] 10.222.0.66 () {60 vars in 1377 bytes} [Mon Aug 29 18:06:11 2022] GET /placement/allocations/f2c37e41-7a7a-40b9-8386-44945decf56e => generated 258 bytes in 116 msecs (HTTP/1.1 200) 8 headers in 296 bytes (1 switches on core 0)
Aug 29 18:06:11.305194 n-d-852085-6 devstack@placement-api.service[107729]: INFO placement.requestlog [req-43e00856-8d14-442d-8b88-90bf1e2dc16c req-dccf1e19-6e85-4ebe-ba24-e40f69c297fc service placement] 10.222.0.16 "GET /placement/resource_providers/4445357e-af87-46b8-85d4-c52291df9568/aggregates" status: 200 len: 91 microversion: 1.19
Aug 29 18:06:11.305487 n-d-852085-6 devstack@placement-api.service[107729]: [pid: 107729|app: 0|req: 39/75] 10.222.0.16 () {60 vars in 1425 bytes} [Mon Aug 29 18:06:11 2022] GET /placement/resource_providers/4445357e-af87-46b8-85d4-c52291df9568/aggregates => generated 91 bytes in 42 msecs (HTTP/1.1 200) 8 headers in 295 bytes (1 switches on core 0)
Aug 29 18:06:11.313370 n-d-852085-6 devstack@placement-api.service[107730]: DEBUG placement.requestlog [req-43e00856-8d14-442d-8b88-90bf1e2dc16c req-d84a8c55-d5b5-440e-926e-e23f444ff2a9 None None] Starting request: 10.222.0.16 "PUT /placement/resource_providers/4445357e-af87-46b8-85d4-c52291df9568/aggregates" {{(pid=107730) __call__ /opt/stack/placement/placement/requestlog.py:55}}
Aug 29 18:06:11.396517 n-d-852085-6 devstack@placement-api.service[107730]: DEBUG placement.objects.resource_provider [req-43e00856-8d14-442d-8b88-90bf1e2dc16c req-d84a8c55-d5b5-440e-926e-e23f444ff2a9 service placement] Setting aggregates for provider 4445357e-af87-46b8-85d4-c52291df9568. Successfully disassociated aggregate c731eedb-9b82-4e00-9e2d-3ba954a73711. {{(pid=107730) _set_aggregates /opt/stack/placement/placement/objects/resource_provider.py:404}}
Aug 29 18:06:11.415980 n-d-852085-6 devstack@placement-api.service[107730]: INFO placement.requestlog [req-43e00856-8d14-442d-8b88-90bf1e2dc16c req-d84a8c55-d5b5-440e-926e-e23f444ff2a9 service placement] 10.222.0.16 "PUT /placement/resource_providers/4445357e-af87-46b8-85d4-c52291df9568/aggregates" status: 200 len: 53 microversion: 1.19
Aug 29 18:06:11.417092 n-d-852085-6 devstack@placement-api.service[107730]: [pid: 107730|app: 0|req: 37/76] 10.222.0.16 () {64 vars in 1477 bytes} [Mon Aug 29 18:06:11 2022] PUT /placement/resource_providers/4445357e-af87-46b8-85d4-c52291df9568/aggregates => generated 53 bytes in 104 msecs (HTTP/1.1 200) 8 headers in 295 bytes (2 switches on core 0)
Aug 29 18:06:11.598517 n-d-852085-6 devstack@placement-api.service[107729]: DEBUG placement.requestlog [req-2e463235-da76-4887-b7d5-3a49cb33d118 req-01f26687-78ea-4313-91a3-2fcbf3126a83 None None] Starting request: 10.222.0.66 "DELETE /placement/allocations/55edf368-13ea-49f4-88e5-1286bd373af6" {{(pid=107729) __call__ /opt/stack/placement/placement/requestlog.py:55}}
Aug 29 18:06:11.678529 n-d-852085-6 devstack@placement-api.service[107729]: DEBUG placement.handlers.allocation [req-2e463235-da76-4887-b7d5-3a49cb33d118 req-01f26687-78ea-4313-91a3-2fcbf3126a83 service placement] Successfully deleted allocations [, , ] {{(pid=107729) delete_allocations /opt/stack/placement/placement/handlers/allocation.py:627}}
Aug 29 18:06:11.679123 n-d-852085-6 devstack@placement-api.service[107729]: INFO placement.requestlog [req-2e463235-da76-4887-b7d5-3a49cb33d118 req-01f26687-78ea-4313-91a3-2fcbf3126a83 service placement] 10.222.0.66 "DELETE /placement/allocations/55edf368-13ea-49f4-88e5-1286bd373af6" status: 204 len: 0 microversion: 1.0
Aug 29 18:06:11.679825 n-d-852085-6 devstack@placement-api.service[107729]: [pid: 107729|app: 0|req: 40/77] 10.222.0.66 () {60 vars in 1355 bytes} [Mon Aug 29 18:06:11 2022] DELETE /placement/allocations/55edf368-13ea-49f4-88e5-1286bd373af6 => generated 0 bytes in 81 msecs (HTTP/1.1 204) 5 headers in 198 bytes (1 switches on core 0)
Aug 29 18:06:11.947189 n-d-852085-6 devstack@placement-api.service[107730]: DEBUG placement.requestlog [req-5982f5e0-3cfd-4eb7-84ed-a167c0039e88 req-3b86a899-8b74-4dd6-aadf-1067accd31bc None None] Starting request: 10.222.0.16 "GET /placement/resource_providers?name=n-h1-852085-6" {{(pid=107730) __call__ /opt/stack/placement/placement/requestlog.py:55}}
Aug 29 18:06:11.971596 n-d-852085-6 devstack@placement-api.service[107730]: INFO placement.requestlog [req-5982f5e0-3cfd-4eb7-84ed-a167c0039e88 req-3b86a899-8b74-4dd6-aadf-1067accd31bc service placement] 10.222.0.16 "GET /placement/resource_providers?name=n-h1-852085-6" status: 200 len: 440 microversion: 1.0
Aug 29 18:06:11.974568 n-d-852085-6 devstack@placement-api.service[107730]: [pid: 107730|app: 0|req: 38/78] 10.222.0.16 () {58 vars in 1274 bytes} [Mon Aug 29 18:06:11 2022] GET /placement/resource_providers?name=n-h1-852085-6 => generated 440 bytes in 27 msecs (HTTP/1.1 200) 6 headers in 224 bytes (1 switches on core 0)
Aug 29 18:06:11.980249 n-d-852085-6 devstack@placement-api.service[107729]: DEBUG placement.requestlog [req-5982f5e0-3cfd-4eb7-84ed-a167c0039e88 req-76860f45-d738-493b-9896-90d911098f63 None None] Starting request: 10.222.0.16 "GET /placement/resource_providers/4445357e-af87-46b8-85d4-c52291df9568/aggregates" {{(pid=107729) __call__ /opt/stack/placement/placement/requestlog.py:55}}
Aug 29 18:06:12.003846 n-d-852085-6 devstack@placement-api.service[107729]: INFO placement.requestlog [req-5982f5e0-3cfd-4eb7-84ed-a167c0039e88 req-76860f45-d738-493b-9896-90d911098f63 service placement] 10.222.0.16 "GET /placement/resource_providers/4445357e-af87-46b8-85d4-c52291df9568/aggregates" status: 200 len: 53 microversion: 1.19
Aug 29 18:06:12.005451 n-d-852085-6 devstack@placement-api.service[107729]: [pid: 107729|app: 0|req: 41/79] 10.222.0.16 () {60 vars in 1425 bytes} [Mon Aug 29 18:06:11 2022] GET /placement/resource_providers/4445357e-af87-46b8-85d4-c52291df9568/aggregates => generated 53 bytes in 25 msecs (HTTP/1.1 200) 8 headers in 295 bytes (1 switches on core 0)
Aug 29 18:06:12.014878 n-d-852085-6 devstack@placement-api.service[107730]: DEBUG placement.requestlog [req-5982f5e0-3cfd-4eb7-84ed-a167c0039e88 req-6d2abb70-0ede-485f-ba05-f8adefef9a95 None None] Starting request: 10.222.0.16 "PUT /placement/resource_providers/4445357e-af87-46b8-85d4-c52291df9568/aggregates" {{(pid=107730) __call__ /opt/stack/placement/placement/requestlog.py:55}}
Aug 29 18:06:12.036239 n-d-852085-6 devstack@placement-api.service[107730]: DEBUG placement.objects.resource_provider [req-5982f5e0-3cfd-4eb7-84ed-a167c0039e88 req-6d2abb70-0ede-485f-ba05-f8adefef9a95 service placement] _ensure_aggregate() did not find aggregate e4e35a8a-9b2f-4194-81b6-fba1eb601dae. Attempting to create it. {{(pid=107730) _ensure_aggregate /opt/stack/placement/placement/objects/resource_provider.py:321}}
Aug 29 18:06:12.038102 n-d-852085-6 devstack@placement-api.service[107730]: DEBUG placement.objects.resource_provider [req-5982f5e0-3cfd-4eb7-84ed-a167c0039e88 req-6d2abb70-0ede-485f-ba05-f8adefef9a95 service placement] _ensure_aggregate() created new aggregate e4e35a8a-9b2f-4194-81b6-fba1eb601dae (id=3). {{(pid=107730) _ensure_aggregate /opt/stack/placement/placement/objects/resource_provider.py:327}}
Aug 29 18:06:12.039715 n-d-852085-6 devstack@placement-api.service[107730]: DEBUG placement.objects.resource_provider [req-5982f5e0-3cfd-4eb7-84ed-a167c0039e88 req-6d2abb70-0ede-485f-ba05-f8adefef9a95 service placement] Setting aggregates for provider 4445357e-af87-46b8-85d4-c52291df9568. Successfully associated aggregate e4e35a8a-9b2f-4194-81b6-fba1eb601dae. {{(pid=107730) _set_aggregates /opt/stack/placement/placement/objects/resource_provider.py:389}}
Aug 29 18:06:12.053208 n-d-852085-6 devstack@placement-api.service[107730]: INFO placement.requestlog [req-5982f5e0-3cfd-4eb7-84ed-a167c0039e88 req-6d2abb70-0ede-485f-ba05-f8adefef9a95 service placement] 10.222.0.16 "PUT /placement/resource_providers/4445357e-af87-46b8-85d4-c52291df9568/aggregates" status: 200 len: 91 microversion: 1.19
Aug 29 18:06:12.055345 n-d-852085-6 devstack@placement-api.service[107730]: [pid: 107730|app: 0|req: 39/80] 10.222.0.16 () {64 vars in 1477 bytes} [Mon Aug 29 18:06:12 2022] PUT /placement/resource_providers/4445357e-af87-46b8-85d4-c52291df9568/aggregates => generated 91 bytes in 41 msecs (HTTP/1.1 200) 8 headers in 295 bytes (1 switches on core 0)
Aug 29 18:06:12.198747 n-d-852085-6 devstack@placement-api.service[107729]: DEBUG placement.requestlog [req-d0c5e614-0e43-4391-8aec-ee7c1fade8ae req-58026139-1e2b-4a31-b2a6-ec713f1dd7a6 None None] Starting request: 10.222.0.16 "GET /placement/resource_providers?name=n-h1-852085-6" {{(pid=107729) __call__ /opt/stack/placement/placement/requestlog.py:55}}
Aug 29 18:06:12.230656 n-d-852085-6 devstack@placement-api.service[107729]: INFO placement.requestlog [req-d0c5e614-0e43-4391-8aec-ee7c1fade8ae req-58026139-1e2b-4a31-b2a6-ec713f1dd7a6 service placement] 10.222.0.16 "GET /placement/resource_providers?name=n-h1-852085-6" status: 200 len: 440 microversion: 1.0
Aug 29 18:06:12.246553 n-d-852085-6 devstack@placement-api.service[107729]: [pid: 107729|app: 0|req: 42/81] 10.222.0.16 () {58 vars in 1274 bytes} [Mon Aug 29 18:06:12 2022] GET /placement/resource_providers?name=n-h1-852085-6 => generated 440 bytes in 48 msecs (HTTP/1.1 200) 6 headers in 224 bytes (1 switches on core 0)
Aug 29 18:06:12.247268 n-d-852085-6 devstack@placement-api.service[107730]: DEBUG placement.requestlog [req-d0c5e614-0e43-4391-8aec-ee7c1fade8ae req-bca88b06-7494-43e0-a913-cf526aa5a9b6 None None] Starting request: 10.222.0.16 "GET /placement/resource_providers/4445357e-af87-46b8-85d4-c52291df9568/aggregates" {{(pid=107730) __call__ /opt/stack/placement/placement/requestlog.py:55}}
Aug 29 18:06:12.282750 n-d-852085-6 devstack@placement-api.service[107730]: INFO placement.requestlog [req-d0c5e614-0e43-4391-8aec-ee7c1fade8ae req-bca88b06-7494-43e0-a913-cf526aa5a9b6 service placement] 10.222.0.16 "GET /placement/resource_providers/4445357e-af87-46b8-85d4-c52291df9568/aggregates" status: 200 len: 91 microversion: 1.19
Aug 29 18:06:12.288389 n-d-852085-6 devstack@placement-api.service[107730]: [pid: 107730|app: 0|req: 40/82] 10.222.0.16 () {60 vars in 1425 bytes} [Mon Aug 29 18:06:12 2022] GET /placement/resource_providers/4445357e-af87-46b8-85d4-c52291df9568/aggregates => generated 91 bytes in 41 msecs (HTTP/1.1 200) 8 headers in 295 bytes (2 switches on core 0)
Aug 29 18:06:12.303947 n-d-852085-6 devstack@placement-api.service[107729]: DEBUG placement.requestlog [req-d0c5e614-0e43-4391-8aec-ee7c1fade8ae req-d6ac5a45-9d1e-4bb7-bee2-c354cb81aed8 None None] Starting request: 10.222.0.16 "PUT /placement/resource_providers/4445357e-af87-46b8-85d4-c52291df9568/aggregates" {{(pid=107729) __call__ /opt/stack/placement/placement/requestlog.py:55}}
Aug 29 18:06:12.359336 n-d-852085-6 devstack@placement-api.service[107729]: DEBUG placement.objects.resource_provider [req-d0c5e614-0e43-4391-8aec-ee7c1fade8ae req-d6ac5a45-9d1e-4bb7-bee2-c354cb81aed8 service placement] Setting aggregates for provider 4445357e-af87-46b8-85d4-c52291df9568. Successfully disassociated aggregate e4e35a8a-9b2f-4194-81b6-fba1eb601dae. {{(pid=107729) _set_aggregates /opt/stack/placement/placement/objects/resource_provider.py:404}}
Aug 29 18:06:12.389679 n-d-852085-6 devstack@placement-api.service[107729]: INFO placement.requestlog [req-d0c5e614-0e43-4391-8aec-ee7c1fade8ae req-d6ac5a45-9d1e-4bb7-bee2-c354cb81aed8 service placement] 10.222.0.16 "PUT /placement/resource_providers/4445357e-af87-46b8-85d4-c52291df9568/aggregates" status: 200 len: 54 microversion: 1.19
Aug 29 18:06:12.392865 n-d-852085-6 devstack@placement-api.service[107729]: [pid: 107729|app: 0|req: 43/83] 10.222.0.16 () {64 vars in 1477 bytes} [Mon Aug 29 18:06:12 2022] PUT /placement/resource_providers/4445357e-af87-46b8-85d4-c52291df9568/aggregates => generated 54 bytes in 90 msecs (HTTP/1.1 200) 8 headers in 295 bytes (1 switches on core 0)
Aug 29 18:06:12.925345 n-d-852085-6 devstack@placement-api.service[107730]: DEBUG placement.requestlog [req-6a797199-4d1d-4190-a54c-d588c04b1d80 req-6972cc65-5c65-4649-8bc2-286a106836ff None None] Starting request: 10.222.0.66 "GET /placement/resource_providers/46e9fe05-b6e9-411b-8739-161aea8a143d/allocations" {{(pid=107730) __call__ /opt/stack/placement/placement/requestlog.py:55}}
Aug 29 18:06:12.980078 n-d-852085-6 devstack@placement-api.service[107730]: INFO placement.requestlog [req-6a797199-4d1d-4190-a54c-d588c04b1d80 req-6972cc65-5c65-4649-8bc2-286a106836ff service placement] 10.222.0.66 "GET /placement/resource_providers/46e9fe05-b6e9-411b-8739-161aea8a143d/allocations" status: 200 len: 153 microversion: 1.0
Aug 29 18:06:12.981122 n-d-852085-6 devstack@placement-api.service[107730]: [pid: 107730|app: 0|req: 41/84] 10.222.0.66 () {58 vars in 1390 bytes} [Mon Aug 29 18:06:12 2022] GET /placement/resource_providers/46e9fe05-b6e9-411b-8739-161aea8a143d/allocations => generated 153 bytes in 56 msecs (HTTP/1.1 200) 6 headers in 224 bytes (1 switches on core 0)
Aug 29 18:06:13.084889 n-d-852085-6 devstack@placement-api.service[107729]: DEBUG placement.requestlog [req-6a797199-4d1d-4190-a54c-d588c04b1d80 req-faf23d94-198e-47d2-a654-cb6fed6e3a71 None None] Starting request: 10.222.0.66 "GET /placement/resource_providers/46e9fe05-b6e9-411b-8739-161aea8a143d/allocations" {{(pid=107729) __call__ /opt/stack/placement/placement/requestlog.py:55}}
Aug 29 18:06:13.109944 n-d-852085-6 devstack@placement-api.service[107730]: DEBUG placement.requestlog [req-e1f86499-5fa4-4c14-b37c-bcaf451f194d req-0e7f8f60-c46e-411a-b004-f07acfab9484 None None] Starting request: 10.222.0.16 "GET /placement/resource_providers?name=n-h1-852085-6" {{(pid=107730) __call__ /opt/stack/placement/placement/requestlog.py:55}}
Aug 29 18:06:13.124955 n-d-852085-6 devstack@placement-api.service[107729]: INFO placement.requestlog [req-6a797199-4d1d-4190-a54c-d588c04b1d80 req-faf23d94-198e-47d2-a654-cb6fed6e3a71 service placement] 10.222.0.66 "GET /placement/resource_providers/46e9fe05-b6e9-411b-8739-161aea8a143d/allocations" status: 200 len: 153 microversion: 1.0
Aug 29 18:06:13.125871 n-d-852085-6 devstack@placement-api.service[107729]: [pid: 107729|app: 0|req: 44/85] 10.222.0.66 () {58 vars in 1390 bytes} [Mon Aug 29 18:06:13 2022] GET /placement/resource_providers/46e9fe05-b6e9-411b-8739-161aea8a143d/allocations => generated 153 bytes in 41 msecs (HTTP/1.1 200) 6 headers in 224 bytes (2 switches on core 0)
Aug 29 18:06:13.134796 n-d-852085-6 devstack@placement-api.service[107729]: DEBUG placement.requestlog [req-6a797199-4d1d-4190-a54c-d588c04b1d80 req-131935d3-9a19-4d0b-a0f5-aba8752b2012 None None] Starting request: 10.222.0.66 "GET /placement/allocations/f2c37e41-7a7a-40b9-8386-44945decf56e" {{(pid=107729) __call__ /opt/stack/placement/placement/requestlog.py:55}}
Aug 29 18:06:13.139302 n-d-852085-6 devstack@placement-api.service[107730]: INFO placement.requestlog [req-e1f86499-5fa4-4c14-b37c-bcaf451f194d req-0e7f8f60-c46e-411a-b004-f07acfab9484 service placement] 10.222.0.16 "GET /placement/resource_providers?name=n-h1-852085-6" status: 200 len: 441 microversion: 1.0
Aug 29 18:06:13.148720 n-d-852085-6 devstack@placement-api.service[107730]: [pid: 107730|app: 0|req: 42/86] 10.222.0.16 () {58 vars in 1274 bytes} [Mon Aug 29 18:06:13 2022] GET /placement/resource_providers?name=n-h1-852085-6 => generated 441 bytes in 39 msecs (HTTP/1.1 200) 6 headers in 224 bytes (1 switches on core 0)
Aug 29 18:06:13.149527 n-d-852085-6 devstack@placement-api.service[107730]: DEBUG placement.requestlog [req-e1f86499-5fa4-4c14-b37c-bcaf451f194d req-39169a3a-ffbb-4cb4-96b6-5621f0c0719a None None] Starting request: 10.222.0.16 "GET /placement/resource_providers/4445357e-af87-46b8-85d4-c52291df9568/aggregates" {{(pid=107730) __call__ /opt/stack/placement/placement/requestlog.py:55}}
Aug 29 18:06:13.184059 n-d-852085-6 devstack@placement-api.service[107730]: INFO placement.requestlog [req-e1f86499-5fa4-4c14-b37c-bcaf451f194d req-39169a3a-ffbb-4cb4-96b6-5621f0c0719a service placement] 10.222.0.16 "GET /placement/resource_providers/4445357e-af87-46b8-85d4-c52291df9568/aggregates" status: 200 len: 54 microversion: 1.19
Aug 29 18:06:13.184581 n-d-852085-6 devstack@placement-api.service[107730]: [pid: 107730|app: 0|req: 43/87] 10.222.0.16 () {60 vars in 1425 bytes} [Mon Aug 29 18:06:13 2022] GET /placement/resource_providers/4445357e-af87-46b8-85d4-c52291df9568/aggregates => generated 54 bytes in 35 msecs (HTTP/1.1 200) 8 headers in 295 bytes (1 switches on core 0)
Aug 29 18:06:13.193390 n-d-852085-6 devstack@placement-api.service[107730]: DEBUG placement.requestlog [req-e1f86499-5fa4-4c14-b37c-bcaf451f194d req-49566b38-54b9-4346-8d1f-de397f361622 None None] Starting request: 10.222.0.16 "PUT /placement/resource_providers/4445357e-af87-46b8-85d4-c52291df9568/aggregates" {{(pid=107730) __call__ /opt/stack/placement/placement/requestlog.py:55}}
Aug 29 18:06:13.205182 n-d-852085-6 devstack@placement-api.service[107729]: INFO placement.requestlog [req-6a797199-4d1d-4190-a54c-d588c04b1d80 req-131935d3-9a19-4d0b-a0f5-aba8752b2012 service placement] 10.222.0.66 "GET /placement/allocations/f2c37e41-7a7a-40b9-8386-44945decf56e" status: 200 len: 258 microversion: 1.28
Aug 29 18:06:13.205807 n-d-852085-6 devstack@placement-api.service[107729]: [pid: 107729|app: 0|req: 45/88] 10.222.0.66 () {60 vars in 1377 bytes} [Mon Aug 29 18:06:13 2022] GET /placement/allocations/f2c37e41-7a7a-40b9-8386-44945decf56e => generated 258 bytes in 72 msecs (HTTP/1.1 200) 8 headers in 296 bytes (1 switches on core 0)
Aug 29 18:06:13.237935 n-d-852085-6 devstack@placement-api.service[107730]: DEBUG placement.objects.resource_provider [req-e1f86499-5fa4-4c14-b37c-bcaf451f194d req-49566b38-54b9-4346-8d1f-de397f361622 service placement] _ensure_aggregate() did not find aggregate e6109e5e-e4d8-49be-968a-1e5b76c94e9d. Attempting to create it. {{(pid=107730) _ensure_aggregate /opt/stack/placement/placement/objects/resource_provider.py:321}}
Aug 29 18:06:13.240544 n-d-852085-6 devstack@placement-api.service[107730]: DEBUG placement.objects.resource_provider [req-e1f86499-5fa4-4c14-b37c-bcaf451f194d req-49566b38-54b9-4346-8d1f-de397f361622 service placement] _ensure_aggregate() created new aggregate e6109e5e-e4d8-49be-968a-1e5b76c94e9d (id=4). {{(pid=107730) _ensure_aggregate /opt/stack/placement/placement/objects/resource_provider.py:327}}
Aug 29 18:06:13.243554 n-d-852085-6 devstack@placement-api.service[107730]: DEBUG placement.objects.resource_provider [req-e1f86499-5fa4-4c14-b37c-bcaf451f194d req-49566b38-54b9-4346-8d1f-de397f361622 service placement] Setting aggregates for provider 4445357e-af87-46b8-85d4-c52291df9568. Successfully associated aggregate e6109e5e-e4d8-49be-968a-1e5b76c94e9d. {{(pid=107730) _set_aggregates /opt/stack/placement/placement/objects/resource_provider.py:389}}
Aug 29 18:06:13.256944 n-d-852085-6 devstack@placement-api.service[107730]: INFO placement.requestlog [req-e1f86499-5fa4-4c14-b37c-bcaf451f194d req-49566b38-54b9-4346-8d1f-de397f361622 service placement] 10.222.0.16 "PUT /placement/resource_providers/4445357e-af87-46b8-85d4-c52291df9568/aggregates" status: 200 len: 92 microversion: 1.19
Aug 29 18:06:13.277192 n-d-852085-6 devstack@placement-api.service[107730]: [pid: 107730|app: 0|req: 44/89] 10.222.0.16 () {64 vars in 1477 bytes} [Mon Aug 29 18:06:13 2022] PUT /placement/resource_providers/4445357e-af87-46b8-85d4-c52291df9568/aggregates => generated 92 bytes in 69 msecs (HTTP/1.1 200) 8 headers in 295 bytes (2 switches on core 0)
Aug 29 18:06:13.379646 n-d-852085-6 devstack@placement-api.service[107729]: DEBUG placement.requestlog [req-d40a6c26-b651-44aa-9af2-fd8e08dd918f req-939532ba-b082-474a-8c0b-dfd5fe499e54 None None] Starting request: 10.222.0.16 "GET /placement/resource_providers?name=n-h1-852085-6" {{(pid=107729) __call__ /opt/stack/placement/placement/requestlog.py:55}}
Aug 29 18:06:13.445138 n-d-852085-6 devstack@placement-api.service[107729]: INFO placement.requestlog [req-d40a6c26-b651-44aa-9af2-fd8e08dd918f req-939532ba-b082-474a-8c0b-dfd5fe499e54 service placement] 10.222.0.16 "GET /placement/resource_providers?name=n-h1-852085-6" status: 200 len: 441 microversion: 1.0
Aug 29 18:06:13.450067 n-d-852085-6 devstack@placement-api.service[107729]: [pid: 107729|app: 0|req: 46/90] 10.222.0.16 () {58 vars in 1274 bytes} [Mon Aug 29 18:06:13 2022] GET /placement/resource_providers?name=n-h1-852085-6 => generated 441 bytes in 71 msecs (HTTP/1.1 200) 6 headers in 224 bytes (1 switches on core 0)
Aug 29 18:06:13.457141 n-d-852085-6 devstack@placement-api.service[107730]: DEBUG placement.requestlog [req-d40a6c26-b651-44aa-9af2-fd8e08dd918f req-ebfc7934-1c15-44b8-86cf-126aa14936ee None None] Starting request: 10.222.0.16 "GET /placement/resource_providers/4445357e-af87-46b8-85d4-c52291df9568/aggregates" {{(pid=107730) __call__ /opt/stack/placement/placement/requestlog.py:55}}
Aug 29 18:06:13.485053 n-d-852085-6 devstack@placement-api.service[107730]: INFO placement.requestlog [req-d40a6c26-b651-44aa-9af2-fd8e08dd918f req-ebfc7934-1c15-44b8-86cf-126aa14936ee service placement] 10.222.0.16 "GET /placement/resource_providers/4445357e-af87-46b8-85d4-c52291df9568/aggregates" status: 200 len: 92 microversion: 1.19
Aug 29 18:06:13.486205 n-d-852085-6 devstack@placement-api.service[107730]: [pid: 107730|app: 0|req: 45/91] 10.222.0.16 () {60 vars in 1425 bytes} [Mon Aug 29 18:06:13 2022] GET /placement/resource_providers/4445357e-af87-46b8-85d4-c52291df9568/aggregates => generated 92 bytes in 29 msecs (HTTP/1.1 200) 8 headers in 295 bytes (2 switches on core 0)
Aug 29 18:06:13.494799 n-d-852085-6 devstack@placement-api.service[107729]: DEBUG placement.requestlog [req-d40a6c26-b651-44aa-9af2-fd8e08dd918f req-64283313-5d50-4a6d-926b-c7bdcc82590d None None] Starting request: 10.222.0.16 "PUT /placement/resource_providers/4445357e-af87-46b8-85d4-c52291df9568/aggregates" {{(pid=107729) __call__ /opt/stack/placement/placement/requestlog.py:55}}
Aug 29 18:06:13.560121 n-d-852085-6 devstack@placement-api.service[107729]: DEBUG dbcounter [-] [107729] Writing DB stats placement:SELECT=86,placement:INSERT=6,placement:DELETE=5,placement:UPDATE=3 {{(pid=107729) stat_writer /usr/local/lib/python3.8/dist-packages/dbcounter.py:114}}
Aug 29 18:06:13.563677 n-d-852085-6 devstack@placement-api.service[107729]: DEBUG placement.objects.resource_provider [req-d40a6c26-b651-44aa-9af2-fd8e08dd918f req-64283313-5d50-4a6d-926b-c7bdcc82590d service placement] Setting aggregates for provider 4445357e-af87-46b8-85d4-c52291df9568. Successfully disassociated aggregate e6109e5e-e4d8-49be-968a-1e5b76c94e9d. {{(pid=107729) _set_aggregates /opt/stack/placement/placement/objects/resource_provider.py:404}}
Aug 29 18:06:13.592185 n-d-852085-6 devstack@placement-api.service[107729]: INFO placement.requestlog [req-d40a6c26-b651-44aa-9af2-fd8e08dd918f req-64283313-5d50-4a6d-926b-c7bdcc82590d service placement] 10.222.0.16 "PUT /placement/resource_providers/4445357e-af87-46b8-85d4-c52291df9568/aggregates" status: 200 len: 54 microversion: 1.19
Aug 29 18:06:13.593547 n-d-852085-6 devstack@placement-api.service[107729]: [pid: 107729|app: 0|req: 47/92] 10.222.0.16 () {64 vars in 1477 bytes} [Mon Aug 29 18:06:13 2022] PUT /placement/resource_providers/4445357e-af87-46b8-85d4-c52291df9568/aggregates => generated 54 bytes in 100 msecs (HTTP/1.1 200) 8 headers in 295 bytes (1 switches on core 0)
Aug 29 18:06:14.513352 n-d-852085-6 devstack@placement-api.service[107730]: DEBUG placement.requestlog [req-b29b40f3-eb82-4217-8e01-f508e7e00fe6 req-38887ae6-70bb-414b-aaf1-7d7d31a2761d None None] Starting request: 10.222.0.16 "GET /placement/allocation_candidates?limit=1000&resources=DISK_GB%3A1%2CMEMORY_MB%3A1024%2CVCPU%3A1&root_required=%21COMPUTE_STATUS_DISABLED" {{(pid=107730) __call__ /opt/stack/placement/placement/requestlog.py:55}}
Aug 29 18:06:14.630870 n-d-852085-6 devstack@placement-api.service[107730]: DEBUG placement.objects.research_context [req-b29b40f3-eb82-4217-8e01-f508e7e00fe6 req-38887ae6-70bb-414b-aaf1-7d7d31a2761d service placement] getting providers with 1 DISK_GB {{(pid=107730) __init__ /opt/stack/placement/placement/objects/research_context.py:136}}
Aug 29 18:06:14.650059 n-d-852085-6 devstack@placement-api.service[107730]: DEBUG placement.objects.research_context [req-b29b40f3-eb82-4217-8e01-f508e7e00fe6 req-38887ae6-70bb-414b-aaf1-7d7d31a2761d service placement] getting providers with 1024 MEMORY_MB {{(pid=107730) __init__ /opt/stack/placement/placement/objects/research_context.py:136}}
Aug 29 18:06:14.666464 n-d-852085-6 devstack@placement-api.service[107730]: DEBUG placement.objects.research_context [req-b29b40f3-eb82-4217-8e01-f508e7e00fe6 req-38887ae6-70bb-414b-aaf1-7d7d31a2761d service placement] getting providers with 1 VCPU {{(pid=107730) __init__ /opt/stack/placement/placement/objects/research_context.py:136}}
Aug 29 18:06:14.687615 n-d-852085-6 devstack@placement-api.service[107730]: DEBUG placement.objects.research_context [req-b29b40f3-eb82-4217-8e01-f508e7e00fe6 req-38887ae6-70bb-414b-aaf1-7d7d31a2761d service placement] found 2 providers with available 1 DISK_GB {{(pid=107730) get_provider_ids_matching /opt/stack/placement/placement/objects/research_context.py:563}}
Aug 29 18:06:14.687903 n-d-852085-6 devstack@placement-api.service[107730]: DEBUG placement.objects.research_context [req-b29b40f3-eb82-4217-8e01-f508e7e00fe6 req-38887ae6-70bb-414b-aaf1-7d7d31a2761d service placement] found 2 providers with available 1024 MEMORY_MB {{(pid=107730) get_provider_ids_matching /opt/stack/placement/placement/objects/research_context.py:563}}
Aug 29 18:06:14.688178 n-d-852085-6 devstack@placement-api.service[107730]: DEBUG placement.objects.research_context [req-b29b40f3-eb82-4217-8e01-f508e7e00fe6 req-38887ae6-70bb-414b-aaf1-7d7d31a2761d service placement] found 2 providers after filtering by previous result {{(pid=107730) get_provider_ids_matching /opt/stack/placement/placement/objects/research_context.py:594}}
Aug 29 18:06:14.690196 n-d-852085-6 devstack@placement-api.service[107730]: DEBUG placement.objects.research_context [req-b29b40f3-eb82-4217-8e01-f508e7e00fe6 req-38887ae6-70bb-414b-aaf1-7d7d31a2761d service placement] found 2 providers with available 1 VCPU {{(pid=107730) get_provider_ids_matching /opt/stack/placement/placement/objects/research_context.py:563}}
Aug 29 18:06:14.690514 n-d-852085-6 devstack@placement-api.service[107730]: DEBUG placement.objects.research_context [req-b29b40f3-eb82-4217-8e01-f508e7e00fe6 req-38887ae6-70bb-414b-aaf1-7d7d31a2761d service placement] found 2 providers after filtering by previous result {{(pid=107730) get_provider_ids_matching /opt/stack/placement/placement/objects/research_context.py:594}}
Aug 29 18:06:14.723624 n-d-852085-6 devstack@placement-api.service[107730]: DEBUG placement.objects.allocation_candidate [req-b29b40f3-eb82-4217-8e01-f508e7e00fe6 req-38887ae6-70bb-414b-aaf1-7d7d31a2761d service placement] RequestGroup(use_same_provider=False, resources={DISK_GB:1, MEMORY_MB:1024, VCPU:1}, traits=(), aggregates=[]) (suffix '') returned 2 matches {{(pid=107730) _get_by_requests /opt/stack/placement/placement/objects/allocation_candidate.py:156}}
Aug 29 18:06:14.725388 n-d-852085-6 devstack@placement-api.service[107730]: DEBUG placement.objects.allocation_candidate [req-b29b40f3-eb82-4217-8e01-f508e7e00fe6 req-38887ae6-70bb-414b-aaf1-7d7d31a2761d service placement] Merging candidates yields 2 allocation requests and 2 provider summaries {{(pid=107730) _merge_candidates /opt/stack/placement/placement/objects/allocation_candidate.py:809}}
Aug 29 18:06:14.727429 n-d-852085-6 devstack@placement-api.service[107730]: INFO placement.requestlog [req-b29b40f3-eb82-4217-8e01-f508e7e00fe6 req-38887ae6-70bb-414b-aaf1-7d7d31a2761d service placement] 10.222.0.16 "GET /placement/allocation_candidates?limit=1000&resources=DISK_GB%3A1%2CMEMORY_MB%3A1024%2CVCPU%3A1&root_required=%21COMPUTE_STATUS_DISABLED" status: 200 len: 1309 microversion: 1.36
Aug 29 18:06:14.730808 n-d-852085-6 devstack@placement-api.service[107730]: [pid: 107730|app: 0|req: 46/93] 10.222.0.16 () {60 vars in 1506 bytes} [Mon Aug 29 18:06:14 2022] GET /placement/allocation_candidates?limit=1000&resources=DISK_GB%3A1%2CMEMORY_MB%3A1024%2CVCPU%3A1&root_required=%21COMPUTE_STATUS_DISABLED => generated 1309 bytes in 218 msecs (HTTP/1.1 200) 8 headers in 297 bytes (1 switches on core 0)
Aug 29 18:06:14.858845 n-d-852085-6 devstack@placement-api.service[107729]: DEBUG placement.requestlog [req-0bb62c8f-83b4-4b26-aa26-7e71efbe226e req-942caf58-2708-44b1-a0a6-6c8fcdd60f37 None None] Starting request: 10.222.0.16 "GET /placement/resource_providers?name=n-h1-852085-6" {{(pid=107729) __call__ /opt/stack/placement/placement/requestlog.py:55}}
Aug 29 18:06:14.884671 n-d-852085-6 devstack@placement-api.service[107729]: INFO placement.requestlog [req-0bb62c8f-83b4-4b26-aa26-7e71efbe226e req-942caf58-2708-44b1-a0a6-6c8fcdd60f37 service placement] 10.222.0.16 "GET /placement/resource_providers?name=n-h1-852085-6" status: 200 len: 441 microversion: 1.0
Aug 29 18:06:14.892628 n-d-852085-6 devstack@placement-api.service[107730]: DEBUG placement.requestlog [req-0bb62c8f-83b4-4b26-aa26-7e71efbe226e req-458382a6-97df-4a64-be82-81d4762ec414 None None] Starting request: 10.222.0.16 "GET /placement/resource_providers/4445357e-af87-46b8-85d4-c52291df9568/aggregates" {{(pid=107730) __call__ /opt/stack/placement/placement/requestlog.py:55}}
Aug 29 18:06:14.901053 n-d-852085-6 devstack@placement-api.service[107729]: [pid: 107729|app: 0|req: 48/94] 10.222.0.16 () {58 vars in 1274 bytes} [Mon Aug 29 18:06:14 2022] GET /placement/resource_providers?name=n-h1-852085-6 => generated 441 bytes in 42 msecs (HTTP/1.1 200) 6 headers in 224 bytes (1 switches on core 0)
Aug 29 18:06:14.920131 n-d-852085-6 devstack@placement-api.service[107730]: INFO placement.requestlog [req-0bb62c8f-83b4-4b26-aa26-7e71efbe226e req-458382a6-97df-4a64-be82-81d4762ec414 service placement] 10.222.0.16 "GET /placement/resource_providers/4445357e-af87-46b8-85d4-c52291df9568/aggregates" status: 200 len: 54 microversion: 1.19
Aug 29 18:06:14.920984 n-d-852085-6 devstack@placement-api.service[107730]: [pid: 107730|app: 0|req: 47/95] 10.222.0.16 () {60 vars in 1425 bytes} [Mon Aug 29 18:06:14 2022] GET /placement/resource_providers/4445357e-af87-46b8-85d4-c52291df9568/aggregates => generated 54 bytes in 29 msecs (HTTP/1.1 200) 8 headers in 295 bytes (2 switches on core 0)
Aug 29 18:06:14.927790 n-d-852085-6 devstack@placement-api.service[107729]: DEBUG placement.requestlog [req-0bb62c8f-83b4-4b26-aa26-7e71efbe226e req-18845fe2-6097-49ed-aef4-8ee382b14427 None None] Starting request: 10.222.0.16 "PUT /placement/resource_providers/4445357e-af87-46b8-85d4-c52291df9568/aggregates" {{(pid=107729) __call__ /opt/stack/placement/placement/requestlog.py:55}}
Aug 29 18:06:14.978331 n-d-852085-6 devstack@placement-api.service[107730]: DEBUG placement.requestlog [req-b29b40f3-eb82-4217-8e01-f508e7e00fe6 req-4c184ad1-c98a-460a-8410-9e56d3946ea5 None None] Starting request: 10.222.0.16 "GET /placement/allocations/8afe8bdc-8e8d-47de-95b7-ada2b28f6fd3" {{(pid=107730) __call__ /opt/stack/placement/placement/requestlog.py:55}}
Aug 29 18:06:14.982644 n-d-852085-6 devstack@placement-api.service[107729]: DEBUG placement.objects.resource_provider [req-0bb62c8f-83b4-4b26-aa26-7e71efbe226e req-18845fe2-6097-49ed-aef4-8ee382b14427 service placement] _ensure_aggregate() did not find aggregate 7b662b1b-8ad5-473a-b43e-72e57a99c0f6. Attempting to create it. {{(pid=107729) _ensure_aggregate /opt/stack/placement/placement/objects/resource_provider.py:321}}
Aug 29 18:06:14.987563 n-d-852085-6 devstack@placement-api.service[107729]: DEBUG placement.objects.resource_provider [req-0bb62c8f-83b4-4b26-aa26-7e71efbe226e req-18845fe2-6097-49ed-aef4-8ee382b14427 service placement] _ensure_aggregate() created new aggregate 7b662b1b-8ad5-473a-b43e-72e57a99c0f6 (id=5). {{(pid=107729) _ensure_aggregate /opt/stack/placement/placement/objects/resource_provider.py:327}}
