Aug 27 03:05:31.297372 n-d-852085-5 devstack@placement-api.service[114654]: DEBUG placement.requestlog [req-73ef8bc1-e2cd-456b-be66-824f3b369445 req-deca7837-1965-4b52-88db-a6b56f0ef87f None None] Starting request: 10.222.0.107 "GET /placement/allocations/6a89bc7c-2ae0-452b-9004-a13f1ad1963e" {{(pid=114654) __call__ /opt/stack/placement/placement/requestlog.py:55}}
Aug 27 03:05:31.335883 n-d-852085-5 devstack@placement-api.service[114654]: INFO placement.requestlog [req-73ef8bc1-e2cd-456b-be66-824f3b369445 req-deca7837-1965-4b52-88db-a6b56f0ef87f service placement] 10.222.0.107 "GET /placement/allocations/6a89bc7c-2ae0-452b-9004-a13f1ad1963e" status: 200 len: 258 microversion: 1.28
Aug 27 03:05:31.337492 n-d-852085-5 devstack@placement-api.service[114654]: [pid: 114654|app: 0|req: 689/1373] 10.222.0.107 () {60 vars in 1382 bytes} [Sat Aug 27 03:05:31 2022] GET /placement/allocations/6a89bc7c-2ae0-452b-9004-a13f1ad1963e => generated 258 bytes in 40 msecs (HTTP/1.1 200) 8 headers in 296 bytes (2 switches on core 0)
Aug 27 03:05:38.810999 n-d-852085-5 devstack@placement-api.service[114653]: DEBUG dbcounter [-] [114653] Writing DB stats placement:DELETE=3,placement:SELECT=45 {{(pid=114653) stat_writer /usr/local/lib/python3.8/dist-packages/dbcounter.py:114}}
Aug 27 03:05:39.165857 n-d-852085-5 devstack@placement-api.service[114653]: DEBUG placement.requestlog [req-0d5dbd9c-30f4-4afd-9f32-69b9a3cea28d req-daa26a3c-0fe3-43c1-81b9-5d69d7e6194c None None] Starting request: 10.222.0.107 "GET /placement/resource_providers/3f0e202f-a2f8-4723-9ed1-b34b7e169a9c/allocations" {{(pid=114653) __call__ /opt/stack/placement/placement/requestlog.py:55}}
Aug 27 03:05:39.188619 n-d-852085-5 devstack@placement-api.service[114653]: INFO placement.requestlog [req-0d5dbd9c-30f4-4afd-9f32-69b9a3cea28d req-daa26a3c-0fe3-43c1-81b9-5d69d7e6194c service placement] 10.222.0.107 "GET /placement/resource_providers/3f0e202f-a2f8-4723-9ed1-b34b7e169a9c/allocations" status: 200 len: 442 microversion: 1.0
Aug 27 03:05:39.188997 n-d-852085-5 devstack@placement-api.service[114653]: [pid: 114653|app: 0|req: 685/1374] 10.222.0.107 () {58 vars in 1395 bytes} [Sat Aug 27 03:05:39 2022] GET /placement/resource_providers/3f0e202f-a2f8-4723-9ed1-b34b7e169a9c/allocations => generated 442 bytes in 26 msecs (HTTP/1.1 200) 6 headers in 224 bytes (1 switches on core 0)
Aug 27 03:05:39.197998 n-d-852085-5 devstack@placement-api.service[114654]: DEBUG placement.requestlog [req-0d5dbd9c-30f4-4afd-9f32-69b9a3cea28d req-34438868-c7f0-4fda-b4be-9a74660e6806 None None] Starting request: 10.222.0.107 "GET /placement/allocations/8d9dbadf-5e80-40a4-a24f-4fedf393a931" {{(pid=114654) __call__ /opt/stack/placement/placement/requestlog.py:55}}
Aug 27 03:05:39.224369 n-d-852085-5 devstack@placement-api.service[114654]: INFO placement.requestlog [req-0d5dbd9c-30f4-4afd-9f32-69b9a3cea28d req-34438868-c7f0-4fda-b4be-9a74660e6806 service placement] 10.222.0.107 "GET /placement/allocations/8d9dbadf-5e80-40a4-a24f-4fedf393a931" status: 200 len: 245 microversion: 1.28
Aug 27 03:05:39.224828 n-d-852085-5 devstack@placement-api.service[114654]: [pid: 114654|app: 0|req: 690/1375] 10.222.0.107 () {60 vars in 1382 bytes} [Sat Aug 27 03:05:39 2022] GET /placement/allocations/8d9dbadf-5e80-40a4-a24f-4fedf393a931 => generated 245 bytes in 27 msecs (HTTP/1.1 200) 8 headers in 296 bytes (1 switches on core 0)
Aug 27 03:05:39.231462 n-d-852085-5 devstack@placement-api.service[114653]: DEBUG placement.requestlog [req-0d5dbd9c-30f4-4afd-9f32-69b9a3cea28d req-339f6308-5c80-425f-b36e-298841532f85 None None] Starting request: 10.222.0.107 "GET /placement/allocations/6a89bc7c-2ae0-452b-9004-a13f1ad1963e" {{(pid=114653) __call__ /opt/stack/placement/placement/requestlog.py:55}}
Aug 27 03:05:39.253152 n-d-852085-5 devstack@placement-api.service[114654]: DEBUG placement.requestlog [None req-05400bc6-acc9-4187-abc0-c41c120d8bb7 None None] Starting request: 10.222.0.113 "GET /placement/resource_providers/cb7c4165-9702-4b05-9031-9728945d8a91/aggregates" {{(pid=114654) __call__ /opt/stack/placement/placement/requestlog.py:55}}
Aug 27 03:05:39.254668 n-d-852085-5 devstack@placement-api.service[114653]: INFO placement.requestlog [req-0d5dbd9c-30f4-4afd-9f32-69b9a3cea28d req-339f6308-5c80-425f-b36e-298841532f85 service placement] 10.222.0.107 "GET /placement/allocations/6a89bc7c-2ae0-452b-9004-a13f1ad1963e" status: 200 len: 258 microversion: 1.28
Aug 27 03:05:39.255486 n-d-852085-5 devstack@placement-api.service[114653]: [pid: 114653|app: 0|req: 686/1376] 10.222.0.107 () {60 vars in 1382 bytes} [Sat Aug 27 03:05:39 2022] GET /placement/allocations/6a89bc7c-2ae0-452b-9004-a13f1ad1963e => generated 258 bytes in 24 msecs (HTTP/1.1 200) 8 headers in 296 bytes (1 switches on core 0)
Aug 27 03:05:39.267943 n-d-852085-5 devstack@placement-api.service[114653]: DEBUG placement.requestlog [req-0d5dbd9c-30f4-4afd-9f32-69b9a3cea28d req-d54c70d9-2427-41c8-8871-8dc34e0c10c5 None None] Starting request: 10.222.0.107 "GET /placement/allocations/4e223b42-70b8-4c0c-8084-f8f786176012" {{(pid=114653) __call__ /opt/stack/placement/placement/requestlog.py:55}}
Aug 27 03:05:39.274229 n-d-852085-5 devstack@placement-api.service[114654]: INFO placement.requestlog [None req-05400bc6-acc9-4187-abc0-c41c120d8bb7 service placement] 10.222.0.113 "GET /placement/resource_providers/cb7c4165-9702-4b05-9031-9728945d8a91/aggregates" status: 404 len: 235 microversion: 1.1
Aug 27 03:05:39.275083 n-d-852085-5 devstack@placement-api.service[114654]: [pid: 114654|app: 0|req: 691/1377] 10.222.0.113 () {58 vars in 1367 bytes} [Sat Aug 27 03:05:39 2022] GET /placement/resource_providers/cb7c4165-9702-4b05-9031-9728945d8a91/aggregates => generated 235 bytes in 22 msecs (HTTP/1.1 404) 5 headers in 202 bytes (2 switches on core 0)
Aug 27 03:05:39.309081 n-d-852085-5 devstack@placement-api.service[114654]: DEBUG placement.requestlog [None req-ec780067-07e0-4ace-a5c2-0590476312f1 None None] Starting request: 10.222.0.113 "DELETE /placement/resource_providers/cb7c4165-9702-4b05-9031-9728945d8a91" {{(pid=114654) __call__ /opt/stack/placement/placement/requestlog.py:55}}
Aug 27 03:05:39.309605 n-d-852085-5 devstack@placement-api.service[114653]: INFO placement.requestlog [req-0d5dbd9c-30f4-4afd-9f32-69b9a3cea28d req-d54c70d9-2427-41c8-8871-8dc34e0c10c5 service placement] 10.222.0.107 "GET /placement/allocations/4e223b42-70b8-4c0c-8084-f8f786176012" status: 200 len: 259 microversion: 1.28
Aug 27 03:05:39.309605 n-d-852085-5 devstack@placement-api.service[114653]: [pid: 114653|app: 0|req: 687/1378] 10.222.0.107 () {60 vars in 1382 bytes} [Sat Aug 27 03:05:39 2022] GET /placement/allocations/4e223b42-70b8-4c0c-8084-f8f786176012 => generated 259 bytes in 39 msecs (HTTP/1.1 200) 8 headers in 296 bytes (2 switches on core 0)
Aug 27 03:05:39.309605 n-d-852085-5 devstack@placement-api.service[114653]: DEBUG placement.requestlog [req-0d5dbd9c-30f4-4afd-9f32-69b9a3cea28d req-2c380434-90b7-43d7-a8ac-058611f3e3c6 None None] Starting request: 10.222.0.107 "GET /placement/allocations/1b2ab114-f0bc-4544-a544-0fe791a4d0b4" {{(pid=114653) __call__ /opt/stack/placement/placement/requestlog.py:55}}
Aug 27 03:05:39.319652 n-d-852085-5 devstack@placement-api.service[114654]: DEBUG placement.wsgi_wrapper [None req-ec780067-07e0-4ace-a5c2-0590476312f1 service placement] Placement API returning an error response: No resource provider with uuid cb7c4165-9702-4b05-9031-9728945d8a91 found for delete {{(pid=114654) call_func /opt/stack/placement/placement/wsgi_wrapper.py:31}}
Aug 27 03:05:39.320574 n-d-852085-5 devstack@placement-api.service[114654]: INFO placement.requestlog [None req-ec780067-07e0-4ace-a5c2-0590476312f1 service placement] 10.222.0.113 "DELETE /placement/resource_providers/cb7c4165-9702-4b05-9031-9728945d8a91" status: 404 len: 246 microversion: 1.1
Aug 27 03:05:39.322572 n-d-852085-5 devstack@placement-api.service[114654]: [pid: 114654|app: 0|req: 692/1379] 10.222.0.113 () {60 vars in 1356 bytes} [Sat Aug 27 03:05:39 2022] DELETE /placement/resource_providers/cb7c4165-9702-4b05-9031-9728945d8a91 => generated 246 bytes in 34 msecs (HTTP/1.1 404) 6 headers in 231 bytes (2 switches on core 0)
Aug 27 03:05:39.335893 n-d-852085-5 devstack@placement-api.service[114653]: INFO placement.requestlog [req-0d5dbd9c-30f4-4afd-9f32-69b9a3cea28d req-2c380434-90b7-43d7-a8ac-058611f3e3c6 service placement] 10.222.0.107 "GET /placement/allocations/1b2ab114-f0bc-4544-a544-0fe791a4d0b4" status: 200 len: 259 microversion: 1.28
Aug 27 03:05:39.336589 n-d-852085-5 devstack@placement-api.service[114653]: [pid: 114653|app: 0|req: 688/1380] 10.222.0.107 () {60 vars in 1382 bytes} [Sat Aug 27 03:05:39 2022] GET /placement/allocations/1b2ab114-f0bc-4544-a544-0fe791a4d0b4 => generated 259 bytes in 29 msecs (HTTP/1.1 200) 8 headers in 296 bytes (1 switches on core 0)
Aug 27 03:05:39.959028 n-d-852085-5 devstack@placement-api.service[114654]: DEBUG placement.requestlog [req-0d5dbd9c-30f4-4afd-9f32-69b9a3cea28d req-737971ce-7cf4-405c-8928-95b201eb4ff4 None None] Starting request: 10.222.0.107 "GET /placement/allocations/1b2ab114-f0bc-4544-a544-0fe791a4d0b4" {{(pid=114654) __call__ /opt/stack/placement/placement/requestlog.py:55}}
Aug 27 03:05:40.006948 n-d-852085-5 devstack@placement-api.service[114654]: INFO placement.requestlog [req-0d5dbd9c-30f4-4afd-9f32-69b9a3cea28d req-737971ce-7cf4-405c-8928-95b201eb4ff4 service placement] 10.222.0.107 "GET /placement/allocations/1b2ab114-f0bc-4544-a544-0fe791a4d0b4" status: 200 len: 259 microversion: 1.28
Aug 27 03:05:40.008372 n-d-852085-5 devstack@placement-api.service[114654]: [pid: 114654|app: 0|req: 693/1381] 10.222.0.107 () {60 vars in 1382 bytes} [Sat Aug 27 03:05:39 2022] GET /placement/allocations/1b2ab114-f0bc-4544-a544-0fe791a4d0b4 => generated 259 bytes in 50 msecs (HTTP/1.1 200) 8 headers in 296 bytes (1 switches on core 0)
Aug 27 03:05:40.017223 n-d-852085-5 devstack@placement-api.service[114653]: DEBUG placement.requestlog [req-0d5dbd9c-30f4-4afd-9f32-69b9a3cea28d req-aa34ed03-80df-4004-bffa-c59071bd5558 None None] Starting request: 10.222.0.107 "PUT /placement/allocations/1b2ab114-f0bc-4544-a544-0fe791a4d0b4" {{(pid=114653) __call__ /opt/stack/placement/placement/requestlog.py:55}}
Aug 27 03:05:40.119204 n-d-852085-5 devstack@placement-api.service[114653]: DEBUG placement.handlers.allocation [req-0d5dbd9c-30f4-4afd-9f32-69b9a3cea28d req-aa34ed03-80df-4004-bffa-c59071bd5558 service placement] Successfully wrote allocations [, , ] {{(pid=114653) _update_consumers_and_create_allocations /opt/stack/placement/placement/handlers/allocation.py:462}}
Aug 27 03:05:40.208423 n-d-852085-5 devstack@placement-api.service[114653]: INFO placement.requestlog [req-0d5dbd9c-30f4-4afd-9f32-69b9a3cea28d req-aa34ed03-80df-4004-bffa-c59071bd5558 service placement] 10.222.0.107 "PUT /placement/allocations/1b2ab114-f0bc-4544-a544-0fe791a4d0b4" status: 204 len: 0 microversion: 1.28
Aug 27 03:05:40.209705 n-d-852085-5 devstack@placement-api.service[114653]: [pid: 114653|app: 0|req: 689/1382] 10.222.0.107 () {64 vars in 1435 bytes} [Sat Aug 27 03:05:40 2022] PUT /placement/allocations/1b2ab114-f0bc-4544-a544-0fe791a4d0b4 => generated 0 bytes in 193 msecs (HTTP/1.1 204) 5 headers in 199 bytes (1 switches on core 0)
Aug 27 03:05:43.898375 n-d-852085-5 devstack@placement-api.service[114654]: DEBUG placement.requestlog [req-70cdcf0b-6084-42e1-813a-58e7b311e446 req-0132cdf5-1971-4cb5-b6a5-f671e86a1a36 None None] Starting request: 10.222.0.113 "GET /placement/allocation_candidates?limit=1000&resources=DISK_GB%3A1%2CMEMORY_MB%3A1024%2CVCPU%3A1&root_required=%21COMPUTE_STATUS_DISABLED" {{(pid=114654) __call__ /opt/stack/placement/placement/requestlog.py:55}}
Aug 27 03:05:43.926027 n-d-852085-5 devstack@placement-api.service[114654]: DEBUG dbcounter [-] [114654] Writing DB stats placement:SELECT=78 {{(pid=114654) stat_writer /usr/local/lib/python3.8/dist-packages/dbcounter.py:114}}
Aug 27 03:05:43.968812 n-d-852085-5 devstack@placement-api.service[114654]: DEBUG placement.objects.research_context [req-70cdcf0b-6084-42e1-813a-58e7b311e446 req-0132cdf5-1971-4cb5-b6a5-f671e86a1a36 service placement] getting providers with 1 DISK_GB {{(pid=114654) __init__ /opt/stack/placement/placement/objects/research_context.py:136}}
Aug 27 03:05:43.977288 n-d-852085-5 devstack@placement-api.service[114654]: DEBUG placement.objects.research_context [req-70cdcf0b-6084-42e1-813a-58e7b311e446 req-0132cdf5-1971-4cb5-b6a5-f671e86a1a36 service placement] getting providers with 1024 MEMORY_MB {{(pid=114654) __init__ /opt/stack/placement/placement/objects/research_context.py:136}}
Aug 27 03:05:43.990604 n-d-852085-5 devstack@placement-api.service[114654]: DEBUG placement.objects.research_context [req-70cdcf0b-6084-42e1-813a-58e7b311e446 req-0132cdf5-1971-4cb5-b6a5-f671e86a1a36 service placement] getting providers with 1 VCPU {{(pid=114654) __init__ /opt/stack/placement/placement/objects/research_context.py:136}}
Aug 27 03:05:44.004065 n-d-852085-5 devstack@placement-api.service[114654]: DEBUG placement.objects.research_context [req-70cdcf0b-6084-42e1-813a-58e7b311e446 req-0132cdf5-1971-4cb5-b6a5-f671e86a1a36 service placement] found 2 providers with available 1 DISK_GB {{(pid=114654) get_provider_ids_matching /opt/stack/placement/placement/objects/research_context.py:563}}
Aug 27 03:05:44.005778 n-d-852085-5 devstack@placement-api.service[114654]: DEBUG placement.objects.research_context [req-70cdcf0b-6084-42e1-813a-58e7b311e446 req-0132cdf5-1971-4cb5-b6a5-f671e86a1a36 service placement] found 2 providers with available 1024 MEMORY_MB {{(pid=114654) get_provider_ids_matching /opt/stack/placement/placement/objects/research_context.py:563}}
Aug 27 03:05:44.006141 n-d-852085-5 devstack@placement-api.service[114654]: DEBUG placement.objects.research_context [req-70cdcf0b-6084-42e1-813a-58e7b311e446 req-0132cdf5-1971-4cb5-b6a5-f671e86a1a36 service placement] found 2 providers after filtering by previous result {{(pid=114654) get_provider_ids_matching /opt/stack/placement/placement/objects/research_context.py:594}}
Aug 27 03:05:44.006462 n-d-852085-5 devstack@placement-api.service[114654]: DEBUG placement.objects.research_context [req-70cdcf0b-6084-42e1-813a-58e7b311e446 req-0132cdf5-1971-4cb5-b6a5-f671e86a1a36 service placement] found 2 providers with available 1 VCPU {{(pid=114654) get_provider_ids_matching /opt/stack/placement/placement/objects/research_context.py:563}}
Aug 27 03:05:44.006791 n-d-852085-5 devstack@placement-api.service[114654]: DEBUG placement.objects.research_context [req-70cdcf0b-6084-42e1-813a-58e7b311e446 req-0132cdf5-1971-4cb5-b6a5-f671e86a1a36 service placement] found 2 providers after filtering by previous result {{(pid=114654) get_provider_ids_matching /opt/stack/placement/placement/objects/research_context.py:594}}
Aug 27 03:05:44.020050 n-d-852085-5 devstack@placement-api.service[114654]: DEBUG placement.objects.allocation_candidate [req-70cdcf0b-6084-42e1-813a-58e7b311e446 req-0132cdf5-1971-4cb5-b6a5-f671e86a1a36 service placement] RequestGroup(use_same_provider=False, resources={DISK_GB:1, MEMORY_MB:1024, VCPU:1}, traits=(), aggregates=[]) (suffix '') returned 2 matches {{(pid=114654) _get_by_requests /opt/stack/placement/placement/objects/allocation_candidate.py:156}}
Aug 27 03:05:44.024713 n-d-852085-5 devstack@placement-api.service[114654]: DEBUG placement.objects.allocation_candidate [req-70cdcf0b-6084-42e1-813a-58e7b311e446 req-0132cdf5-1971-4cb5-b6a5-f671e86a1a36 service placement] Merging candidates yields 2 allocation requests and 2 provider summaries {{(pid=114654) _merge_candidates /opt/stack/placement/placement/objects/allocation_candidate.py:809}}
Aug 27 03:05:44.024713 n-d-852085-5 devstack@placement-api.service[114654]: INFO placement.requestlog [req-70cdcf0b-6084-42e1-813a-58e7b311e446 req-0132cdf5-1971-4cb5-b6a5-f671e86a1a36 service placement] 10.222.0.113 "GET /placement/allocation_candidates?limit=1000&resources=DISK_GB%3A1%2CMEMORY_MB%3A1024%2CVCPU%3A1&root_required=%21COMPUTE_STATUS_DISABLED" status: 200 len: 1309 microversion: 1.36
Aug 27 03:05:44.024713 n-d-852085-5 devstack@placement-api.service[114654]: [pid: 114654|app: 0|req: 694/1383] 10.222.0.113 () {60 vars in 1511 bytes} [Sat Aug 27 03:05:43 2022] GET /placement/allocation_candidates?limit=1000&resources=DISK_GB%3A1%2CMEMORY_MB%3A1024%2CVCPU%3A1&root_required=%21COMPUTE_STATUS_DISABLED => generated 1309 bytes in 126 msecs (HTTP/1.1 200) 8 headers in 297 bytes (1 switches on core 0)
Aug 27 03:05:44.142165 n-d-852085-5 devstack@placement-api.service[114653]: DEBUG placement.requestlog [req-70cdcf0b-6084-42e1-813a-58e7b311e446 req-fa998fa7-9608-44c5-a998-13ecdb73099f None None] Starting request: 10.222.0.113 "GET /placement/allocations/fd7c4341-a5d0-4aad-ae52-0fb7baa7d895" {{(pid=114653) __call__ /opt/stack/placement/placement/requestlog.py:55}}
Aug 27 03:05:44.165145 n-d-852085-5 devstack@placement-api.service[114653]: INFO placement.requestlog [req-70cdcf0b-6084-42e1-813a-58e7b311e446 req-fa998fa7-9608-44c5-a998-13ecdb73099f service placement] 10.222.0.113 "GET /placement/allocations/fd7c4341-a5d0-4aad-ae52-0fb7baa7d895" status: 200 len: 19 microversion: 1.28
Aug 27 03:05:44.168258 n-d-852085-5 devstack@placement-api.service[114653]: [pid: 114653|app: 0|req: 690/1384] 10.222.0.113 () {60 vars in 1385 bytes} [Sat Aug 27 03:05:44 2022] GET /placement/allocations/fd7c4341-a5d0-4aad-ae52-0fb7baa7d895 => generated 19 bytes in 26 msecs (HTTP/1.1 200) 8 headers in 295 bytes (1 switches on core 0)
Aug 27 03:05:44.176957 n-d-852085-5 devstack@placement-api.service[114654]: DEBUG placement.requestlog [req-70cdcf0b-6084-42e1-813a-58e7b311e446 req-a2e5c980-1d21-4468-9142-46faf3b9d54b None None] Starting request: 10.222.0.113 "PUT /placement/allocations/fd7c4341-a5d0-4aad-ae52-0fb7baa7d895" {{(pid=114654) __call__ /opt/stack/placement/placement/requestlog.py:55}}
Aug 27 03:05:44.664779 n-d-852085-5 devstack@placement-api.service[114654]: DEBUG placement.handlers.allocation [req-70cdcf0b-6084-42e1-813a-58e7b311e446 req-a2e5c980-1d21-4468-9142-46faf3b9d54b service placement] Successfully wrote allocations [, , ] {{(pid=114654) _update_consumers_and_create_allocations /opt/stack/placement/placement/handlers/allocation.py:462}}
Aug 27 03:05:44.759972 n-d-852085-5 devstack@placement-api.service[114654]: INFO placement.requestlog [req-70cdcf0b-6084-42e1-813a-58e7b311e446 req-a2e5c980-1d21-4468-9142-46faf3b9d54b service placement] 10.222.0.113 "PUT /placement/allocations/fd7c4341-a5d0-4aad-ae52-0fb7baa7d895" status: 204 len: 0 microversion: 1.36
Aug 27 03:05:44.762248 n-d-852085-5 devstack@placement-api.service[114654]: [pid: 114654|app: 0|req: 695/1385] 10.222.0.113 () {64 vars in 1438 bytes} [Sat Aug 27 03:05:44 2022] PUT /placement/allocations/fd7c4341-a5d0-4aad-ae52-0fb7baa7d895 => generated 0 bytes in 586 msecs (HTTP/1.1 204) 5 headers in 199 bytes (1 switches on core 0)
Aug 27 03:05:45.343741 n-d-852085-5 devstack@placement-api.service[114653]: DEBUG placement.requestlog [None req-b2b955a2-a1fd-4df7-a1da-8dcaeb87a927 None None] Starting request: 10.222.0.113 "GET /placement/resource_providers/08afabf2-f389-4fd8-b6fb-1ab54cf677cd/aggregates" {{(pid=114653) __call__ /opt/stack/placement/placement/requestlog.py:55}}
Aug 27 03:05:45.369395 n-d-852085-5 devstack@placement-api.service[114653]: INFO placement.requestlog [None req-b2b955a2-a1fd-4df7-a1da-8dcaeb87a927 service placement] 10.222.0.113 "GET /placement/resource_providers/08afabf2-f389-4fd8-b6fb-1ab54cf677cd/aggregates" status: 404 len: 235 microversion: 1.1
Aug 27 03:05:45.370337 n-d-852085-5 devstack@placement-api.service[114653]: [pid: 114653|app: 0|req: 691/1386] 10.222.0.113 () {58 vars in 1367 bytes} [Sat Aug 27 03:05:45 2022] GET /placement/resource_providers/08afabf2-f389-4fd8-b6fb-1ab54cf677cd/aggregates => generated 235 bytes in 27 msecs (HTTP/1.1 404) 5 headers in 202 bytes (1 switches on core 0)
Aug 27 03:05:45.406648 n-d-852085-5 devstack@placement-api.service[114654]: DEBUG placement.requestlog [None req-b02b7fd2-dbba-43da-8a28-4f9ca098e4f0 None None] Starting request: 10.222.0.113 "DELETE /placement/resource_providers/08afabf2-f389-4fd8-b6fb-1ab54cf677cd" {{(pid=114654) __call__ /opt/stack/placement/placement/requestlog.py:55}}
Aug 27 03:05:45.420523 n-d-852085-5 devstack@placement-api.service[114654]: DEBUG placement.wsgi_wrapper [None req-b02b7fd2-dbba-43da-8a28-4f9ca098e4f0 service placement] Placement API returning an error response: No resource provider with uuid 08afabf2-f389-4fd8-b6fb-1ab54cf677cd found for delete {{(pid=114654) call_func /opt/stack/placement/placement/wsgi_wrapper.py:31}}
Aug 27 03:05:45.421409 n-d-852085-5 devstack@placement-api.service[114654]: INFO placement.requestlog [None req-b02b7fd2-dbba-43da-8a28-4f9ca098e4f0 service placement] 10.222.0.113 "DELETE /placement/resource_providers/08afabf2-f389-4fd8-b6fb-1ab54cf677cd" status: 404 len: 246 microversion: 1.1
Aug 27 03:05:45.421917 n-d-852085-5 devstack@placement-api.service[114654]: [pid: 114654|app: 0|req: 696/1387] 10.222.0.113 () {60 vars in 1356 bytes} [Sat Aug 27 03:05:45 2022] DELETE /placement/resource_providers/08afabf2-f389-4fd8-b6fb-1ab54cf677cd => generated 246 bytes in 16 msecs (HTTP/1.1 404) 6 headers in 231 bytes (1 switches on core 0)
Aug 27 03:05:46.321467 n-d-852085-5 devstack@placement-api.service[114653]: DEBUG placement.requestlog [req-70cdcf0b-6084-42e1-813a-58e7b311e446 req-17f5b9fc-25bf-4014-a644-1217cddcd4df None None] Starting request: 10.222.0.115 "GET /placement/allocations/fd7c4341-a5d0-4aad-ae52-0fb7baa7d895" {{(pid=114653) __call__ /opt/stack/placement/placement/requestlog.py:55}}
Aug 27 03:05:46.344806 n-d-852085-5 devstack@placement-api.service[114653]: INFO placement.requestlog [req-70cdcf0b-6084-42e1-813a-58e7b311e446 req-17f5b9fc-25bf-4014-a644-1217cddcd4df service placement] 10.222.0.115 "GET /placement/allocations/fd7c4341-a5d0-4aad-ae52-0fb7baa7d895" status: 200 len: 259 microversion: 1.28
Aug 27 03:05:46.345525 n-d-852085-5 devstack@placement-api.service[114653]: [pid: 114653|app: 0|req: 692/1388] 10.222.0.115 () {60 vars in 1382 bytes} [Sat Aug 27 03:05:46 2022] GET /placement/allocations/fd7c4341-a5d0-4aad-ae52-0fb7baa7d895 => generated 259 bytes in 24 msecs (HTTP/1.1 200) 8 headers in 296 bytes (2 switches on core 0)
Aug 27 03:05:46.746177 n-d-852085-5 devstack@placement-api.service[114654]: DEBUG placement.requestlog [req-70cdcf0b-6084-42e1-813a-58e7b311e446 req-5c42cd2d-355a-45d6-bdc1-3ce94469b4ae None None] Starting request: 10.222.0.115 "GET /placement/resource_providers/e988c3ad-ddda-4ae0-b019-952ff17e3b24/allocations" {{(pid=114654) __call__ /opt/stack/placement/placement/requestlog.py:55}}
Aug 27 03:05:46.799355 n-d-852085-5 devstack@placement-api.service[114654]: INFO placement.requestlog [req-70cdcf0b-6084-42e1-813a-58e7b311e446 req-5c42cd2d-355a-45d6-bdc1-3ce94469b4ae service placement] 10.222.0.115 "GET /placement/resource_providers/e988c3ad-ddda-4ae0-b019-952ff17e3b24/allocations" status: 200 len: 457 microversion: 1.0
Aug 27 03:05:46.800033 n-d-852085-5 devstack@placement-api.service[114654]: [pid: 114654|app: 0|req: 697/1389] 10.222.0.115 () {58 vars in 1395 bytes} [Sat Aug 27 03:05:46 2022] GET /placement/resource_providers/e988c3ad-ddda-4ae0-b019-952ff17e3b24/allocations => generated 457 bytes in 54 msecs (HTTP/1.1 200) 6 headers in 224 bytes (1 switches on core 0)
Aug 27 03:05:46.807452 n-d-852085-5 devstack@placement-api.service[114653]: DEBUG placement.requestlog [req-70cdcf0b-6084-42e1-813a-58e7b311e446 req-f7e4c290-29dc-4ac8-9649-ef4ff14fdf08 None None] Starting request: 10.222.0.115 "GET /placement/allocations/6378f31c-9265-49b0-80fa-046c9cd55302" {{(pid=114653) __call__ /opt/stack/placement/placement/requestlog.py:55}}
Aug 27 03:05:46.833765 n-d-852085-5 devstack@placement-api.service[114653]: INFO placement.requestlog [req-70cdcf0b-6084-42e1-813a-58e7b311e446 req-f7e4c290-29dc-4ac8-9649-ef4ff14fdf08 service placement] 10.222.0.115 "GET /placement/allocations/6378f31c-9265-49b0-80fa-046c9cd55302" status: 200 len: 259 microversion: 1.28
Aug 27 03:05:46.837579 n-d-852085-5 devstack@placement-api.service[114653]: [pid: 114653|app: 0|req: 693/1390] 10.222.0.115 () {60 vars in 1382 bytes} [Sat Aug 27 03:05:46 2022] GET /placement/allocations/6378f31c-9265-49b0-80fa-046c9cd55302 => generated 259 bytes in 28 msecs (HTTP/1.1 200) 8 headers in 296 bytes (1 switches on core 0)
Aug 27 03:05:46.842469 n-d-852085-5 devstack@placement-api.service[114654]: DEBUG placement.requestlog [req-70cdcf0b-6084-42e1-813a-58e7b311e446 req-5100414a-407e-44ba-ae59-5efaf9f18486 None None] Starting request: 10.222.0.115 "GET /placement/allocations/408c7e22-2705-44b7-89c1-21698a50839a" {{(pid=114654) __call__ /opt/stack/placement/placement/requestlog.py:55}}
Aug 27 03:05:46.906012 n-d-852085-5 devstack@placement-api.service[114654]: INFO placement.requestlog [req-70cdcf0b-6084-42e1-813a-58e7b311e446 req-5100414a-407e-44ba-ae59-5efaf9f18486 service placement] 10.222.0.115 "GET /placement/allocations/408c7e22-2705-44b7-89c1-21698a50839a" status: 200 len: 259 microversion: 1.28
Aug 27 03:05:46.906012 n-d-852085-5 devstack@placement-api.service[114654]: [pid: 114654|app: 0|req: 698/1391] 10.222.0.115 () {60 vars in 1382 bytes} [Sat Aug 27 03:05:46 2022] GET /placement/allocations/408c7e22-2705-44b7-89c1-21698a50839a => generated 259 bytes in 60 msecs (HTTP/1.1 200) 8 headers in 296 bytes (2 switches on core 0)
Aug 27 03:05:46.916680 n-d-852085-5 devstack@placement-api.service[114653]: DEBUG placement.requestlog [req-70cdcf0b-6084-42e1-813a-58e7b311e446 req-65fe3b8c-e279-4063-8e7f-e20102fa11f1 None None] Starting request: 10.222.0.115 "GET /placement/allocations/fd7c4341-a5d0-4aad-ae52-0fb7baa7d895" {{(pid=114653) __call__ /opt/stack/placement/placement/requestlog.py:55}}
Aug 27 03:05:46.951925 n-d-852085-5 devstack@placement-api.service[114653]: INFO placement.requestlog [req-70cdcf0b-6084-42e1-813a-58e7b311e446 req-65fe3b8c-e279-4063-8e7f-e20102fa11f1 service placement] 10.222.0.115 "GET /placement/allocations/fd7c4341-a5d0-4aad-ae52-0fb7baa7d895" status: 200 len: 259 microversion: 1.28
Aug 27 03:05:46.951925 n-d-852085-5 devstack@placement-api.service[114653]: [pid: 114653|app: 0|req: 694/1392] 10.222.0.115 () {60 vars in 1382 bytes} [Sat Aug 27 03:05:46 2022] GET /placement/allocations/fd7c4341-a5d0-4aad-ae52-0fb7baa7d895 => generated 259 bytes in 25 msecs (HTTP/1.1 200) 8 headers in 296 bytes (2 switches on core 0)
Aug 27 03:05:46.953977 n-d-852085-5 devstack@placement-api.service[114654]: DEBUG placement.requestlog [req-70cdcf0b-6084-42e1-813a-58e7b311e446 req-dcfb3c3b-e257-497b-9aad-e4f6ad907422 None None] Starting request: 10.222.0.115 "GET /placement/allocations/10482d24-d4be-4ca3-873f-377d68b1cff0" {{(pid=114654) __call__ /opt/stack/placement/placement/requestlog.py:55}}
Aug 27 03:05:46.977373 n-d-852085-5 devstack@placement-api.service[114654]: INFO placement.requestlog [req-70cdcf0b-6084-42e1-813a-58e7b311e446 req-dcfb3c3b-e257-497b-9aad-e4f6ad907422 service placement] 10.222.0.115 "GET /placement/allocations/10482d24-d4be-4ca3-873f-377d68b1cff0" status: 200 len: 259 microversion: 1.28
Aug 27 03:05:46.978471 n-d-852085-5 devstack@placement-api.service[114654]: [pid: 114654|app: 0|req: 699/1393] 10.222.0.115 () {60 vars in 1382 bytes} [Sat Aug 27 03:05:46 2022] GET /placement/allocations/10482d24-d4be-4ca3-873f-377d68b1cff0 => generated 259 bytes in 24 msecs (HTTP/1.1 200) 8 headers in 296 bytes (1 switches on core 0)
Aug 27 03:05:50.245592 n-d-852085-5 devstack@placement-api.service[114653]: DEBUG placement.requestlog [req-a708060b-d45d-4af5-bfdb-cad89ad77c67 req-53a0f33f-a4ef-43da-aef9-5112ae8a6d69 None None] Starting request: 10.222.0.115 "GET /placement/resource_providers/e988c3ad-ddda-4ae0-b019-952ff17e3b24/allocations" {{(pid=114653) __call__ /opt/stack/placement/placement/requestlog.py:55}}
Aug 27 03:05:50.297716 n-d-852085-5 devstack@placement-api.service[114653]: INFO placement.requestlog [req-a708060b-d45d-4af5-bfdb-cad89ad77c67 req-53a0f33f-a4ef-43da-aef9-5112ae8a6d69 service placement] 10.222.0.115 "GET /placement/resource_providers/e988c3ad-ddda-4ae0-b019-952ff17e3b24/allocations" status: 200 len: 457 microversion: 1.0
Aug 27 03:05:50.298886 n-d-852085-5 devstack@placement-api.service[114653]: [pid: 114653|app: 0|req: 695/1394] 10.222.0.115 () {58 vars in 1395 bytes} [Sat Aug 27 03:05:50 2022] GET /placement/resource_providers/e988c3ad-ddda-4ae0-b019-952ff17e3b24/allocations => generated 457 bytes in 54 msecs (HTTP/1.1 200) 6 headers in 224 bytes (1 switches on core 0)
Aug 27 03:05:50.323008 n-d-852085-5 devstack@placement-api.service[114654]: DEBUG placement.requestlog [req-a708060b-d45d-4af5-bfdb-cad89ad77c67 req-69127ebe-0944-4b13-b4c2-3efce0395722 None None] Starting request: 10.222.0.115 "GET /placement/allocations/6378f31c-9265-49b0-80fa-046c9cd55302" {{(pid=114654) __call__ /opt/stack/placement/placement/requestlog.py:55}}
Aug 27 03:05:50.347147 n-d-852085-5 devstack@placement-api.service[114654]: INFO placement.requestlog [req-a708060b-d45d-4af5-bfdb-cad89ad77c67 req-69127ebe-0944-4b13-b4c2-3efce0395722 service placement] 10.222.0.115 "GET /placement/allocations/6378f31c-9265-49b0-80fa-046c9cd55302" status: 200 len: 259 microversion: 1.28
Aug 27 03:05:50.347536 n-d-852085-5 devstack@placement-api.service[114654]: [pid: 114654|app: 0|req: 700/1395] 10.222.0.115 () {60 vars in 1382 bytes} [Sat Aug 27 03:05:50 2022] GET /placement/allocations/6378f31c-9265-49b0-80fa-046c9cd55302 => generated 259 bytes in 25 msecs (HTTP/1.1 200) 8 headers in 296 bytes (1 switches on core 0)
Aug 27 03:05:50.377701 n-d-852085-5 devstack@placement-api.service[114653]: DEBUG placement.requestlog [req-a708060b-d45d-4af5-bfdb-cad89ad77c67 req-1e54fa73-b6e7-4613-901a-40eab5a72a9e None None] Starting request: 10.222.0.115 "GET /placement/allocations/408c7e22-2705-44b7-89c1-21698a50839a" {{(pid=114653) __call__ /opt/stack/placement/placement/requestlog.py:55}}
Aug 27 03:05:50.396456 n-d-852085-5 devstack@placement-api.service[114653]: INFO placement.requestlog [req-a708060b-d45d-4af5-bfdb-cad89ad77c67 req-1e54fa73-b6e7-4613-901a-40eab5a72a9e service placement] 10.222.0.115 "GET /placement/allocations/408c7e22-2705-44b7-89c1-21698a50839a" status: 200 len: 259 microversion: 1.28
Aug 27 03:05:50.397675 n-d-852085-5 devstack@placement-api.service[114653]: [pid: 114653|app: 0|req: 696/1396] 10.222.0.115 () {60 vars in 1382 bytes} [Sat Aug 27 03:05:50 2022] GET /placement/allocations/408c7e22-2705-44b7-89c1-21698a50839a => generated 259 bytes in 20 msecs (HTTP/1.1 200) 8 headers in 296 bytes (1 switches on core 0)
Aug 27 03:05:50.410996 n-d-852085-5 devstack@placement-api.service[114654]: DEBUG placement.requestlog [req-a708060b-d45d-4af5-bfdb-cad89ad77c67 req-d4f34def-e6fd-4f71-8150-c8aec8da9e8a None None] Starting request: 10.222.0.115 "GET /placement/allocations/fd7c4341-a5d0-4aad-ae52-0fb7baa7d895" {{(pid=114654) __call__ /opt/stack/placement/placement/requestlog.py:55}}
Aug 27 03:05:50.423461 n-d-852085-5 devstack@placement-api.service[114654]: INFO placement.requestlog [req-a708060b-d45d-4af5-bfdb-cad89ad77c67 req-d4f34def-e6fd-4f71-8150-c8aec8da9e8a service placement] 10.222.0.115 "GET /placement/allocations/fd7c4341-a5d0-4aad-ae52-0fb7baa7d895" status: 200 len: 259 microversion: 1.28
Aug 27 03:05:50.423988 n-d-852085-5 devstack@placement-api.service[114654]: [pid: 114654|app: 0|req: 701/1397] 10.222.0.115 () {60 vars in 1382 bytes} [Sat Aug 27 03:05:50 2022] GET /placement/allocations/fd7c4341-a5d0-4aad-ae52-0fb7baa7d895 => generated 259 bytes in 17 msecs (HTTP/1.1 200) 8 headers in 296 bytes (1 switches on core 0)
Aug 27 03:05:50.431920 n-d-852085-5 devstack@placement-api.service[114653]: DEBUG placement.requestlog [req-a708060b-d45d-4af5-bfdb-cad89ad77c67 req-07cfe708-4861-41d3-94f0-5b0cc8526c0f None None] Starting request: 10.222.0.115 "GET /placement/allocations/10482d24-d4be-4ca3-873f-377d68b1cff0" {{(pid=114653) __call__ /opt/stack/placement/placement/requestlog.py:55}}
Aug 27 03:05:50.449965 n-d-852085-5 devstack@placement-api.service[114653]: INFO placement.requestlog [req-a708060b-d45d-4af5-bfdb-cad89ad77c67 req-07cfe708-4861-41d3-94f0-5b0cc8526c0f service placement] 10.222.0.115 "GET /placement/allocations/10482d24-d4be-4ca3-873f-377d68b1cff0" status: 200 len: 259 microversion: 1.28
Aug 27 03:05:50.450369 n-d-852085-5 devstack@placement-api.service[114653]: [pid: 114653|app: 0|req: 697/1398] 10.222.0.115 () {60 vars in 1382 bytes} [Sat Aug 27 03:05:50 2022] GET /placement/allocations/10482d24-d4be-4ca3-873f-377d68b1cff0 => generated 259 bytes in 19 msecs (HTTP/1.1 200) 8 headers in 296 bytes (2 switches on core 0)
Aug 27 03:05:50.475605 n-d-852085-5 devstack@placement-api.service[114654]: DEBUG placement.requestlog [req-54c02dad-3723-4fdf-a99b-735be5674c6c req-5f2604f4-7404-470f-a1f0-56efa16efa91 None None] Starting request: 10.222.0.107 "GET /placement/resource_providers/3f0e202f-a2f8-4723-9ed1-b34b7e169a9c/allocations" {{(pid=114654) __call__ /opt/stack/placement/placement/requestlog.py:55}}
Aug 27 03:05:50.496377 n-d-852085-5 devstack@placement-api.service[114654]: INFO placement.requestlog [req-54c02dad-3723-4fdf-a99b-735be5674c6c req-5f2604f4-7404-470f-a1f0-56efa16efa91 service placement] 10.222.0.107 "GET /placement/resource_providers/3f0e202f-a2f8-4723-9ed1-b34b7e169a9c/allocations" status: 200 len: 341 microversion: 1.0
Aug 27 03:05:50.497632 n-d-852085-5 devstack@placement-api.service[114654]: [pid: 114654|app: 0|req: 702/1399] 10.222.0.107 () {58 vars in 1395 bytes} [Sat Aug 27 03:05:50 2022] GET /placement/resource_providers/3f0e202f-a2f8-4723-9ed1-b34b7e169a9c/allocations => generated 341 bytes in 22 msecs (HTTP/1.1 200) 6 headers in 224 bytes (1 switches on core 0)
Aug 27 03:05:50.505022 n-d-852085-5 devstack@placement-api.service[114653]: DEBUG placement.requestlog [req-54c02dad-3723-4fdf-a99b-735be5674c6c req-8af06dde-6f08-4cb7-8549-dce3f309f8a5 None None] Starting request: 10.222.0.107 "GET /placement/allocations/8d9dbadf-5e80-40a4-a24f-4fedf393a931" {{(pid=114653) __call__ /opt/stack/placement/placement/requestlog.py:55}}
Aug 27 03:05:50.522001 n-d-852085-5 devstack@placement-api.service[114653]: INFO placement.requestlog [req-54c02dad-3723-4fdf-a99b-735be5674c6c req-8af06dde-6f08-4cb7-8549-dce3f309f8a5 service placement] 10.222.0.107 "GET /placement/allocations/8d9dbadf-5e80-40a4-a24f-4fedf393a931" status: 200 len: 245 microversion: 1.28
Aug 27 03:05:50.522686 n-d-852085-5 devstack@placement-api.service[114653]: [pid: 114653|app: 0|req: 698/1400] 10.222.0.107 () {60 vars in 1382 bytes} [Sat Aug 27 03:05:50 2022] GET /placement/allocations/8d9dbadf-5e80-40a4-a24f-4fedf393a931 => generated 245 bytes in 18 msecs (HTTP/1.1 200) 8 headers in 296 bytes (2 switches on core 0)
Aug 27 03:05:50.529582 n-d-852085-5 devstack@placement-api.service[114654]: DEBUG placement.requestlog [req-54c02dad-3723-4fdf-a99b-735be5674c6c req-6baceeaf-b8ac-42c9-b5e4-550efb3d49cd None None] Starting request: 10.222.0.107 "GET /placement/allocations/6a89bc7c-2ae0-452b-9004-a13f1ad1963e" {{(pid=114654) __call__ /opt/stack/placement/placement/requestlog.py:55}}
Aug 27 03:05:50.550709 n-d-852085-5 devstack@placement-api.service[114653]: DEBUG placement.requestlog [req-8aab45b5-3189-49ca-af5c-fa8663a7362a req-d69ffbbd-0807-4faa-8f7a-0e55333207a2 None None] Starting request: 10.222.0.113 "GET /placement/allocation_candidates?limit=1000&resources=DISK_GB%3A1%2CMEMORY_MB%3A1024%2CVCPU%3A1&root_required=%21COMPUTE_STATUS_DISABLED" {{(pid=114653) __call__ /opt/stack/placement/placement/requestlog.py:55}}
Aug 27 03:05:50.562183 n-d-852085-5 devstack@placement-api.service[114654]: INFO placement.requestlog [req-54c02dad-3723-4fdf-a99b-735be5674c6c req-6baceeaf-b8ac-42c9-b5e4-550efb3d49cd service placement] 10.222.0.107 "GET /placement/allocations/6a89bc7c-2ae0-452b-9004-a13f1ad1963e" status: 200 len: 258 microversion: 1.28
Aug 27 03:05:50.562730 n-d-852085-5 devstack@placement-api.service[114654]: [pid: 114654|app: 0|req: 703/1401] 10.222.0.107 () {60 vars in 1382 bytes} [Sat Aug 27 03:05:50 2022] GET /placement/allocations/6a89bc7c-2ae0-452b-9004-a13f1ad1963e => generated 258 bytes in 34 msecs (HTTP/1.1 200) 8 headers in 296 bytes (2 switches on core 0)
Aug 27 03:05:50.575540 n-d-852085-5 devstack@placement-api.service[114654]: DEBUG placement.requestlog [req-54c02dad-3723-4fdf-a99b-735be5674c6c req-d2d24d61-ebca-4ed0-a2b4-ba71b8e34680 None None] Starting request: 10.222.0.107 "GET /placement/allocations/4e223b42-70b8-4c0c-8084-f8f786176012" {{(pid=114654) __call__ /opt/stack/placement/placement/requestlog.py:55}}
Aug 27 03:05:50.593621 n-d-852085-5 devstack@placement-api.service[114654]: INFO placement.requestlog [req-54c02dad-3723-4fdf-a99b-735be5674c6c req-d2d24d61-ebca-4ed0-a2b4-ba71b8e34680 service placement] 10.222.0.107 "GET /placement/allocations/4e223b42-70b8-4c0c-8084-f8f786176012" status: 200 len: 259 microversion: 1.28
Aug 27 03:05:50.609291 n-d-852085-5 devstack@placement-api.service[114654]: [pid: 114654|app: 0|req: 704/1402] 10.222.0.107 () {60 vars in 1382 bytes} [Sat Aug 27 03:05:50 2022] GET /placement/allocations/4e223b42-70b8-4c0c-8084-f8f786176012 => generated 259 bytes in 40 msecs (HTTP/1.1 200) 8 headers in 296 bytes (2 switches on core 0)
Aug 27 03:05:50.636885 n-d-852085-5 devstack@placement-api.service[114653]: DEBUG placement.objects.research_context [req-8aab45b5-3189-49ca-af5c-fa8663a7362a req-d69ffbbd-0807-4faa-8f7a-0e55333207a2 service placement] getting providers with 1 DISK_GB {{(pid=114653) __init__ /opt/stack/placement/placement/objects/research_context.py:136}}
Aug 27 03:05:50.642775 n-d-852085-5 devstack@placement-api.service[114653]: DEBUG placement.objects.research_context [req-8aab45b5-3189-49ca-af5c-fa8663a7362a req-d69ffbbd-0807-4faa-8f7a-0e55333207a2 service placement] getting providers with 1024 MEMORY_MB {{(pid=114653) __init__ /opt/stack/placement/placement/objects/research_context.py:136}}
Aug 27 03:05:50.653665 n-d-852085-5 devstack@placement-api.service[114653]: DEBUG placement.objects.research_context [req-8aab45b5-3189-49ca-af5c-fa8663a7362a req-d69ffbbd-0807-4faa-8f7a-0e55333207a2 service placement] getting providers with 1 VCPU {{(pid=114653) __init__ /opt/stack/placement/placement/objects/research_context.py:136}}
Aug 27 03:05:50.659192 n-d-852085-5 devstack@placement-api.service[114653]: DEBUG placement.objects.research_context [req-8aab45b5-3189-49ca-af5c-fa8663a7362a req-d69ffbbd-0807-4faa-8f7a-0e55333207a2 service placement] found 2 providers with available 1 DISK_GB {{(pid=114653) get_provider_ids_matching /opt/stack/placement/placement/objects/research_context.py:563}}
Aug 27 03:05:50.659471 n-d-852085-5 devstack@placement-api.service[114653]: DEBUG placement.objects.research_context [req-8aab45b5-3189-49ca-af5c-fa8663a7362a req-d69ffbbd-0807-4faa-8f7a-0e55333207a2 service placement] found 2 providers with available 1024 MEMORY_MB {{(pid=114653) get_provider_ids_matching /opt/stack/placement/placement/objects/research_context.py:563}}
Aug 27 03:05:50.659987 n-d-852085-5 devstack@placement-api.service[114653]: DEBUG placement.objects.research_context [req-8aab45b5-3189-49ca-af5c-fa8663a7362a req-d69ffbbd-0807-4faa-8f7a-0e55333207a2 service placement] found 2 providers after filtering by previous result {{(pid=114653) get_provider_ids_matching /opt/stack/placement/placement/objects/research_context.py:594}}
Aug 27 03:05:50.660269 n-d-852085-5 devstack@placement-api.service[114653]: DEBUG placement.objects.research_context [req-8aab45b5-3189-49ca-af5c-fa8663a7362a req-d69ffbbd-0807-4faa-8f7a-0e55333207a2 service placement] found 2 providers with available 1 VCPU {{(pid=114653) get_provider_ids_matching /opt/stack/placement/placement/objects/research_context.py:563}}
Aug 27 03:05:50.660611 n-d-852085-5 devstack@placement-api.service[114653]: DEBUG placement.objects.research_context [req-8aab45b5-3189-49ca-af5c-fa8663a7362a req-d69ffbbd-0807-4faa-8f7a-0e55333207a2 service placement] found 2 providers after filtering by previous result {{(pid=114653) get_provider_ids_matching /opt/stack/placement/placement/objects/research_context.py:594}}
Aug 27 03:05:50.676873 n-d-852085-5 devstack@placement-api.service[114653]: DEBUG placement.objects.allocation_candidate [req-8aab45b5-3189-49ca-af5c-fa8663a7362a req-d69ffbbd-0807-4faa-8f7a-0e55333207a2 service placement] RequestGroup(use_same_provider=False, resources={DISK_GB:1, MEMORY_MB:1024, VCPU:1}, traits=(), aggregates=[]) (suffix '') returned 2 matches {{(pid=114653) _get_by_requests /opt/stack/placement/placement/objects/allocation_candidate.py:156}}
Aug 27 03:05:50.677612 n-d-852085-5 devstack@placement-api.service[114653]: DEBUG placement.objects.allocation_candidate [req-8aab45b5-3189-49ca-af5c-fa8663a7362a req-d69ffbbd-0807-4faa-8f7a-0e55333207a2 service placement] Merging candidates yields 2 allocation requests and 2 provider summaries {{(pid=114653) _merge_candidates /opt/stack/placement/placement/objects/allocation_candidate.py:809}}
Aug 27 03:05:50.679531 n-d-852085-5 devstack@placement-api.service[114653]: INFO placement.requestlog [req-8aab45b5-3189-49ca-af5c-fa8663a7362a req-d69ffbbd-0807-4faa-8f7a-0e55333207a2 service placement] 10.222.0.113 "GET /placement/allocation_candidates?limit=1000&resources=DISK_GB%3A1%2CMEMORY_MB%3A1024%2CVCPU%3A1&root_required=%21COMPUTE_STATUS_DISABLED" status: 200 len: 1309 microversion: 1.36
Aug 27 03:05:50.681285 n-d-852085-5 devstack@placement-api.service[114653]: [pid: 114653|app: 0|req: 699/1403] 10.222.0.113 () {60 vars in 1511 bytes} [Sat Aug 27 03:05:50 2022] GET /placement/allocation_candidates?limit=1000&resources=DISK_GB%3A1%2CMEMORY_MB%3A1024%2CVCPU%3A1&root_required=%21COMPUTE_STATUS_DISABLED => generated 1309 bytes in 131 msecs (HTTP/1.1 200) 8 headers in 297 bytes (2 switches on core 0)
Aug 27 03:05:50.768627 n-d-852085-5 devstack@placement-api.service[114654]: DEBUG placement.requestlog [req-8aab45b5-3189-49ca-af5c-fa8663a7362a req-35a099cd-bd44-44f7-bce3-ef02557c5434 None None] Starting request: 10.222.0.113 "GET /placement/allocations/1c74384e-4c6e-4c04-ad28-0042b42d9aa6" {{(pid=114654) __call__ /opt/stack/placement/placement/requestlog.py:55}}
Aug 27 03:05:50.778186 n-d-852085-5 devstack@placement-api.service[114653]: DEBUG placement.requestlog [req-a708060b-d45d-4af5-bfdb-cad89ad77c67 req-dd4f862d-362f-4ce3-abc1-bc5237caca33 None None] Starting request: 10.222.0.115 "DELETE /placement/allocations/6378f31c-9265-49b0-80fa-046c9cd55302" {{(pid=114653) __call__ /opt/stack/placement/placement/requestlog.py:55}}
Aug 27 03:05:50.780873 n-d-852085-5 devstack@placement-api.service[114654]: INFO placement.requestlog [req-8aab45b5-3189-49ca-af5c-fa8663a7362a req-35a099cd-bd44-44f7-bce3-ef02557c5434 service placement] 10.222.0.113 "GET /placement/allocations/1c74384e-4c6e-4c04-ad28-0042b42d9aa6" status: 200 len: 19 microversion: 1.28
Aug 27 03:05:50.784676 n-d-852085-5 devstack@placement-api.service[114654]: [pid: 114654|app: 0|req: 705/1404] 10.222.0.113 () {60 vars in 1385 bytes} [Sat Aug 27 03:05:50 2022] GET /placement/allocations/1c74384e-4c6e-4c04-ad28-0042b42d9aa6 => generated 19 bytes in 16 msecs (HTTP/1.1 200) 8 headers in 295 bytes (1 switches on core 0)
Aug 27 03:05:50.788097 n-d-852085-5 devstack@placement-api.service[114654]: DEBUG placement.requestlog [req-8aab45b5-3189-49ca-af5c-fa8663a7362a req-6517efb2-2561-4921-8dec-98a5d268e815 None None] Starting request: 10.222.0.113 "PUT /placement/allocations/1c74384e-4c6e-4c04-ad28-0042b42d9aa6" {{(pid=114654) __call__ /opt/stack/placement/placement/requestlog.py:55}}
Aug 27 03:05:51.012857 n-d-852085-5 devstack@placement-api.service[114654]: DEBUG placement.handlers.allocation [req-8aab45b5-3189-49ca-af5c-fa8663a7362a req-6517efb2-2561-4921-8dec-98a5d268e815 service placement] Successfully wrote allocations [, , ] {{(pid=114654) _update_consumers_and_create_allocations /opt/stack/placement/placement/handlers/allocation.py:462}}
Aug 27 03:05:51.041729 n-d-852085-5 devstack@placement-api.service[114653]: DEBUG placement.handlers.allocation [req-a708060b-d45d-4af5-bfdb-cad89ad77c67 req-dd4f862d-362f-4ce3-abc1-bc5237caca33 service placement] Successfully deleted allocations [, , ] {{(pid=114653) delete_allocations /opt/stack/placement/placement/handlers/allocation.py:627}}
Aug 27 03:05:51.042526 n-d-852085-5 devstack@placement-api.service[114653]: INFO placement.requestlog [req-a708060b-d45d-4af5-bfdb-cad89ad77c67 req-dd4f862d-362f-4ce3-abc1-bc5237caca33 service placement] 10.222.0.115 "DELETE /placement/allocations/6378f31c-9265-49b0-80fa-046c9cd55302" status: 204 len: 0 microversion: 1.0
Aug 27 03:05:51.042616 n-d-852085-5 devstack@placement-api.service[114653]: [pid: 114653|app: 0|req: 700/1405] 10.222.0.115 () {60 vars in 1360 bytes} [Sat Aug 27 03:05:50 2022] DELETE /placement/allocations/6378f31c-9265-49b0-80fa-046c9cd55302 => generated 0 bytes in 267 msecs (HTTP/1.1 204) 5 headers in 198 bytes (2 switches on core 0)
Aug 27 03:05:51.043213 n-d-852085-5 devstack@placement-api.service[114653]: DEBUG placement.requestlog [req-54c02dad-3723-4fdf-a99b-735be5674c6c req-d9ae1f77-620a-4ded-9517-d50e5acf4ecf None None] Starting request: 10.222.0.107 "DELETE /placement/allocations/4e223b42-70b8-4c0c-8084-f8f786176012" {{(pid=114653) __call__ /opt/stack/placement/placement/requestlog.py:55}}
Aug 27 03:05:51.187700 n-d-852085-5 devstack@placement-api.service[114654]: INFO placement.requestlog [req-8aab45b5-3189-49ca-af5c-fa8663a7362a req-6517efb2-2561-4921-8dec-98a5d268e815 service placement] 10.222.0.113 "PUT /placement/allocations/1c74384e-4c6e-4c04-ad28-0042b42d9aa6" status: 204 len: 0 microversion: 1.36
Aug 27 03:05:51.188188 n-d-852085-5 devstack@placement-api.service[114654]: [pid: 114654|app: 0|req: 706/1406] 10.222.0.113 () {64 vars in 1438 bytes} [Sat Aug 27 03:05:50 2022] PUT /placement/allocations/1c74384e-4c6e-4c04-ad28-0042b42d9aa6 => generated 0 bytes in 400 msecs (HTTP/1.1 204) 5 headers in 199 bytes (2 switches on core 0)
Aug 27 03:05:51.462880 n-d-852085-5 devstack@placement-api.service[114653]: DEBUG placement.handlers.allocation [req-54c02dad-3723-4fdf-a99b-735be5674c6c req-d9ae1f77-620a-4ded-9517-d50e5acf4ecf service placement] Successfully deleted allocations [, , ] {{(pid=114653) delete_allocations /opt/stack/placement/placement/handlers/allocation.py:627}}
Aug 27 03:05:51.465311 n-d-852085-5 devstack@placement-api.service[114653]: INFO placement.requestlog [req-54c02dad-3723-4fdf-a99b-735be5674c6c req-d9ae1f77-620a-4ded-9517-d50e5acf4ecf service placement] 10.222.0.107 "DELETE /placement/allocations/4e223b42-70b8-4c0c-8084-f8f786176012" status: 204 len: 0 microversion: 1.0
Aug 27 03:05:51.466268 n-d-852085-5 devstack@placement-api.service[114653]: [pid: 114653|app: 0|req: 701/1407] 10.222.0.107 () {60 vars in 1360 bytes} [Sat Aug 27 03:05:51 2022] DELETE /placement/allocations/4e223b42-70b8-4c0c-8084-f8f786176012 => generated 0 bytes in 423 msecs (HTTP/1.1 204) 5 headers in 198 bytes (1 switches on core 0)
Aug 27 03:05:53.156459 n-d-852085-5 devstack@placement-api.service[114654]: DEBUG placement.requestlog [req-8aab45b5-3189-49ca-af5c-fa8663a7362a req-ecaa4052-3067-4087-ae9c-6eaec77d7831 None None] Starting request: 10.222.0.115 "GET /placement/allocations/1c74384e-4c6e-4c04-ad28-0042b42d9aa6" {{(pid=114654) __call__ /opt/stack/placement/placement/requestlog.py:55}}
Aug 27 03:05:53.194442 n-d-852085-5 devstack@placement-api.service[114654]: DEBUG dbcounter [-] [114654] Writing DB stats placement:SELECT=82,placement:INSERT=10,placement:DELETE=4,placement:UPDATE=4 {{(pid=114654) stat_writer /usr/local/lib/python3.8/dist-packages/dbcounter.py:114}}
Aug 27 03:05:53.213487 n-d-852085-5 devstack@placement-api.service[114654]: INFO placement.requestlog [req-8aab45b5-3189-49ca-af5c-fa8663a7362a req-ecaa4052-3067-4087-ae9c-6eaec77d7831 service placement] 10.222.0.115 "GET /placement/allocations/1c74384e-4c6e-4c04-ad28-0042b42d9aa6" status: 200 len: 259 microversion: 1.28
Aug 27 03:05:53.214330 n-d-852085-5 devstack@placement-api.service[114654]: [pid: 114654|app: 0|req: 707/1408] 10.222.0.115 () {60 vars in 1382 bytes} [Sat Aug 27 03:05:53 2022] GET /placement/allocations/1c74384e-4c6e-4c04-ad28-0042b42d9aa6 => generated 259 bytes in 58 msecs (HTTP/1.1 200) 8 headers in 296 bytes (1 switches on core 0)
Aug 27 03:05:53.536552 n-d-852085-5 devstack@placement-api.service[114653]: DEBUG placement.requestlog [None req-1236572f-b2b0-43f0-95be-074bb53e3672 None None] Starting request: 10.222.0.113 "GET /placement/resource_providers/bd4feccb-d494-4f58-9f08-d1f44f39c3bd/aggregates" {{(pid=114653) __call__ /opt/stack/placement/placement/requestlog.py:55}}
Aug 27 03:05:53.545595 n-d-852085-5 devstack@placement-api.service[114653]: DEBUG dbcounter [-] [114653] Writing DB stats placement:SELECT=92,placement:DELETE=6,placement:UPDATE=2 {{(pid=114653) stat_writer /usr/local/lib/python3.8/dist-packages/dbcounter.py:114}}
Aug 27 03:05:53.553149 n-d-852085-5 devstack@placement-api.service[114653]: INFO placement.requestlog [None req-1236572f-b2b0-43f0-95be-074bb53e3672 service placement] 10.222.0.113 "GET /placement/resource_providers/bd4feccb-d494-4f58-9f08-d1f44f39c3bd/aggregates" status: 404 len: 235 microversion: 1.1
Aug 27 03:05:53.553942 n-d-852085-5 devstack@placement-api.service[114653]: [pid: 114653|app: 0|req: 702/1409] 10.222.0.113 () {58 vars in 1367 bytes} [Sat Aug 27 03:05:53 2022] GET /placement/resource_providers/bd4feccb-d494-4f58-9f08-d1f44f39c3bd/aggregates => generated 235 bytes in 18 msecs (HTTP/1.1 404) 5 headers in 202 bytes (1 switches on core 0)
