Aug 26 06:07:08.533803 n-d-852085-3 devstack@c-api.service[121153]: DEBUG cinder.api.openstack.wsgi [None req-31dbd6d0-3725-48fb-9b61-e19c61deb467 tempest-AttachSCSIVolumeTestJSON-1964683974 tempest-AttachSCSIVolumeTestJSON-1964683974-project] Calling method 'show' {{(pid=121153) _process_stack /opt/stack/cinder/cinder/api/openstack/wsgi.py:868}}
Aug 26 06:07:08.590916 n-d-852085-3 devstack@c-api.service[121153]: /usr/local/lib/python3.8/dist-packages/oslo_context/context.py:100: DeprecationWarning: Policy enforcement is depending on the value of is_admin. This key is deprecated. Please update your policy file to use the standard policy values.
Aug 26 06:07:08.590916 n-d-852085-3 devstack@c-api.service[121153]: warnings.warn('Policy enforcement is depending on the value of '
Aug 26 06:07:08.614847 n-d-852085-3 devstack@c-api.service[121153]: INFO cinder.volume.api [None req-31dbd6d0-3725-48fb-9b61-e19c61deb467 tempest-AttachSCSIVolumeTestJSON-1964683974 tempest-AttachSCSIVolumeTestJSON-1964683974-project] Volume info retrieved successfully.
Aug 26 06:07:08.648070 n-d-852085-3 devstack@c-api.service[121153]: INFO cinder.api.openstack.wsgi [None req-31dbd6d0-3725-48fb-9b61-e19c61deb467 tempest-AttachSCSIVolumeTestJSON-1964683974 tempest-AttachSCSIVolumeTestJSON-1964683974-project] http://10.222.0.16/volume/v3/903a0a94214f4601b1dc93323b6f8122/volumes/77b0f422-764b-42d0-9bc0-eae667ba134e returned with HTTP 200
Aug 26 06:07:08.660406 n-d-852085-3 devstack@c-api.service[121153]: [pid: 121153|app: 0|req: 87/187] 10.222.0.16 () {58 vars in 1325 bytes} [Fri Aug 26 06:07:08 2022] GET /volume/v3/903a0a94214f4601b1dc93323b6f8122/volumes/77b0f422-764b-42d0-9bc0-eae667ba134e => generated 915 bytes in 180 msecs (HTTP/1.1 200) 7 headers in 285 bytes (1 switches on core 0)
Aug 26 06:07:09.673341 n-d-852085-3 devstack@c-api.service[121153]: DEBUG cinder.api.middleware.request_id [None req-701e73a2-170d-40b1-842a-a349a34c959e None None] RequestId filter calling following filter/app {{(pid=121153) _context_setter /opt/stack/cinder/cinder/api/middleware/request_id.py:62}}
Aug 26 06:07:09.680321 n-d-852085-3 devstack@c-api.service[121153]: INFO cinder.api.openstack.wsgi [None req-701e73a2-170d-40b1-842a-a349a34c959e tempest-AttachSCSIVolumeTestJSON-1964683974 tempest-AttachSCSIVolumeTestJSON-1964683974-project] GET http://10.222.0.16/volume/v3/903a0a94214f4601b1dc93323b6f8122/volumes/77b0f422-764b-42d0-9bc0-eae667ba134e
Aug 26 06:07:09.685995 n-d-852085-3 devstack@c-api.service[121153]: DEBUG cinder.api.openstack.wsgi [None req-701e73a2-170d-40b1-842a-a349a34c959e tempest-AttachSCSIVolumeTestJSON-1964683974 tempest-AttachSCSIVolumeTestJSON-1964683974-project] Empty body provided in request {{(pid=121153) get_body /opt/stack/cinder/cinder/api/openstack/wsgi.py:715}}
Aug 26 06:07:09.687050 n-d-852085-3 devstack@c-api.service[121153]: DEBUG cinder.api.openstack.wsgi [None req-701e73a2-170d-40b1-842a-a349a34c959e tempest-AttachSCSIVolumeTestJSON-1964683974 tempest-AttachSCSIVolumeTestJSON-1964683974-project] Calling method 'show' {{(pid=121153) _process_stack /opt/stack/cinder/cinder/api/openstack/wsgi.py:868}}
Aug 26 06:07:09.753570 n-d-852085-3 devstack@c-api.service[121153]: /usr/local/lib/python3.8/dist-packages/oslo_context/context.py:100: DeprecationWarning: Policy enforcement is depending on the value of is_admin. This key is deprecated. Please update your policy file to use the standard policy values.
Aug 26 06:07:09.753570 n-d-852085-3 devstack@c-api.service[121153]: warnings.warn('Policy enforcement is depending on the value of '
Aug 26 06:07:09.774023 n-d-852085-3 devstack@c-api.service[121153]: INFO cinder.volume.api [None req-701e73a2-170d-40b1-842a-a349a34c959e tempest-AttachSCSIVolumeTestJSON-1964683974 tempest-AttachSCSIVolumeTestJSON-1964683974-project] Volume info retrieved successfully.
Aug 26 06:07:09.798672 n-d-852085-3 devstack@c-api.service[121153]: INFO cinder.api.openstack.wsgi [None req-701e73a2-170d-40b1-842a-a349a34c959e tempest-AttachSCSIVolumeTestJSON-1964683974 tempest-AttachSCSIVolumeTestJSON-1964683974-project] http://10.222.0.16/volume/v3/903a0a94214f4601b1dc93323b6f8122/volumes/77b0f422-764b-42d0-9bc0-eae667ba134e returned with HTTP 200
Aug 26 06:07:09.803489 n-d-852085-3 devstack@c-api.service[121153]: [pid: 121153|app: 0|req: 88/188] 10.222.0.16 () {58 vars in 1325 bytes} [Fri Aug 26 06:07:09 2022] GET /volume/v3/903a0a94214f4601b1dc93323b6f8122/volumes/77b0f422-764b-42d0-9bc0-eae667ba134e => generated 915 bytes in 132 msecs (HTTP/1.1 200) 7 headers in 285 bytes (2 switches on core 0)
Aug 26 06:07:10.836589 n-d-852085-3 devstack@c-api.service[121153]: DEBUG cinder.api.middleware.request_id [None req-81bcb36d-39a4-4453-9cb9-873c240a8713 None None] RequestId filter calling following filter/app {{(pid=121153) _context_setter /opt/stack/cinder/cinder/api/middleware/request_id.py:62}}
Aug 26 06:07:10.841241 n-d-852085-3 devstack@c-api.service[121153]: INFO cinder.api.openstack.wsgi [None req-81bcb36d-39a4-4453-9cb9-873c240a8713 tempest-AttachSCSIVolumeTestJSON-1964683974 tempest-AttachSCSIVolumeTestJSON-1964683974-project] GET http://10.222.0.16/volume/v3/903a0a94214f4601b1dc93323b6f8122/volumes/77b0f422-764b-42d0-9bc0-eae667ba134e
Aug 26 06:07:10.841824 n-d-852085-3 devstack@c-api.service[121153]: DEBUG cinder.api.openstack.wsgi [None req-81bcb36d-39a4-4453-9cb9-873c240a8713 tempest-AttachSCSIVolumeTestJSON-1964683974 tempest-AttachSCSIVolumeTestJSON-1964683974-project] Empty body provided in request {{(pid=121153) get_body /opt/stack/cinder/cinder/api/openstack/wsgi.py:715}}
Aug 26 06:07:10.842382 n-d-852085-3 devstack@c-api.service[121153]: DEBUG cinder.api.openstack.wsgi [None req-81bcb36d-39a4-4453-9cb9-873c240a8713 tempest-AttachSCSIVolumeTestJSON-1964683974 tempest-AttachSCSIVolumeTestJSON-1964683974-project] Calling method 'show' {{(pid=121153) _process_stack /opt/stack/cinder/cinder/api/openstack/wsgi.py:868}}
Aug 26 06:07:10.882151 n-d-852085-3 devstack@c-api.service[121153]: INFO cinder.api.openstack.wsgi [None req-81bcb36d-39a4-4453-9cb9-873c240a8713 tempest-AttachSCSIVolumeTestJSON-1964683974 tempest-AttachSCSIVolumeTestJSON-1964683974-project] http://10.222.0.16/volume/v3/903a0a94214f4601b1dc93323b6f8122/volumes/77b0f422-764b-42d0-9bc0-eae667ba134e returned with HTTP 404
Aug 26 06:07:10.883172 n-d-852085-3 devstack@c-api.service[121153]: [pid: 121153|app: 0|req: 89/189] 10.222.0.16 () {58 vars in 1325 bytes} [Fri Aug 26 06:07:10 2022] GET /volume/v3/903a0a94214f4601b1dc93323b6f8122/volumes/77b0f422-764b-42d0-9bc0-eae667ba134e => generated 109 bytes in 48 msecs (HTTP/1.1 404) 7 headers in 292 bytes (2 switches on core 0)
Aug 26 06:07:15.519798 n-d-852085-3 devstack@c-api.service[121152]: DEBUG dbcounter [-] [121152] Writing DB stats cinder:SELECT=19,cinder:UPDATE=1,cinder:INSERT=1 {{(pid=121152) stat_writer /usr/local/lib/python3.8/dist-packages/dbcounter.py:114}}
Aug 26 06:07:16.781213 n-d-852085-3 devstack@c-api.service[121152]: INFO cinder.api.openstack.wsgi [req-6bcf579a-5740-4816-a9c1-ffd52ca04b76 req-85b31e83-6cc6-4a59-83a6-93872016e7b3 tempest-LiveAutoBlockMigrationV225Test-562259165 tempest-LiveAutoBlockMigrationV225Test-562259165-project] http://10.222.0.16/volume/v3/7c41ae5c5a044a3c832ea57511f3bb0c/attachments/07448335-a0bc-4730-a2ea-991d5e95ee79 returned with HTTP 200
Aug 26 06:07:16.783064 n-d-852085-3 devstack@c-api.service[121152]: [pid: 121152|app: 0|req: 101/190] 10.222.0.102 () {62 vars in 1447 bytes} [Fri Aug 26 06:07:05 2022] DELETE /volume/v3/7c41ae5c5a044a3c832ea57511f3bb0c/attachments/07448335-a0bc-4730-a2ea-991d5e95ee79 => generated 19 bytes in 11352 msecs (HTTP/1.1 200) 7 headers in 285 bytes (1 switches on core 0)
Aug 26 06:07:16.847160 n-d-852085-3 devstack@c-api.service[121153]: DEBUG cinder.api.middleware.request_id [req-6bcf579a-5740-4816-a9c1-ffd52ca04b76 req-a00bb954-fbec-4d72-a36e-080fbe74699a None None] RequestId filter calling following filter/app {{(pid=121153) _context_setter /opt/stack/cinder/cinder/api/middleware/request_id.py:62}}
Aug 26 06:07:16.854668 n-d-852085-3 devstack@c-api.service[121153]: INFO cinder.api.openstack.wsgi [req-6bcf579a-5740-4816-a9c1-ffd52ca04b76 req-a00bb954-fbec-4d72-a36e-080fbe74699a tempest-LiveAutoBlockMigrationV225Test-562259165 tempest-LiveAutoBlockMigrationV225Test-562259165-project] DELETE http://10.222.0.16/volume/v3/7c41ae5c5a044a3c832ea57511f3bb0c/volumes/6e4b5770-2d91-4db4-bd45-f4204e8d3f23
Aug 26 06:07:16.855100 n-d-852085-3 devstack@c-api.service[121153]: DEBUG cinder.api.openstack.wsgi [req-6bcf579a-5740-4816-a9c1-ffd52ca04b76 req-a00bb954-fbec-4d72-a36e-080fbe74699a tempest-LiveAutoBlockMigrationV225Test-562259165 tempest-LiveAutoBlockMigrationV225Test-562259165-project] Empty body provided in request {{(pid=121153) get_body /opt/stack/cinder/cinder/api/openstack/wsgi.py:715}}
Aug 26 06:07:16.855557 n-d-852085-3 devstack@c-api.service[121153]: DEBUG cinder.api.openstack.wsgi [req-6bcf579a-5740-4816-a9c1-ffd52ca04b76 req-a00bb954-fbec-4d72-a36e-080fbe74699a tempest-LiveAutoBlockMigrationV225Test-562259165 tempest-LiveAutoBlockMigrationV225Test-562259165-project] Calling method 'delete' {{(pid=121153) _process_stack /opt/stack/cinder/cinder/api/openstack/wsgi.py:868}}
Aug 26 06:07:16.856021 n-d-852085-3 devstack@c-api.service[121153]: INFO cinder.api.v3.volumes [req-6bcf579a-5740-4816-a9c1-ffd52ca04b76 req-a00bb954-fbec-4d72-a36e-080fbe74699a tempest-LiveAutoBlockMigrationV225Test-562259165 tempest-LiveAutoBlockMigrationV225Test-562259165-project] Delete volume with id: 6e4b5770-2d91-4db4-bd45-f4204e8d3f23
Aug 26 06:07:16.907084 n-d-852085-3 devstack@c-api.service[121153]: /usr/local/lib/python3.8/dist-packages/oslo_context/context.py:100: DeprecationWarning: Policy enforcement is depending on the value of is_admin. This key is deprecated. Please update your policy file to use the standard policy values.
Aug 26 06:07:16.907084 n-d-852085-3 devstack@c-api.service[121153]: warnings.warn('Policy enforcement is depending on the value of '
Aug 26 06:07:16.908971 n-d-852085-3 devstack@c-api.service[121153]: INFO cinder.volume.api [req-6bcf579a-5740-4816-a9c1-ffd52ca04b76 req-a00bb954-fbec-4d72-a36e-080fbe74699a tempest-LiveAutoBlockMigrationV225Test-562259165 tempest-LiveAutoBlockMigrationV225Test-562259165-project] Volume info retrieved successfully.
Aug 26 06:07:16.979609 n-d-852085-3 devstack@c-api.service[121153]: INFO cinder.volume.api [req-6bcf579a-5740-4816-a9c1-ffd52ca04b76 req-a00bb954-fbec-4d72-a36e-080fbe74699a tempest-LiveAutoBlockMigrationV225Test-562259165 tempest-LiveAutoBlockMigrationV225Test-562259165-project] Delete volume request issued successfully.
Aug 26 06:07:16.983102 n-d-852085-3 devstack@c-api.service[121153]: INFO cinder.api.openstack.wsgi [req-6bcf579a-5740-4816-a9c1-ffd52ca04b76 req-a00bb954-fbec-4d72-a36e-080fbe74699a tempest-LiveAutoBlockMigrationV225Test-562259165 tempest-LiveAutoBlockMigrationV225Test-562259165-project] http://10.222.0.16/volume/v3/7c41ae5c5a044a3c832ea57511f3bb0c/volumes/6e4b5770-2d91-4db4-bd45-f4204e8d3f23 returned with HTTP 202
Aug 26 06:07:16.984642 n-d-852085-3 devstack@c-api.service[121153]: [pid: 121153|app: 0|req: 90/191] 10.222.0.102 () {60 vars in 1394 bytes} [Fri Aug 26 06:07:16 2022] DELETE /volume/v3/7c41ae5c5a044a3c832ea57511f3bb0c/volumes/6e4b5770-2d91-4db4-bd45-f4204e8d3f23 => generated 0 bytes in 139 msecs (HTTP/1.1 202) 6 headers in 233 bytes (1 switches on core 0)
Aug 26 06:07:19.458736 n-d-852085-3 devstack@c-api.service[121152]: DEBUG cinder.api.middleware.request_id [None req-34a689bb-a835-4bd6-915c-e1c0e7da16c6 None None] RequestId filter calling following filter/app {{(pid=121152) _context_setter /opt/stack/cinder/cinder/api/middleware/request_id.py:62}}
Aug 26 06:07:19.998645 n-d-852085-3 devstack@c-api.service[121152]: INFO cinder.api.openstack.wsgi [None req-34a689bb-a835-4bd6-915c-e1c0e7da16c6 tempest-LiveMigrationTest-1371957653 tempest-LiveMigrationTest-1371957653-project] POST http://10.222.0.16/volume/v3/1d5fbc2ad3f949f3bf3a24ee1b86a651/volumes
Aug 26 06:07:20.004310 n-d-852085-3 devstack@c-api.service[121152]: DEBUG cinder.api.openstack.wsgi [None req-34a689bb-a835-4bd6-915c-e1c0e7da16c6 tempest-LiveMigrationTest-1371957653 tempest-LiveMigrationTest-1371957653-project] Action: 'create', calling method: create, body: {"volume": {"size": 1, "display_name": "tempest-LiveMigrationTest-volume-1274537236"}} {{(pid=121152) _process_stack /opt/stack/cinder/cinder/api/openstack/wsgi.py:866}}
Aug 26 06:07:20.013991 n-d-852085-3 devstack@c-api.service[121152]: DEBUG cinder.api.v3.volumes [None req-34a689bb-a835-4bd6-915c-e1c0e7da16c6 tempest-LiveMigrationTest-1371957653 tempest-LiveMigrationTest-1371957653-project] Create volume request body: {'volume': {'size': 1, 'display_name': 'tempest-LiveMigrationTest-volume-1274537236'}} {{(pid=121152) create /opt/stack/cinder/cinder/api/v3/volumes.py:298}}
Aug 26 06:07:20.016117 n-d-852085-3 devstack@c-api.service[121152]: INFO cinder.api.v3.volumes [None req-34a689bb-a835-4bd6-915c-e1c0e7da16c6 tempest-LiveMigrationTest-1371957653 tempest-LiveMigrationTest-1371957653-project] Create volume of 1 GB
Aug 26 06:07:20.020435 n-d-852085-3 devstack@c-api.service[121152]: /usr/local/lib/python3.8/dist-packages/oslo_context/context.py:100: DeprecationWarning: Policy enforcement is depending on the value of is_admin. This key is deprecated. Please update your policy file to use the standard policy values.
Aug 26 06:07:20.020435 n-d-852085-3 devstack@c-api.service[121152]: warnings.warn('Policy enforcement is depending on the value of '
Aug 26 06:07:20.030186 n-d-852085-3 devstack@c-api.service[121152]: INFO cinder.volume.api [None req-34a689bb-a835-4bd6-915c-e1c0e7da16c6 tempest-LiveMigrationTest-1371957653 tempest-LiveMigrationTest-1371957653-project] Availability Zones retrieved successfully.
Aug 26 06:07:20.117808 n-d-852085-3 devstack@c-api.service[121152]: DEBUG cinder.volume.api [None req-34a689bb-a835-4bd6-915c-e1c0e7da16c6 tempest-LiveMigrationTest-1371957653 tempest-LiveMigrationTest-1371957653-project] Flow 'volume_create_api' (f3fa4c4a-99eb-4aa5-acba-d0a57fba8071) transitioned into state 'RUNNING' from state 'PENDING' {{(pid=121152) _flow_receiver /usr/local/lib/python3.8/dist-packages/taskflow/listeners/logging.py:141}}
Aug 26 06:07:20.138462 n-d-852085-3 devstack@c-api.service[121152]: DEBUG cinder.volume.api [None req-34a689bb-a835-4bd6-915c-e1c0e7da16c6 tempest-LiveMigrationTest-1371957653 tempest-LiveMigrationTest-1371957653-project] Task 'cinder.volume.flows.api.create_volume.ExtractVolumeRequestTask;volume:create' (994cd53d-049f-445e-8b96-6f434b466a54) transitioned into state 'RUNNING' from state 'PENDING' {{(pid=121152) _task_receiver /usr/local/lib/python3.8/dist-packages/taskflow/listeners/logging.py:190}}
Aug 26 06:07:20.142793 n-d-852085-3 devstack@c-api.service[121152]: DEBUG cinder.volume.flows.api.create_volume [None req-34a689bb-a835-4bd6-915c-e1c0e7da16c6 tempest-LiveMigrationTest-1371957653 tempest-LiveMigrationTest-1371957653-project] Validating volume size '1' using validate_int {{(pid=121152) _extract_size /opt/stack/cinder/cinder/volume/flows/api/create_volume.py:228}}
Aug 26 06:07:20.218832 n-d-852085-3 devstack@c-api.service[121152]: DEBUG cinder.volume.api [None req-34a689bb-a835-4bd6-915c-e1c0e7da16c6 tempest-LiveMigrationTest-1371957653 tempest-LiveMigrationTest-1371957653-project] Task 'cinder.volume.flows.api.create_volume.ExtractVolumeRequestTask;volume:create' (994cd53d-049f-445e-8b96-6f434b466a54) transitioned into state 'SUCCESS' from state 'RUNNING' with result '{'size': 1, 'snapshot_id': None, 'source_volid': None, 'volume_type': VolumeType(created_at=2022-08-26T05:47:21Z,deleted=False,deleted_at=None,description=None,extra_specs={volume_backend_name='lvmdriver-1'},id=ac83fb15-8c13-4f13-9e61-fe875c681691,is_public=True,name='lvmdriver-1',projects=[],qos_specs=,qos_specs_id=None,updated_at=None), 'volume_type_id': 'ac83fb15-8c13-4f13-9e61-fe875c681691', 'encryption_key_id': None, 'qos_specs': None, 'consistencygroup_id': None, 'cgsnapshot_id': None, 'group_id': None, 'replication_status': 'disabled', 'refresh_az': False, 'backup_id': None, 'multiattach': False, 'availability_zones': ['nova']}' {{(pid=121152) _task_receiver /usr/local/lib/python3.8/dist-packages/taskflow/listeners/logging.py:178}}
Aug 26 06:07:20.224528 n-d-852085-3 devstack@c-api.service[121152]: DEBUG cinder.volume.api [None req-34a689bb-a835-4bd6-915c-e1c0e7da16c6 tempest-LiveMigrationTest-1371957653 tempest-LiveMigrationTest-1371957653-project] Task 'cinder.volume.flows.api.create_volume.QuotaReserveTask;volume:create' (f7207659-429d-43c4-8a96-47e295f51f01) transitioned into state 'RUNNING' from state 'PENDING' {{(pid=121152) _task_receiver /usr/local/lib/python3.8/dist-packages/taskflow/listeners/logging.py:190}}
Aug 26 06:07:20.534398 n-d-852085-3 devstack@c-api.service[121152]: DEBUG cinder.quota [None req-34a689bb-a835-4bd6-915c-e1c0e7da16c6 tempest-LiveMigrationTest-1371957653 tempest-LiveMigrationTest-1371957653-project] Created reservations ['7d5227cd-b6e1-4638-8f5d-bd0e0b782507', 'b3de30f8-7ddb-4aef-be91-fd378de7e1c3', 'ff9ff5a6-b8a8-4647-9c64-e0c66c0cc0fe', '3cd75381-3360-4267-8c39-a97bd08d2163'] {{(pid=121152) reserve /opt/stack/cinder/cinder/quota.py:755}}
Aug 26 06:07:20.542970 n-d-852085-3 devstack@c-api.service[121152]: DEBUG cinder.volume.api [None req-34a689bb-a835-4bd6-915c-e1c0e7da16c6 tempest-LiveMigrationTest-1371957653 tempest-LiveMigrationTest-1371957653-project] Task 'cinder.volume.flows.api.create_volume.QuotaReserveTask;volume:create' (f7207659-429d-43c4-8a96-47e295f51f01) transitioned into state 'SUCCESS' from state 'RUNNING' with result '{'reservations': ['7d5227cd-b6e1-4638-8f5d-bd0e0b782507', 'b3de30f8-7ddb-4aef-be91-fd378de7e1c3', 'ff9ff5a6-b8a8-4647-9c64-e0c66c0cc0fe', '3cd75381-3360-4267-8c39-a97bd08d2163']}' {{(pid=121152) _task_receiver /usr/local/lib/python3.8/dist-packages/taskflow/listeners/logging.py:178}}
Aug 26 06:07:20.549638 n-d-852085-3 devstack@c-api.service[121152]: DEBUG cinder.volume.api [None req-34a689bb-a835-4bd6-915c-e1c0e7da16c6 tempest-LiveMigrationTest-1371957653 tempest-LiveMigrationTest-1371957653-project] Task 'cinder.volume.flows.api.create_volume.EntryCreateTask;volume:create' (b77d8c71-9961-4414-985d-8da4b2e9dfa0) transitioned into state 'RUNNING' from state 'PENDING' {{(pid=121152) _task_receiver /usr/local/lib/python3.8/dist-packages/taskflow/listeners/logging.py:190}}
Aug 26 06:07:20.660695 n-d-852085-3 devstack@c-api.service[121152]: DEBUG cinder.volume.api [None req-34a689bb-a835-4bd6-915c-e1c0e7da16c6 tempest-LiveMigrationTest-1371957653 tempest-LiveMigrationTest-1371957653-project] Task 'cinder.volume.flows.api.create_volume.EntryCreateTask;volume:create' (b77d8c71-9961-4414-985d-8da4b2e9dfa0) transitioned into state 'SUCCESS' from state 'RUNNING' with result '{'volume_id': '2f2d89ba-8f2c-4a63-8128-91415353b4b2', 'volume_properties': VolumeProperties(attach_status='detached',availability_zone='nova',cgsnapshot_id=None,consistencygroup_id=None,display_description=None,display_name='tempest-LiveMigrationTest-volume-1274537236',encryption_key_id=None,group_id=None,group_type_id=,metadata={},multiattach=False,project_id='1d5fbc2ad3f949f3bf3a24ee1b86a651',qos_specs=None,replication_status=,reservations=['7d5227cd-b6e1-4638-8f5d-bd0e0b782507','b3de30f8-7ddb-4aef-be91-fd378de7e1c3','ff9ff5a6-b8a8-4647-9c64-e0c66c0cc0fe','3cd75381-3360-4267-8c39-a97bd08d2163'],size=1,snapshot_id=None,source_replicaid=,source_volid=None,status='creating',user_id='924885ae9727435c8837545993553125',volume_type_id=ac83fb15-8c13-4f13-9e61-fe875c681691), 'volume': Volume(_name_id=None,admin_metadata=,attach_status='detached',availability_zone='nova',bootable=False,cluster=,cluster_name=None,consistencygroup=,consistencygroup_id=None,created_at=2022-08-26T06:07:20Z,deleted=False,deleted_at=None,display_description=None,display_name='tempest-LiveMigrationTest-volume-1274537236',ec2_id=None,encryption_key_id=None,glance_metadata=,group=,group_id=None,host=None,id=2f2d89ba-8f2c-4a63-8128-91415353b4b2,launched_at=None,metadata={},migration_status=None,multiattach=False,previous_status=None,project_id='1d5fbc2ad3f949f3bf3a24ee1b86a651',provider_auth=None,provider_geometry=None,provider_id=None,provider_location=None,replication_driver_data=None,replication_extended_status=None,replication_status=None,scheduled_at=None,service_uuid=None,shared_targets=True,size=1,snapshot_id=None,snapshots=,source_volid=None,status='creating',terminated_at=None,updated_at=None,use_quota=True,user_id='924885ae9727435c8837545993553125',volume_attachment=VolumeAttachmentList,volume_type=VolumeType(ac83fb15-8c13-4f13-9e61-fe875c681691),volume_type_id=ac83fb15-8c13-4f13-9e61-fe875c681691)}' {{(pid=121152) _task_receiver /usr/local/lib/python3.8/dist-packages/taskflow/listeners/logging.py:178}}
Aug 26 06:07:20.681218 n-d-852085-3 devstack@c-api.service[121152]: DEBUG cinder.volume.api [None req-34a689bb-a835-4bd6-915c-e1c0e7da16c6 tempest-LiveMigrationTest-1371957653 tempest-LiveMigrationTest-1371957653-project] Task 'cinder.volume.flows.api.create_volume.QuotaCommitTask;volume:create' (afa14c01-d037-4a6c-9899-9e16b8666e27) transitioned into state 'RUNNING' from state 'PENDING' {{(pid=121152) _task_receiver /usr/local/lib/python3.8/dist-packages/taskflow/listeners/logging.py:190}}
Aug 26 06:07:20.776731 n-d-852085-3 devstack@c-api.service[121152]: DEBUG cinder.volume.api [None req-34a689bb-a835-4bd6-915c-e1c0e7da16c6 tempest-LiveMigrationTest-1371957653 tempest-LiveMigrationTest-1371957653-project] Task 'cinder.volume.flows.api.create_volume.QuotaCommitTask;volume:create' (afa14c01-d037-4a6c-9899-9e16b8666e27) transitioned into state 'SUCCESS' from state 'RUNNING' with result '{'volume_properties': VolumeProperties(attach_status='detached',availability_zone='nova',cgsnapshot_id=None,consistencygroup_id=None,display_description=None,display_name='tempest-LiveMigrationTest-volume-1274537236',encryption_key_id=None,group_id=None,group_type_id=,metadata={},multiattach=False,project_id='1d5fbc2ad3f949f3bf3a24ee1b86a651',qos_specs=None,replication_status=,reservations=['7d5227cd-b6e1-4638-8f5d-bd0e0b782507','b3de30f8-7ddb-4aef-be91-fd378de7e1c3','ff9ff5a6-b8a8-4647-9c64-e0c66c0cc0fe','3cd75381-3360-4267-8c39-a97bd08d2163'],size=1,snapshot_id=None,source_replicaid=,source_volid=None,status='creating',user_id='924885ae9727435c8837545993553125',volume_type_id=ac83fb15-8c13-4f13-9e61-fe875c681691)}' {{(pid=121152) _task_receiver /usr/local/lib/python3.8/dist-packages/taskflow/listeners/logging.py:178}}
Aug 26 06:07:20.792456 n-d-852085-3 devstack@c-api.service[121152]: DEBUG cinder.volume.api [None req-34a689bb-a835-4bd6-915c-e1c0e7da16c6 tempest-LiveMigrationTest-1371957653 tempest-LiveMigrationTest-1371957653-project] Task 'cinder.volume.flows.api.create_volume.VolumeCastTask;volume:create' (1d1c9665-27e4-4725-8fe9-4fd667917398) transitioned into state 'RUNNING' from state 'PENDING' {{(pid=121152) _task_receiver /usr/local/lib/python3.8/dist-packages/taskflow/listeners/logging.py:190}}
Aug 26 06:07:20.865872 n-d-852085-3 devstack@c-api.service[121152]: DEBUG cinder.volume.api [None req-34a689bb-a835-4bd6-915c-e1c0e7da16c6 tempest-LiveMigrationTest-1371957653 tempest-LiveMigrationTest-1371957653-project] Task 'cinder.volume.flows.api.create_volume.VolumeCastTask;volume:create' (1d1c9665-27e4-4725-8fe9-4fd667917398) transitioned into state 'SUCCESS' from state 'RUNNING' with result 'None' {{(pid=121152) _task_receiver /usr/local/lib/python3.8/dist-packages/taskflow/listeners/logging.py:178}}
Aug 26 06:07:20.879741 n-d-852085-3 devstack@c-api.service[121152]: DEBUG cinder.volume.api [None req-34a689bb-a835-4bd6-915c-e1c0e7da16c6 tempest-LiveMigrationTest-1371957653 tempest-LiveMigrationTest-1371957653-project] Flow 'volume_create_api' (f3fa4c4a-99eb-4aa5-acba-d0a57fba8071) transitioned into state 'SUCCESS' from state 'RUNNING' {{(pid=121152) _flow_receiver /usr/local/lib/python3.8/dist-packages/taskflow/listeners/logging.py:141}}
Aug 26 06:07:20.884223 n-d-852085-3 devstack@c-api.service[121152]: INFO cinder.volume.api [None req-34a689bb-a835-4bd6-915c-e1c0e7da16c6 tempest-LiveMigrationTest-1371957653 tempest-LiveMigrationTest-1371957653-project] Create volume request issued successfully.
Aug 26 06:07:20.888245 n-d-852085-3 devstack@c-api.service[121152]: INFO cinder.api.openstack.wsgi [None req-34a689bb-a835-4bd6-915c-e1c0e7da16c6 tempest-LiveMigrationTest-1371957653 tempest-LiveMigrationTest-1371957653-project] http://10.222.0.16/volume/v3/1d5fbc2ad3f949f3bf3a24ee1b86a651/volumes returned with HTTP 202
Aug 26 06:07:20.907486 n-d-852085-3 devstack@c-api.service[121153]: DEBUG cinder.api.middleware.request_id [None req-55c69e7d-8815-456d-a53b-bd3a47d6c1a5 None None] RequestId filter calling following filter/app {{(pid=121153) _context_setter /opt/stack/cinder/cinder/api/middleware/request_id.py:62}}
Aug 26 06:07:20.908385 n-d-852085-3 devstack@c-api.service[121152]: [pid: 121152|app: 0|req: 102/192] 10.222.0.16 () {60 vars in 1235 bytes} [Fri Aug 26 06:07:19 2022] POST /volume/v3/1d5fbc2ad3f949f3bf3a24ee1b86a651/volumes => generated 817 bytes in 1451 msecs (HTTP/1.1 202) 7 headers in 291 bytes (1 switches on core 0)
Aug 26 06:07:20.912646 n-d-852085-3 devstack@c-api.service[121153]: INFO cinder.api.openstack.wsgi [None req-55c69e7d-8815-456d-a53b-bd3a47d6c1a5 tempest-LiveMigrationTest-1371957653 tempest-LiveMigrationTest-1371957653-project] GET http://10.222.0.16/volume/v3/1d5fbc2ad3f949f3bf3a24ee1b86a651/volumes/2f2d89ba-8f2c-4a63-8128-91415353b4b2
Aug 26 06:07:20.913413 n-d-852085-3 devstack@c-api.service[121153]: DEBUG cinder.api.openstack.wsgi [None req-55c69e7d-8815-456d-a53b-bd3a47d6c1a5 tempest-LiveMigrationTest-1371957653 tempest-LiveMigrationTest-1371957653-project] Empty body provided in request {{(pid=121153) get_body /opt/stack/cinder/cinder/api/openstack/wsgi.py:715}}
Aug 26 06:07:20.914065 n-d-852085-3 devstack@c-api.service[121153]: DEBUG cinder.api.openstack.wsgi [None req-55c69e7d-8815-456d-a53b-bd3a47d6c1a5 tempest-LiveMigrationTest-1371957653 tempest-LiveMigrationTest-1371957653-project] Calling method 'show' {{(pid=121153) _process_stack /opt/stack/cinder/cinder/api/openstack/wsgi.py:868}}
Aug 26 06:07:20.951143 n-d-852085-3 devstack@c-api.service[121153]: /usr/local/lib/python3.8/dist-packages/oslo_context/context.py:100: DeprecationWarning: Policy enforcement is depending on the value of is_admin. This key is deprecated. Please update your policy file to use the standard policy values.
Aug 26 06:07:20.951143 n-d-852085-3 devstack@c-api.service[121153]: warnings.warn('Policy enforcement is depending on the value of '
Aug 26 06:07:20.962634 n-d-852085-3 devstack@c-api.service[121153]: INFO cinder.volume.api [None req-55c69e7d-8815-456d-a53b-bd3a47d6c1a5 tempest-LiveMigrationTest-1371957653 tempest-LiveMigrationTest-1371957653-project] Volume info retrieved successfully.
Aug 26 06:07:20.990183 n-d-852085-3 devstack@c-api.service[121153]: INFO cinder.api.openstack.wsgi [None req-55c69e7d-8815-456d-a53b-bd3a47d6c1a5 tempest-LiveMigrationTest-1371957653 tempest-LiveMigrationTest-1371957653-project] http://10.222.0.16/volume/v3/1d5fbc2ad3f949f3bf3a24ee1b86a651/volumes/2f2d89ba-8f2c-4a63-8128-91415353b4b2 returned with HTTP 200
Aug 26 06:07:20.991283 n-d-852085-3 devstack@c-api.service[121153]: [pid: 121153|app: 0|req: 91/193] 10.222.0.16 () {58 vars in 1325 bytes} [Fri Aug 26 06:07:20 2022] GET /volume/v3/1d5fbc2ad3f949f3bf3a24ee1b86a651/volumes/2f2d89ba-8f2c-4a63-8128-91415353b4b2 => generated 885 bytes in 85 msecs (HTTP/1.1 200) 7 headers in 285 bytes (2 switches on core 0)
Aug 26 06:07:21.681704 n-d-852085-3 devstack@c-api.service[121152]: DEBUG cinder.api.middleware.request_id [None req-d71e09b8-f580-4567-bd17-ccd799c92951 None None] RequestId filter calling following filter/app {{(pid=121152) _context_setter /opt/stack/cinder/cinder/api/middleware/request_id.py:62}}
Aug 26 06:07:21.687718 n-d-852085-3 devstack@c-api.service[121152]: INFO cinder.api.openstack.wsgi [None req-d71e09b8-f580-4567-bd17-ccd799c92951 tempest-LiveAutoBlockMigrationV225Test-562259165 tempest-LiveAutoBlockMigrationV225Test-562259165-project] DELETE http://10.222.0.16/volume/v3/7c41ae5c5a044a3c832ea57511f3bb0c/volumes/8f927fbe-b096-4ba3-8f6a-f6e259aa5eec
Aug 26 06:07:21.688265 n-d-852085-3 devstack@c-api.service[121152]: DEBUG cinder.api.openstack.wsgi [None req-d71e09b8-f580-4567-bd17-ccd799c92951 tempest-LiveAutoBlockMigrationV225Test-562259165 tempest-LiveAutoBlockMigrationV225Test-562259165-project] Empty body provided in request {{(pid=121152) get_body /opt/stack/cinder/cinder/api/openstack/wsgi.py:715}}
Aug 26 06:07:21.688736 n-d-852085-3 devstack@c-api.service[121152]: DEBUG cinder.api.openstack.wsgi [None req-d71e09b8-f580-4567-bd17-ccd799c92951 tempest-LiveAutoBlockMigrationV225Test-562259165 tempest-LiveAutoBlockMigrationV225Test-562259165-project] Calling method 'delete' {{(pid=121152) _process_stack /opt/stack/cinder/cinder/api/openstack/wsgi.py:868}}
Aug 26 06:07:21.689159 n-d-852085-3 devstack@c-api.service[121152]: INFO cinder.api.v3.volumes [None req-d71e09b8-f580-4567-bd17-ccd799c92951 tempest-LiveAutoBlockMigrationV225Test-562259165 tempest-LiveAutoBlockMigrationV225Test-562259165-project] Delete volume with id: 8f927fbe-b096-4ba3-8f6a-f6e259aa5eec
Aug 26 06:07:21.748905 n-d-852085-3 devstack@c-api.service[121152]: /usr/local/lib/python3.8/dist-packages/oslo_context/context.py:100: DeprecationWarning: Policy enforcement is depending on the value of is_admin. This key is deprecated. Please update your policy file to use the standard policy values.
Aug 26 06:07:21.748905 n-d-852085-3 devstack@c-api.service[121152]: warnings.warn('Policy enforcement is depending on the value of '
Aug 26 06:07:21.749989 n-d-852085-3 devstack@c-api.service[121152]: INFO cinder.volume.api [None req-d71e09b8-f580-4567-bd17-ccd799c92951 tempest-LiveAutoBlockMigrationV225Test-562259165 tempest-LiveAutoBlockMigrationV225Test-562259165-project] Volume info retrieved successfully.
Aug 26 06:07:21.828026 n-d-852085-3 devstack@c-api.service[121152]: INFO cinder.volume.api [None req-d71e09b8-f580-4567-bd17-ccd799c92951 tempest-LiveAutoBlockMigrationV225Test-562259165 tempest-LiveAutoBlockMigrationV225Test-562259165-project] Delete volume request issued successfully.
Aug 26 06:07:21.829609 n-d-852085-3 devstack@c-api.service[121152]: INFO cinder.api.openstack.wsgi [None req-d71e09b8-f580-4567-bd17-ccd799c92951 tempest-LiveAutoBlockMigrationV225Test-562259165 tempest-LiveAutoBlockMigrationV225Test-562259165-project] http://10.222.0.16/volume/v3/7c41ae5c5a044a3c832ea57511f3bb0c/volumes/8f927fbe-b096-4ba3-8f6a-f6e259aa5eec returned with HTTP 202
Aug 26 06:07:21.831215 n-d-852085-3 devstack@c-api.service[121152]: [pid: 121152|app: 0|req: 103/194] 10.222.0.16 () {58 vars in 1328 bytes} [Fri Aug 26 06:07:21 2022] DELETE /volume/v3/7c41ae5c5a044a3c832ea57511f3bb0c/volumes/8f927fbe-b096-4ba3-8f6a-f6e259aa5eec => generated 0 bytes in 152 msecs (HTTP/1.1 202) 6 headers in 233 bytes (1 switches on core 0)
Aug 26 06:07:21.839749 n-d-852085-3 devstack@c-api.service[121153]: DEBUG cinder.api.middleware.request_id [None req-6fc76b39-9648-4c58-921b-fe56f899e5b7 None None] RequestId filter calling following filter/app {{(pid=121153) _context_setter /opt/stack/cinder/cinder/api/middleware/request_id.py:62}}
Aug 26 06:07:21.847598 n-d-852085-3 devstack@c-api.service[121153]: INFO cinder.api.openstack.wsgi [None req-6fc76b39-9648-4c58-921b-fe56f899e5b7 tempest-LiveAutoBlockMigrationV225Test-562259165 tempest-LiveAutoBlockMigrationV225Test-562259165-project] GET http://10.222.0.16/volume/v3/7c41ae5c5a044a3c832ea57511f3bb0c/volumes/8f927fbe-b096-4ba3-8f6a-f6e259aa5eec
Aug 26 06:07:21.854941 n-d-852085-3 devstack@c-api.service[121153]: DEBUG cinder.api.openstack.wsgi [None req-6fc76b39-9648-4c58-921b-fe56f899e5b7 tempest-LiveAutoBlockMigrationV225Test-562259165 tempest-LiveAutoBlockMigrationV225Test-562259165-project] Empty body provided in request {{(pid=121153) get_body /opt/stack/cinder/cinder/api/openstack/wsgi.py:715}}
Aug 26 06:07:21.856250 n-d-852085-3 devstack@c-api.service[121153]: DEBUG cinder.api.openstack.wsgi [None req-6fc76b39-9648-4c58-921b-fe56f899e5b7 tempest-LiveAutoBlockMigrationV225Test-562259165 tempest-LiveAutoBlockMigrationV225Test-562259165-project] Calling method 'show' {{(pid=121153) _process_stack /opt/stack/cinder/cinder/api/openstack/wsgi.py:868}}
Aug 26 06:07:21.961519 n-d-852085-3 devstack@c-api.service[121153]: /usr/local/lib/python3.8/dist-packages/oslo_context/context.py:100: DeprecationWarning: Policy enforcement is depending on the value of is_admin. This key is deprecated. Please update your policy file to use the standard policy values.
Aug 26 06:07:21.961519 n-d-852085-3 devstack@c-api.service[121153]: warnings.warn('Policy enforcement is depending on the value of '
Aug 26 06:07:22.012307 n-d-852085-3 devstack@c-api.service[121152]: DEBUG cinder.api.middleware.request_id [None req-79b5eb1c-7956-4e71-b031-8346d69099cb None None] RequestId filter calling following filter/app {{(pid=121152) _context_setter /opt/stack/cinder/cinder/api/middleware/request_id.py:62}}
Aug 26 06:07:22.019051 n-d-852085-3 devstack@c-api.service[121152]: INFO cinder.api.openstack.wsgi [None req-79b5eb1c-7956-4e71-b031-8346d69099cb tempest-LiveMigrationTest-1371957653 tempest-LiveMigrationTest-1371957653-project] GET http://10.222.0.16/volume/v3/1d5fbc2ad3f949f3bf3a24ee1b86a651/volumes/2f2d89ba-8f2c-4a63-8128-91415353b4b2
Aug 26 06:07:22.019952 n-d-852085-3 devstack@c-api.service[121152]: DEBUG cinder.api.openstack.wsgi [None req-79b5eb1c-7956-4e71-b031-8346d69099cb tempest-LiveMigrationTest-1371957653 tempest-LiveMigrationTest-1371957653-project] Empty body provided in request {{(pid=121152) get_body /opt/stack/cinder/cinder/api/openstack/wsgi.py:715}}
Aug 26 06:07:22.020652 n-d-852085-3 devstack@c-api.service[121152]: DEBUG cinder.api.openstack.wsgi [None req-79b5eb1c-7956-4e71-b031-8346d69099cb tempest-LiveMigrationTest-1371957653 tempest-LiveMigrationTest-1371957653-project] Calling method 'show' {{(pid=121152) _process_stack /opt/stack/cinder/cinder/api/openstack/wsgi.py:868}}
Aug 26 06:07:22.076750 n-d-852085-3 devstack@c-api.service[121153]: INFO cinder.volume.api [None req-6fc76b39-9648-4c58-921b-fe56f899e5b7 tempest-LiveAutoBlockMigrationV225Test-562259165 tempest-LiveAutoBlockMigrationV225Test-562259165-project] Volume info retrieved successfully.
Aug 26 06:07:22.084553 n-d-852085-3 devstack@c-api.service[121152]: /usr/local/lib/python3.8/dist-packages/oslo_context/context.py:100: DeprecationWarning: Policy enforcement is depending on the value of is_admin. This key is deprecated. Please update your policy file to use the standard policy values.
Aug 26 06:07:22.084553 n-d-852085-3 devstack@c-api.service[121152]: warnings.warn('Policy enforcement is depending on the value of '
Aug 26 06:07:22.106572 n-d-852085-3 devstack@c-api.service[121152]: DEBUG dbcounter [-] [121152] Writing DB stats cinder:SELECT=73,cinder:UPDATE=16,cinder:INSERT=11 {{(pid=121152) stat_writer /usr/local/lib/python3.8/dist-packages/dbcounter.py:114}}
Aug 26 06:07:22.124237 n-d-852085-3 devstack@c-api.service[121152]: INFO cinder.volume.api [None req-79b5eb1c-7956-4e71-b031-8346d69099cb tempest-LiveMigrationTest-1371957653 tempest-LiveMigrationTest-1371957653-project] Volume info retrieved successfully.
Aug 26 06:07:22.130228 n-d-852085-3 devstack@c-api.service[121153]: INFO cinder.api.openstack.wsgi [None req-6fc76b39-9648-4c58-921b-fe56f899e5b7 tempest-LiveAutoBlockMigrationV225Test-562259165 tempest-LiveAutoBlockMigrationV225Test-562259165-project] http://10.222.0.16/volume/v3/7c41ae5c5a044a3c832ea57511f3bb0c/volumes/8f927fbe-b096-4ba3-8f6a-f6e259aa5eec returned with HTTP 200
Aug 26 06:07:22.154175 n-d-852085-3 devstack@c-api.service[121153]: [pid: 121153|app: 0|req: 92/195] 10.222.0.16 () {58 vars in 1325 bytes} [Fri Aug 26 06:07:21 2022] GET /volume/v3/7c41ae5c5a044a3c832ea57511f3bb0c/volumes/8f927fbe-b096-4ba3-8f6a-f6e259aa5eec => generated 920 bytes in 317 msecs (HTTP/1.1 200) 7 headers in 285 bytes (2 switches on core 0)
Aug 26 06:07:22.184145 n-d-852085-3 devstack@c-api.service[121152]: INFO cinder.api.openstack.wsgi [None req-79b5eb1c-7956-4e71-b031-8346d69099cb tempest-LiveMigrationTest-1371957653 tempest-LiveMigrationTest-1371957653-project] http://10.222.0.16/volume/v3/1d5fbc2ad3f949f3bf3a24ee1b86a651/volumes/2f2d89ba-8f2c-4a63-8128-91415353b4b2 returned with HTTP 200
Aug 26 06:07:22.214537 n-d-852085-3 devstack@c-api.service[121152]: [pid: 121152|app: 0|req: 104/196] 10.222.0.16 () {58 vars in 1325 bytes} [Fri Aug 26 06:07:22 2022] GET /volume/v3/1d5fbc2ad3f949f3bf3a24ee1b86a651/volumes/2f2d89ba-8f2c-4a63-8128-91415353b4b2 => generated 909 bytes in 204 msecs (HTTP/1.1 200) 7 headers in 285 bytes (1 switches on core 0)
Aug 26 06:07:23.151767 n-d-852085-3 devstack@c-api.service[121153]: DEBUG cinder.api.middleware.request_id [None req-f7ff98bb-93ea-419f-8242-3aa4d7101fa7 None None] RequestId filter calling following filter/app {{(pid=121153) _context_setter /opt/stack/cinder/cinder/api/middleware/request_id.py:62}}
Aug 26 06:07:23.164081 n-d-852085-3 devstack@c-api.service[121153]: INFO cinder.api.openstack.wsgi [None req-f7ff98bb-93ea-419f-8242-3aa4d7101fa7 tempest-LiveAutoBlockMigrationV225Test-562259165 tempest-LiveAutoBlockMigrationV225Test-562259165-project] GET http://10.222.0.16/volume/v3/7c41ae5c5a044a3c832ea57511f3bb0c/volumes/8f927fbe-b096-4ba3-8f6a-f6e259aa5eec
Aug 26 06:07:23.168969 n-d-852085-3 devstack@c-api.service[121153]: DEBUG cinder.api.openstack.wsgi [None req-f7ff98bb-93ea-419f-8242-3aa4d7101fa7 tempest-LiveAutoBlockMigrationV225Test-562259165 tempest-LiveAutoBlockMigrationV225Test-562259165-project] Empty body provided in request {{(pid=121153) get_body /opt/stack/cinder/cinder/api/openstack/wsgi.py:715}}
Aug 26 06:07:23.173919 n-d-852085-3 devstack@c-api.service[121153]: DEBUG cinder.api.openstack.wsgi [None req-f7ff98bb-93ea-419f-8242-3aa4d7101fa7 tempest-LiveAutoBlockMigrationV225Test-562259165 tempest-LiveAutoBlockMigrationV225Test-562259165-project] Calling method 'show' {{(pid=121153) _process_stack /opt/stack/cinder/cinder/api/openstack/wsgi.py:868}}
Aug 26 06:07:23.209461 n-d-852085-3 devstack@c-api.service[121152]: DEBUG cinder.api.middleware.request_id [None req-2df98a33-bd20-4569-9f68-8420cbe9e1b5 None None] RequestId filter calling following filter/app {{(pid=121152) _context_setter /opt/stack/cinder/cinder/api/middleware/request_id.py:62}}
Aug 26 06:07:23.217918 n-d-852085-3 devstack@c-api.service[121152]: INFO cinder.api.openstack.wsgi [None req-2df98a33-bd20-4569-9f68-8420cbe9e1b5 tempest-LiveMigrationTest-1371957653 tempest-LiveMigrationTest-1371957653-project] GET http://10.222.0.16/volume/v3/1d5fbc2ad3f949f3bf3a24ee1b86a651/volumes/2f2d89ba-8f2c-4a63-8128-91415353b4b2
Aug 26 06:07:23.218608 n-d-852085-3 devstack@c-api.service[121152]: DEBUG cinder.api.openstack.wsgi [None req-2df98a33-bd20-4569-9f68-8420cbe9e1b5 tempest-LiveMigrationTest-1371957653 tempest-LiveMigrationTest-1371957653-project] Empty body provided in request {{(pid=121152) get_body /opt/stack/cinder/cinder/api/openstack/wsgi.py:715}}
Aug 26 06:07:23.219413 n-d-852085-3 devstack@c-api.service[121152]: DEBUG cinder.api.openstack.wsgi [None req-2df98a33-bd20-4569-9f68-8420cbe9e1b5 tempest-LiveMigrationTest-1371957653 tempest-LiveMigrationTest-1371957653-project] Calling method 'show' {{(pid=121152) _process_stack /opt/stack/cinder/cinder/api/openstack/wsgi.py:868}}
Aug 26 06:07:23.241432 n-d-852085-3 devstack@c-api.service[121153]: /usr/local/lib/python3.8/dist-packages/oslo_context/context.py:100: DeprecationWarning: Policy enforcement is depending on the value of is_admin. This key is deprecated. Please update your policy file to use the standard policy values.
Aug 26 06:07:23.241432 n-d-852085-3 devstack@c-api.service[121153]: warnings.warn('Policy enforcement is depending on the value of '
Aug 26 06:07:23.271177 n-d-852085-3 devstack@c-api.service[121153]: INFO cinder.volume.api [None req-f7ff98bb-93ea-419f-8242-3aa4d7101fa7 tempest-LiveAutoBlockMigrationV225Test-562259165 tempest-LiveAutoBlockMigrationV225Test-562259165-project] Volume info retrieved successfully.
Aug 26 06:07:23.275311 n-d-852085-3 devstack@c-api.service[121152]: /usr/local/lib/python3.8/dist-packages/oslo_context/context.py:100: DeprecationWarning: Policy enforcement is depending on the value of is_admin. This key is deprecated. Please update your policy file to use the standard policy values.
Aug 26 06:07:23.275311 n-d-852085-3 devstack@c-api.service[121152]: warnings.warn('Policy enforcement is depending on the value of '
Aug 26 06:07:23.301890 n-d-852085-3 devstack@c-api.service[121152]: INFO cinder.volume.api [None req-2df98a33-bd20-4569-9f68-8420cbe9e1b5 tempest-LiveMigrationTest-1371957653 tempest-LiveMigrationTest-1371957653-project] Volume info retrieved successfully.
Aug 26 06:07:23.313460 n-d-852085-3 devstack@c-api.service[121153]: INFO cinder.api.openstack.wsgi [None req-f7ff98bb-93ea-419f-8242-3aa4d7101fa7 tempest-LiveAutoBlockMigrationV225Test-562259165 tempest-LiveAutoBlockMigrationV225Test-562259165-project] http://10.222.0.16/volume/v3/7c41ae5c5a044a3c832ea57511f3bb0c/volumes/8f927fbe-b096-4ba3-8f6a-f6e259aa5eec returned with HTTP 200
Aug 26 06:07:23.359931 n-d-852085-3 devstack@c-api.service[121153]: [pid: 121153|app: 0|req: 93/197] 10.222.0.16 () {58 vars in 1325 bytes} [Fri Aug 26 06:07:23 2022] GET /volume/v3/7c41ae5c5a044a3c832ea57511f3bb0c/volumes/8f927fbe-b096-4ba3-8f6a-f6e259aa5eec => generated 920 bytes in 210 msecs (HTTP/1.1 200) 7 headers in 285 bytes (1 switches on core 0)
Aug 26 06:07:23.360826 n-d-852085-3 devstack@c-api.service[121152]: INFO cinder.api.openstack.wsgi [None req-2df98a33-bd20-4569-9f68-8420cbe9e1b5 tempest-LiveMigrationTest-1371957653 tempest-LiveMigrationTest-1371957653-project] http://10.222.0.16/volume/v3/1d5fbc2ad3f949f3bf3a24ee1b86a651/volumes/2f2d89ba-8f2c-4a63-8128-91415353b4b2 returned with HTTP 200
Aug 26 06:07:23.382666 n-d-852085-3 devstack@c-api.service[121152]: [pid: 121152|app: 0|req: 105/198] 10.222.0.16 () {58 vars in 1325 bytes} [Fri Aug 26 06:07:23 2022] GET /volume/v3/1d5fbc2ad3f949f3bf3a24ee1b86a651/volumes/2f2d89ba-8f2c-4a63-8128-91415353b4b2 => generated 909 bytes in 177 msecs (HTTP/1.1 200) 7 headers in 285 bytes (1 switches on core 0)
Aug 26 06:07:24.362839 n-d-852085-3 devstack@c-api.service[121153]: DEBUG cinder.api.middleware.request_id [None req-81b1ebac-1540-4967-8179-3c6fb22b0818 None None] RequestId filter calling following filter/app {{(pid=121153) _context_setter /opt/stack/cinder/cinder/api/middleware/request_id.py:62}}
Aug 26 06:07:24.369187 n-d-852085-3 devstack@c-api.service[121153]: INFO cinder.api.openstack.wsgi [None req-81b1ebac-1540-4967-8179-3c6fb22b0818 tempest-LiveAutoBlockMigrationV225Test-562259165 tempest-LiveAutoBlockMigrationV225Test-562259165-project] GET http://10.222.0.16/volume/v3/7c41ae5c5a044a3c832ea57511f3bb0c/volumes/8f927fbe-b096-4ba3-8f6a-f6e259aa5eec
Aug 26 06:07:24.371028 n-d-852085-3 devstack@c-api.service[121153]: DEBUG cinder.api.openstack.wsgi [None req-81b1ebac-1540-4967-8179-3c6fb22b0818 tempest-LiveAutoBlockMigrationV225Test-562259165 tempest-LiveAutoBlockMigrationV225Test-562259165-project] Empty body provided in request {{(pid=121153) get_body /opt/stack/cinder/cinder/api/openstack/wsgi.py:715}}
Aug 26 06:07:24.371836 n-d-852085-3 devstack@c-api.service[121153]: DEBUG cinder.api.openstack.wsgi [None req-81b1ebac-1540-4967-8179-3c6fb22b0818 tempest-LiveAutoBlockMigrationV225Test-562259165 tempest-LiveAutoBlockMigrationV225Test-562259165-project] Calling method 'show' {{(pid=121153) _process_stack /opt/stack/cinder/cinder/api/openstack/wsgi.py:868}}
Aug 26 06:07:24.383761 n-d-852085-3 devstack@c-api.service[121153]: DEBUG dbcounter [-] [121153] Writing DB stats cinder:SELECT=74,cinder:UPDATE=1,cinder:INSERT=1 {{(pid=121153) stat_writer /usr/local/lib/python3.8/dist-packages/dbcounter.py:114}}
Aug 26 06:07:24.402451 n-d-852085-3 devstack@c-api.service[121152]: DEBUG cinder.api.middleware.request_id [None req-94fff2b2-b417-4f2b-b569-76d13887e01d None None] RequestId filter calling following filter/app {{(pid=121152) _context_setter /opt/stack/cinder/cinder/api/middleware/request_id.py:62}}
Aug 26 06:07:24.406472 n-d-852085-3 devstack@c-api.service[121152]: INFO cinder.api.openstack.wsgi [None req-94fff2b2-b417-4f2b-b569-76d13887e01d tempest-LiveMigrationTest-1371957653 tempest-LiveMigrationTest-1371957653-project] GET http://10.222.0.16/volume/v3/1d5fbc2ad3f949f3bf3a24ee1b86a651/volumes/2f2d89ba-8f2c-4a63-8128-91415353b4b2
Aug 26 06:07:24.407693 n-d-852085-3 devstack@c-api.service[121152]: DEBUG cinder.api.openstack.wsgi [None req-94fff2b2-b417-4f2b-b569-76d13887e01d tempest-LiveMigrationTest-1371957653 tempest-LiveMigrationTest-1371957653-project] Empty body provided in request {{(pid=121152) get_body /opt/stack/cinder/cinder/api/openstack/wsgi.py:715}}
Aug 26 06:07:24.409370 n-d-852085-3 devstack@c-api.service[121152]: DEBUG cinder.api.openstack.wsgi [None req-94fff2b2-b417-4f2b-b569-76d13887e01d tempest-LiveMigrationTest-1371957653 tempest-LiveMigrationTest-1371957653-project] Calling method 'show' {{(pid=121152) _process_stack /opt/stack/cinder/cinder/api/openstack/wsgi.py:868}}
Aug 26 06:07:24.446272 n-d-852085-3 devstack@c-api.service[121153]: /usr/local/lib/python3.8/dist-packages/oslo_context/context.py:100: DeprecationWarning: Policy enforcement is depending on the value of is_admin. This key is deprecated. Please update your policy file to use the standard policy values.
Aug 26 06:07:24.446272 n-d-852085-3 devstack@c-api.service[121153]: warnings.warn('Policy enforcement is depending on the value of '
Aug 26 06:07:24.449494 n-d-852085-3 devstack@c-api.service[121152]: /usr/local/lib/python3.8/dist-packages/oslo_context/context.py:100: DeprecationWarning: Policy enforcement is depending on the value of is_admin. This key is deprecated. Please update your policy file to use the standard policy values.
Aug 26 06:07:24.449494 n-d-852085-3 devstack@c-api.service[121152]: warnings.warn('Policy enforcement is depending on the value of '
Aug 26 06:07:24.470730 n-d-852085-3 devstack@c-api.service[121152]: INFO cinder.volume.api [None req-94fff2b2-b417-4f2b-b569-76d13887e01d tempest-LiveMigrationTest-1371957653 tempest-LiveMigrationTest-1371957653-project] Volume info retrieved successfully.
Aug 26 06:07:24.475807 n-d-852085-3 devstack@c-api.service[121153]: INFO cinder.volume.api [None req-81b1ebac-1540-4967-8179-3c6fb22b0818 tempest-LiveAutoBlockMigrationV225Test-562259165 tempest-LiveAutoBlockMigrationV225Test-562259165-project] Volume info retrieved successfully.
Aug 26 06:07:24.498684 n-d-852085-3 devstack@c-api.service[121152]: INFO cinder.api.openstack.wsgi [None req-94fff2b2-b417-4f2b-b569-76d13887e01d tempest-LiveMigrationTest-1371957653 tempest-LiveMigrationTest-1371957653-project] http://10.222.0.16/volume/v3/1d5fbc2ad3f949f3bf3a24ee1b86a651/volumes/2f2d89ba-8f2c-4a63-8128-91415353b4b2 returned with HTTP 200
Aug 26 06:07:24.500210 n-d-852085-3 devstack@c-api.service[121152]: [pid: 121152|app: 0|req: 106/199] 10.222.0.16 () {58 vars in 1325 bytes} [Fri Aug 26 06:07:24 2022] GET /volume/v3/1d5fbc2ad3f949f3bf3a24ee1b86a651/volumes/2f2d89ba-8f2c-4a63-8128-91415353b4b2 => generated 910 bytes in 99 msecs (HTTP/1.1 200) 7 headers in 285 bytes (1 switches on core 0)
Aug 26 06:07:24.535046 n-d-852085-3 devstack@c-api.service[121153]: INFO cinder.api.openstack.wsgi [None req-81b1ebac-1540-4967-8179-3c6fb22b0818 tempest-LiveAutoBlockMigrationV225Test-562259165 tempest-LiveAutoBlockMigrationV225Test-562259165-project] http://10.222.0.16/volume/v3/7c41ae5c5a044a3c832ea57511f3bb0c/volumes/8f927fbe-b096-4ba3-8f6a-f6e259aa5eec returned with HTTP 200
Aug 26 06:07:24.550214 n-d-852085-3 devstack@c-api.service[121153]: [pid: 121153|app: 0|req: 94/200] 10.222.0.16 () {58 vars in 1325 bytes} [Fri Aug 26 06:07:24 2022] GET /volume/v3/7c41ae5c5a044a3c832ea57511f3bb0c/volumes/8f927fbe-b096-4ba3-8f6a-f6e259aa5eec => generated 920 bytes in 188 msecs (HTTP/1.1 200) 7 headers in 285 bytes (1 switches on core 0)
Aug 26 06:07:25.202757 n-d-852085-3 devstack@c-api.service[121152]: DEBUG cinder.api.middleware.request_id [req-e76c1330-3373-40fa-8904-4d4bfc6625ac req-63a09d53-fa0f-4aad-bb5b-e59ec8aa06d5 None None] RequestId filter calling following filter/app {{(pid=121152) _context_setter /opt/stack/cinder/cinder/api/middleware/request_id.py:62}}
Aug 26 06:07:25.208177 n-d-852085-3 devstack@c-api.service[121152]: INFO cinder.api.openstack.wsgi [req-e76c1330-3373-40fa-8904-4d4bfc6625ac req-63a09d53-fa0f-4aad-bb5b-e59ec8aa06d5 tempest-LiveMigrationTest-1371957653 tempest-LiveMigrationTest-1371957653-project] GET http://10.222.0.16/volume/v3/1d5fbc2ad3f949f3bf3a24ee1b86a651/volumes/2f2d89ba-8f2c-4a63-8128-91415353b4b2
Aug 26 06:07:25.208645 n-d-852085-3 devstack@c-api.service[121152]: DEBUG cinder.api.openstack.wsgi [req-e76c1330-3373-40fa-8904-4d4bfc6625ac req-63a09d53-fa0f-4aad-bb5b-e59ec8aa06d5 tempest-LiveMigrationTest-1371957653 tempest-LiveMigrationTest-1371957653-project] Empty body provided in request {{(pid=121152) get_body /opt/stack/cinder/cinder/api/openstack/wsgi.py:715}}
Aug 26 06:07:25.209093 n-d-852085-3 devstack@c-api.service[121152]: DEBUG cinder.api.openstack.wsgi [req-e76c1330-3373-40fa-8904-4d4bfc6625ac req-63a09d53-fa0f-4aad-bb5b-e59ec8aa06d5 tempest-LiveMigrationTest-1371957653 tempest-LiveMigrationTest-1371957653-project] Calling method 'show' {{(pid=121152) _process_stack /opt/stack/cinder/cinder/api/openstack/wsgi.py:868}}
