Aug 05 20:31:06.617098 n-d-852085-2 devstack@placement-api.service[105368]: [pid: 105368|app: 0|req: 404/816] 10.222.0.118 () {60 vars in 1360 bytes} [Fri Aug 5 20:31:06 2022] DELETE /placement/allocations/fad7bd4d-bb02-4cbc-9dc5-61daee8edd09 => generated 0 bytes in 53 msecs (HTTP/1.1 204) 5 headers in 198 bytes (1 switches on core 0)
Aug 05 20:31:07.004662 n-d-852085-2 devstack@placement-api.service[105367]: DEBUG placement.requestlog [None req-fa700396-45fd-481b-a638-81143af166e4 None None] Starting request: 10.222.0.112 "GET /placement/resource_providers/1c7bf433-423b-4fac-8dac-2e73aa832706/aggregates" {{(pid=105367) __call__ /opt/stack/placement/placement/requestlog.py:55}}
Aug 05 20:31:07.024796 n-d-852085-2 devstack@placement-api.service[105367]: INFO placement.requestlog [None req-fa700396-45fd-481b-a638-81143af166e4 service placement] 10.222.0.112 "GET /placement/resource_providers/1c7bf433-423b-4fac-8dac-2e73aa832706/aggregates" status: 404 len: 235 microversion: 1.1
Aug 05 20:31:07.025582 n-d-852085-2 devstack@placement-api.service[105367]: [pid: 105367|app: 0|req: 413/817] 10.222.0.112 () {58 vars in 1367 bytes} [Fri Aug 5 20:31:07 2022] GET /placement/resource_providers/1c7bf433-423b-4fac-8dac-2e73aa832706/aggregates => generated 235 bytes in 22 msecs (HTTP/1.1 404) 5 headers in 202 bytes (1 switches on core 0)
Aug 05 20:31:07.105510 n-d-852085-2 devstack@placement-api.service[105368]: DEBUG placement.requestlog [None req-f7be4685-04e4-4d7d-920f-41bba12edf75 None None] Starting request: 10.222.0.112 "DELETE /placement/resource_providers/1c7bf433-423b-4fac-8dac-2e73aa832706" {{(pid=105368) __call__ /opt/stack/placement/placement/requestlog.py:55}}
Aug 05 20:31:07.127987 n-d-852085-2 devstack@placement-api.service[105368]: DEBUG placement.wsgi_wrapper [None req-f7be4685-04e4-4d7d-920f-41bba12edf75 service placement] Placement API returning an error response: No resource provider with uuid 1c7bf433-423b-4fac-8dac-2e73aa832706 found for delete {{(pid=105368) call_func /opt/stack/placement/placement/wsgi_wrapper.py:31}}
Aug 05 20:31:07.129107 n-d-852085-2 devstack@placement-api.service[105368]: INFO placement.requestlog [None req-f7be4685-04e4-4d7d-920f-41bba12edf75 service placement] 10.222.0.112 "DELETE /placement/resource_providers/1c7bf433-423b-4fac-8dac-2e73aa832706" status: 404 len: 246 microversion: 1.1
Aug 05 20:31:07.133069 n-d-852085-2 devstack@placement-api.service[105368]: [pid: 105368|app: 0|req: 405/818] 10.222.0.112 () {60 vars in 1356 bytes} [Fri Aug 5 20:31:07 2022] DELETE /placement/resource_providers/1c7bf433-423b-4fac-8dac-2e73aa832706 => generated 246 bytes in 28 msecs (HTTP/1.1 404) 6 headers in 231 bytes (1 switches on core 0)
Aug 05 20:31:10.645403 n-d-852085-2 devstack@placement-api.service[105367]: DEBUG placement.requestlog [req-3390112d-24b1-42e1-88fb-b58a843dc503 req-5ce1433a-9fa8-4077-9a2c-1fbe8e69839b None None] Starting request: 10.222.0.112 "GET /placement/allocation_candidates?limit=1000&resources=DISK_GB%3A1%2CMEMORY_MB%3A1024%2CVCPU%3A1&root_required=%21COMPUTE_STATUS_DISABLED" {{(pid=105367) __call__ /opt/stack/placement/placement/requestlog.py:55}}
Aug 05 20:31:10.708227 n-d-852085-2 devstack@placement-api.service[105367]: DEBUG placement.objects.research_context [req-3390112d-24b1-42e1-88fb-b58a843dc503 req-5ce1433a-9fa8-4077-9a2c-1fbe8e69839b service placement] getting providers with 1 DISK_GB {{(pid=105367) __init__ /opt/stack/placement/placement/objects/research_context.py:136}}
Aug 05 20:31:10.715533 n-d-852085-2 devstack@placement-api.service[105367]: DEBUG placement.objects.research_context [req-3390112d-24b1-42e1-88fb-b58a843dc503 req-5ce1433a-9fa8-4077-9a2c-1fbe8e69839b service placement] getting providers with 1024 MEMORY_MB {{(pid=105367) __init__ /opt/stack/placement/placement/objects/research_context.py:136}}
Aug 05 20:31:10.724474 n-d-852085-2 devstack@placement-api.service[105367]: DEBUG placement.objects.research_context [req-3390112d-24b1-42e1-88fb-b58a843dc503 req-5ce1433a-9fa8-4077-9a2c-1fbe8e69839b service placement] getting providers with 1 VCPU {{(pid=105367) __init__ /opt/stack/placement/placement/objects/research_context.py:136}}
Aug 05 20:31:10.732159 n-d-852085-2 devstack@placement-api.service[105367]: DEBUG placement.objects.research_context [req-3390112d-24b1-42e1-88fb-b58a843dc503 req-5ce1433a-9fa8-4077-9a2c-1fbe8e69839b service placement] found 2 providers with available 1 DISK_GB {{(pid=105367) get_provider_ids_matching /opt/stack/placement/placement/objects/research_context.py:563}}
Aug 05 20:31:10.733349 n-d-852085-2 devstack@placement-api.service[105367]: DEBUG placement.objects.research_context [req-3390112d-24b1-42e1-88fb-b58a843dc503 req-5ce1433a-9fa8-4077-9a2c-1fbe8e69839b service placement] found 2 providers with available 1024 MEMORY_MB {{(pid=105367) get_provider_ids_matching /opt/stack/placement/placement/objects/research_context.py:563}}
Aug 05 20:31:10.734438 n-d-852085-2 devstack@placement-api.service[105367]: DEBUG placement.objects.research_context [req-3390112d-24b1-42e1-88fb-b58a843dc503 req-5ce1433a-9fa8-4077-9a2c-1fbe8e69839b service placement] found 2 providers after filtering by previous result {{(pid=105367) get_provider_ids_matching /opt/stack/placement/placement/objects/research_context.py:594}}
Aug 05 20:31:10.734871 n-d-852085-2 devstack@placement-api.service[105367]: DEBUG placement.objects.research_context [req-3390112d-24b1-42e1-88fb-b58a843dc503 req-5ce1433a-9fa8-4077-9a2c-1fbe8e69839b service placement] found 2 providers with available 1 VCPU {{(pid=105367) get_provider_ids_matching /opt/stack/placement/placement/objects/research_context.py:563}}
Aug 05 20:31:10.735329 n-d-852085-2 devstack@placement-api.service[105367]: DEBUG placement.objects.research_context [req-3390112d-24b1-42e1-88fb-b58a843dc503 req-5ce1433a-9fa8-4077-9a2c-1fbe8e69839b service placement] found 2 providers after filtering by previous result {{(pid=105367) get_provider_ids_matching /opt/stack/placement/placement/objects/research_context.py:594}}
Aug 05 20:31:10.754044 n-d-852085-2 devstack@placement-api.service[105367]: DEBUG placement.objects.allocation_candidate [req-3390112d-24b1-42e1-88fb-b58a843dc503 req-5ce1433a-9fa8-4077-9a2c-1fbe8e69839b service placement] RequestGroup(use_same_provider=False, resources={DISK_GB:1, MEMORY_MB:1024, VCPU:1}, traits=(), aggregates=[]) (suffix '') returned 2 matches {{(pid=105367) _get_by_requests /opt/stack/placement/placement/objects/allocation_candidate.py:156}}
Aug 05 20:31:10.754664 n-d-852085-2 devstack@placement-api.service[105367]: DEBUG placement.objects.allocation_candidate [req-3390112d-24b1-42e1-88fb-b58a843dc503 req-5ce1433a-9fa8-4077-9a2c-1fbe8e69839b service placement] Merging candidates yields 2 allocation requests and 2 provider summaries {{(pid=105367) _merge_candidates /opt/stack/placement/placement/objects/allocation_candidate.py:809}}
Aug 05 20:31:10.756815 n-d-852085-2 devstack@placement-api.service[105367]: INFO placement.requestlog [req-3390112d-24b1-42e1-88fb-b58a843dc503 req-5ce1433a-9fa8-4077-9a2c-1fbe8e69839b service placement] 10.222.0.112 "GET /placement/allocation_candidates?limit=1000&resources=DISK_GB%3A1%2CMEMORY_MB%3A1024%2CVCPU%3A1&root_required=%21COMPUTE_STATUS_DISABLED" status: 200 len: 1309 microversion: 1.36
Aug 05 20:31:10.771947 n-d-852085-2 devstack@placement-api.service[105367]: [pid: 105367|app: 0|req: 414/819] 10.222.0.112 () {60 vars in 1511 bytes} [Fri Aug 5 20:31:10 2022] GET /placement/allocation_candidates?limit=1000&resources=DISK_GB%3A1%2CMEMORY_MB%3A1024%2CVCPU%3A1&root_required=%21COMPUTE_STATUS_DISABLED => generated 1309 bytes in 127 msecs (HTTP/1.1 200) 8 headers in 297 bytes (1 switches on core 0)
Aug 05 20:31:10.887866 n-d-852085-2 devstack@placement-api.service[105368]: DEBUG placement.requestlog [req-3390112d-24b1-42e1-88fb-b58a843dc503 req-35052d57-8905-42fd-b055-bff1021523e8 None None] Starting request: 10.222.0.112 "GET /placement/allocations/fad7bd4d-bb02-4cbc-9dc5-61daee8edd09" {{(pid=105368) __call__ /opt/stack/placement/placement/requestlog.py:55}}
Aug 05 20:31:10.924735 n-d-852085-2 devstack@placement-api.service[105368]: INFO placement.requestlog [req-3390112d-24b1-42e1-88fb-b58a843dc503 req-35052d57-8905-42fd-b055-bff1021523e8 service placement] 10.222.0.112 "GET /placement/allocations/fad7bd4d-bb02-4cbc-9dc5-61daee8edd09" status: 200 len: 19 microversion: 1.28
Aug 05 20:31:10.924735 n-d-852085-2 devstack@placement-api.service[105368]: [pid: 105368|app: 0|req: 406/820] 10.222.0.112 () {60 vars in 1385 bytes} [Fri Aug 5 20:31:10 2022] GET /placement/allocations/fad7bd4d-bb02-4cbc-9dc5-61daee8edd09 => generated 19 bytes in 33 msecs (HTTP/1.1 200) 8 headers in 295 bytes (1 switches on core 0)
Aug 05 20:31:10.932243 n-d-852085-2 devstack@placement-api.service[105367]: DEBUG placement.requestlog [req-3390112d-24b1-42e1-88fb-b58a843dc503 req-bf64b2b0-0e8c-4399-9962-9ee941ab5907 None None] Starting request: 10.222.0.112 "PUT /placement/allocations/fad7bd4d-bb02-4cbc-9dc5-61daee8edd09" {{(pid=105367) __call__ /opt/stack/placement/placement/requestlog.py:55}}
Aug 05 20:31:11.053795 n-d-852085-2 devstack@placement-api.service[105367]: DEBUG placement.handlers.allocation [req-3390112d-24b1-42e1-88fb-b58a843dc503 req-bf64b2b0-0e8c-4399-9962-9ee941ab5907 service placement] Successfully wrote allocations [, , ] {{(pid=105367) _update_consumers_and_create_allocations /opt/stack/placement/placement/handlers/allocation.py:462}}
Aug 05 20:31:11.058666 n-d-852085-2 devstack@placement-api.service[105367]: INFO placement.requestlog [req-3390112d-24b1-42e1-88fb-b58a843dc503 req-bf64b2b0-0e8c-4399-9962-9ee941ab5907 service placement] 10.222.0.112 "PUT /placement/allocations/fad7bd4d-bb02-4cbc-9dc5-61daee8edd09" status: 204 len: 0 microversion: 1.36
Aug 05 20:31:11.059675 n-d-852085-2 devstack@placement-api.service[105367]: [pid: 105367|app: 0|req: 415/821] 10.222.0.112 () {64 vars in 1438 bytes} [Fri Aug 5 20:31:10 2022] PUT /placement/allocations/fad7bd4d-bb02-4cbc-9dc5-61daee8edd09 => generated 0 bytes in 127 msecs (HTTP/1.1 204) 5 headers in 199 bytes (1 switches on core 0)
Aug 05 20:31:12.817618 n-d-852085-2 devstack@placement-api.service[105368]: DEBUG placement.requestlog [req-0a1b163d-d899-43c4-b1ad-c448b525d2ac req-74cee6aa-792e-4162-91db-280c5af13f3b None None] Starting request: 10.222.0.118 "DELETE /placement/allocations/7fa286e3-390c-4bdb-b4d2-6e91162cc884" {{(pid=105368) __call__ /opt/stack/placement/placement/requestlog.py:55}}
Aug 05 20:31:12.869608 n-d-852085-2 devstack@placement-api.service[105368]: DEBUG placement.handlers.allocation [req-0a1b163d-d899-43c4-b1ad-c448b525d2ac req-74cee6aa-792e-4162-91db-280c5af13f3b service placement] Successfully deleted allocations [, , ] {{(pid=105368) delete_allocations /opt/stack/placement/placement/handlers/allocation.py:627}}
Aug 05 20:31:12.870141 n-d-852085-2 devstack@placement-api.service[105368]: INFO placement.requestlog [req-0a1b163d-d899-43c4-b1ad-c448b525d2ac req-74cee6aa-792e-4162-91db-280c5af13f3b service placement] 10.222.0.118 "DELETE /placement/allocations/7fa286e3-390c-4bdb-b4d2-6e91162cc884" status: 204 len: 0 microversion: 1.0
Aug 05 20:31:12.870965 n-d-852085-2 devstack@placement-api.service[105368]: [pid: 105368|app: 0|req: 407/822] 10.222.0.118 () {60 vars in 1360 bytes} [Fri Aug 5 20:31:12 2022] DELETE /placement/allocations/7fa286e3-390c-4bdb-b4d2-6e91162cc884 => generated 0 bytes in 53 msecs (HTTP/1.1 204) 5 headers in 198 bytes (1 switches on core 0)
Aug 05 20:31:16.053775 n-d-852085-2 devstack@placement-api.service[105367]: DEBUG placement.requestlog [req-d8737443-8915-4096-ad86-5dc662690471 req-00308f83-6c74-4796-bd1f-440fd80f0c22 None None] Starting request: 10.222.0.112 "GET /placement/allocation_candidates?limit=1000&resources=DISK_GB%3A1%2CMEMORY_MB%3A1024%2CVCPU%3A1&root_required=%21COMPUTE_STATUS_DISABLED" {{(pid=105367) __call__ /opt/stack/placement/placement/requestlog.py:55}}
Aug 05 20:31:16.082233 n-d-852085-2 devstack@placement-api.service[105367]: DEBUG dbcounter [-] [105367] Writing DB stats placement:SELECT=44,placement:DELETE=6,placement:INSERT=4,placement:UPDATE=2 {{(pid=105367) stat_writer /usr/local/lib/python3.8/dist-packages/dbcounter.py:114}}
Aug 05 20:31:16.155197 n-d-852085-2 devstack@placement-api.service[105367]: DEBUG placement.objects.research_context [req-d8737443-8915-4096-ad86-5dc662690471 req-00308f83-6c74-4796-bd1f-440fd80f0c22 service placement] getting providers with 1 DISK_GB {{(pid=105367) __init__ /opt/stack/placement/placement/objects/research_context.py:136}}
Aug 05 20:31:16.164353 n-d-852085-2 devstack@placement-api.service[105367]: DEBUG placement.objects.research_context [req-d8737443-8915-4096-ad86-5dc662690471 req-00308f83-6c74-4796-bd1f-440fd80f0c22 service placement] getting providers with 1024 MEMORY_MB {{(pid=105367) __init__ /opt/stack/placement/placement/objects/research_context.py:136}}
Aug 05 20:31:16.183389 n-d-852085-2 devstack@placement-api.service[105367]: DEBUG placement.objects.research_context [req-d8737443-8915-4096-ad86-5dc662690471 req-00308f83-6c74-4796-bd1f-440fd80f0c22 service placement] getting providers with 1 VCPU {{(pid=105367) __init__ /opt/stack/placement/placement/objects/research_context.py:136}}
Aug 05 20:31:16.233361 n-d-852085-2 devstack@placement-api.service[105367]: DEBUG placement.objects.research_context [req-d8737443-8915-4096-ad86-5dc662690471 req-00308f83-6c74-4796-bd1f-440fd80f0c22 service placement] found 2 providers with available 1 DISK_GB {{(pid=105367) get_provider_ids_matching /opt/stack/placement/placement/objects/research_context.py:563}}
Aug 05 20:31:16.234179 n-d-852085-2 devstack@placement-api.service[105367]: DEBUG placement.objects.research_context [req-d8737443-8915-4096-ad86-5dc662690471 req-00308f83-6c74-4796-bd1f-440fd80f0c22 service placement] found 2 providers with available 1024 MEMORY_MB {{(pid=105367) get_provider_ids_matching /opt/stack/placement/placement/objects/research_context.py:563}}
Aug 05 20:31:16.234632 n-d-852085-2 devstack@placement-api.service[105367]: DEBUG placement.objects.research_context [req-d8737443-8915-4096-ad86-5dc662690471 req-00308f83-6c74-4796-bd1f-440fd80f0c22 service placement] found 2 providers after filtering by previous result {{(pid=105367) get_provider_ids_matching /opt/stack/placement/placement/objects/research_context.py:594}}
Aug 05 20:31:16.235071 n-d-852085-2 devstack@placement-api.service[105367]: DEBUG placement.objects.research_context [req-d8737443-8915-4096-ad86-5dc662690471 req-00308f83-6c74-4796-bd1f-440fd80f0c22 service placement] found 2 providers with available 1 VCPU {{(pid=105367) get_provider_ids_matching /opt/stack/placement/placement/objects/research_context.py:563}}
Aug 05 20:31:16.235519 n-d-852085-2 devstack@placement-api.service[105367]: DEBUG placement.objects.research_context [req-d8737443-8915-4096-ad86-5dc662690471 req-00308f83-6c74-4796-bd1f-440fd80f0c22 service placement] found 2 providers after filtering by previous result {{(pid=105367) get_provider_ids_matching /opt/stack/placement/placement/objects/research_context.py:594}}
Aug 05 20:31:16.259856 n-d-852085-2 devstack@placement-api.service[105367]: DEBUG placement.objects.allocation_candidate [req-d8737443-8915-4096-ad86-5dc662690471 req-00308f83-6c74-4796-bd1f-440fd80f0c22 service placement] RequestGroup(use_same_provider=False, resources={DISK_GB:1, MEMORY_MB:1024, VCPU:1}, traits=(), aggregates=[]) (suffix '') returned 2 matches {{(pid=105367) _get_by_requests /opt/stack/placement/placement/objects/allocation_candidate.py:156}}
Aug 05 20:31:16.261290 n-d-852085-2 devstack@placement-api.service[105367]: DEBUG placement.objects.allocation_candidate [req-d8737443-8915-4096-ad86-5dc662690471 req-00308f83-6c74-4796-bd1f-440fd80f0c22 service placement] Merging candidates yields 2 allocation requests and 2 provider summaries {{(pid=105367) _merge_candidates /opt/stack/placement/placement/objects/allocation_candidate.py:809}}
Aug 05 20:31:16.267569 n-d-852085-2 devstack@placement-api.service[105367]: INFO placement.requestlog [req-d8737443-8915-4096-ad86-5dc662690471 req-00308f83-6c74-4796-bd1f-440fd80f0c22 service placement] 10.222.0.112 "GET /placement/allocation_candidates?limit=1000&resources=DISK_GB%3A1%2CMEMORY_MB%3A1024%2CVCPU%3A1&root_required=%21COMPUTE_STATUS_DISABLED" status: 200 len: 1309 microversion: 1.36
Aug 05 20:31:16.269080 n-d-852085-2 devstack@placement-api.service[105367]: [pid: 105367|app: 0|req: 416/823] 10.222.0.112 () {60 vars in 1511 bytes} [Fri Aug 5 20:31:16 2022] GET /placement/allocation_candidates?limit=1000&resources=DISK_GB%3A1%2CMEMORY_MB%3A1024%2CVCPU%3A1&root_required=%21COMPUTE_STATUS_DISABLED => generated 1309 bytes in 215 msecs (HTTP/1.1 200) 8 headers in 297 bytes (1 switches on core 0)
Aug 05 20:31:16.489447 n-d-852085-2 devstack@placement-api.service[105368]: DEBUG placement.requestlog [req-d8737443-8915-4096-ad86-5dc662690471 req-99d1d230-e512-43c6-b05b-cde7fb7da1a2 None None] Starting request: 10.222.0.112 "GET /placement/allocations/022ce09f-c120-4638-808b-7d5872587214" {{(pid=105368) __call__ /opt/stack/placement/placement/requestlog.py:55}}
Aug 05 20:31:16.515363 n-d-852085-2 devstack@placement-api.service[105368]: INFO placement.requestlog [req-d8737443-8915-4096-ad86-5dc662690471 req-99d1d230-e512-43c6-b05b-cde7fb7da1a2 service placement] 10.222.0.112 "GET /placement/allocations/022ce09f-c120-4638-808b-7d5872587214" status: 200 len: 19 microversion: 1.28
Aug 05 20:31:16.524594 n-d-852085-2 devstack@placement-api.service[105368]: [pid: 105368|app: 0|req: 408/824] 10.222.0.112 () {60 vars in 1385 bytes} [Fri Aug 5 20:31:16 2022] GET /placement/allocations/022ce09f-c120-4638-808b-7d5872587214 => generated 19 bytes in 35 msecs (HTTP/1.1 200) 8 headers in 295 bytes (1 switches on core 0)
Aug 05 20:31:16.525423 n-d-852085-2 devstack@placement-api.service[105367]: DEBUG placement.requestlog [req-d8737443-8915-4096-ad86-5dc662690471 req-4eca5683-1312-4479-9fe4-dbb0a131724d None None] Starting request: 10.222.0.112 "PUT /placement/allocations/022ce09f-c120-4638-808b-7d5872587214" {{(pid=105367) __call__ /opt/stack/placement/placement/requestlog.py:55}}
Aug 05 20:31:16.718996 n-d-852085-2 devstack@placement-api.service[105367]: DEBUG placement.handlers.allocation [req-d8737443-8915-4096-ad86-5dc662690471 req-4eca5683-1312-4479-9fe4-dbb0a131724d service placement] Successfully wrote allocations [, , ] {{(pid=105367) _update_consumers_and_create_allocations /opt/stack/placement/placement/handlers/allocation.py:462}}
Aug 05 20:31:16.735355 n-d-852085-2 devstack@placement-api.service[105367]: INFO placement.requestlog [req-d8737443-8915-4096-ad86-5dc662690471 req-4eca5683-1312-4479-9fe4-dbb0a131724d service placement] 10.222.0.112 "PUT /placement/allocations/022ce09f-c120-4638-808b-7d5872587214" status: 204 len: 0 microversion: 1.36
Aug 05 20:31:16.737188 n-d-852085-2 devstack@placement-api.service[105367]: [pid: 105367|app: 0|req: 417/825] 10.222.0.112 () {64 vars in 1438 bytes} [Fri Aug 5 20:31:16 2022] PUT /placement/allocations/022ce09f-c120-4638-808b-7d5872587214 => generated 0 bytes in 211 msecs (HTTP/1.1 204) 5 headers in 199 bytes (2 switches on core 0)
Aug 05 20:31:17.389201 n-d-852085-2 devstack@placement-api.service[105368]: DEBUG placement.requestlog [req-d8737443-8915-4096-ad86-5dc662690471 req-d2caf9a8-3430-4428-a9a0-f7c35fe360b6 None None] Starting request: 10.222.0.118 "GET /placement/allocations/022ce09f-c120-4638-808b-7d5872587214" {{(pid=105368) __call__ /opt/stack/placement/placement/requestlog.py:55}}
Aug 05 20:31:17.427379 n-d-852085-2 devstack@placement-api.service[105368]: INFO placement.requestlog [req-d8737443-8915-4096-ad86-5dc662690471 req-d2caf9a8-3430-4428-a9a0-f7c35fe360b6 service placement] 10.222.0.118 "GET /placement/allocations/022ce09f-c120-4638-808b-7d5872587214" status: 200 len: 259 microversion: 1.28
Aug 05 20:31:17.432810 n-d-852085-2 devstack@placement-api.service[105368]: [pid: 105368|app: 0|req: 409/826] 10.222.0.118 () {60 vars in 1382 bytes} [Fri Aug 5 20:31:17 2022] GET /placement/allocations/022ce09f-c120-4638-808b-7d5872587214 => generated 259 bytes in 44 msecs (HTTP/1.1 200) 8 headers in 296 bytes (1 switches on core 0)
Aug 05 20:31:19.189060 n-d-852085-2 devstack@placement-api.service[105367]: DEBUG placement.requestlog [req-7658bcfa-9692-4b09-ab15-31e21abad463 req-4671fee1-bfaa-4277-988a-4f1bbc134e6d None None] Starting request: 10.222.0.112 "GET /placement/allocation_candidates?limit=1000&resources=DISK_GB%3A1%2CMEMORY_MB%3A1024%2CVCPU%3A1&root_required=%21COMPUTE_STATUS_DISABLED" {{(pid=105367) __call__ /opt/stack/placement/placement/requestlog.py:55}}
Aug 05 20:31:19.287944 n-d-852085-2 devstack@placement-api.service[105367]: DEBUG placement.objects.research_context [req-7658bcfa-9692-4b09-ab15-31e21abad463 req-4671fee1-bfaa-4277-988a-4f1bbc134e6d service placement] getting providers with 1 DISK_GB {{(pid=105367) __init__ /opt/stack/placement/placement/objects/research_context.py:136}}
Aug 05 20:31:19.317941 n-d-852085-2 devstack@placement-api.service[105367]: DEBUG placement.objects.research_context [req-7658bcfa-9692-4b09-ab15-31e21abad463 req-4671fee1-bfaa-4277-988a-4f1bbc134e6d service placement] getting providers with 1024 MEMORY_MB {{(pid=105367) __init__ /opt/stack/placement/placement/objects/research_context.py:136}}
Aug 05 20:31:19.327031 n-d-852085-2 devstack@placement-api.service[105367]: DEBUG placement.objects.research_context [req-7658bcfa-9692-4b09-ab15-31e21abad463 req-4671fee1-bfaa-4277-988a-4f1bbc134e6d service placement] getting providers with 1 VCPU {{(pid=105367) __init__ /opt/stack/placement/placement/objects/research_context.py:136}}
Aug 05 20:31:19.353719 n-d-852085-2 devstack@placement-api.service[105367]: DEBUG placement.objects.research_context [req-7658bcfa-9692-4b09-ab15-31e21abad463 req-4671fee1-bfaa-4277-988a-4f1bbc134e6d service placement] found 2 providers with available 1 DISK_GB {{(pid=105367) get_provider_ids_matching /opt/stack/placement/placement/objects/research_context.py:563}}
Aug 05 20:31:19.356840 n-d-852085-2 devstack@placement-api.service[105367]: DEBUG placement.objects.research_context [req-7658bcfa-9692-4b09-ab15-31e21abad463 req-4671fee1-bfaa-4277-988a-4f1bbc134e6d service placement] found 2 providers with available 1024 MEMORY_MB {{(pid=105367) get_provider_ids_matching /opt/stack/placement/placement/objects/research_context.py:563}}
Aug 05 20:31:19.357334 n-d-852085-2 devstack@placement-api.service[105367]: DEBUG placement.objects.research_context [req-7658bcfa-9692-4b09-ab15-31e21abad463 req-4671fee1-bfaa-4277-988a-4f1bbc134e6d service placement] found 2 providers after filtering by previous result {{(pid=105367) get_provider_ids_matching /opt/stack/placement/placement/objects/research_context.py:594}}
Aug 05 20:31:19.357873 n-d-852085-2 devstack@placement-api.service[105367]: DEBUG placement.objects.research_context [req-7658bcfa-9692-4b09-ab15-31e21abad463 req-4671fee1-bfaa-4277-988a-4f1bbc134e6d service placement] found 2 providers with available 1 VCPU {{(pid=105367) get_provider_ids_matching /opt/stack/placement/placement/objects/research_context.py:563}}
Aug 05 20:31:19.358476 n-d-852085-2 devstack@placement-api.service[105367]: DEBUG placement.objects.research_context [req-7658bcfa-9692-4b09-ab15-31e21abad463 req-4671fee1-bfaa-4277-988a-4f1bbc134e6d service placement] found 2 providers after filtering by previous result {{(pid=105367) get_provider_ids_matching /opt/stack/placement/placement/objects/research_context.py:594}}
Aug 05 20:31:19.403506 n-d-852085-2 devstack@placement-api.service[105367]: DEBUG placement.objects.allocation_candidate [req-7658bcfa-9692-4b09-ab15-31e21abad463 req-4671fee1-bfaa-4277-988a-4f1bbc134e6d service placement] RequestGroup(use_same_provider=False, resources={DISK_GB:1, MEMORY_MB:1024, VCPU:1}, traits=(), aggregates=[]) (suffix '') returned 2 matches {{(pid=105367) _get_by_requests /opt/stack/placement/placement/objects/allocation_candidate.py:156}}
Aug 05 20:31:19.407956 n-d-852085-2 devstack@placement-api.service[105367]: DEBUG placement.objects.allocation_candidate [req-7658bcfa-9692-4b09-ab15-31e21abad463 req-4671fee1-bfaa-4277-988a-4f1bbc134e6d service placement] Merging candidates yields 2 allocation requests and 2 provider summaries {{(pid=105367) _merge_candidates /opt/stack/placement/placement/objects/allocation_candidate.py:809}}
Aug 05 20:31:19.413183 n-d-852085-2 devstack@placement-api.service[105367]: INFO placement.requestlog [req-7658bcfa-9692-4b09-ab15-31e21abad463 req-4671fee1-bfaa-4277-988a-4f1bbc134e6d service placement] 10.222.0.112 "GET /placement/allocation_candidates?limit=1000&resources=DISK_GB%3A1%2CMEMORY_MB%3A1024%2CVCPU%3A1&root_required=%21COMPUTE_STATUS_DISABLED" status: 200 len: 1309 microversion: 1.36
Aug 05 20:31:19.415486 n-d-852085-2 devstack@placement-api.service[105367]: [pid: 105367|app: 0|req: 418/827] 10.222.0.112 () {60 vars in 1511 bytes} [Fri Aug 5 20:31:19 2022] GET /placement/allocation_candidates?limit=1000&resources=DISK_GB%3A1%2CMEMORY_MB%3A1024%2CVCPU%3A1&root_required=%21COMPUTE_STATUS_DISABLED => generated 1309 bytes in 226 msecs (HTTP/1.1 200) 8 headers in 297 bytes (1 switches on core 0)
Aug 05 20:31:19.703563 n-d-852085-2 devstack@placement-api.service[105368]: DEBUG placement.requestlog [req-7658bcfa-9692-4b09-ab15-31e21abad463 req-950f02a7-f27e-45e3-994e-4b9f58e0584c None None] Starting request: 10.222.0.112 "GET /placement/allocations/ecdb5ce3-3059-493a-9bcf-b2858cb2fe93" {{(pid=105368) __call__ /opt/stack/placement/placement/requestlog.py:55}}
Aug 05 20:31:19.753900 n-d-852085-2 devstack@placement-api.service[105368]: INFO placement.requestlog [req-7658bcfa-9692-4b09-ab15-31e21abad463 req-950f02a7-f27e-45e3-994e-4b9f58e0584c service placement] 10.222.0.112 "GET /placement/allocations/ecdb5ce3-3059-493a-9bcf-b2858cb2fe93" status: 200 len: 19 microversion: 1.28
Aug 05 20:31:19.755941 n-d-852085-2 devstack@placement-api.service[105368]: [pid: 105368|app: 0|req: 410/828] 10.222.0.112 () {60 vars in 1385 bytes} [Fri Aug 5 20:31:19 2022] GET /placement/allocations/ecdb5ce3-3059-493a-9bcf-b2858cb2fe93 => generated 19 bytes in 53 msecs (HTTP/1.1 200) 8 headers in 295 bytes (1 switches on core 0)
Aug 05 20:31:19.761673 n-d-852085-2 devstack@placement-api.service[105367]: DEBUG placement.requestlog [req-7658bcfa-9692-4b09-ab15-31e21abad463 req-8fb2a8c5-24dc-4967-80ce-d3110f9c923f None None] Starting request: 10.222.0.112 "PUT /placement/allocations/ecdb5ce3-3059-493a-9bcf-b2858cb2fe93" {{(pid=105367) __call__ /opt/stack/placement/placement/requestlog.py:55}}
Aug 05 20:31:19.899665 n-d-852085-2 devstack@placement-api.service[105368]: DEBUG placement.requestlog [req-684d0efe-1ec6-4b7d-8620-df83b5821ed3 req-3895a2f2-9d84-45fb-ae39-c48080080957 None None] Starting request: 10.222.0.93 "DELETE /placement/allocations/79268b6f-423c-4fd5-a46a-2afc170169b8" {{(pid=105368) __call__ /opt/stack/placement/placement/requestlog.py:55}}
Aug 05 20:31:19.982296 n-d-852085-2 devstack@placement-api.service[105367]: DEBUG placement.handlers.allocation [req-7658bcfa-9692-4b09-ab15-31e21abad463 req-8fb2a8c5-24dc-4967-80ce-d3110f9c923f service placement] Successfully wrote allocations [, , ] {{(pid=105367) _update_consumers_and_create_allocations /opt/stack/placement/placement/handlers/allocation.py:462}}
Aug 05 20:31:19.984219 n-d-852085-2 devstack@placement-api.service[105368]: DEBUG placement.handlers.allocation [req-684d0efe-1ec6-4b7d-8620-df83b5821ed3 req-3895a2f2-9d84-45fb-ae39-c48080080957 service placement] Successfully deleted allocations [, , ] {{(pid=105368) delete_allocations /opt/stack/placement/placement/handlers/allocation.py:627}}
Aug 05 20:31:19.984818 n-d-852085-2 devstack@placement-api.service[105368]: INFO placement.requestlog [req-684d0efe-1ec6-4b7d-8620-df83b5821ed3 req-3895a2f2-9d84-45fb-ae39-c48080080957 service placement] 10.222.0.93 "DELETE /placement/allocations/79268b6f-423c-4fd5-a46a-2afc170169b8" status: 204 len: 0 microversion: 1.0
Aug 05 20:31:19.985822 n-d-852085-2 devstack@placement-api.service[105368]: [pid: 105368|app: 0|req: 411/829] 10.222.0.93 () {60 vars in 1359 bytes} [Fri Aug 5 20:31:19 2022] DELETE /placement/allocations/79268b6f-423c-4fd5-a46a-2afc170169b8 => generated 0 bytes in 87 msecs (HTTP/1.1 204) 5 headers in 198 bytes (1 switches on core 0)
Aug 05 20:31:19.994996 n-d-852085-2 devstack@placement-api.service[105367]: INFO placement.requestlog [req-7658bcfa-9692-4b09-ab15-31e21abad463 req-8fb2a8c5-24dc-4967-80ce-d3110f9c923f service placement] 10.222.0.112 "PUT /placement/allocations/ecdb5ce3-3059-493a-9bcf-b2858cb2fe93" status: 204 len: 0 microversion: 1.36
Aug 05 20:31:19.996460 n-d-852085-2 devstack@placement-api.service[105367]: [pid: 105367|app: 0|req: 419/830] 10.222.0.112 () {64 vars in 1438 bytes} [Fri Aug 5 20:31:19 2022] PUT /placement/allocations/ecdb5ce3-3059-493a-9bcf-b2858cb2fe93 => generated 0 bytes in 235 msecs (HTTP/1.1 204) 5 headers in 199 bytes (1 switches on core 0)
Aug 05 20:31:20.597467 n-d-852085-2 devstack@placement-api.service[105368]: DEBUG placement.requestlog [req-7658bcfa-9692-4b09-ab15-31e21abad463 req-86442140-d7bf-4a78-80e7-dd41e3c54e6c None None] Starting request: 10.222.0.118 "GET /placement/allocations/ecdb5ce3-3059-493a-9bcf-b2858cb2fe93" {{(pid=105368) __call__ /opt/stack/placement/placement/requestlog.py:55}}
Aug 05 20:31:20.636664 n-d-852085-2 devstack@placement-api.service[105368]: INFO placement.requestlog [req-7658bcfa-9692-4b09-ab15-31e21abad463 req-86442140-d7bf-4a78-80e7-dd41e3c54e6c service placement] 10.222.0.118 "GET /placement/allocations/ecdb5ce3-3059-493a-9bcf-b2858cb2fe93" status: 200 len: 259 microversion: 1.28
Aug 05 20:31:20.638503 n-d-852085-2 devstack@placement-api.service[105368]: [pid: 105368|app: 0|req: 412/831] 10.222.0.118 () {60 vars in 1382 bytes} [Fri Aug 5 20:31:20 2022] GET /placement/allocations/ecdb5ce3-3059-493a-9bcf-b2858cb2fe93 => generated 259 bytes in 41 msecs (HTTP/1.1 200) 8 headers in 296 bytes (1 switches on core 0)
Aug 05 20:31:26.169963 n-d-852085-2 devstack@placement-api.service[105367]: DEBUG placement.requestlog [req-bfff661a-20fb-4f23-80d0-935c51f54933 req-e73c6731-c8ee-4894-8823-9486b5d49c2d None None] Starting request: 10.222.0.93 "DELETE /placement/allocations/b72ef54d-a0b2-4cd1-ad9c-240c1d8cbdfd" {{(pid=105367) __call__ /opt/stack/placement/placement/requestlog.py:55}}
Aug 05 20:31:26.233201 n-d-852085-2 devstack@placement-api.service[105367]: DEBUG placement.handlers.allocation [req-bfff661a-20fb-4f23-80d0-935c51f54933 req-e73c6731-c8ee-4894-8823-9486b5d49c2d service placement] Successfully deleted allocations [, , ] {{(pid=105367) delete_allocations /opt/stack/placement/placement/handlers/allocation.py:627}}
Aug 05 20:31:26.234040 n-d-852085-2 devstack@placement-api.service[105367]: INFO placement.requestlog [req-bfff661a-20fb-4f23-80d0-935c51f54933 req-e73c6731-c8ee-4894-8823-9486b5d49c2d service placement] 10.222.0.93 "DELETE /placement/allocations/b72ef54d-a0b2-4cd1-ad9c-240c1d8cbdfd" status: 204 len: 0 microversion: 1.0
Aug 05 20:31:26.234900 n-d-852085-2 devstack@placement-api.service[105367]: [pid: 105367|app: 0|req: 420/832] 10.222.0.93 () {60 vars in 1359 bytes} [Fri Aug 5 20:31:26 2022] DELETE /placement/allocations/b72ef54d-a0b2-4cd1-ad9c-240c1d8cbdfd => generated 0 bytes in 65 msecs (HTTP/1.1 204) 5 headers in 198 bytes (1 switches on core 0)
Aug 05 20:31:27.422402 n-d-852085-2 devstack@placement-api.service[105368]: DEBUG placement.requestlog [req-f20b2a01-5110-401c-b2e3-ead079b6f287 req-b78b1b2b-a67e-46ac-b8f4-88862830862e None None] Starting request: 10.222.0.118 "GET /placement/resource_providers/6a54e47a-cf2c-491b-a6ed-963a47ab3437/allocations" {{(pid=105368) __call__ /opt/stack/placement/placement/requestlog.py:55}}
Aug 05 20:31:27.430445 n-d-852085-2 devstack@placement-api.service[105368]: DEBUG dbcounter [-] [105368] Writing DB stats placement:SELECT=47,placement:DELETE=8 {{(pid=105368) stat_writer /usr/local/lib/python3.8/dist-packages/dbcounter.py:114}}
Aug 05 20:31:27.485256 n-d-852085-2 devstack@placement-api.service[105368]: INFO placement.requestlog [req-f20b2a01-5110-401c-b2e3-ead079b6f287 req-b78b1b2b-a67e-46ac-b8f4-88862830862e service placement] 10.222.0.118 "GET /placement/resource_providers/6a54e47a-cf2c-491b-a6ed-963a47ab3437/allocations" status: 200 len: 457 microversion: 1.0
Aug 05 20:31:27.486600 n-d-852085-2 devstack@placement-api.service[105368]: [pid: 105368|app: 0|req: 413/833] 10.222.0.118 () {58 vars in 1395 bytes} [Fri Aug 5 20:31:27 2022] GET /placement/resource_providers/6a54e47a-cf2c-491b-a6ed-963a47ab3437/allocations => generated 457 bytes in 64 msecs (HTTP/1.1 200) 6 headers in 224 bytes (1 switches on core 0)
Aug 05 20:31:28.750300 n-d-852085-2 devstack@placement-api.service[105367]: DEBUG placement.requestlog [req-a7a45af7-8251-41f2-b6dd-fd01e9ac4218 req-502fab85-4ec3-410f-b200-7951251c9dd2 None None] Starting request: 10.222.0.93 "GET /placement/resource_providers/1588a5b4-179b-4016-a2e5-c1c7e973dbf1/allocations" {{(pid=105367) __call__ /opt/stack/placement/placement/requestlog.py:55}}
Aug 05 20:31:28.785113 n-d-852085-2 devstack@placement-api.service[105368]: DEBUG placement.requestlog [None req-283d8eed-8422-49ca-9b45-9fe5676bc7d2 None None] Starting request: 10.222.0.112 "GET /placement/resource_providers/4e06028e-f367-4ff1-ab73-ba37521ea1f8/aggregates" {{(pid=105368) __call__ /opt/stack/placement/placement/requestlog.py:55}}
Aug 05 20:31:28.806737 n-d-852085-2 devstack@placement-api.service[105368]: INFO placement.requestlog [None req-283d8eed-8422-49ca-9b45-9fe5676bc7d2 service placement] 10.222.0.112 "GET /placement/resource_providers/4e06028e-f367-4ff1-ab73-ba37521ea1f8/aggregates" status: 404 len: 235 microversion: 1.1
Aug 05 20:31:28.808253 n-d-852085-2 devstack@placement-api.service[105368]: [pid: 105368|app: 0|req: 414/834] 10.222.0.112 () {58 vars in 1367 bytes} [Fri Aug 5 20:31:28 2022] GET /placement/resource_providers/4e06028e-f367-4ff1-ab73-ba37521ea1f8/aggregates => generated 235 bytes in 24 msecs (HTTP/1.1 404) 5 headers in 202 bytes (1 switches on core 0)
Aug 05 20:31:28.816080 n-d-852085-2 devstack@placement-api.service[105367]: INFO placement.requestlog [req-a7a45af7-8251-41f2-b6dd-fd01e9ac4218 req-502fab85-4ec3-410f-b200-7951251c9dd2 service placement] 10.222.0.93 "GET /placement/resource_providers/1588a5b4-179b-4016-a2e5-c1c7e973dbf1/allocations" status: 200 len: 342 microversion: 1.0
Aug 05 20:31:28.821683 n-d-852085-2 devstack@placement-api.service[105367]: [pid: 105367|app: 0|req: 421/835] 10.222.0.93 () {58 vars in 1394 bytes} [Fri Aug 5 20:31:28 2022] GET /placement/resource_providers/1588a5b4-179b-4016-a2e5-c1c7e973dbf1/allocations => generated 342 bytes in 72 msecs (HTTP/1.1 200) 6 headers in 224 bytes (1 switches on core 0)
Aug 05 20:31:28.886522 n-d-852085-2 devstack@placement-api.service[105368]: DEBUG placement.requestlog [None req-25b95b64-e27d-4baf-870b-349e2ee8b375 None None] Starting request: 10.222.0.112 "DELETE /placement/resource_providers/4e06028e-f367-4ff1-ab73-ba37521ea1f8" {{(pid=105368) __call__ /opt/stack/placement/placement/requestlog.py:55}}
Aug 05 20:31:28.902252 n-d-852085-2 devstack@placement-api.service[105368]: DEBUG placement.wsgi_wrapper [None req-25b95b64-e27d-4baf-870b-349e2ee8b375 service placement] Placement API returning an error response: No resource provider with uuid 4e06028e-f367-4ff1-ab73-ba37521ea1f8 found for delete {{(pid=105368) call_func /opt/stack/placement/placement/wsgi_wrapper.py:31}}
Aug 05 20:31:28.903664 n-d-852085-2 devstack@placement-api.service[105368]: INFO placement.requestlog [None req-25b95b64-e27d-4baf-870b-349e2ee8b375 service placement] 10.222.0.112 "DELETE /placement/resource_providers/4e06028e-f367-4ff1-ab73-ba37521ea1f8" status: 404 len: 246 microversion: 1.1
Aug 05 20:31:28.906907 n-d-852085-2 devstack@placement-api.service[105368]: [pid: 105368|app: 0|req: 415/836] 10.222.0.112 () {60 vars in 1356 bytes} [Fri Aug 5 20:31:28 2022] DELETE /placement/resource_providers/4e06028e-f367-4ff1-ab73-ba37521ea1f8 => generated 246 bytes in 21 msecs (HTTP/1.1 404) 6 headers in 231 bytes (1 switches on core 0)
Aug 05 20:31:30.148271 n-d-852085-2 devstack@placement-api.service[105367]: DEBUG placement.requestlog [req-0d1fd05a-2ecc-46d3-8465-131b1ba7e729 req-883388ba-40df-4c02-a3ab-3364603cee49 None None] Starting request: 10.222.0.112 "GET /placement/allocation_candidates?limit=1000&resources=DISK_GB%3A1%2CMEMORY_MB%3A1024%2CVCPU%3A1&root_required=%21COMPUTE_STATUS_DISABLED" {{(pid=105367) __call__ /opt/stack/placement/placement/requestlog.py:55}}
Aug 05 20:31:30.248980 n-d-852085-2 devstack@placement-api.service[105367]: DEBUG placement.objects.research_context [req-0d1fd05a-2ecc-46d3-8465-131b1ba7e729 req-883388ba-40df-4c02-a3ab-3364603cee49 service placement] getting providers with 1 DISK_GB {{(pid=105367) __init__ /opt/stack/placement/placement/objects/research_context.py:136}}
Aug 05 20:31:30.275485 n-d-852085-2 devstack@placement-api.service[105367]: DEBUG placement.objects.research_context [req-0d1fd05a-2ecc-46d3-8465-131b1ba7e729 req-883388ba-40df-4c02-a3ab-3364603cee49 service placement] getting providers with 1024 MEMORY_MB {{(pid=105367) __init__ /opt/stack/placement/placement/objects/research_context.py:136}}
Aug 05 20:31:30.302616 n-d-852085-2 devstack@placement-api.service[105367]: DEBUG placement.objects.research_context [req-0d1fd05a-2ecc-46d3-8465-131b1ba7e729 req-883388ba-40df-4c02-a3ab-3364603cee49 service placement] getting providers with 1 VCPU {{(pid=105367) __init__ /opt/stack/placement/placement/objects/research_context.py:136}}
Aug 05 20:31:30.321280 n-d-852085-2 devstack@placement-api.service[105367]: DEBUG placement.objects.research_context [req-0d1fd05a-2ecc-46d3-8465-131b1ba7e729 req-883388ba-40df-4c02-a3ab-3364603cee49 service placement] found 2 providers with available 1 DISK_GB {{(pid=105367) get_provider_ids_matching /opt/stack/placement/placement/objects/research_context.py:563}}
Aug 05 20:31:30.323617 n-d-852085-2 devstack@placement-api.service[105367]: DEBUG placement.objects.research_context [req-0d1fd05a-2ecc-46d3-8465-131b1ba7e729 req-883388ba-40df-4c02-a3ab-3364603cee49 service placement] found 2 providers with available 1024 MEMORY_MB {{(pid=105367) get_provider_ids_matching /opt/stack/placement/placement/objects/research_context.py:563}}
Aug 05 20:31:30.324174 n-d-852085-2 devstack@placement-api.service[105367]: DEBUG placement.objects.research_context [req-0d1fd05a-2ecc-46d3-8465-131b1ba7e729 req-883388ba-40df-4c02-a3ab-3364603cee49 service placement] found 2 providers after filtering by previous result {{(pid=105367) get_provider_ids_matching /opt/stack/placement/placement/objects/research_context.py:594}}
Aug 05 20:31:30.324675 n-d-852085-2 devstack@placement-api.service[105367]: DEBUG placement.objects.research_context [req-0d1fd05a-2ecc-46d3-8465-131b1ba7e729 req-883388ba-40df-4c02-a3ab-3364603cee49 service placement] found 2 providers with available 1 VCPU {{(pid=105367) get_provider_ids_matching /opt/stack/placement/placement/objects/research_context.py:563}}
Aug 05 20:31:30.325174 n-d-852085-2 devstack@placement-api.service[105367]: DEBUG placement.objects.research_context [req-0d1fd05a-2ecc-46d3-8465-131b1ba7e729 req-883388ba-40df-4c02-a3ab-3364603cee49 service placement] found 2 providers after filtering by previous result {{(pid=105367) get_provider_ids_matching /opt/stack/placement/placement/objects/research_context.py:594}}
Aug 05 20:31:30.370289 n-d-852085-2 devstack@placement-api.service[105367]: DEBUG dbcounter [-] [105367] Writing DB stats placement:SELECT=78,placement:INSERT=12,placement:DELETE=6,placement:UPDATE=4 {{(pid=105367) stat_writer /usr/local/lib/python3.8/dist-packages/dbcounter.py:114}}
Aug 05 20:31:30.388300 n-d-852085-2 devstack@placement-api.service[105367]: DEBUG placement.objects.allocation_candidate [req-0d1fd05a-2ecc-46d3-8465-131b1ba7e729 req-883388ba-40df-4c02-a3ab-3364603cee49 service placement] RequestGroup(use_same_provider=False, resources={DISK_GB:1, MEMORY_MB:1024, VCPU:1}, traits=(), aggregates=[]) (suffix '') returned 2 matches {{(pid=105367) _get_by_requests /opt/stack/placement/placement/objects/allocation_candidate.py:156}}
Aug 05 20:31:30.388971 n-d-852085-2 devstack@placement-api.service[105367]: DEBUG placement.objects.allocation_candidate [req-0d1fd05a-2ecc-46d3-8465-131b1ba7e729 req-883388ba-40df-4c02-a3ab-3364603cee49 service placement] Merging candidates yields 2 allocation requests and 2 provider summaries {{(pid=105367) _merge_candidates /opt/stack/placement/placement/objects/allocation_candidate.py:809}}
Aug 05 20:31:30.394403 n-d-852085-2 devstack@placement-api.service[105367]: INFO placement.requestlog [req-0d1fd05a-2ecc-46d3-8465-131b1ba7e729 req-883388ba-40df-4c02-a3ab-3364603cee49 service placement] 10.222.0.112 "GET /placement/allocation_candidates?limit=1000&resources=DISK_GB%3A1%2CMEMORY_MB%3A1024%2CVCPU%3A1&root_required=%21COMPUTE_STATUS_DISABLED" status: 200 len: 1309 microversion: 1.36
Aug 05 20:31:30.398704 n-d-852085-2 devstack@placement-api.service[105367]: [pid: 105367|app: 0|req: 422/837] 10.222.0.112 () {60 vars in 1511 bytes} [Fri Aug 5 20:31:30 2022] GET /placement/allocation_candidates?limit=1000&resources=DISK_GB%3A1%2CMEMORY_MB%3A1024%2CVCPU%3A1&root_required=%21COMPUTE_STATUS_DISABLED => generated 1309 bytes in 251 msecs (HTTP/1.1 200) 8 headers in 297 bytes (2 switches on core 0)
Aug 05 20:31:30.532028 n-d-852085-2 devstack@placement-api.service[105368]: DEBUG placement.requestlog [req-0d1fd05a-2ecc-46d3-8465-131b1ba7e729 req-b08347ef-52bc-4bd5-97e3-cd0996576602 None None] Starting request: 10.222.0.112 "GET /placement/allocations/3795f412-e8c9-4b44-9a26-bc2f8f6b9242" {{(pid=105368) __call__ /opt/stack/placement/placement/requestlog.py:55}}
Aug 05 20:31:30.547828 n-d-852085-2 devstack@placement-api.service[105368]: INFO placement.requestlog [req-0d1fd05a-2ecc-46d3-8465-131b1ba7e729 req-b08347ef-52bc-4bd5-97e3-cd0996576602 service placement] 10.222.0.112 "GET /placement/allocations/3795f412-e8c9-4b44-9a26-bc2f8f6b9242" status: 200 len: 19 microversion: 1.28
Aug 05 20:31:30.551917 n-d-852085-2 devstack@placement-api.service[105368]: [pid: 105368|app: 0|req: 416/838] 10.222.0.112 () {60 vars in 1385 bytes} [Fri Aug 5 20:31:30 2022] GET /placement/allocations/3795f412-e8c9-4b44-9a26-bc2f8f6b9242 => generated 19 bytes in 22 msecs (HTTP/1.1 200) 8 headers in 295 bytes (1 switches on core 0)
Aug 05 20:31:30.555944 n-d-852085-2 devstack@placement-api.service[105367]: DEBUG placement.requestlog [req-0d1fd05a-2ecc-46d3-8465-131b1ba7e729 req-1cf6095c-2276-4c6e-8f96-5494131103b8 None None] Starting request: 10.222.0.112 "PUT /placement/allocations/3795f412-e8c9-4b44-9a26-bc2f8f6b9242" {{(pid=105367) __call__ /opt/stack/placement/placement/requestlog.py:55}}
Aug 05 20:31:30.756556 n-d-852085-2 devstack@placement-api.service[105367]: DEBUG placement.handlers.allocation [req-0d1fd05a-2ecc-46d3-8465-131b1ba7e729 req-1cf6095c-2276-4c6e-8f96-5494131103b8 service placement] Successfully wrote allocations [, , ] {{(pid=105367) _update_consumers_and_create_allocations /opt/stack/placement/placement/handlers/allocation.py:462}}
Aug 05 20:31:30.760835 n-d-852085-2 devstack@placement-api.service[105367]: INFO placement.requestlog [req-0d1fd05a-2ecc-46d3-8465-131b1ba7e729 req-1cf6095c-2276-4c6e-8f96-5494131103b8 service placement] 10.222.0.112 "PUT /placement/allocations/3795f412-e8c9-4b44-9a26-bc2f8f6b9242" status: 204 len: 0 microversion: 1.36
Aug 05 20:31:30.762433 n-d-852085-2 devstack@placement-api.service[105367]: [pid: 105367|app: 0|req: 423/839] 10.222.0.112 () {64 vars in 1438 bytes} [Fri Aug 5 20:31:30 2022] PUT /placement/allocations/3795f412-e8c9-4b44-9a26-bc2f8f6b9242 => generated 0 bytes in 207 msecs (HTTP/1.1 204) 5 headers in 199 bytes (1 switches on core 0)
Aug 05 20:31:31.429489 n-d-852085-2 devstack@placement-api.service[105368]: DEBUG placement.requestlog [req-0d1fd05a-2ecc-46d3-8465-131b1ba7e729 req-996d2fd6-1c66-403d-9b24-49c485c5c7e0 None None] Starting request: 10.222.0.93 "GET /placement/allocations/3795f412-e8c9-4b44-9a26-bc2f8f6b9242" {{(pid=105368) __call__ /opt/stack/placement/placement/requestlog.py:55}}
Aug 05 20:31:31.456950 n-d-852085-2 devstack@placement-api.service[105368]: INFO placement.requestlog [req-0d1fd05a-2ecc-46d3-8465-131b1ba7e729 req-996d2fd6-1c66-403d-9b24-49c485c5c7e0 service placement] 10.222.0.93 "GET /placement/allocations/3795f412-e8c9-4b44-9a26-bc2f8f6b9242" status: 200 len: 259 microversion: 1.28
Aug 05 20:31:31.457771 n-d-852085-2 devstack@placement-api.service[105368]: [pid: 105368|app: 0|req: 417/840] 10.222.0.93 () {60 vars in 1381 bytes} [Fri Aug 5 20:31:31 2022] GET /placement/allocations/3795f412-e8c9-4b44-9a26-bc2f8f6b9242 => generated 259 bytes in 28 msecs (HTTP/1.1 200) 8 headers in 296 bytes (1 switches on core 0)
Aug 05 20:31:31.977787 n-d-852085-2 devstack@placement-api.service[105367]: DEBUG placement.requestlog [req-3390112d-24b1-42e1-88fb-b58a843dc503 req-5dff0710-9590-40df-aa38-fcfd3b4bbcb3 None None] Starting request: 10.222.0.118 "GET /placement/allocations/fad7bd4d-bb02-4cbc-9dc5-61daee8edd09" {{(pid=105367) __call__ /opt/stack/placement/placement/requestlog.py:55}}
Aug 05 20:31:32.014046 n-d-852085-2 devstack@placement-api.service[105367]: INFO placement.requestlog [req-3390112d-24b1-42e1-88fb-b58a843dc503 req-5dff0710-9590-40df-aa38-fcfd3b4bbcb3 service placement] 10.222.0.118 "GET /placement/allocations/fad7bd4d-bb02-4cbc-9dc5-61daee8edd09" status: 200 len: 259 microversion: 1.28
Aug 05 20:31:32.017845 n-d-852085-2 devstack@placement-api.service[105367]: [pid: 105367|app: 0|req: 424/841] 10.222.0.118 () {60 vars in 1382 bytes} [Fri Aug 5 20:31:31 2022] GET /placement/allocations/fad7bd4d-bb02-4cbc-9dc5-61daee8edd09 => generated 259 bytes in 40 msecs (HTTP/1.1 200) 8 headers in 296 bytes (1 switches on core 0)
Aug 05 20:31:41.448844 n-d-852085-2 devstack@placement-api.service[105368]: DEBUG dbcounter [-] [105368] Writing DB stats placement:SELECT=15 {{(pid=105368) stat_writer /usr/local/lib/python3.8/dist-packages/dbcounter.py:114}}
Aug 05 20:31:42.006694 n-d-852085-2 devstack@placement-api.service[105367]: DEBUG dbcounter [-] [105367] Writing DB stats placement:SELECT=19,placement:INSERT=6,placement:DELETE=2,placement:UPDATE=2 {{(pid=105367) stat_writer /usr/local/lib/python3.8/dist-packages/dbcounter.py:114}}
Aug 05 20:31:44.384548 n-d-852085-2 devstack@placement-api.service[105368]: DEBUG placement.requestlog [req-103f9939-e643-4613-af44-067fcbed5694 req-88b56762-b05e-43d2-9e6b-b6ac06954e77 None None] Starting request: 10.222.0.118 "DELETE /placement/allocations/ecdb5ce3-3059-493a-9bcf-b2858cb2fe93" {{(pid=105368) __call__ /opt/stack/placement/placement/requestlog.py:55}}
Aug 05 20:31:44.462664 n-d-852085-2 devstack@placement-api.service[105368]: DEBUG placement.handlers.allocation [req-103f9939-e643-4613-af44-067fcbed5694 req-88b56762-b05e-43d2-9e6b-b6ac06954e77 service placement] Successfully deleted allocations [, , ] {{(pid=105368) delete_allocations /opt/stack/placement/placement/handlers/allocation.py:627}}
Aug 05 20:31:44.463443 n-d-852085-2 devstack@placement-api.service[105368]: INFO placement.requestlog [req-103f9939-e643-4613-af44-067fcbed5694 req-88b56762-b05e-43d2-9e6b-b6ac06954e77 service placement] 10.222.0.118 "DELETE /placement/allocations/ecdb5ce3-3059-493a-9bcf-b2858cb2fe93" status: 204 len: 0 microversion: 1.0
Aug 05 20:31:44.463848 n-d-852085-2 devstack@placement-api.service[105368]: [pid: 105368|app: 0|req: 418/842] 10.222.0.118 () {60 vars in 1360 bytes} [Fri Aug 5 20:31:44 2022] DELETE /placement/allocations/ecdb5ce3-3059-493a-9bcf-b2858cb2fe93 => generated 0 bytes in 80 msecs (HTTP/1.1 204) 5 headers in 198 bytes (2 switches on core 0)
Aug 05 20:31:54.455238 n-d-852085-2 devstack@placement-api.service[105368]: DEBUG dbcounter [-] [105368] Writing DB stats placement:SELECT=7,placement:DELETE=2 {{(pid=105368) stat_writer /usr/local/lib/python3.8/dist-packages/dbcounter.py:114}}
Aug 05 20:31:59.478790 n-d-852085-2 devstack@placement-api.service[105367]: DEBUG placement.requestlog [req-376e41d6-f09a-46e4-bb8a-766ffb8800c6 req-6e60b078-795b-487e-af34-0788ca794c9f None None] Starting request: 10.222.0.112 "GET /placement/allocation_candidates?resources=DISK_GB%3A1%2CMEMORY_MB%3A1024%2CVCPU%3A1&root_required=%21COMPUTE_STATUS_DISABLED" {{(pid=105367) __call__ /opt/stack/placement/placement/requestlog.py:55}}
Aug 05 20:31:59.603300 n-d-852085-2 devstack@placement-api.service[105367]: DEBUG placement.objects.research_context [req-376e41d6-f09a-46e4-bb8a-766ffb8800c6 req-6e60b078-795b-487e-af34-0788ca794c9f service placement] getting providers with 1 DISK_GB {{(pid=105367) __init__ /opt/stack/placement/placement/objects/research_context.py:136}}
Aug 05 20:31:59.611633 n-d-852085-2 devstack@placement-api.service[105367]: DEBUG placement.objects.research_context [req-376e41d6-f09a-46e4-bb8a-766ffb8800c6 req-6e60b078-795b-487e-af34-0788ca794c9f service placement] getting providers with 1024 MEMORY_MB {{(pid=105367) __init__ /opt/stack/placement/placement/objects/research_context.py:136}}
Aug 05 20:31:59.618379 n-d-852085-2 devstack@placement-api.service[105367]: DEBUG placement.objects.research_context [req-376e41d6-f09a-46e4-bb8a-766ffb8800c6 req-6e60b078-795b-487e-af34-0788ca794c9f service placement] getting providers with 1 VCPU {{(pid=105367) __init__ /opt/stack/placement/placement/objects/research_context.py:136}}
Aug 05 20:31:59.625651 n-d-852085-2 devstack@placement-api.service[105367]: DEBUG placement.objects.research_context [req-376e41d6-f09a-46e4-bb8a-766ffb8800c6 req-6e60b078-795b-487e-af34-0788ca794c9f service placement] found 2 providers with available 1 DISK_GB {{(pid=105367) get_provider_ids_matching /opt/stack/placement/placement/objects/research_context.py:563}}
