Aug 05 20:16:06.446352 n-d-852085-2 devstack@placement-api.service[105367]: INFO placement.requestlog [req-0ff3a3dc-74d1-4f6e-9937-253481ea94a2 req-5205c75f-5558-4887-8e83-6b919c191a8a service placement] 10.222.0.93 "GET /placement/allocations/bf29a00b-63e6-4f60-9598-ad7c71bd7aa6" status: 200 len: 259 microversion: 1.28
Aug 05 20:16:06.446856 n-d-852085-2 devstack@placement-api.service[105367]: [pid: 105367|app: 0|req: 78/151] 10.222.0.93 () {60 vars in 1381 bytes} [Fri Aug 5 20:16:06 2022] GET /placement/allocations/bf29a00b-63e6-4f60-9598-ad7c71bd7aa6 => generated 259 bytes in 38 msecs (HTTP/1.1 200) 8 headers in 296 bytes (1 switches on core 0)
Aug 05 20:16:10.766960 n-d-852085-2 devstack@placement-api.service[105368]: DEBUG placement.requestlog [req-67ab25ab-f5ad-4a04-bc44-9cda61c5bdb6 req-715d0c1b-492c-4bca-a9f7-2765885be55e None None] Starting request: 10.222.0.118 "GET /placement/resource_providers/6a54e47a-cf2c-491b-a6ed-963a47ab3437/allocations" {{(pid=105368) __call__ /opt/stack/placement/placement/requestlog.py:55}}
Aug 05 20:16:10.818515 n-d-852085-2 devstack@placement-api.service[105368]: INFO placement.requestlog [req-67ab25ab-f5ad-4a04-bc44-9cda61c5bdb6 req-715d0c1b-492c-4bca-a9f7-2765885be55e service placement] 10.222.0.118 "GET /placement/resource_providers/6a54e47a-cf2c-491b-a6ed-963a47ab3437/allocations" status: 200 len: 558 microversion: 1.0
Aug 05 20:16:10.819335 n-d-852085-2 devstack@placement-api.service[105368]: [pid: 105368|app: 0|req: 74/152] 10.222.0.118 () {58 vars in 1395 bytes} [Fri Aug 5 20:16:10 2022] GET /placement/resource_providers/6a54e47a-cf2c-491b-a6ed-963a47ab3437/allocations => generated 558 bytes in 54 msecs (HTTP/1.1 200) 6 headers in 224 bytes (1 switches on core 0)
Aug 05 20:16:16.444798 n-d-852085-2 devstack@placement-api.service[105367]: DEBUG dbcounter [-] [105367] Writing DB stats placement:SELECT=70,placement:INSERT=8,placement:DELETE=4,placement:UPDATE=4 {{(pid=105367) stat_writer /usr/local/lib/python3.8/dist-packages/dbcounter.py:114}}
Aug 05 20:16:20.813591 n-d-852085-2 devstack@placement-api.service[105368]: DEBUG dbcounter [-] [105368] Writing DB stats placement:SELECT=24,placement:INSERT=6,placement:DELETE=2,placement:UPDATE=2 {{(pid=105368) stat_writer /usr/local/lib/python3.8/dist-packages/dbcounter.py:114}}
Aug 05 20:16:21.412154 n-d-852085-2 devstack@placement-api.service[105367]: DEBUG placement.requestlog [None req-db4e7ec4-df6a-4f8b-aa66-ffb15318732e None None] Starting request: 10.222.0.112 "GET /placement/" {{(pid=105367) __call__ /opt/stack/placement/placement/requestlog.py:55}}
Aug 05 20:16:21.413873 n-d-852085-2 devstack@placement-api.service[105367]: INFO placement.requestlog [None req-db4e7ec4-df6a-4f8b-aa66-ffb15318732e None None] 10.222.0.112 "GET /placement/" status: 200 len: 136 microversion: 1.0
Aug 05 20:16:21.415651 n-d-852085-2 devstack@placement-api.service[105367]: [pid: 105367|app: 0|req: 79/153] 10.222.0.112 () {54 vars in 921 bytes} [Fri Aug 5 20:16:21 2022] GET /placement => generated 136 bytes in 4 msecs (HTTP/1.1 200) 6 headers in 224 bytes (1 switches on core 0)
Aug 05 20:16:21.424554 n-d-852085-2 devstack@placement-api.service[105368]: DEBUG placement.requestlog [req-9dbca840-f5bb-4bdd-8d83-21f5fae476f6 req-fd0cb254-e156-413f-bac8-c48579a5a555 None None] Starting request: 10.222.0.112 "GET /placement/allocations/dd02f03d-cb5d-41ec-a8ba-b0fe366140a7" {{(pid=105368) __call__ /opt/stack/placement/placement/requestlog.py:55}}
Aug 05 20:16:21.513598 n-d-852085-2 devstack@placement-api.service[105368]: INFO placement.requestlog [req-9dbca840-f5bb-4bdd-8d83-21f5fae476f6 req-fd0cb254-e156-413f-bac8-c48579a5a555 service placement] 10.222.0.112 "GET /placement/allocations/dd02f03d-cb5d-41ec-a8ba-b0fe366140a7" status: 200 len: 259 microversion: 1.28
Aug 05 20:16:21.514319 n-d-852085-2 devstack@placement-api.service[105368]: [pid: 105368|app: 0|req: 75/154] 10.222.0.112 () {60 vars in 1385 bytes} [Fri Aug 5 20:16:21 2022] GET /placement/allocations/dd02f03d-cb5d-41ec-a8ba-b0fe366140a7 => generated 259 bytes in 90 msecs (HTTP/1.1 200) 8 headers in 296 bytes (1 switches on core 0)
Aug 05 20:16:21.520442 n-d-852085-2 devstack@placement-api.service[105367]: DEBUG placement.requestlog [req-9dbca840-f5bb-4bdd-8d83-21f5fae476f6 req-9ebbde3d-9c19-4efa-8b6e-a046748b63bb None None] Starting request: 10.222.0.112 "GET /placement/allocations/dd02f03d-cb5d-41ec-a8ba-b0fe366140a7" {{(pid=105367) __call__ /opt/stack/placement/placement/requestlog.py:55}}
Aug 05 20:16:21.539081 n-d-852085-2 devstack@placement-api.service[105367]: INFO placement.requestlog [req-9dbca840-f5bb-4bdd-8d83-21f5fae476f6 req-9ebbde3d-9c19-4efa-8b6e-a046748b63bb service placement] 10.222.0.112 "GET /placement/allocations/dd02f03d-cb5d-41ec-a8ba-b0fe366140a7" status: 200 len: 259 microversion: 1.28
Aug 05 20:16:21.539851 n-d-852085-2 devstack@placement-api.service[105367]: [pid: 105367|app: 0|req: 80/155] 10.222.0.112 () {60 vars in 1385 bytes} [Fri Aug 5 20:16:21 2022] GET /placement/allocations/dd02f03d-cb5d-41ec-a8ba-b0fe366140a7 => generated 259 bytes in 20 msecs (HTTP/1.1 200) 8 headers in 296 bytes (1 switches on core 0)
Aug 05 20:16:21.546490 n-d-852085-2 devstack@placement-api.service[105368]: DEBUG placement.requestlog [req-9dbca840-f5bb-4bdd-8d83-21f5fae476f6 req-fa4182bd-8019-4095-802d-195f4786b180 None None] Starting request: 10.222.0.112 "GET /placement/allocations/f0357c63-a11c-4370-ae65-e619acb94c68" {{(pid=105368) __call__ /opt/stack/placement/placement/requestlog.py:55}}
Aug 05 20:16:21.559047 n-d-852085-2 devstack@placement-api.service[105368]: INFO placement.requestlog [req-9dbca840-f5bb-4bdd-8d83-21f5fae476f6 req-fa4182bd-8019-4095-802d-195f4786b180 service placement] 10.222.0.112 "GET /placement/allocations/f0357c63-a11c-4370-ae65-e619acb94c68" status: 200 len: 19 microversion: 1.28
Aug 05 20:16:21.559780 n-d-852085-2 devstack@placement-api.service[105368]: [pid: 105368|app: 0|req: 76/156] 10.222.0.112 () {60 vars in 1385 bytes} [Fri Aug 5 20:16:21 2022] GET /placement/allocations/f0357c63-a11c-4370-ae65-e619acb94c68 => generated 19 bytes in 13 msecs (HTTP/1.1 200) 8 headers in 295 bytes (1 switches on core 0)
Aug 05 20:16:21.566069 n-d-852085-2 devstack@placement-api.service[105367]: DEBUG placement.requestlog [req-9dbca840-f5bb-4bdd-8d83-21f5fae476f6 req-e7d50adc-9671-44a6-b516-9ea525d8b66d None None] Starting request: 10.222.0.112 "POST /placement/allocations" {{(pid=105367) __call__ /opt/stack/placement/placement/requestlog.py:55}}
Aug 05 20:16:21.711213 n-d-852085-2 devstack@placement-api.service[105367]: DEBUG placement.handlers.allocation [req-9dbca840-f5bb-4bdd-8d83-21f5fae476f6 req-e7d50adc-9671-44a6-b516-9ea525d8b66d service placement] Successfully wrote allocations [, , , , , ] {{(pid=105367) _update_consumers_and_create_allocations /opt/stack/placement/placement/handlers/allocation.py:572}}
Aug 05 20:16:21.718823 n-d-852085-2 devstack@placement-api.service[105367]: INFO placement.requestlog [req-9dbca840-f5bb-4bdd-8d83-21f5fae476f6 req-e7d50adc-9671-44a6-b516-9ea525d8b66d service placement] 10.222.0.112 "POST /placement/allocations" status: 204 len: 0 microversion: 1.28
Aug 05 20:16:21.720534 n-d-852085-2 devstack@placement-api.service[105367]: [pid: 105367|app: 0|req: 81/157] 10.222.0.112 () {64 vars in 1328 bytes} [Fri Aug 5 20:16:21 2022] POST /placement/allocations => generated 0 bytes in 155 msecs (HTTP/1.1 204) 5 headers in 199 bytes (1 switches on core 0)
Aug 05 20:16:21.757280 n-d-852085-2 devstack@placement-api.service[105368]: DEBUG placement.requestlog [req-9dbca840-f5bb-4bdd-8d83-21f5fae476f6 req-47cbf186-bb74-488b-895b-c78c3237d727 None None] Starting request: 10.222.0.112 "GET /placement/allocations/dd02f03d-cb5d-41ec-a8ba-b0fe366140a7" {{(pid=105368) __call__ /opt/stack/placement/placement/requestlog.py:55}}
Aug 05 20:16:21.774071 n-d-852085-2 devstack@placement-api.service[105368]: INFO placement.requestlog [req-9dbca840-f5bb-4bdd-8d83-21f5fae476f6 req-47cbf186-bb74-488b-895b-c78c3237d727 service placement] 10.222.0.112 "GET /placement/allocations/dd02f03d-cb5d-41ec-a8ba-b0fe366140a7" status: 200 len: 19 microversion: 1.28
Aug 05 20:16:21.774691 n-d-852085-2 devstack@placement-api.service[105368]: [pid: 105368|app: 0|req: 77/158] 10.222.0.112 () {60 vars in 1385 bytes} [Fri Aug 5 20:16:21 2022] GET /placement/allocations/dd02f03d-cb5d-41ec-a8ba-b0fe366140a7 => generated 19 bytes in 18 msecs (HTTP/1.1 200) 8 headers in 295 bytes (1 switches on core 0)
Aug 05 20:16:21.780954 n-d-852085-2 devstack@placement-api.service[105367]: DEBUG placement.requestlog [req-9dbca840-f5bb-4bdd-8d83-21f5fae476f6 req-564d9473-d0d0-4af0-8026-8e20fb065c0c None None] Starting request: 10.222.0.112 "PUT /placement/allocations/dd02f03d-cb5d-41ec-a8ba-b0fe366140a7" {{(pid=105367) __call__ /opt/stack/placement/placement/requestlog.py:55}}
Aug 05 20:16:21.849382 n-d-852085-2 devstack@placement-api.service[105367]: DEBUG placement.handlers.allocation [req-9dbca840-f5bb-4bdd-8d83-21f5fae476f6 req-564d9473-d0d0-4af0-8026-8e20fb065c0c service placement] Successfully wrote allocations [, , ] {{(pid=105367) _update_consumers_and_create_allocations /opt/stack/placement/placement/handlers/allocation.py:462}}
Aug 05 20:16:21.853283 n-d-852085-2 devstack@placement-api.service[105367]: INFO placement.requestlog [req-9dbca840-f5bb-4bdd-8d83-21f5fae476f6 req-564d9473-d0d0-4af0-8026-8e20fb065c0c service placement] 10.222.0.112 "PUT /placement/allocations/dd02f03d-cb5d-41ec-a8ba-b0fe366140a7" status: 204 len: 0 microversion: 1.28
Aug 05 20:16:21.853681 n-d-852085-2 devstack@placement-api.service[105367]: [pid: 105367|app: 0|req: 82/159] 10.222.0.112 () {64 vars in 1438 bytes} [Fri Aug 5 20:16:21 2022] PUT /placement/allocations/dd02f03d-cb5d-41ec-a8ba-b0fe366140a7 => generated 0 bytes in 73 msecs (HTTP/1.1 204) 5 headers in 199 bytes (1 switches on core 0)
Aug 05 20:16:24.300754 n-d-852085-2 devstack@placement-api.service[105368]: DEBUG placement.requestlog [req-9dbca840-f5bb-4bdd-8d83-21f5fae476f6 req-651bceef-6083-4163-a8b3-d7d8375fed5f None None] Starting request: 10.222.0.93 "GET /placement/allocations/dd02f03d-cb5d-41ec-a8ba-b0fe366140a7" {{(pid=105368) __call__ /opt/stack/placement/placement/requestlog.py:55}}
Aug 05 20:16:24.337325 n-d-852085-2 devstack@placement-api.service[105368]: INFO placement.requestlog [req-9dbca840-f5bb-4bdd-8d83-21f5fae476f6 req-651bceef-6083-4163-a8b3-d7d8375fed5f service placement] 10.222.0.93 "GET /placement/allocations/dd02f03d-cb5d-41ec-a8ba-b0fe366140a7" status: 200 len: 259 microversion: 1.28
Aug 05 20:16:24.338888 n-d-852085-2 devstack@placement-api.service[105368]: [pid: 105368|app: 0|req: 78/160] 10.222.0.93 () {60 vars in 1381 bytes} [Fri Aug 5 20:16:24 2022] GET /placement/allocations/dd02f03d-cb5d-41ec-a8ba-b0fe366140a7 => generated 259 bytes in 38 msecs (HTTP/1.1 200) 8 headers in 296 bytes (1 switches on core 0)
Aug 05 20:16:29.241350 n-d-852085-2 devstack@placement-api.service[105367]: DEBUG placement.requestlog [req-b6bccce9-22a5-4d29-a461-03fe726488b5 req-74dba2dc-7e12-4e16-80d5-72b784878cc3 None None] Starting request: 10.222.0.93 "GET /placement/allocations/fb7ad7ae-4fac-472c-8083-f92bc5f7ac80" {{(pid=105367) __call__ /opt/stack/placement/placement/requestlog.py:55}}
Aug 05 20:16:29.292423 n-d-852085-2 devstack@placement-api.service[105367]: INFO placement.requestlog [req-b6bccce9-22a5-4d29-a461-03fe726488b5 req-74dba2dc-7e12-4e16-80d5-72b784878cc3 service placement] 10.222.0.93 "GET /placement/allocations/fb7ad7ae-4fac-472c-8083-f92bc5f7ac80" status: 200 len: 259 microversion: 1.28
Aug 05 20:16:29.293439 n-d-852085-2 devstack@placement-api.service[105367]: [pid: 105367|app: 0|req: 83/161] 10.222.0.93 () {60 vars in 1381 bytes} [Fri Aug 5 20:16:29 2022] GET /placement/allocations/fb7ad7ae-4fac-472c-8083-f92bc5f7ac80 => generated 259 bytes in 52 msecs (HTTP/1.1 200) 8 headers in 296 bytes (1 switches on core 0)
Aug 05 20:16:29.400534 n-d-852085-2 devstack@placement-api.service[105368]: DEBUG placement.requestlog [req-409af9a1-50d4-4e3a-bf2f-cf22b6ff279b req-9e9586dd-9713-4dce-9e3f-b98884a365ad None None] Starting request: 10.222.0.93 "GET /placement/allocations/7a85eeff-41d0-47d8-aafd-4f6a29cd941b" {{(pid=105368) __call__ /opt/stack/placement/placement/requestlog.py:55}}
Aug 05 20:16:29.434110 n-d-852085-2 devstack@placement-api.service[105368]: INFO placement.requestlog [req-409af9a1-50d4-4e3a-bf2f-cf22b6ff279b req-9e9586dd-9713-4dce-9e3f-b98884a365ad service placement] 10.222.0.93 "GET /placement/allocations/7a85eeff-41d0-47d8-aafd-4f6a29cd941b" status: 200 len: 259 microversion: 1.28
Aug 05 20:16:29.436440 n-d-852085-2 devstack@placement-api.service[105368]: [pid: 105368|app: 0|req: 79/162] 10.222.0.93 () {60 vars in 1381 bytes} [Fri Aug 5 20:16:29 2022] GET /placement/allocations/7a85eeff-41d0-47d8-aafd-4f6a29cd941b => generated 259 bytes in 36 msecs (HTTP/1.1 200) 8 headers in 296 bytes (1 switches on core 0)
Aug 05 20:16:30.172943 n-d-852085-2 devstack@placement-api.service[105367]: DEBUG placement.requestlog [req-2e26bedf-af24-4834-8b3e-7881f113f82a req-c2cf6f7f-33c5-4b5d-844e-ce0dde11c2e8 None None] Starting request: 10.222.0.118 "GET /placement/allocations/2df297c7-2bbc-4d10-b77e-b5ab992984e8" {{(pid=105367) __call__ /opt/stack/placement/placement/requestlog.py:55}}
Aug 05 20:16:30.251855 n-d-852085-2 devstack@placement-api.service[105367]: INFO placement.requestlog [req-2e26bedf-af24-4834-8b3e-7881f113f82a req-c2cf6f7f-33c5-4b5d-844e-ce0dde11c2e8 service placement] 10.222.0.118 "GET /placement/allocations/2df297c7-2bbc-4d10-b77e-b5ab992984e8" status: 200 len: 259 microversion: 1.28
Aug 05 20:16:30.255911 n-d-852085-2 devstack@placement-api.service[105367]: [pid: 105367|app: 0|req: 84/163] 10.222.0.118 () {60 vars in 1382 bytes} [Fri Aug 5 20:16:30 2022] GET /placement/allocations/2df297c7-2bbc-4d10-b77e-b5ab992984e8 => generated 259 bytes in 83 msecs (HTTP/1.1 200) 8 headers in 296 bytes (1 switches on core 0)
Aug 05 20:16:33.643792 n-d-852085-2 devstack@placement-api.service[105368]: DEBUG placement.requestlog [req-95b4cb62-1afc-4980-a15b-7446304d8550 req-a6c33fd8-7e79-4afa-bfd9-076d10258a60 None None] Starting request: 10.222.0.93 "GET /placement/resource_providers/1588a5b4-179b-4016-a2e5-c1c7e973dbf1/allocations" {{(pid=105368) __call__ /opt/stack/placement/placement/requestlog.py:55}}
Aug 05 20:16:33.691987 n-d-852085-2 devstack@placement-api.service[105368]: INFO placement.requestlog [req-95b4cb62-1afc-4980-a15b-7446304d8550 req-a6c33fd8-7e79-4afa-bfd9-076d10258a60 service placement] 10.222.0.93 "GET /placement/resource_providers/1588a5b4-179b-4016-a2e5-c1c7e973dbf1/allocations" status: 200 len: 861 microversion: 1.0
Aug 05 20:16:33.692978 n-d-852085-2 devstack@placement-api.service[105368]: [pid: 105368|app: 0|req: 80/164] 10.222.0.93 () {58 vars in 1394 bytes} [Fri Aug 5 20:16:33 2022] GET /placement/resource_providers/1588a5b4-179b-4016-a2e5-c1c7e973dbf1/allocations => generated 861 bytes in 50 msecs (HTTP/1.1 200) 6 headers in 224 bytes (1 switches on core 0)
Aug 05 20:16:34.261533 n-d-852085-2 devstack@placement-api.service[105367]: DEBUG placement.requestlog [None req-1437ae56-5ee6-4794-81e5-5725f4efa3f5 None None] Starting request: 10.222.0.112 "GET /placement/" {{(pid=105367) __call__ /opt/stack/placement/placement/requestlog.py:55}}
Aug 05 20:16:34.262517 n-d-852085-2 devstack@placement-api.service[105367]: INFO placement.requestlog [None req-1437ae56-5ee6-4794-81e5-5725f4efa3f5 None None] 10.222.0.112 "GET /placement/" status: 200 len: 136 microversion: 1.0
Aug 05 20:16:34.262846 n-d-852085-2 devstack@placement-api.service[105367]: [pid: 105367|app: 0|req: 85/165] 10.222.0.112 () {54 vars in 921 bytes} [Fri Aug 5 20:16:34 2022] GET /placement => generated 136 bytes in 2 msecs (HTTP/1.1 200) 6 headers in 224 bytes (1 switches on core 0)
Aug 05 20:16:34.272601 n-d-852085-2 devstack@placement-api.service[105368]: DEBUG placement.requestlog [req-b145488d-a465-4eb0-a97f-b4ba501e9c07 req-d96e1fdf-2063-4d33-b388-2421e11d3a9a None None] Starting request: 10.222.0.112 "GET /placement/allocations/5a970e13-515c-4994-9874-10281c5e4702" {{(pid=105368) __call__ /opt/stack/placement/placement/requestlog.py:55}}
Aug 05 20:16:34.396504 n-d-852085-2 devstack@placement-api.service[105368]: INFO placement.requestlog [req-b145488d-a465-4eb0-a97f-b4ba501e9c07 req-d96e1fdf-2063-4d33-b388-2421e11d3a9a service placement] 10.222.0.112 "GET /placement/allocations/5a970e13-515c-4994-9874-10281c5e4702" status: 200 len: 259 microversion: 1.28
Aug 05 20:16:34.396866 n-d-852085-2 devstack@placement-api.service[105368]: [pid: 105368|app: 0|req: 81/166] 10.222.0.112 () {60 vars in 1385 bytes} [Fri Aug 5 20:16:34 2022] GET /placement/allocations/5a970e13-515c-4994-9874-10281c5e4702 => generated 259 bytes in 125 msecs (HTTP/1.1 200) 8 headers in 296 bytes (2 switches on core 0)
Aug 05 20:16:34.403931 n-d-852085-2 devstack@placement-api.service[105367]: DEBUG placement.requestlog [req-b145488d-a465-4eb0-a97f-b4ba501e9c07 req-fb41ff5b-4e0a-4da7-ba89-b2b4829c230b None None] Starting request: 10.222.0.112 "GET /placement/allocations/5a970e13-515c-4994-9874-10281c5e4702" {{(pid=105367) __call__ /opt/stack/placement/placement/requestlog.py:55}}
Aug 05 20:16:34.439243 n-d-852085-2 devstack@placement-api.service[105367]: INFO placement.requestlog [req-b145488d-a465-4eb0-a97f-b4ba501e9c07 req-fb41ff5b-4e0a-4da7-ba89-b2b4829c230b service placement] 10.222.0.112 "GET /placement/allocations/5a970e13-515c-4994-9874-10281c5e4702" status: 200 len: 259 microversion: 1.28
Aug 05 20:16:34.440282 n-d-852085-2 devstack@placement-api.service[105367]: [pid: 105367|app: 0|req: 86/167] 10.222.0.112 () {60 vars in 1385 bytes} [Fri Aug 5 20:16:34 2022] GET /placement/allocations/5a970e13-515c-4994-9874-10281c5e4702 => generated 259 bytes in 36 msecs (HTTP/1.1 200) 8 headers in 296 bytes (2 switches on core 0)
Aug 05 20:16:34.448144 n-d-852085-2 devstack@placement-api.service[105368]: DEBUG placement.requestlog [req-b145488d-a465-4eb0-a97f-b4ba501e9c07 req-4311840a-d9bf-4739-87a0-2ea464f9dede None None] Starting request: 10.222.0.112 "GET /placement/allocations/e9dd9e93-e497-4974-ba7d-4ea11463abe0" {{(pid=105368) __call__ /opt/stack/placement/placement/requestlog.py:55}}
Aug 05 20:16:34.463883 n-d-852085-2 devstack@placement-api.service[105368]: INFO placement.requestlog [req-b145488d-a465-4eb0-a97f-b4ba501e9c07 req-4311840a-d9bf-4739-87a0-2ea464f9dede service placement] 10.222.0.112 "GET /placement/allocations/e9dd9e93-e497-4974-ba7d-4ea11463abe0" status: 200 len: 19 microversion: 1.28
Aug 05 20:16:34.464617 n-d-852085-2 devstack@placement-api.service[105368]: [pid: 105368|app: 0|req: 82/168] 10.222.0.112 () {60 vars in 1385 bytes} [Fri Aug 5 20:16:34 2022] GET /placement/allocations/e9dd9e93-e497-4974-ba7d-4ea11463abe0 => generated 19 bytes in 17 msecs (HTTP/1.1 200) 8 headers in 295 bytes (1 switches on core 0)
Aug 05 20:16:34.471243 n-d-852085-2 devstack@placement-api.service[105367]: DEBUG placement.requestlog [req-b145488d-a465-4eb0-a97f-b4ba501e9c07 req-002a10f3-3799-4858-8a6b-0f9ff4e33726 None None] Starting request: 10.222.0.112 "POST /placement/allocations" {{(pid=105367) __call__ /opt/stack/placement/placement/requestlog.py:55}}
Aug 05 20:16:34.571409 n-d-852085-2 devstack@placement-api.service[105367]: DEBUG dbcounter [-] [105367] Writing DB stats placement:SELECT=73,placement:INSERT=12,placement:DELETE=7,placement:UPDATE=8 {{(pid=105367) stat_writer /usr/local/lib/python3.8/dist-packages/dbcounter.py:114}}
Aug 05 20:16:34.575196 n-d-852085-2 devstack@placement-api.service[105367]: DEBUG placement.handlers.allocation [req-b145488d-a465-4eb0-a97f-b4ba501e9c07 req-002a10f3-3799-4858-8a6b-0f9ff4e33726 service placement] Successfully wrote allocations [, , , , , ] {{(pid=105367) _update_consumers_and_create_allocations /opt/stack/placement/placement/handlers/allocation.py:572}}
Aug 05 20:16:34.581318 n-d-852085-2 devstack@placement-api.service[105367]: INFO placement.requestlog [req-b145488d-a465-4eb0-a97f-b4ba501e9c07 req-002a10f3-3799-4858-8a6b-0f9ff4e33726 service placement] 10.222.0.112 "POST /placement/allocations" status: 204 len: 0 microversion: 1.28
Aug 05 20:16:34.582487 n-d-852085-2 devstack@placement-api.service[105367]: [pid: 105367|app: 0|req: 87/169] 10.222.0.112 () {64 vars in 1328 bytes} [Fri Aug 5 20:16:34 2022] POST /placement/allocations => generated 0 bytes in 111 msecs (HTTP/1.1 204) 5 headers in 199 bytes (1 switches on core 0)
Aug 05 20:16:34.656301 n-d-852085-2 devstack@placement-api.service[105368]: DEBUG placement.requestlog [req-b145488d-a465-4eb0-a97f-b4ba501e9c07 req-5f889921-cb8c-44a6-952d-65f6efbb6557 None None] Starting request: 10.222.0.112 "GET /placement/allocations/5a970e13-515c-4994-9874-10281c5e4702" {{(pid=105368) __call__ /opt/stack/placement/placement/requestlog.py:55}}
Aug 05 20:16:34.667923 n-d-852085-2 devstack@placement-api.service[105368]: INFO placement.requestlog [req-b145488d-a465-4eb0-a97f-b4ba501e9c07 req-5f889921-cb8c-44a6-952d-65f6efbb6557 service placement] 10.222.0.112 "GET /placement/allocations/5a970e13-515c-4994-9874-10281c5e4702" status: 200 len: 19 microversion: 1.28
Aug 05 20:16:34.668360 n-d-852085-2 devstack@placement-api.service[105368]: [pid: 105368|app: 0|req: 83/170] 10.222.0.112 () {60 vars in 1385 bytes} [Fri Aug 5 20:16:34 2022] GET /placement/allocations/5a970e13-515c-4994-9874-10281c5e4702 => generated 19 bytes in 12 msecs (HTTP/1.1 200) 8 headers in 295 bytes (1 switches on core 0)
Aug 05 20:16:34.674333 n-d-852085-2 devstack@placement-api.service[105367]: DEBUG placement.requestlog [req-b145488d-a465-4eb0-a97f-b4ba501e9c07 req-74d21026-b80f-4977-a3e0-4bea08527bd5 None None] Starting request: 10.222.0.112 "PUT /placement/allocations/5a970e13-515c-4994-9874-10281c5e4702" {{(pid=105367) __call__ /opt/stack/placement/placement/requestlog.py:55}}
Aug 05 20:16:34.748145 n-d-852085-2 devstack@placement-api.service[105367]: DEBUG placement.handlers.allocation [req-b145488d-a465-4eb0-a97f-b4ba501e9c07 req-74d21026-b80f-4977-a3e0-4bea08527bd5 service placement] Successfully wrote allocations [, , ] {{(pid=105367) _update_consumers_and_create_allocations /opt/stack/placement/placement/handlers/allocation.py:462}}
Aug 05 20:16:34.751907 n-d-852085-2 devstack@placement-api.service[105367]: INFO placement.requestlog [req-b145488d-a465-4eb0-a97f-b4ba501e9c07 req-74d21026-b80f-4977-a3e0-4bea08527bd5 service placement] 10.222.0.112 "PUT /placement/allocations/5a970e13-515c-4994-9874-10281c5e4702" status: 204 len: 0 microversion: 1.28
Aug 05 20:16:34.752983 n-d-852085-2 devstack@placement-api.service[105367]: [pid: 105367|app: 0|req: 88/171] 10.222.0.112 () {64 vars in 1438 bytes} [Fri Aug 5 20:16:34 2022] PUT /placement/allocations/5a970e13-515c-4994-9874-10281c5e4702 => generated 0 bytes in 79 msecs (HTTP/1.1 204) 5 headers in 199 bytes (1 switches on core 0)
Aug 05 20:16:34.777284 n-d-852085-2 devstack@placement-api.service[105368]: DEBUG placement.requestlog [req-7508a3d0-ee75-46cc-84ba-7fe9d0154442 req-3ceeaf6a-aac7-4180-9b64-3a6fb82a97e5 None None] Starting request: 10.222.0.93 "DELETE /placement/allocations/bf29a00b-63e6-4f60-9598-ad7c71bd7aa6" {{(pid=105368) __call__ /opt/stack/placement/placement/requestlog.py:55}}
Aug 05 20:16:34.832347 n-d-852085-2 devstack@placement-api.service[105368]: DEBUG placement.handlers.allocation [req-7508a3d0-ee75-46cc-84ba-7fe9d0154442 req-3ceeaf6a-aac7-4180-9b64-3a6fb82a97e5 service placement] Successfully deleted allocations [, , ] {{(pid=105368) delete_allocations /opt/stack/placement/placement/handlers/allocation.py:627}}
Aug 05 20:16:34.833143 n-d-852085-2 devstack@placement-api.service[105368]: INFO placement.requestlog [req-7508a3d0-ee75-46cc-84ba-7fe9d0154442 req-3ceeaf6a-aac7-4180-9b64-3a6fb82a97e5 service placement] 10.222.0.93 "DELETE /placement/allocations/bf29a00b-63e6-4f60-9598-ad7c71bd7aa6" status: 204 len: 0 microversion: 1.0
Aug 05 20:16:34.834022 n-d-852085-2 devstack@placement-api.service[105368]: [pid: 105368|app: 0|req: 84/172] 10.222.0.93 () {60 vars in 1359 bytes} [Fri Aug 5 20:16:34 2022] DELETE /placement/allocations/bf29a00b-63e6-4f60-9598-ad7c71bd7aa6 => generated 0 bytes in 58 msecs (HTTP/1.1 204) 5 headers in 198 bytes (2 switches on core 0)
Aug 05 20:16:34.914644 n-d-852085-2 devstack@placement-api.service[105367]: DEBUG placement.requestlog [req-b145488d-a465-4eb0-a97f-b4ba501e9c07 req-f81e2cf7-d355-4e0f-9d52-f251aae0ea26 None None] Starting request: 10.222.0.118 "GET /placement/allocations/5a970e13-515c-4994-9874-10281c5e4702" {{(pid=105367) __call__ /opt/stack/placement/placement/requestlog.py:55}}
Aug 05 20:16:34.941853 n-d-852085-2 devstack@placement-api.service[105367]: INFO placement.requestlog [req-b145488d-a465-4eb0-a97f-b4ba501e9c07 req-f81e2cf7-d355-4e0f-9d52-f251aae0ea26 service placement] 10.222.0.118 "GET /placement/allocations/5a970e13-515c-4994-9874-10281c5e4702" status: 200 len: 259 microversion: 1.28
Aug 05 20:16:34.942605 n-d-852085-2 devstack@placement-api.service[105367]: [pid: 105367|app: 0|req: 89/173] 10.222.0.118 () {60 vars in 1382 bytes} [Fri Aug 5 20:16:34 2022] GET /placement/allocations/5a970e13-515c-4994-9874-10281c5e4702 => generated 259 bytes in 28 msecs (HTTP/1.1 200) 8 headers in 296 bytes (1 switches on core 0)
Aug 05 20:16:38.225199 n-d-852085-2 devstack@placement-api.service[105368]: DEBUG placement.requestlog [req-b32671d0-d305-4b30-8649-5192f768397f req-49022803-7ab1-46ce-aa23-6bca46894596 None None] Starting request: 10.222.0.112 "GET /placement/allocation_candidates?limit=1000&resources=DISK_GB%3A1%2CMEMORY_MB%3A1024%2CVCPU%3A1&root_required=%21COMPUTE_STATUS_DISABLED" {{(pid=105368) __call__ /opt/stack/placement/placement/requestlog.py:55}}
Aug 05 20:16:38.298502 n-d-852085-2 devstack@placement-api.service[105368]: DEBUG placement.objects.research_context [req-b32671d0-d305-4b30-8649-5192f768397f req-49022803-7ab1-46ce-aa23-6bca46894596 service placement] getting providers with 1 DISK_GB {{(pid=105368) __init__ /opt/stack/placement/placement/objects/research_context.py:136}}
Aug 05 20:16:38.304311 n-d-852085-2 devstack@placement-api.service[105368]: DEBUG placement.objects.research_context [req-b32671d0-d305-4b30-8649-5192f768397f req-49022803-7ab1-46ce-aa23-6bca46894596 service placement] getting providers with 1024 MEMORY_MB {{(pid=105368) __init__ /opt/stack/placement/placement/objects/research_context.py:136}}
Aug 05 20:16:38.311312 n-d-852085-2 devstack@placement-api.service[105368]: DEBUG placement.objects.research_context [req-b32671d0-d305-4b30-8649-5192f768397f req-49022803-7ab1-46ce-aa23-6bca46894596 service placement] getting providers with 1 VCPU {{(pid=105368) __init__ /opt/stack/placement/placement/objects/research_context.py:136}}
Aug 05 20:16:38.315156 n-d-852085-2 devstack@placement-api.service[105367]: DEBUG placement.requestlog [req-2876acc0-e8fc-4255-a000-af7329b4c777 req-e2f66ba6-beae-42d8-a715-9fe106a2f8dc None None] Starting request: 10.222.0.118 "GET /placement/allocations/75855bcf-798d-472f-805d-ab3b8f2291aa" {{(pid=105367) __call__ /opt/stack/placement/placement/requestlog.py:55}}
Aug 05 20:16:38.328347 n-d-852085-2 devstack@placement-api.service[105368]: DEBUG placement.objects.research_context [req-b32671d0-d305-4b30-8649-5192f768397f req-49022803-7ab1-46ce-aa23-6bca46894596 service placement] found 2 providers with available 1 DISK_GB {{(pid=105368) get_provider_ids_matching /opt/stack/placement/placement/objects/research_context.py:563}}
Aug 05 20:16:38.328900 n-d-852085-2 devstack@placement-api.service[105368]: DEBUG placement.objects.research_context [req-b32671d0-d305-4b30-8649-5192f768397f req-49022803-7ab1-46ce-aa23-6bca46894596 service placement] found 2 providers with available 1024 MEMORY_MB {{(pid=105368) get_provider_ids_matching /opt/stack/placement/placement/objects/research_context.py:563}}
Aug 05 20:16:38.329326 n-d-852085-2 devstack@placement-api.service[105368]: DEBUG placement.objects.research_context [req-b32671d0-d305-4b30-8649-5192f768397f req-49022803-7ab1-46ce-aa23-6bca46894596 service placement] found 2 providers after filtering by previous result {{(pid=105368) get_provider_ids_matching /opt/stack/placement/placement/objects/research_context.py:594}}
Aug 05 20:16:38.329746 n-d-852085-2 devstack@placement-api.service[105368]: DEBUG placement.objects.research_context [req-b32671d0-d305-4b30-8649-5192f768397f req-49022803-7ab1-46ce-aa23-6bca46894596 service placement] found 2 providers with available 1 VCPU {{(pid=105368) get_provider_ids_matching /opt/stack/placement/placement/objects/research_context.py:563}}
Aug 05 20:16:38.330146 n-d-852085-2 devstack@placement-api.service[105368]: DEBUG placement.objects.research_context [req-b32671d0-d305-4b30-8649-5192f768397f req-49022803-7ab1-46ce-aa23-6bca46894596 service placement] found 2 providers after filtering by previous result {{(pid=105368) get_provider_ids_matching /opt/stack/placement/placement/objects/research_context.py:594}}
Aug 05 20:16:38.340592 n-d-852085-2 devstack@placement-api.service[105367]: INFO placement.requestlog [req-2876acc0-e8fc-4255-a000-af7329b4c777 req-e2f66ba6-beae-42d8-a715-9fe106a2f8dc service placement] 10.222.0.118 "GET /placement/allocations/75855bcf-798d-472f-805d-ab3b8f2291aa" status: 200 len: 259 microversion: 1.28
Aug 05 20:16:38.341283 n-d-852085-2 devstack@placement-api.service[105367]: [pid: 105367|app: 0|req: 90/174] 10.222.0.118 () {60 vars in 1382 bytes} [Fri Aug 5 20:16:38 2022] GET /placement/allocations/75855bcf-798d-472f-805d-ab3b8f2291aa => generated 259 bytes in 26 msecs (HTTP/1.1 200) 8 headers in 296 bytes (1 switches on core 0)
Aug 05 20:16:38.343416 n-d-852085-2 devstack@placement-api.service[105368]: DEBUG placement.objects.allocation_candidate [req-b32671d0-d305-4b30-8649-5192f768397f req-49022803-7ab1-46ce-aa23-6bca46894596 service placement] RequestGroup(use_same_provider=False, resources={DISK_GB:1, MEMORY_MB:1024, VCPU:1}, traits=(), aggregates=[]) (suffix '') returned 2 matches {{(pid=105368) _get_by_requests /opt/stack/placement/placement/objects/allocation_candidate.py:156}}
Aug 05 20:16:38.344001 n-d-852085-2 devstack@placement-api.service[105368]: DEBUG placement.objects.allocation_candidate [req-b32671d0-d305-4b30-8649-5192f768397f req-49022803-7ab1-46ce-aa23-6bca46894596 service placement] Merging candidates yields 2 allocation requests and 2 provider summaries {{(pid=105368) _merge_candidates /opt/stack/placement/placement/objects/allocation_candidate.py:809}}
Aug 05 20:16:38.345881 n-d-852085-2 devstack@placement-api.service[105368]: INFO placement.requestlog [req-b32671d0-d305-4b30-8649-5192f768397f req-49022803-7ab1-46ce-aa23-6bca46894596 service placement] 10.222.0.112 "GET /placement/allocation_candidates?limit=1000&resources=DISK_GB%3A1%2CMEMORY_MB%3A1024%2CVCPU%3A1&root_required=%21COMPUTE_STATUS_DISABLED" status: 200 len: 1309 microversion: 1.36
Aug 05 20:16:38.346719 n-d-852085-2 devstack@placement-api.service[105368]: [pid: 105368|app: 0|req: 85/175] 10.222.0.112 () {60 vars in 1511 bytes} [Fri Aug 5 20:16:38 2022] GET /placement/allocation_candidates?limit=1000&resources=DISK_GB%3A1%2CMEMORY_MB%3A1024%2CVCPU%3A1&root_required=%21COMPUTE_STATUS_DISABLED => generated 1309 bytes in 122 msecs (HTTP/1.1 200) 8 headers in 297 bytes (1 switches on core 0)
Aug 05 20:16:38.350302 n-d-852085-2 devstack@placement-api.service[105367]: DEBUG placement.requestlog [req-2876acc0-e8fc-4255-a000-af7329b4c777 req-3dcaab36-476e-4df1-9c08-30d1628e1d78 None None] Starting request: 10.222.0.118 "PUT /placement/allocations/75855bcf-798d-472f-805d-ab3b8f2291aa" {{(pid=105367) __call__ /opt/stack/placement/placement/requestlog.py:55}}
Aug 05 20:16:38.475841 n-d-852085-2 devstack@placement-api.service[105367]: DEBUG placement.handlers.allocation [req-2876acc0-e8fc-4255-a000-af7329b4c777 req-3dcaab36-476e-4df1-9c08-30d1628e1d78 service placement] Successfully wrote allocations [, , ] {{(pid=105367) _update_consumers_and_create_allocations /opt/stack/placement/placement/handlers/allocation.py:462}}
Aug 05 20:16:38.481348 n-d-852085-2 devstack@placement-api.service[105367]: INFO placement.requestlog [req-2876acc0-e8fc-4255-a000-af7329b4c777 req-3dcaab36-476e-4df1-9c08-30d1628e1d78 service placement] 10.222.0.118 "PUT /placement/allocations/75855bcf-798d-472f-805d-ab3b8f2291aa" status: 204 len: 0 microversion: 1.28
Aug 05 20:16:38.482101 n-d-852085-2 devstack@placement-api.service[105367]: [pid: 105367|app: 0|req: 91/176] 10.222.0.118 () {64 vars in 1435 bytes} [Fri Aug 5 20:16:38 2022] PUT /placement/allocations/75855bcf-798d-472f-805d-ab3b8f2291aa => generated 0 bytes in 132 msecs (HTTP/1.1 204) 5 headers in 199 bytes (2 switches on core 0)
Aug 05 20:16:38.524740 n-d-852085-2 devstack@placement-api.service[105368]: DEBUG placement.requestlog [req-b32671d0-d305-4b30-8649-5192f768397f req-b88a741c-3d2b-46dd-868f-11cd1dabc1b9 None None] Starting request: 10.222.0.112 "GET /placement/allocations/e04f5d68-2f73-4a44-a24c-8e7030096fa1" {{(pid=105368) __call__ /opt/stack/placement/placement/requestlog.py:55}}
Aug 05 20:16:38.538766 n-d-852085-2 devstack@placement-api.service[105368]: INFO placement.requestlog [req-b32671d0-d305-4b30-8649-5192f768397f req-b88a741c-3d2b-46dd-868f-11cd1dabc1b9 service placement] 10.222.0.112 "GET /placement/allocations/e04f5d68-2f73-4a44-a24c-8e7030096fa1" status: 200 len: 19 microversion: 1.28
Aug 05 20:16:38.544148 n-d-852085-2 devstack@placement-api.service[105368]: [pid: 105368|app: 0|req: 86/177] 10.222.0.112 () {60 vars in 1385 bytes} [Fri Aug 5 20:16:38 2022] GET /placement/allocations/e04f5d68-2f73-4a44-a24c-8e7030096fa1 => generated 19 bytes in 21 msecs (HTTP/1.1 200) 8 headers in 295 bytes (1 switches on core 0)
Aug 05 20:16:38.547843 n-d-852085-2 devstack@placement-api.service[105367]: DEBUG placement.requestlog [req-b32671d0-d305-4b30-8649-5192f768397f req-dd2b6a9a-2f6f-4a16-96c2-9508d386ed3f None None] Starting request: 10.222.0.112 "PUT /placement/allocations/e04f5d68-2f73-4a44-a24c-8e7030096fa1" {{(pid=105367) __call__ /opt/stack/placement/placement/requestlog.py:55}}
Aug 05 20:16:38.686160 n-d-852085-2 devstack@placement-api.service[105367]: DEBUG placement.handlers.allocation [req-b32671d0-d305-4b30-8649-5192f768397f req-dd2b6a9a-2f6f-4a16-96c2-9508d386ed3f service placement] Successfully wrote allocations [, , ] {{(pid=105367) _update_consumers_and_create_allocations /opt/stack/placement/placement/handlers/allocation.py:462}}
Aug 05 20:16:38.692146 n-d-852085-2 devstack@placement-api.service[105367]: INFO placement.requestlog [req-b32671d0-d305-4b30-8649-5192f768397f req-dd2b6a9a-2f6f-4a16-96c2-9508d386ed3f service placement] 10.222.0.112 "PUT /placement/allocations/e04f5d68-2f73-4a44-a24c-8e7030096fa1" status: 204 len: 0 microversion: 1.36
Aug 05 20:16:38.692768 n-d-852085-2 devstack@placement-api.service[105367]: [pid: 105367|app: 0|req: 92/178] 10.222.0.112 () {64 vars in 1438 bytes} [Fri Aug 5 20:16:38 2022] PUT /placement/allocations/e04f5d68-2f73-4a44-a24c-8e7030096fa1 => generated 0 bytes in 145 msecs (HTTP/1.1 204) 5 headers in 199 bytes (1 switches on core 0)
Aug 05 20:16:39.550287 n-d-852085-2 devstack@placement-api.service[105368]: DEBUG placement.requestlog [req-53f23312-c083-4321-8886-7b7466564685 req-e802fb1b-c31e-4c74-8ac0-effbe38d535f None None] Starting request: 10.222.0.112 "GET /placement/allocation_candidates?limit=1000&resources=DISK_GB%3A2%2CMEMORY_MB%3A1024%2CVCPU%3A1&root_required=%21COMPUTE_STATUS_DISABLED" {{(pid=105368) __call__ /opt/stack/placement/placement/requestlog.py:55}}
Aug 05 20:16:39.602404 n-d-852085-2 devstack@placement-api.service[105368]: DEBUG placement.objects.research_context [req-53f23312-c083-4321-8886-7b7466564685 req-e802fb1b-c31e-4c74-8ac0-effbe38d535f service placement] getting providers with 2 DISK_GB {{(pid=105368) __init__ /opt/stack/placement/placement/objects/research_context.py:136}}
Aug 05 20:16:39.610436 n-d-852085-2 devstack@placement-api.service[105368]: DEBUG placement.objects.research_context [req-53f23312-c083-4321-8886-7b7466564685 req-e802fb1b-c31e-4c74-8ac0-effbe38d535f service placement] getting providers with 1024 MEMORY_MB {{(pid=105368) __init__ /opt/stack/placement/placement/objects/research_context.py:136}}
Aug 05 20:16:39.617112 n-d-852085-2 devstack@placement-api.service[105368]: DEBUG placement.objects.research_context [req-53f23312-c083-4321-8886-7b7466564685 req-e802fb1b-c31e-4c74-8ac0-effbe38d535f service placement] getting providers with 1 VCPU {{(pid=105368) __init__ /opt/stack/placement/placement/objects/research_context.py:136}}
Aug 05 20:16:39.625060 n-d-852085-2 devstack@placement-api.service[105368]: DEBUG placement.objects.research_context [req-53f23312-c083-4321-8886-7b7466564685 req-e802fb1b-c31e-4c74-8ac0-effbe38d535f service placement] found 2 providers with available 2 DISK_GB {{(pid=105368) get_provider_ids_matching /opt/stack/placement/placement/objects/research_context.py:563}}
Aug 05 20:16:39.625444 n-d-852085-2 devstack@placement-api.service[105368]: DEBUG placement.objects.research_context [req-53f23312-c083-4321-8886-7b7466564685 req-e802fb1b-c31e-4c74-8ac0-effbe38d535f service placement] found 2 providers with available 1024 MEMORY_MB {{(pid=105368) get_provider_ids_matching /opt/stack/placement/placement/objects/research_context.py:563}}
Aug 05 20:16:39.626036 n-d-852085-2 devstack@placement-api.service[105368]: DEBUG placement.objects.research_context [req-53f23312-c083-4321-8886-7b7466564685 req-e802fb1b-c31e-4c74-8ac0-effbe38d535f service placement] found 2 providers after filtering by previous result {{(pid=105368) get_provider_ids_matching /opt/stack/placement/placement/objects/research_context.py:594}}
Aug 05 20:16:39.626601 n-d-852085-2 devstack@placement-api.service[105368]: DEBUG placement.objects.research_context [req-53f23312-c083-4321-8886-7b7466564685 req-e802fb1b-c31e-4c74-8ac0-effbe38d535f service placement] found 2 providers with available 1 VCPU {{(pid=105368) get_provider_ids_matching /opt/stack/placement/placement/objects/research_context.py:563}}
Aug 05 20:16:39.627063 n-d-852085-2 devstack@placement-api.service[105368]: DEBUG placement.objects.research_context [req-53f23312-c083-4321-8886-7b7466564685 req-e802fb1b-c31e-4c74-8ac0-effbe38d535f service placement] found 2 providers after filtering by previous result {{(pid=105368) get_provider_ids_matching /opt/stack/placement/placement/objects/research_context.py:594}}
Aug 05 20:16:39.640919 n-d-852085-2 devstack@placement-api.service[105368]: DEBUG placement.objects.allocation_candidate [req-53f23312-c083-4321-8886-7b7466564685 req-e802fb1b-c31e-4c74-8ac0-effbe38d535f service placement] RequestGroup(use_same_provider=False, resources={DISK_GB:2, MEMORY_MB:1024, VCPU:1}, traits=(), aggregates=[]) (suffix '') returned 2 matches {{(pid=105368) _get_by_requests /opt/stack/placement/placement/objects/allocation_candidate.py:156}}
Aug 05 20:16:39.641537 n-d-852085-2 devstack@placement-api.service[105368]: DEBUG placement.objects.allocation_candidate [req-53f23312-c083-4321-8886-7b7466564685 req-e802fb1b-c31e-4c74-8ac0-effbe38d535f service placement] Merging candidates yields 2 allocation requests and 2 provider summaries {{(pid=105368) _merge_candidates /opt/stack/placement/placement/objects/allocation_candidate.py:809}}
Aug 05 20:16:39.643333 n-d-852085-2 devstack@placement-api.service[105368]: INFO placement.requestlog [req-53f23312-c083-4321-8886-7b7466564685 req-e802fb1b-c31e-4c74-8ac0-effbe38d535f service placement] 10.222.0.112 "GET /placement/allocation_candidates?limit=1000&resources=DISK_GB%3A2%2CMEMORY_MB%3A1024%2CVCPU%3A1&root_required=%21COMPUTE_STATUS_DISABLED" status: 200 len: 1309 microversion: 1.36
Aug 05 20:16:39.644051 n-d-852085-2 devstack@placement-api.service[105368]: [pid: 105368|app: 0|req: 87/179] 10.222.0.112 () {60 vars in 1511 bytes} [Fri Aug 5 20:16:39 2022] GET /placement/allocation_candidates?limit=1000&resources=DISK_GB%3A2%2CMEMORY_MB%3A1024%2CVCPU%3A1&root_required=%21COMPUTE_STATUS_DISABLED => generated 1309 bytes in 94 msecs (HTTP/1.1 200) 8 headers in 297 bytes (1 switches on core 0)
Aug 05 20:16:39.743380 n-d-852085-2 devstack@placement-api.service[105367]: DEBUG placement.requestlog [req-53f23312-c083-4321-8886-7b7466564685 req-9636e270-6891-4bd5-ac69-62968078c3ce None None] Starting request: 10.222.0.112 "GET /placement/allocations/e3b13c4e-6ece-4df9-8f71-7ccd8e8e3300" {{(pid=105367) __call__ /opt/stack/placement/placement/requestlog.py:55}}
Aug 05 20:16:39.756855 n-d-852085-2 devstack@placement-api.service[105367]: INFO placement.requestlog [req-53f23312-c083-4321-8886-7b7466564685 req-9636e270-6891-4bd5-ac69-62968078c3ce service placement] 10.222.0.112 "GET /placement/allocations/e3b13c4e-6ece-4df9-8f71-7ccd8e8e3300" status: 200 len: 19 microversion: 1.28
Aug 05 20:16:39.763095 n-d-852085-2 devstack@placement-api.service[105367]: [pid: 105367|app: 0|req: 93/180] 10.222.0.112 () {60 vars in 1385 bytes} [Fri Aug 5 20:16:39 2022] GET /placement/allocations/e3b13c4e-6ece-4df9-8f71-7ccd8e8e3300 => generated 19 bytes in 20 msecs (HTTP/1.1 200) 8 headers in 295 bytes (1 switches on core 0)
Aug 05 20:16:39.767759 n-d-852085-2 devstack@placement-api.service[105368]: DEBUG placement.requestlog [req-53f23312-c083-4321-8886-7b7466564685 req-d7085b8c-700a-4699-a9b6-77fffe7f661f None None] Starting request: 10.222.0.112 "PUT /placement/allocations/e3b13c4e-6ece-4df9-8f71-7ccd8e8e3300" {{(pid=105368) __call__ /opt/stack/placement/placement/requestlog.py:55}}
Aug 05 20:16:39.905480 n-d-852085-2 devstack@placement-api.service[105368]: DEBUG placement.handlers.allocation [req-53f23312-c083-4321-8886-7b7466564685 req-d7085b8c-700a-4699-a9b6-77fffe7f661f service placement] Successfully wrote allocations [, , ] {{(pid=105368) _update_consumers_and_create_allocations /opt/stack/placement/placement/handlers/allocation.py:462}}
Aug 05 20:16:39.910125 n-d-852085-2 devstack@placement-api.service[105368]: INFO placement.requestlog [req-53f23312-c083-4321-8886-7b7466564685 req-d7085b8c-700a-4699-a9b6-77fffe7f661f service placement] 10.222.0.112 "PUT /placement/allocations/e3b13c4e-6ece-4df9-8f71-7ccd8e8e3300" status: 204 len: 0 microversion: 1.36
Aug 05 20:16:39.911229 n-d-852085-2 devstack@placement-api.service[105368]: [pid: 105368|app: 0|req: 88/181] 10.222.0.112 () {64 vars in 1438 bytes} [Fri Aug 5 20:16:39 2022] PUT /placement/allocations/e3b13c4e-6ece-4df9-8f71-7ccd8e8e3300 => generated 0 bytes in 144 msecs (HTTP/1.1 204) 5 headers in 199 bytes (1 switches on core 0)
Aug 05 20:16:40.745988 n-d-852085-2 devstack@placement-api.service[105367]: DEBUG placement.requestlog [req-e0a26471-47e0-4a43-b209-866de37dba85 req-29a0ba5e-2516-4789-bb46-d42c82fb0382 None None] Starting request: 10.222.0.112 "GET /placement/allocation_candidates?limit=1000&resources=DISK_GB%3A1%2CMEMORY_MB%3A1024%2CVCPU%3A1&root_required=%21COMPUTE_STATUS_DISABLED" {{(pid=105367) __call__ /opt/stack/placement/placement/requestlog.py:55}}
Aug 05 20:16:40.788008 n-d-852085-2 devstack@placement-api.service[105367]: DEBUG placement.objects.research_context [req-e0a26471-47e0-4a43-b209-866de37dba85 req-29a0ba5e-2516-4789-bb46-d42c82fb0382 service placement] getting providers with 1 DISK_GB {{(pid=105367) __init__ /opt/stack/placement/placement/objects/research_context.py:136}}
Aug 05 20:16:40.797000 n-d-852085-2 devstack@placement-api.service[105367]: DEBUG placement.objects.research_context [req-e0a26471-47e0-4a43-b209-866de37dba85 req-29a0ba5e-2516-4789-bb46-d42c82fb0382 service placement] getting providers with 1024 MEMORY_MB {{(pid=105367) __init__ /opt/stack/placement/placement/objects/research_context.py:136}}
Aug 05 20:16:40.803716 n-d-852085-2 devstack@placement-api.service[105367]: DEBUG placement.objects.research_context [req-e0a26471-47e0-4a43-b209-866de37dba85 req-29a0ba5e-2516-4789-bb46-d42c82fb0382 service placement] getting providers with 1 VCPU {{(pid=105367) __init__ /opt/stack/placement/placement/objects/research_context.py:136}}
Aug 05 20:16:40.811680 n-d-852085-2 devstack@placement-api.service[105367]: DEBUG placement.objects.research_context [req-e0a26471-47e0-4a43-b209-866de37dba85 req-29a0ba5e-2516-4789-bb46-d42c82fb0382 service placement] found 2 providers with available 1 DISK_GB {{(pid=105367) get_provider_ids_matching /opt/stack/placement/placement/objects/research_context.py:563}}
Aug 05 20:16:40.812305 n-d-852085-2 devstack@placement-api.service[105367]: DEBUG placement.objects.research_context [req-e0a26471-47e0-4a43-b209-866de37dba85 req-29a0ba5e-2516-4789-bb46-d42c82fb0382 service placement] found 2 providers with available 1024 MEMORY_MB {{(pid=105367) get_provider_ids_matching /opt/stack/placement/placement/objects/research_context.py:563}}
Aug 05 20:16:40.812727 n-d-852085-2 devstack@placement-api.service[105367]: DEBUG placement.objects.research_context [req-e0a26471-47e0-4a43-b209-866de37dba85 req-29a0ba5e-2516-4789-bb46-d42c82fb0382 service placement] found 2 providers after filtering by previous result {{(pid=105367) get_provider_ids_matching /opt/stack/placement/placement/objects/research_context.py:594}}
Aug 05 20:16:40.813608 n-d-852085-2 devstack@placement-api.service[105367]: DEBUG placement.objects.research_context [req-e0a26471-47e0-4a43-b209-866de37dba85 req-29a0ba5e-2516-4789-bb46-d42c82fb0382 service placement] found 2 providers with available 1 VCPU {{(pid=105367) get_provider_ids_matching /opt/stack/placement/placement/objects/research_context.py:563}}
Aug 05 20:16:40.814218 n-d-852085-2 devstack@placement-api.service[105367]: DEBUG placement.objects.research_context [req-e0a26471-47e0-4a43-b209-866de37dba85 req-29a0ba5e-2516-4789-bb46-d42c82fb0382 service placement] found 2 providers after filtering by previous result {{(pid=105367) get_provider_ids_matching /opt/stack/placement/placement/objects/research_context.py:594}}
Aug 05 20:16:40.827709 n-d-852085-2 devstack@placement-api.service[105367]: DEBUG placement.objects.allocation_candidate [req-e0a26471-47e0-4a43-b209-866de37dba85 req-29a0ba5e-2516-4789-bb46-d42c82fb0382 service placement] RequestGroup(use_same_provider=False, resources={DISK_GB:1, MEMORY_MB:1024, VCPU:1}, traits=(), aggregates=[]) (suffix '') returned 2 matches {{(pid=105367) _get_by_requests /opt/stack/placement/placement/objects/allocation_candidate.py:156}}
Aug 05 20:16:40.828085 n-d-852085-2 devstack@placement-api.service[105367]: DEBUG placement.objects.allocation_candidate [req-e0a26471-47e0-4a43-b209-866de37dba85 req-29a0ba5e-2516-4789-bb46-d42c82fb0382 service placement] Merging candidates yields 2 allocation requests and 2 provider summaries {{(pid=105367) _merge_candidates /opt/stack/placement/placement/objects/allocation_candidate.py:809}}
Aug 05 20:16:40.829799 n-d-852085-2 devstack@placement-api.service[105367]: INFO placement.requestlog [req-e0a26471-47e0-4a43-b209-866de37dba85 req-29a0ba5e-2516-4789-bb46-d42c82fb0382 service placement] 10.222.0.112 "GET /placement/allocation_candidates?limit=1000&resources=DISK_GB%3A1%2CMEMORY_MB%3A1024%2CVCPU%3A1&root_required=%21COMPUTE_STATUS_DISABLED" status: 200 len: 1310 microversion: 1.36
Aug 05 20:16:40.830183 n-d-852085-2 devstack@placement-api.service[105367]: [pid: 105367|app: 0|req: 94/182] 10.222.0.112 () {60 vars in 1511 bytes} [Fri Aug 5 20:16:40 2022] GET /placement/allocation_candidates?limit=1000&resources=DISK_GB%3A1%2CMEMORY_MB%3A1024%2CVCPU%3A1&root_required=%21COMPUTE_STATUS_DISABLED => generated 1310 bytes in 84 msecs (HTTP/1.1 200) 8 headers in 297 bytes (1 switches on core 0)
Aug 05 20:16:40.910595 n-d-852085-2 devstack@placement-api.service[105368]: DEBUG placement.requestlog [req-b32671d0-d305-4b30-8649-5192f768397f req-2af4c621-cbe7-461a-97e5-754c6e165226 None None] Starting request: 10.222.0.93 "GET /placement/allocations/e04f5d68-2f73-4a44-a24c-8e7030096fa1" {{(pid=105368) __call__ /opt/stack/placement/placement/requestlog.py:55}}
Aug 05 20:16:40.916215 n-d-852085-2 devstack@placement-api.service[105367]: DEBUG placement.requestlog [req-e0a26471-47e0-4a43-b209-866de37dba85 req-94438a89-4ccf-4e48-b242-99546e131388 None None] Starting request: 10.222.0.112 "GET /placement/allocations/1f1a4d9b-c631-40c0-ac81-b5fb9d90cc49" {{(pid=105367) __call__ /opt/stack/placement/placement/requestlog.py:55}}
Aug 05 20:16:40.928422 n-d-852085-2 devstack@placement-api.service[105367]: INFO placement.requestlog [req-e0a26471-47e0-4a43-b209-866de37dba85 req-94438a89-4ccf-4e48-b242-99546e131388 service placement] 10.222.0.112 "GET /placement/allocations/1f1a4d9b-c631-40c0-ac81-b5fb9d90cc49" status: 200 len: 19 microversion: 1.28
Aug 05 20:16:40.933203 n-d-852085-2 devstack@placement-api.service[105367]: [pid: 105367|app: 0|req: 95/183] 10.222.0.112 () {60 vars in 1385 bytes} [Fri Aug 5 20:16:40 2022] GET /placement/allocations/1f1a4d9b-c631-40c0-ac81-b5fb9d90cc49 => generated 19 bytes in 18 msecs (HTTP/1.1 200) 8 headers in 295 bytes (1 switches on core 0)
Aug 05 20:16:40.936442 n-d-852085-2 devstack@placement-api.service[105367]: DEBUG placement.requestlog [req-e0a26471-47e0-4a43-b209-866de37dba85 req-b0203918-df3a-401c-af71-ad963b0eb034 None None] Starting request: 10.222.0.112 "PUT /placement/allocations/1f1a4d9b-c631-40c0-ac81-b5fb9d90cc49" {{(pid=105367) __call__ /opt/stack/placement/placement/requestlog.py:55}}
Aug 05 20:16:40.937766 n-d-852085-2 devstack@placement-api.service[105368]: INFO placement.requestlog [req-b32671d0-d305-4b30-8649-5192f768397f req-2af4c621-cbe7-461a-97e5-754c6e165226 service placement] 10.222.0.93 "GET /placement/allocations/e04f5d68-2f73-4a44-a24c-8e7030096fa1" status: 200 len: 259 microversion: 1.28
