Oct 04 20:41:39.364137 n-d-852085-12 devstack@placement-api.service[108708]: [pid: 108708|app: 0|req: 286/559] 10.222.0.83 () {58 vars in 1390 bytes} [Tue Oct 4 20:41:39 2022] GET /placement/resource_providers/b1c34a6c-91bc-49c5-a37e-abb8cb176c96/allocations => generated 154 bytes in 88 msecs (HTTP/1.1 200) 6 headers in 224 bytes (1 switches on core 0)
Oct 04 20:41:39.372711 n-d-852085-12 devstack@placement-api.service[108708]: DEBUG placement.requestlog [req-c94f8c24-ea87-47fb-ba42-9494c22a0199 req-a3dbfc27-211c-46ed-b4c3-ea9e8cf42240 None None] Starting request: 10.222.0.83 "GET /placement/allocations/bd64c084-10af-4b12-bdd9-ef53866be364" {{(pid=108708) __call__ /opt/stack/placement/placement/requestlog.py:55}}
Oct 04 20:41:39.385477 n-d-852085-12 devstack@placement-api.service[108707]: INFO placement.requestlog [req-4d228bb3-1ee7-4798-b1d7-c5ca9d49d2b8 req-e7249039-1913-4bd5-8870-82793d473846 service placement] 10.222.0.78 "GET /placement/allocations/ad3b28cc-8307-4f7a-889b-ab08d068ec0e" status: 200 len: 19 microversion: 1.28
Oct 04 20:41:39.405368 n-d-852085-12 devstack@placement-api.service[108707]: [pid: 108707|app: 0|req: 274/560] 10.222.0.78 () {60 vars in 1380 bytes} [Tue Oct 4 20:41:39 2022] GET /placement/allocations/ad3b28cc-8307-4f7a-889b-ab08d068ec0e => generated 19 bytes in 80 msecs (HTTP/1.1 200) 8 headers in 295 bytes (1 switches on core 0)
Oct 04 20:41:39.407300 n-d-852085-12 devstack@placement-api.service[108707]: DEBUG placement.requestlog [req-4d228bb3-1ee7-4798-b1d7-c5ca9d49d2b8 req-ca716440-ad64-4501-bf6d-78b60490504e None None] Starting request: 10.222.0.78 "PUT /placement/allocations/ad3b28cc-8307-4f7a-889b-ab08d068ec0e" {{(pid=108707) __call__ /opt/stack/placement/placement/requestlog.py:55}}
Oct 04 20:41:39.443500 n-d-852085-12 devstack@placement-api.service[108708]: INFO placement.requestlog [req-c94f8c24-ea87-47fb-ba42-9494c22a0199 req-a3dbfc27-211c-46ed-b4c3-ea9e8cf42240 service placement] 10.222.0.83 "GET /placement/allocations/bd64c084-10af-4b12-bdd9-ef53866be364" status: 200 len: 259 microversion: 1.28
Oct 04 20:41:39.444551 n-d-852085-12 devstack@placement-api.service[108708]: [pid: 108708|app: 0|req: 287/561] 10.222.0.83 () {60 vars in 1377 bytes} [Tue Oct 4 20:41:39 2022] GET /placement/allocations/bd64c084-10af-4b12-bdd9-ef53866be364 => generated 259 bytes in 73 msecs (HTTP/1.1 200) 8 headers in 296 bytes (2 switches on core 0)
Oct 04 20:41:40.215917 n-d-852085-12 devstack@placement-api.service[108707]: DEBUG placement.handlers.allocation [req-4d228bb3-1ee7-4798-b1d7-c5ca9d49d2b8 req-ca716440-ad64-4501-bf6d-78b60490504e service placement] Successfully wrote allocations [, , ] {{(pid=108707) _update_consumers_and_create_allocations /opt/stack/placement/placement/handlers/allocation.py:462}}
Oct 04 20:41:40.397374 n-d-852085-12 devstack@placement-api.service[108707]: INFO placement.requestlog [req-4d228bb3-1ee7-4798-b1d7-c5ca9d49d2b8 req-ca716440-ad64-4501-bf6d-78b60490504e service placement] 10.222.0.78 "PUT /placement/allocations/ad3b28cc-8307-4f7a-889b-ab08d068ec0e" status: 204 len: 0 microversion: 1.36
Oct 04 20:41:40.406033 n-d-852085-12 devstack@placement-api.service[108707]: [pid: 108707|app: 0|req: 275/562] 10.222.0.78 () {64 vars in 1433 bytes} [Tue Oct 4 20:41:39 2022] PUT /placement/allocations/ad3b28cc-8307-4f7a-889b-ab08d068ec0e => generated 0 bytes in 994 msecs (HTTP/1.1 204) 5 headers in 199 bytes (1 switches on core 0)
Oct 04 20:41:42.244616 n-d-852085-12 devstack@placement-api.service[108708]: DEBUG placement.requestlog [req-d4f771f8-b43d-42be-b280-ec6b7e6da2bf req-3cb29ade-9faa-4970-870b-eecaa709ab8b None None] Starting request: 10.222.0.78 "GET /placement/allocation_candidates?limit=1000&resources=DISK_GB%3A1%2CMEMORY_MB%3A1024%2CVCPU%3A1&root_required=%21COMPUTE_STATUS_DISABLED" {{(pid=108708) __call__ /opt/stack/placement/placement/requestlog.py:55}}
Oct 04 20:41:42.396912 n-d-852085-12 devstack@placement-api.service[108707]: DEBUG placement.requestlog [req-ebec6ebb-1ab5-4f89-85d3-46a1afd77bbe req-4e7d5bd8-cf6c-4713-9a42-aafafb992bd8 None None] Starting request: 10.222.0.83 "GET /placement/resource_providers/b1c34a6c-91bc-49c5-a37e-abb8cb176c96/allocations" {{(pid=108707) __call__ /opt/stack/placement/placement/requestlog.py:55}}
Oct 04 20:41:42.435916 n-d-852085-12 devstack@placement-api.service[108708]: DEBUG placement.objects.research_context [req-d4f771f8-b43d-42be-b280-ec6b7e6da2bf req-3cb29ade-9faa-4970-870b-eecaa709ab8b service placement] getting providers with 1 DISK_GB {{(pid=108708) __init__ /opt/stack/placement/placement/objects/research_context.py:136}}
Oct 04 20:41:42.450824 n-d-852085-12 devstack@placement-api.service[108708]: DEBUG placement.objects.research_context [req-d4f771f8-b43d-42be-b280-ec6b7e6da2bf req-3cb29ade-9faa-4970-870b-eecaa709ab8b service placement] getting providers with 1024 MEMORY_MB {{(pid=108708) __init__ /opt/stack/placement/placement/objects/research_context.py:136}}
Oct 04 20:41:42.473279 n-d-852085-12 devstack@placement-api.service[108708]: DEBUG placement.objects.research_context [req-d4f771f8-b43d-42be-b280-ec6b7e6da2bf req-3cb29ade-9faa-4970-870b-eecaa709ab8b service placement] getting providers with 1 VCPU {{(pid=108708) __init__ /opt/stack/placement/placement/objects/research_context.py:136}}
Oct 04 20:41:42.491775 n-d-852085-12 devstack@placement-api.service[108708]: DEBUG placement.objects.research_context [req-d4f771f8-b43d-42be-b280-ec6b7e6da2bf req-3cb29ade-9faa-4970-870b-eecaa709ab8b service placement] found 2 providers with available 1 DISK_GB {{(pid=108708) get_provider_ids_matching /opt/stack/placement/placement/objects/research_context.py:563}}
Oct 04 20:41:42.492651 n-d-852085-12 devstack@placement-api.service[108708]: DEBUG placement.objects.research_context [req-d4f771f8-b43d-42be-b280-ec6b7e6da2bf req-3cb29ade-9faa-4970-870b-eecaa709ab8b service placement] found 2 providers with available 1024 MEMORY_MB {{(pid=108708) get_provider_ids_matching /opt/stack/placement/placement/objects/research_context.py:563}}
Oct 04 20:41:42.493506 n-d-852085-12 devstack@placement-api.service[108708]: DEBUG placement.objects.research_context [req-d4f771f8-b43d-42be-b280-ec6b7e6da2bf req-3cb29ade-9faa-4970-870b-eecaa709ab8b service placement] found 2 providers after filtering by previous result {{(pid=108708) get_provider_ids_matching /opt/stack/placement/placement/objects/research_context.py:594}}
Oct 04 20:41:42.494306 n-d-852085-12 devstack@placement-api.service[108708]: DEBUG placement.objects.research_context [req-d4f771f8-b43d-42be-b280-ec6b7e6da2bf req-3cb29ade-9faa-4970-870b-eecaa709ab8b service placement] found 2 providers with available 1 VCPU {{(pid=108708) get_provider_ids_matching /opt/stack/placement/placement/objects/research_context.py:563}}
Oct 04 20:41:42.495086 n-d-852085-12 devstack@placement-api.service[108708]: DEBUG placement.objects.research_context [req-d4f771f8-b43d-42be-b280-ec6b7e6da2bf req-3cb29ade-9faa-4970-870b-eecaa709ab8b service placement] found 2 providers after filtering by previous result {{(pid=108708) get_provider_ids_matching /opt/stack/placement/placement/objects/research_context.py:594}}
Oct 04 20:41:42.519428 n-d-852085-12 devstack@placement-api.service[108708]: DEBUG placement.objects.allocation_candidate [req-d4f771f8-b43d-42be-b280-ec6b7e6da2bf req-3cb29ade-9faa-4970-870b-eecaa709ab8b service placement] RequestGroup(use_same_provider=False, resources={DISK_GB:1, MEMORY_MB:1024, VCPU:1}, traits=(), aggregates=[]) (suffix '') returned 2 matches {{(pid=108708) _get_by_requests /opt/stack/placement/placement/objects/allocation_candidate.py:156}}
Oct 04 20:41:42.520505 n-d-852085-12 devstack@placement-api.service[108708]: DEBUG placement.objects.allocation_candidate [req-d4f771f8-b43d-42be-b280-ec6b7e6da2bf req-3cb29ade-9faa-4970-870b-eecaa709ab8b service placement] Merging candidates yields 2 allocation requests and 2 provider summaries {{(pid=108708) _merge_candidates /opt/stack/placement/placement/objects/allocation_candidate.py:809}}
Oct 04 20:41:42.522146 n-d-852085-12 devstack@placement-api.service[108707]: INFO placement.requestlog [req-ebec6ebb-1ab5-4f89-85d3-46a1afd77bbe req-4e7d5bd8-cf6c-4713-9a42-aafafb992bd8 service placement] 10.222.0.83 "GET /placement/resource_providers/b1c34a6c-91bc-49c5-a37e-abb8cb176c96/allocations" status: 200 len: 255 microversion: 1.0
Oct 04 20:41:42.527266 n-d-852085-12 devstack@placement-api.service[108708]: INFO placement.requestlog [req-d4f771f8-b43d-42be-b280-ec6b7e6da2bf req-3cb29ade-9faa-4970-870b-eecaa709ab8b service placement] 10.222.0.78 "GET /placement/allocation_candidates?limit=1000&resources=DISK_GB%3A1%2CMEMORY_MB%3A1024%2CVCPU%3A1&root_required=%21COMPUTE_STATUS_DISABLED" status: 200 len: 1309 microversion: 1.36
Oct 04 20:41:42.527266 n-d-852085-12 devstack@placement-api.service[108708]: [pid: 108708|app: 0|req: 288/563] 10.222.0.78 () {60 vars in 1506 bytes} [Tue Oct 4 20:41:42 2022] GET /placement/allocation_candidates?limit=1000&resources=DISK_GB%3A1%2CMEMORY_MB%3A1024%2CVCPU%3A1&root_required=%21COMPUTE_STATUS_DISABLED => generated 1309 bytes in 281 msecs (HTTP/1.1 200) 8 headers in 297 bytes (1 switches on core 0)
Oct 04 20:41:42.527911 n-d-852085-12 devstack@placement-api.service[108707]: [pid: 108707|app: 0|req: 276/564] 10.222.0.83 () {58 vars in 1390 bytes} [Tue Oct 4 20:41:42 2022] GET /placement/resource_providers/b1c34a6c-91bc-49c5-a37e-abb8cb176c96/allocations => generated 255 bytes in 132 msecs (HTTP/1.1 200) 6 headers in 224 bytes (2 switches on core 0)
Oct 04 20:41:42.808888 n-d-852085-12 devstack@placement-api.service[108708]: DEBUG placement.requestlog [req-d4f771f8-b43d-42be-b280-ec6b7e6da2bf req-feae4c46-f46e-4ed4-9253-41fb5521776a None None] Starting request: 10.222.0.78 "GET /placement/allocations/7df857cc-3e6c-4b0b-910e-dd62869d64d1" {{(pid=108708) __call__ /opt/stack/placement/placement/requestlog.py:55}}
Oct 04 20:41:42.926041 n-d-852085-12 devstack@placement-api.service[108708]: INFO placement.requestlog [req-d4f771f8-b43d-42be-b280-ec6b7e6da2bf req-feae4c46-f46e-4ed4-9253-41fb5521776a service placement] 10.222.0.78 "GET /placement/allocations/7df857cc-3e6c-4b0b-910e-dd62869d64d1" status: 200 len: 19 microversion: 1.28
Oct 04 20:41:42.926041 n-d-852085-12 devstack@placement-api.service[108708]: [pid: 108708|app: 0|req: 289/565] 10.222.0.78 () {60 vars in 1380 bytes} [Tue Oct 4 20:41:42 2022] GET /placement/allocations/7df857cc-3e6c-4b0b-910e-dd62869d64d1 => generated 19 bytes in 24 msecs (HTTP/1.1 200) 8 headers in 295 bytes (1 switches on core 0)
Oct 04 20:41:42.926357 n-d-852085-12 devstack@placement-api.service[108707]: DEBUG placement.requestlog [req-d4f771f8-b43d-42be-b280-ec6b7e6da2bf req-b74cfc4b-2973-458e-bfbe-19cd1c0299b1 None None] Starting request: 10.222.0.78 "PUT /placement/allocations/7df857cc-3e6c-4b0b-910e-dd62869d64d1" {{(pid=108707) __call__ /opt/stack/placement/placement/requestlog.py:55}}
Oct 04 20:41:43.110607 n-d-852085-12 devstack@placement-api.service[108708]: DEBUG placement.requestlog [req-ebec6ebb-1ab5-4f89-85d3-46a1afd77bbe req-bc2b4b33-6db5-4022-9a08-c3650ed36465 None None] Starting request: 10.222.0.83 "GET /placement/resource_providers/b1c34a6c-91bc-49c5-a37e-abb8cb176c96/allocations" {{(pid=108708) __call__ /opt/stack/placement/placement/requestlog.py:55}}
Oct 04 20:41:43.216357 n-d-852085-12 devstack@placement-api.service[108708]: INFO placement.requestlog [req-ebec6ebb-1ab5-4f89-85d3-46a1afd77bbe req-bc2b4b33-6db5-4022-9a08-c3650ed36465 service placement] 10.222.0.83 "GET /placement/resource_providers/b1c34a6c-91bc-49c5-a37e-abb8cb176c96/allocations" status: 200 len: 255 microversion: 1.0
Oct 04 20:41:43.217256 n-d-852085-12 devstack@placement-api.service[108708]: [pid: 108708|app: 0|req: 290/566] 10.222.0.83 () {58 vars in 1390 bytes} [Tue Oct 4 20:41:43 2022] GET /placement/resource_providers/b1c34a6c-91bc-49c5-a37e-abb8cb176c96/allocations => generated 255 bytes in 107 msecs (HTTP/1.1 200) 6 headers in 224 bytes (2 switches on core 0)
Oct 04 20:41:43.222649 n-d-852085-12 devstack@placement-api.service[108708]: DEBUG placement.requestlog [req-4d228bb3-1ee7-4798-b1d7-c5ca9d49d2b8 req-cb7e7728-2d8f-4f81-a22d-6cec63430fd5 None None] Starting request: 10.222.0.83 "GET /placement/allocations/ad3b28cc-8307-4f7a-889b-ab08d068ec0e" {{(pid=108708) __call__ /opt/stack/placement/placement/requestlog.py:55}}
Oct 04 20:41:43.287413 n-d-852085-12 devstack@placement-api.service[108708]: INFO placement.requestlog [req-4d228bb3-1ee7-4798-b1d7-c5ca9d49d2b8 req-cb7e7728-2d8f-4f81-a22d-6cec63430fd5 service placement] 10.222.0.83 "GET /placement/allocations/ad3b28cc-8307-4f7a-889b-ab08d068ec0e" status: 200 len: 259 microversion: 1.28
Oct 04 20:41:43.294423 n-d-852085-12 devstack@placement-api.service[108708]: [pid: 108708|app: 0|req: 291/567] 10.222.0.83 () {60 vars in 1377 bytes} [Tue Oct 4 20:41:43 2022] GET /placement/allocations/ad3b28cc-8307-4f7a-889b-ab08d068ec0e => generated 259 bytes in 76 msecs (HTTP/1.1 200) 8 headers in 296 bytes (1 switches on core 0)
Oct 04 20:41:43.296085 n-d-852085-12 devstack@placement-api.service[108708]: DEBUG placement.requestlog [req-ebec6ebb-1ab5-4f89-85d3-46a1afd77bbe req-9acefb85-ea8b-45cf-bb6a-f8d0b0e0086b None None] Starting request: 10.222.0.83 "GET /placement/allocations/ad3b28cc-8307-4f7a-889b-ab08d068ec0e" {{(pid=108708) __call__ /opt/stack/placement/placement/requestlog.py:55}}
Oct 04 20:41:43.299003 n-d-852085-12 devstack@placement-api.service[108707]: DEBUG placement.handlers.allocation [req-d4f771f8-b43d-42be-b280-ec6b7e6da2bf req-b74cfc4b-2973-458e-bfbe-19cd1c0299b1 service placement] Successfully wrote allocations [, , ] {{(pid=108707) _update_consumers_and_create_allocations /opt/stack/placement/placement/handlers/allocation.py:462}}
Oct 04 20:41:43.353896 n-d-852085-12 devstack@placement-api.service[108708]: INFO placement.requestlog [req-ebec6ebb-1ab5-4f89-85d3-46a1afd77bbe req-9acefb85-ea8b-45cf-bb6a-f8d0b0e0086b service placement] 10.222.0.83 "GET /placement/allocations/ad3b28cc-8307-4f7a-889b-ab08d068ec0e" status: 200 len: 259 microversion: 1.28
Oct 04 20:41:43.355328 n-d-852085-12 devstack@placement-api.service[108708]: [pid: 108708|app: 0|req: 292/568] 10.222.0.83 () {60 vars in 1377 bytes} [Tue Oct 4 20:41:43 2022] GET /placement/allocations/ad3b28cc-8307-4f7a-889b-ab08d068ec0e => generated 259 bytes in 60 msecs (HTTP/1.1 200) 8 headers in 296 bytes (1 switches on core 0)
Oct 04 20:41:43.371619 n-d-852085-12 devstack@placement-api.service[108708]: DEBUG placement.requestlog [req-ebec6ebb-1ab5-4f89-85d3-46a1afd77bbe req-a0207740-a515-4c13-9b36-875e2b0f1e99 None None] Starting request: 10.222.0.83 "GET /placement/allocations/bd64c084-10af-4b12-bdd9-ef53866be364" {{(pid=108708) __call__ /opt/stack/placement/placement/requestlog.py:55}}
Oct 04 20:41:43.403440 n-d-852085-12 devstack@placement-api.service[108708]: INFO placement.requestlog [req-ebec6ebb-1ab5-4f89-85d3-46a1afd77bbe req-a0207740-a515-4c13-9b36-875e2b0f1e99 service placement] 10.222.0.83 "GET /placement/allocations/bd64c084-10af-4b12-bdd9-ef53866be364" status: 200 len: 259 microversion: 1.28
Oct 04 20:41:43.406140 n-d-852085-12 devstack@placement-api.service[108708]: [pid: 108708|app: 0|req: 293/569] 10.222.0.83 () {60 vars in 1377 bytes} [Tue Oct 4 20:41:43 2022] GET /placement/allocations/bd64c084-10af-4b12-bdd9-ef53866be364 => generated 259 bytes in 38 msecs (HTTP/1.1 200) 8 headers in 296 bytes (1 switches on core 0)
Oct 04 20:41:43.423002 n-d-852085-12 devstack@placement-api.service[108707]: INFO placement.requestlog [req-d4f771f8-b43d-42be-b280-ec6b7e6da2bf req-b74cfc4b-2973-458e-bfbe-19cd1c0299b1 service placement] 10.222.0.78 "PUT /placement/allocations/7df857cc-3e6c-4b0b-910e-dd62869d64d1" status: 204 len: 0 microversion: 1.36
Oct 04 20:41:43.424860 n-d-852085-12 devstack@placement-api.service[108707]: [pid: 108707|app: 0|req: 277/570] 10.222.0.78 () {64 vars in 1433 bytes} [Tue Oct 4 20:41:42 2022] PUT /placement/allocations/7df857cc-3e6c-4b0b-910e-dd62869d64d1 => generated 0 bytes in 579 msecs (HTTP/1.1 204) 5 headers in 199 bytes (1 switches on core 0)
Oct 04 20:41:44.451000 n-d-852085-12 devstack@placement-api.service[108708]: DEBUG placement.requestlog [req-4d228bb3-1ee7-4798-b1d7-c5ca9d49d2b8 req-f340aebd-6256-4d8e-a3b8-3ad4eecc0a7e None None] Starting request: 10.222.0.83 "GET /placement/resource_providers/b1c34a6c-91bc-49c5-a37e-abb8cb176c96/allocations" {{(pid=108708) __call__ /opt/stack/placement/placement/requestlog.py:55}}
Oct 04 20:41:44.520772 n-d-852085-12 devstack@placement-api.service[108708]: INFO placement.requestlog [req-4d228bb3-1ee7-4798-b1d7-c5ca9d49d2b8 req-f340aebd-6256-4d8e-a3b8-3ad4eecc0a7e service placement] 10.222.0.83 "GET /placement/resource_providers/b1c34a6c-91bc-49c5-a37e-abb8cb176c96/allocations" status: 200 len: 356 microversion: 1.0
Oct 04 20:41:44.522574 n-d-852085-12 devstack@placement-api.service[108708]: [pid: 108708|app: 0|req: 294/571] 10.222.0.83 () {58 vars in 1390 bytes} [Tue Oct 4 20:41:44 2022] GET /placement/resource_providers/b1c34a6c-91bc-49c5-a37e-abb8cb176c96/allocations => generated 356 bytes in 71 msecs (HTTP/1.1 200) 6 headers in 224 bytes (1 switches on core 0)
Oct 04 20:41:44.530990 n-d-852085-12 devstack@placement-api.service[108707]: DEBUG placement.requestlog [req-4d228bb3-1ee7-4798-b1d7-c5ca9d49d2b8 req-9be8e7c5-2c5e-4867-b1a1-bc705e43dc74 None None] Starting request: 10.222.0.83 "GET /placement/allocations/ad3b28cc-8307-4f7a-889b-ab08d068ec0e" {{(pid=108707) __call__ /opt/stack/placement/placement/requestlog.py:55}}
Oct 04 20:41:44.573335 n-d-852085-12 devstack@placement-api.service[108707]: INFO placement.requestlog [req-4d228bb3-1ee7-4798-b1d7-c5ca9d49d2b8 req-9be8e7c5-2c5e-4867-b1a1-bc705e43dc74 service placement] 10.222.0.83 "GET /placement/allocations/ad3b28cc-8307-4f7a-889b-ab08d068ec0e" status: 200 len: 259 microversion: 1.28
Oct 04 20:41:44.573654 n-d-852085-12 devstack@placement-api.service[108707]: [pid: 108707|app: 0|req: 278/572] 10.222.0.83 () {60 vars in 1377 bytes} [Tue Oct 4 20:41:44 2022] GET /placement/allocations/ad3b28cc-8307-4f7a-889b-ab08d068ec0e => generated 259 bytes in 43 msecs (HTTP/1.1 200) 8 headers in 296 bytes (2 switches on core 0)
Oct 04 20:41:44.581268 n-d-852085-12 devstack@placement-api.service[108708]: DEBUG placement.requestlog [req-4d228bb3-1ee7-4798-b1d7-c5ca9d49d2b8 req-815ff12e-b574-4225-9731-d0fd8268941d None None] Starting request: 10.222.0.83 "GET /placement/allocations/bd64c084-10af-4b12-bdd9-ef53866be364" {{(pid=108708) __call__ /opt/stack/placement/placement/requestlog.py:55}}
Oct 04 20:41:44.625245 n-d-852085-12 devstack@placement-api.service[108708]: INFO placement.requestlog [req-4d228bb3-1ee7-4798-b1d7-c5ca9d49d2b8 req-815ff12e-b574-4225-9731-d0fd8268941d service placement] 10.222.0.83 "GET /placement/allocations/bd64c084-10af-4b12-bdd9-ef53866be364" status: 200 len: 259 microversion: 1.28
Oct 04 20:41:44.627123 n-d-852085-12 devstack@placement-api.service[108708]: [pid: 108708|app: 0|req: 295/573] 10.222.0.83 () {60 vars in 1377 bytes} [Tue Oct 4 20:41:44 2022] GET /placement/allocations/bd64c084-10af-4b12-bdd9-ef53866be364 => generated 259 bytes in 47 msecs (HTTP/1.1 200) 8 headers in 296 bytes (1 switches on core 0)
Oct 04 20:41:44.640516 n-d-852085-12 devstack@placement-api.service[108707]: DEBUG placement.requestlog [req-4d228bb3-1ee7-4798-b1d7-c5ca9d49d2b8 req-c2ec80b4-de0a-49a5-8d03-e3ec15862cb1 None None] Starting request: 10.222.0.83 "GET /placement/allocations/7df857cc-3e6c-4b0b-910e-dd62869d64d1" {{(pid=108707) __call__ /opt/stack/placement/placement/requestlog.py:55}}
Oct 04 20:41:44.710467 n-d-852085-12 devstack@placement-api.service[108707]: INFO placement.requestlog [req-4d228bb3-1ee7-4798-b1d7-c5ca9d49d2b8 req-c2ec80b4-de0a-49a5-8d03-e3ec15862cb1 service placement] 10.222.0.83 "GET /placement/allocations/7df857cc-3e6c-4b0b-910e-dd62869d64d1" status: 200 len: 259 microversion: 1.28
Oct 04 20:41:44.711518 n-d-852085-12 devstack@placement-api.service[108707]: [pid: 108707|app: 0|req: 279/574] 10.222.0.83 () {60 vars in 1377 bytes} [Tue Oct 4 20:41:44 2022] GET /placement/allocations/7df857cc-3e6c-4b0b-910e-dd62869d64d1 => generated 259 bytes in 72 msecs (HTTP/1.1 200) 8 headers in 296 bytes (2 switches on core 0)
Oct 04 20:41:45.302255 n-d-852085-12 devstack@placement-api.service[108708]: DEBUG placement.requestlog [req-d4f771f8-b43d-42be-b280-ec6b7e6da2bf req-51f00c54-6120-4883-a3aa-4050610a3b23 None None] Starting request: 10.222.0.83 "GET /placement/allocations/7df857cc-3e6c-4b0b-910e-dd62869d64d1" {{(pid=108708) __call__ /opt/stack/placement/placement/requestlog.py:55}}
Oct 04 20:41:45.340338 n-d-852085-12 devstack@placement-api.service[108708]: INFO placement.requestlog [req-d4f771f8-b43d-42be-b280-ec6b7e6da2bf req-51f00c54-6120-4883-a3aa-4050610a3b23 service placement] 10.222.0.83 "GET /placement/allocations/7df857cc-3e6c-4b0b-910e-dd62869d64d1" status: 200 len: 259 microversion: 1.28
Oct 04 20:41:45.344492 n-d-852085-12 devstack@placement-api.service[108708]: [pid: 108708|app: 0|req: 296/575] 10.222.0.83 () {60 vars in 1377 bytes} [Tue Oct 4 20:41:45 2022] GET /placement/allocations/7df857cc-3e6c-4b0b-910e-dd62869d64d1 => generated 259 bytes in 40 msecs (HTTP/1.1 200) 8 headers in 296 bytes (1 switches on core 0)
Oct 04 20:41:45.767337 n-d-852085-12 devstack@placement-api.service[108707]: DEBUG placement.requestlog [req-d4f771f8-b43d-42be-b280-ec6b7e6da2bf req-0611120f-af87-40e0-800d-a9e4d7508c0f None None] Starting request: 10.222.0.83 "GET /placement/resource_providers/b1c34a6c-91bc-49c5-a37e-abb8cb176c96/allocations" {{(pid=108707) __call__ /opt/stack/placement/placement/requestlog.py:55}}
Oct 04 20:41:45.903884 n-d-852085-12 devstack@placement-api.service[108707]: INFO placement.requestlog [req-d4f771f8-b43d-42be-b280-ec6b7e6da2bf req-0611120f-af87-40e0-800d-a9e4d7508c0f service placement] 10.222.0.83 "GET /placement/resource_providers/b1c34a6c-91bc-49c5-a37e-abb8cb176c96/allocations" status: 200 len: 356 microversion: 1.0
Oct 04 20:41:45.905628 n-d-852085-12 devstack@placement-api.service[108707]: [pid: 108707|app: 0|req: 280/576] 10.222.0.83 () {58 vars in 1390 bytes} [Tue Oct 4 20:41:45 2022] GET /placement/resource_providers/b1c34a6c-91bc-49c5-a37e-abb8cb176c96/allocations => generated 356 bytes in 139 msecs (HTTP/1.1 200) 6 headers in 224 bytes (1 switches on core 0)
Oct 04 20:41:45.913975 n-d-852085-12 devstack@placement-api.service[108708]: DEBUG placement.requestlog [req-d4f771f8-b43d-42be-b280-ec6b7e6da2bf req-f560e803-0903-47f3-9d2d-6da93c6f93f4 None None] Starting request: 10.222.0.83 "GET /placement/allocations/ad3b28cc-8307-4f7a-889b-ab08d068ec0e" {{(pid=108708) __call__ /opt/stack/placement/placement/requestlog.py:55}}
Oct 04 20:41:45.943410 n-d-852085-12 devstack@placement-api.service[108708]: INFO placement.requestlog [req-d4f771f8-b43d-42be-b280-ec6b7e6da2bf req-f560e803-0903-47f3-9d2d-6da93c6f93f4 service placement] 10.222.0.83 "GET /placement/allocations/ad3b28cc-8307-4f7a-889b-ab08d068ec0e" status: 200 len: 259 microversion: 1.28
Oct 04 20:41:45.944800 n-d-852085-12 devstack@placement-api.service[108708]: [pid: 108708|app: 0|req: 297/577] 10.222.0.83 () {60 vars in 1377 bytes} [Tue Oct 4 20:41:45 2022] GET /placement/allocations/ad3b28cc-8307-4f7a-889b-ab08d068ec0e => generated 259 bytes in 32 msecs (HTTP/1.1 200) 8 headers in 296 bytes (2 switches on core 0)
Oct 04 20:41:45.964385 n-d-852085-12 devstack@placement-api.service[108707]: DEBUG placement.requestlog [req-d4f771f8-b43d-42be-b280-ec6b7e6da2bf req-02fe94fb-baed-4b92-9d4c-0ac43d82bfa1 None None] Starting request: 10.222.0.83 "GET /placement/allocations/bd64c084-10af-4b12-bdd9-ef53866be364" {{(pid=108707) __call__ /opt/stack/placement/placement/requestlog.py:55}}
Oct 04 20:41:46.010401 n-d-852085-12 devstack@placement-api.service[108707]: INFO placement.requestlog [req-d4f771f8-b43d-42be-b280-ec6b7e6da2bf req-02fe94fb-baed-4b92-9d4c-0ac43d82bfa1 service placement] 10.222.0.83 "GET /placement/allocations/bd64c084-10af-4b12-bdd9-ef53866be364" status: 200 len: 259 microversion: 1.28
Oct 04 20:41:46.012848 n-d-852085-12 devstack@placement-api.service[108707]: [pid: 108707|app: 0|req: 281/578] 10.222.0.83 () {60 vars in 1377 bytes} [Tue Oct 4 20:41:45 2022] GET /placement/allocations/bd64c084-10af-4b12-bdd9-ef53866be364 => generated 259 bytes in 53 msecs (HTTP/1.1 200) 8 headers in 296 bytes (1 switches on core 0)
Oct 04 20:41:46.022664 n-d-852085-12 devstack@placement-api.service[108708]: DEBUG placement.requestlog [req-d4f771f8-b43d-42be-b280-ec6b7e6da2bf req-d0b27873-a374-4d98-a0f8-0b449a77c626 None None] Starting request: 10.222.0.83 "GET /placement/allocations/7df857cc-3e6c-4b0b-910e-dd62869d64d1" {{(pid=108708) __call__ /opt/stack/placement/placement/requestlog.py:55}}
Oct 04 20:41:46.086915 n-d-852085-12 devstack@placement-api.service[108708]: INFO placement.requestlog [req-d4f771f8-b43d-42be-b280-ec6b7e6da2bf req-d0b27873-a374-4d98-a0f8-0b449a77c626 service placement] 10.222.0.83 "GET /placement/allocations/7df857cc-3e6c-4b0b-910e-dd62869d64d1" status: 200 len: 259 microversion: 1.28
Oct 04 20:41:46.089072 n-d-852085-12 devstack@placement-api.service[108708]: [pid: 108708|app: 0|req: 298/579] 10.222.0.83 () {60 vars in 1377 bytes} [Tue Oct 4 20:41:46 2022] GET /placement/allocations/7df857cc-3e6c-4b0b-910e-dd62869d64d1 => generated 259 bytes in 66 msecs (HTTP/1.1 200) 8 headers in 296 bytes (1 switches on core 0)
Oct 04 20:41:47.315828 n-d-852085-12 devstack@placement-api.service[108707]: DEBUG placement.requestlog [req-af6aa368-4c58-4c8f-b049-0d53ae1e6ffd req-1688f547-ebe8-4638-ba3e-81fd7cd4b978 None None] Starting request: 10.222.0.78 "DELETE /placement/allocations/6d44adbe-9208-452a-a8f7-8802ac29dfb8" {{(pid=108707) __call__ /opt/stack/placement/placement/requestlog.py:55}}
Oct 04 20:41:47.611511 n-d-852085-12 devstack@placement-api.service[108707]: DEBUG placement.wsgi_wrapper [req-af6aa368-4c58-4c8f-b049-0d53ae1e6ffd req-1688f547-ebe8-4638-ba3e-81fd7cd4b978 service placement] Placement API returning an error response: No allocations for consumer '6d44adbe-9208-452a-a8f7-8802ac29dfb8' {{(pid=108707) call_func /opt/stack/placement/placement/wsgi_wrapper.py:31}}
Oct 04 20:41:47.614632 n-d-852085-12 devstack@placement-api.service[108707]: INFO placement.requestlog [req-af6aa368-4c58-4c8f-b049-0d53ae1e6ffd req-1688f547-ebe8-4638-ba3e-81fd7cd4b978 service placement] 10.222.0.78 "DELETE /placement/allocations/6d44adbe-9208-452a-a8f7-8802ac29dfb8" status: 404 len: 228 microversion: 1.0
Oct 04 20:41:47.616393 n-d-852085-12 devstack@placement-api.service[108707]: [pid: 108707|app: 0|req: 282/580] 10.222.0.78 () {60 vars in 1349 bytes} [Tue Oct 4 20:41:47 2022] DELETE /placement/allocations/6d44adbe-9208-452a-a8f7-8802ac29dfb8 => generated 228 bytes in 301 msecs (HTTP/1.1 404) 6 headers in 231 bytes (1 switches on core 0)
Oct 04 20:41:50.558295 n-d-852085-12 devstack@placement-api.service[108708]: DEBUG placement.requestlog [req-2b476b56-3b1f-410a-b7d3-87217191aae0 req-7c8962d8-ea6d-41e7-99d3-ce3465a8f9c2 None None] Starting request: 10.222.0.85 "GET /placement/resource_providers/9ee8adf2-f93e-4214-9b20-361b649df9d8/allocations" {{(pid=108708) __call__ /opt/stack/placement/placement/requestlog.py:55}}
Oct 04 20:41:50.637257 n-d-852085-12 devstack@placement-api.service[108708]: INFO placement.requestlog [req-2b476b56-3b1f-410a-b7d3-87217191aae0 req-7c8962d8-ea6d-41e7-99d3-ce3465a8f9c2 service placement] 10.222.0.85 "GET /placement/resource_providers/9ee8adf2-f93e-4214-9b20-361b649df9d8/allocations" status: 200 len: 255 microversion: 1.0
Oct 04 20:41:50.641715 n-d-852085-12 devstack@placement-api.service[108708]: [pid: 108708|app: 0|req: 299/581] 10.222.0.85 () {58 vars in 1390 bytes} [Tue Oct 4 20:41:50 2022] GET /placement/resource_providers/9ee8adf2-f93e-4214-9b20-361b649df9d8/allocations => generated 255 bytes in 85 msecs (HTTP/1.1 200) 6 headers in 224 bytes (1 switches on core 0)
Oct 04 20:41:50.851365 n-d-852085-12 devstack@placement-api.service[108707]: DEBUG placement.requestlog [req-2b476b56-3b1f-410a-b7d3-87217191aae0 req-a18a8764-ae8d-46bf-8127-e9fc1300283a None None] Starting request: 10.222.0.85 "GET /placement/resource_providers/9ee8adf2-f93e-4214-9b20-361b649df9d8/allocations" {{(pid=108707) __call__ /opt/stack/placement/placement/requestlog.py:55}}
Oct 04 20:41:50.925315 n-d-852085-12 devstack@placement-api.service[108707]: INFO placement.requestlog [req-2b476b56-3b1f-410a-b7d3-87217191aae0 req-a18a8764-ae8d-46bf-8127-e9fc1300283a service placement] 10.222.0.85 "GET /placement/resource_providers/9ee8adf2-f93e-4214-9b20-361b649df9d8/allocations" status: 200 len: 255 microversion: 1.0
Oct 04 20:41:50.926324 n-d-852085-12 devstack@placement-api.service[108707]: [pid: 108707|app: 0|req: 283/582] 10.222.0.85 () {58 vars in 1390 bytes} [Tue Oct 4 20:41:50 2022] GET /placement/resource_providers/9ee8adf2-f93e-4214-9b20-361b649df9d8/allocations => generated 255 bytes in 75 msecs (HTTP/1.1 200) 6 headers in 224 bytes (1 switches on core 0)
Oct 04 20:41:50.935182 n-d-852085-12 devstack@placement-api.service[108708]: DEBUG placement.requestlog [req-2b476b56-3b1f-410a-b7d3-87217191aae0 req-fad715a1-5369-4bed-8a02-8b2f62f3c55b None None] Starting request: 10.222.0.85 "GET /placement/allocations/1caeb3c7-b999-4f0c-bee2-f072b9c00336" {{(pid=108708) __call__ /opt/stack/placement/placement/requestlog.py:55}}
Oct 04 20:41:50.978783 n-d-852085-12 devstack@placement-api.service[108708]: INFO placement.requestlog [req-2b476b56-3b1f-410a-b7d3-87217191aae0 req-fad715a1-5369-4bed-8a02-8b2f62f3c55b service placement] 10.222.0.85 "GET /placement/allocations/1caeb3c7-b999-4f0c-bee2-f072b9c00336" status: 200 len: 259 microversion: 1.28
Oct 04 20:41:50.980329 n-d-852085-12 devstack@placement-api.service[108708]: [pid: 108708|app: 0|req: 300/583] 10.222.0.85 () {60 vars in 1377 bytes} [Tue Oct 4 20:41:50 2022] GET /placement/allocations/1caeb3c7-b999-4f0c-bee2-f072b9c00336 => generated 259 bytes in 46 msecs (HTTP/1.1 200) 8 headers in 296 bytes (1 switches on core 0)
Oct 04 20:41:50.989838 n-d-852085-12 devstack@placement-api.service[108707]: DEBUG placement.requestlog [req-2b476b56-3b1f-410a-b7d3-87217191aae0 req-402c4a66-e160-4ba3-be02-9b643971ab2c None None] Starting request: 10.222.0.85 "GET /placement/allocations/9d42994f-e35e-413c-a0a3-14bb3878e209" {{(pid=108707) __call__ /opt/stack/placement/placement/requestlog.py:55}}
Oct 04 20:41:51.035708 n-d-852085-12 devstack@placement-api.service[108707]: INFO placement.requestlog [req-2b476b56-3b1f-410a-b7d3-87217191aae0 req-402c4a66-e160-4ba3-be02-9b643971ab2c service placement] 10.222.0.85 "GET /placement/allocations/9d42994f-e35e-413c-a0a3-14bb3878e209" status: 200 len: 259 microversion: 1.28
Oct 04 20:41:51.037130 n-d-852085-12 devstack@placement-api.service[108707]: [pid: 108707|app: 0|req: 284/584] 10.222.0.85 () {60 vars in 1377 bytes} [Tue Oct 4 20:41:50 2022] GET /placement/allocations/9d42994f-e35e-413c-a0a3-14bb3878e209 => generated 259 bytes in 48 msecs (HTTP/1.1 200) 8 headers in 296 bytes (1 switches on core 0)
Oct 04 20:42:00.971369 n-d-852085-12 devstack@placement-api.service[108708]: DEBUG dbcounter [-] [108708] Writing DB stats placement:SELECT=81,placement:DELETE=2 {{(pid=108708) stat_writer /usr/local/lib/python3.8/dist-packages/dbcounter.py:114}}
Oct 04 20:42:01.028267 n-d-852085-12 devstack@placement-api.service[108707]: DEBUG dbcounter [-] [108707] Writing DB stats placement:SELECT=78,placement:INSERT=10,placement:DELETE=4,placement:UPDATE=4 {{(pid=108707) stat_writer /usr/local/lib/python3.8/dist-packages/dbcounter.py:114}}
Oct 04 20:42:05.403796 n-d-852085-12 devstack@placement-api.service[108708]: DEBUG placement.requestlog [req-ca629f8f-f0fa-4aff-8c9f-c0b23328930f req-09e89d1a-21b5-4a67-ab3f-9df57839cf34 None None] Starting request: 10.222.0.85 "GET /placement/resource_providers/9ee8adf2-f93e-4214-9b20-361b649df9d8/allocations" {{(pid=108708) __call__ /opt/stack/placement/placement/requestlog.py:55}}
Oct 04 20:42:05.513567 n-d-852085-12 devstack@placement-api.service[108708]: INFO placement.requestlog [req-ca629f8f-f0fa-4aff-8c9f-c0b23328930f req-09e89d1a-21b5-4a67-ab3f-9df57839cf34 service placement] 10.222.0.85 "GET /placement/resource_providers/9ee8adf2-f93e-4214-9b20-361b649df9d8/allocations" status: 200 len: 255 microversion: 1.0
Oct 04 20:42:05.515552 n-d-852085-12 devstack@placement-api.service[108708]: [pid: 108708|app: 0|req: 301/585] 10.222.0.85 () {58 vars in 1390 bytes} [Tue Oct 4 20:42:05 2022] GET /placement/resource_providers/9ee8adf2-f93e-4214-9b20-361b649df9d8/allocations => generated 255 bytes in 113 msecs (HTTP/1.1 200) 6 headers in 224 bytes (1 switches on core 0)
Oct 04 20:42:05.524901 n-d-852085-12 devstack@placement-api.service[108707]: DEBUG placement.requestlog [req-ca629f8f-f0fa-4aff-8c9f-c0b23328930f req-8f626bb7-ab2f-4172-948c-5291c72f7cfe None None] Starting request: 10.222.0.85 "GET /placement/allocations/1caeb3c7-b999-4f0c-bee2-f072b9c00336" {{(pid=108707) __call__ /opt/stack/placement/placement/requestlog.py:55}}
Oct 04 20:42:05.559189 n-d-852085-12 devstack@placement-api.service[108707]: INFO placement.requestlog [req-ca629f8f-f0fa-4aff-8c9f-c0b23328930f req-8f626bb7-ab2f-4172-948c-5291c72f7cfe service placement] 10.222.0.85 "GET /placement/allocations/1caeb3c7-b999-4f0c-bee2-f072b9c00336" status: 200 len: 259 microversion: 1.28
Oct 04 20:42:05.560735 n-d-852085-12 devstack@placement-api.service[108707]: [pid: 108707|app: 0|req: 285/586] 10.222.0.85 () {60 vars in 1377 bytes} [Tue Oct 4 20:42:05 2022] GET /placement/allocations/1caeb3c7-b999-4f0c-bee2-f072b9c00336 => generated 259 bytes in 36 msecs (HTTP/1.1 200) 8 headers in 296 bytes (1 switches on core 0)
Oct 04 20:42:05.569155 n-d-852085-12 devstack@placement-api.service[108708]: DEBUG placement.requestlog [req-ca629f8f-f0fa-4aff-8c9f-c0b23328930f req-65f532e5-ae4e-4a31-a761-e8f0057f61ff None None] Starting request: 10.222.0.85 "GET /placement/allocations/9d42994f-e35e-413c-a0a3-14bb3878e209" {{(pid=108708) __call__ /opt/stack/placement/placement/requestlog.py:55}}
Oct 04 20:42:05.614236 n-d-852085-12 devstack@placement-api.service[108708]: INFO placement.requestlog [req-ca629f8f-f0fa-4aff-8c9f-c0b23328930f req-65f532e5-ae4e-4a31-a761-e8f0057f61ff service placement] 10.222.0.85 "GET /placement/allocations/9d42994f-e35e-413c-a0a3-14bb3878e209" status: 200 len: 259 microversion: 1.28
Oct 04 20:42:05.615874 n-d-852085-12 devstack@placement-api.service[108708]: [pid: 108708|app: 0|req: 302/587] 10.222.0.85 () {60 vars in 1377 bytes} [Tue Oct 4 20:42:05 2022] GET /placement/allocations/9d42994f-e35e-413c-a0a3-14bb3878e209 => generated 259 bytes in 47 msecs (HTTP/1.1 200) 8 headers in 296 bytes (1 switches on core 0)
Oct 04 20:42:05.877250 n-d-852085-12 devstack@placement-api.service[108707]: DEBUG placement.requestlog [req-ca629f8f-f0fa-4aff-8c9f-c0b23328930f req-812b8722-4be6-45ca-a0de-dd7dad4df01e None None] Starting request: 10.222.0.85 "DELETE /placement/allocations/1caeb3c7-b999-4f0c-bee2-f072b9c00336" {{(pid=108707) __call__ /opt/stack/placement/placement/requestlog.py:55}}
Oct 04 20:42:06.269796 n-d-852085-12 devstack@placement-api.service[108707]: DEBUG placement.handlers.allocation [req-ca629f8f-f0fa-4aff-8c9f-c0b23328930f req-812b8722-4be6-45ca-a0de-dd7dad4df01e service placement] Successfully deleted allocations [, , ] {{(pid=108707) delete_allocations /opt/stack/placement/placement/handlers/allocation.py:627}}
Oct 04 20:42:06.270746 n-d-852085-12 devstack@placement-api.service[108707]: INFO placement.requestlog [req-ca629f8f-f0fa-4aff-8c9f-c0b23328930f req-812b8722-4be6-45ca-a0de-dd7dad4df01e service placement] 10.222.0.85 "DELETE /placement/allocations/1caeb3c7-b999-4f0c-bee2-f072b9c00336" status: 204 len: 0 microversion: 1.0
Oct 04 20:42:06.272551 n-d-852085-12 devstack@placement-api.service[108707]: [pid: 108707|app: 0|req: 286/588] 10.222.0.85 () {60 vars in 1355 bytes} [Tue Oct 4 20:42:05 2022] DELETE /placement/allocations/1caeb3c7-b999-4f0c-bee2-f072b9c00336 => generated 0 bytes in 396 msecs (HTTP/1.1 204) 5 headers in 198 bytes (1 switches on core 0)
Oct 04 20:42:14.099574 n-d-852085-12 devstack@placement-api.service[108708]: DEBUG placement.requestlog [None req-d6c80f4a-11f6-4c92-8cb6-583de9900ef8 None None] Starting request: 10.222.0.78 "GET /placement/resource_providers/6d776888-77d6-4bb2-a233-e68b1482ccd8/aggregates" {{(pid=108708) __call__ /opt/stack/placement/placement/requestlog.py:55}}
Oct 04 20:42:15.166479 n-d-852085-12 devstack@placement-api.service[108708]: INFO placement.requestlog [None req-d6c80f4a-11f6-4c92-8cb6-583de9900ef8 service placement] 10.222.0.78 "GET /placement/resource_providers/6d776888-77d6-4bb2-a233-e68b1482ccd8/aggregates" status: 404 len: 235 microversion: 1.1
Oct 04 20:42:15.170643 n-d-852085-12 devstack@placement-api.service[108708]: [pid: 108708|app: 0|req: 303/589] 10.222.0.78 () {58 vars in 1362 bytes} [Tue Oct 4 20:42:14 2022] GET /placement/resource_providers/6d776888-77d6-4bb2-a233-e68b1482ccd8/aggregates => generated 235 bytes in 1072 msecs (HTTP/1.1 404) 5 headers in 202 bytes (1 switches on core 0)
Oct 04 20:42:15.268885 n-d-852085-12 devstack@placement-api.service[108707]: DEBUG placement.requestlog [None req-e6d97115-0f94-4c07-93dd-dbdba4c29ae8 None None] Starting request: 10.222.0.78 "DELETE /placement/resource_providers/6d776888-77d6-4bb2-a233-e68b1482ccd8" {{(pid=108707) __call__ /opt/stack/placement/placement/requestlog.py:55}}
Oct 04 20:42:15.310648 n-d-852085-12 devstack@placement-api.service[108707]: DEBUG placement.wsgi_wrapper [None req-e6d97115-0f94-4c07-93dd-dbdba4c29ae8 service placement] Placement API returning an error response: No resource provider with uuid 6d776888-77d6-4bb2-a233-e68b1482ccd8 found for delete {{(pid=108707) call_func /opt/stack/placement/placement/wsgi_wrapper.py:31}}
Oct 04 20:42:15.319705 n-d-852085-12 devstack@placement-api.service[108707]: INFO placement.requestlog [None req-e6d97115-0f94-4c07-93dd-dbdba4c29ae8 service placement] 10.222.0.78 "DELETE /placement/resource_providers/6d776888-77d6-4bb2-a233-e68b1482ccd8" status: 404 len: 246 microversion: 1.1
Oct 04 20:42:15.320348 n-d-852085-12 devstack@placement-api.service[108707]: [pid: 108707|app: 0|req: 287/590] 10.222.0.78 () {60 vars in 1351 bytes} [Tue Oct 4 20:42:15 2022] DELETE /placement/resource_providers/6d776888-77d6-4bb2-a233-e68b1482ccd8 => generated 246 bytes in 52 msecs (HTTP/1.1 404) 6 headers in 231 bytes (1 switches on core 0)
Oct 04 20:42:20.031104 n-d-852085-12 devstack@placement-api.service[108708]: DEBUG placement.requestlog [req-a4148b23-d05b-4b4a-b566-d51362f75a8c req-7373f63d-8ea5-4e6a-b45f-c017fb4f38b8 None None] Starting request: 10.222.0.78 "GET /placement/allocation_candidates?resources=DISK_GB%3A1%2CMEMORY_MB%3A1024%2CVCPU%3A1&root_required=%21COMPUTE_STATUS_DISABLED" {{(pid=108708) __call__ /opt/stack/placement/placement/requestlog.py:55}}
Oct 04 20:42:20.339227 n-d-852085-12 devstack@placement-api.service[108708]: DEBUG placement.objects.research_context [req-a4148b23-d05b-4b4a-b566-d51362f75a8c req-7373f63d-8ea5-4e6a-b45f-c017fb4f38b8 service placement] getting providers with 1 DISK_GB {{(pid=108708) __init__ /opt/stack/placement/placement/objects/research_context.py:136}}
Oct 04 20:42:20.368780 n-d-852085-12 devstack@placement-api.service[108708]: DEBUG placement.objects.research_context [req-a4148b23-d05b-4b4a-b566-d51362f75a8c req-7373f63d-8ea5-4e6a-b45f-c017fb4f38b8 service placement] getting providers with 1024 MEMORY_MB {{(pid=108708) __init__ /opt/stack/placement/placement/objects/research_context.py:136}}
Oct 04 20:42:20.382270 n-d-852085-12 devstack@placement-api.service[108708]: DEBUG placement.objects.research_context [req-a4148b23-d05b-4b4a-b566-d51362f75a8c req-7373f63d-8ea5-4e6a-b45f-c017fb4f38b8 service placement] getting providers with 1 VCPU {{(pid=108708) __init__ /opt/stack/placement/placement/objects/research_context.py:136}}
Oct 04 20:42:20.444078 n-d-852085-12 devstack@placement-api.service[108708]: DEBUG placement.objects.research_context [req-a4148b23-d05b-4b4a-b566-d51362f75a8c req-7373f63d-8ea5-4e6a-b45f-c017fb4f38b8 service placement] found 2 providers with available 1 DISK_GB {{(pid=108708) get_provider_ids_matching /opt/stack/placement/placement/objects/research_context.py:563}}
Oct 04 20:42:20.444595 n-d-852085-12 devstack@placement-api.service[108708]: DEBUG placement.objects.research_context [req-a4148b23-d05b-4b4a-b566-d51362f75a8c req-7373f63d-8ea5-4e6a-b45f-c017fb4f38b8 service placement] found 2 providers with available 1024 MEMORY_MB {{(pid=108708) get_provider_ids_matching /opt/stack/placement/placement/objects/research_context.py:563}}
Oct 04 20:42:20.445196 n-d-852085-12 devstack@placement-api.service[108708]: DEBUG placement.objects.research_context [req-a4148b23-d05b-4b4a-b566-d51362f75a8c req-7373f63d-8ea5-4e6a-b45f-c017fb4f38b8 service placement] found 2 providers after filtering by previous result {{(pid=108708) get_provider_ids_matching /opt/stack/placement/placement/objects/research_context.py:594}}
Oct 04 20:42:20.445575 n-d-852085-12 devstack@placement-api.service[108708]: DEBUG placement.objects.research_context [req-a4148b23-d05b-4b4a-b566-d51362f75a8c req-7373f63d-8ea5-4e6a-b45f-c017fb4f38b8 service placement] found 2 providers with available 1 VCPU {{(pid=108708) get_provider_ids_matching /opt/stack/placement/placement/objects/research_context.py:563}}
Oct 04 20:42:20.446054 n-d-852085-12 devstack@placement-api.service[108708]: DEBUG placement.objects.research_context [req-a4148b23-d05b-4b4a-b566-d51362f75a8c req-7373f63d-8ea5-4e6a-b45f-c017fb4f38b8 service placement] found 2 providers after filtering by previous result {{(pid=108708) get_provider_ids_matching /opt/stack/placement/placement/objects/research_context.py:594}}
Oct 04 20:42:20.507310 n-d-852085-12 devstack@placement-api.service[108708]: DEBUG placement.objects.allocation_candidate [req-a4148b23-d05b-4b4a-b566-d51362f75a8c req-7373f63d-8ea5-4e6a-b45f-c017fb4f38b8 service placement] RequestGroup(use_same_provider=False, resources={DISK_GB:1, MEMORY_MB:1024, VCPU:1}, traits=(), aggregates=[]) (suffix '') returned 2 matches {{(pid=108708) _get_by_requests /opt/stack/placement/placement/objects/allocation_candidate.py:156}}
Oct 04 20:42:20.521430 n-d-852085-12 devstack@placement-api.service[108708]: DEBUG placement.objects.allocation_candidate [req-a4148b23-d05b-4b4a-b566-d51362f75a8c req-7373f63d-8ea5-4e6a-b45f-c017fb4f38b8 service placement] Merging candidates yields 2 allocation requests and 2 provider summaries {{(pid=108708) _merge_candidates /opt/stack/placement/placement/objects/allocation_candidate.py:809}}
Oct 04 20:42:20.527031 n-d-852085-12 devstack@placement-api.service[108708]: INFO placement.requestlog [req-a4148b23-d05b-4b4a-b566-d51362f75a8c req-7373f63d-8ea5-4e6a-b45f-c017fb4f38b8 service placement] 10.222.0.78 "GET /placement/allocation_candidates?resources=DISK_GB%3A1%2CMEMORY_MB%3A1024%2CVCPU%3A1&root_required=%21COMPUTE_STATUS_DISABLED" status: 200 len: 1309 microversion: 1.36
Oct 04 20:42:20.564884 n-d-852085-12 devstack@placement-api.service[108708]: [pid: 108708|app: 0|req: 304/591] 10.222.0.78 () {60 vars in 1484 bytes} [Tue Oct 4 20:42:20 2022] GET /placement/allocation_candidates?resources=DISK_GB%3A1%2CMEMORY_MB%3A1024%2CVCPU%3A1&root_required=%21COMPUTE_STATUS_DISABLED => generated 1309 bytes in 499 msecs (HTTP/1.1 200) 8 headers in 297 bytes (1 switches on core 0)
Oct 04 20:42:20.807764 n-d-852085-12 devstack@placement-api.service[108707]: DEBUG placement.requestlog [req-a4148b23-d05b-4b4a-b566-d51362f75a8c req-218b64d7-dbea-4efb-a4c4-da75e7be34f7 None None] Starting request: 10.222.0.78 "GET /placement/allocations/62a318d1-22e6-4b7f-ae3b-e460e3ef8a6d" {{(pid=108707) __call__ /opt/stack/placement/placement/requestlog.py:55}}
Oct 04 20:42:20.872065 n-d-852085-12 devstack@placement-api.service[108707]: INFO placement.requestlog [req-a4148b23-d05b-4b4a-b566-d51362f75a8c req-218b64d7-dbea-4efb-a4c4-da75e7be34f7 service placement] 10.222.0.78 "GET /placement/allocations/62a318d1-22e6-4b7f-ae3b-e460e3ef8a6d" status: 200 len: 19 microversion: 1.28
Oct 04 20:42:20.879673 n-d-852085-12 devstack@placement-api.service[108707]: [pid: 108707|app: 0|req: 288/592] 10.222.0.78 () {60 vars in 1380 bytes} [Tue Oct 4 20:42:20 2022] GET /placement/allocations/62a318d1-22e6-4b7f-ae3b-e460e3ef8a6d => generated 19 bytes in 72 msecs (HTTP/1.1 200) 8 headers in 295 bytes (1 switches on core 0)
Oct 04 20:42:20.887922 n-d-852085-12 devstack@placement-api.service[108708]: DEBUG placement.requestlog [req-a4148b23-d05b-4b4a-b566-d51362f75a8c req-6ceca865-6bb0-4231-8b57-b4a6e9ee9d7a None None] Starting request: 10.222.0.78 "PUT /placement/allocations/62a318d1-22e6-4b7f-ae3b-e460e3ef8a6d" {{(pid=108708) __call__ /opt/stack/placement/placement/requestlog.py:55}}
Oct 04 20:42:21.665458 n-d-852085-12 devstack@placement-api.service[108708]: DEBUG placement.handlers.allocation [req-a4148b23-d05b-4b4a-b566-d51362f75a8c req-6ceca865-6bb0-4231-8b57-b4a6e9ee9d7a service placement] Successfully wrote allocations [, , ] {{(pid=108708) _update_consumers_and_create_allocations /opt/stack/placement/placement/handlers/allocation.py:462}}
Oct 04 20:42:21.836198 n-d-852085-12 devstack@placement-api.service[108708]: INFO placement.requestlog [req-a4148b23-d05b-4b4a-b566-d51362f75a8c req-6ceca865-6bb0-4231-8b57-b4a6e9ee9d7a service placement] 10.222.0.78 "PUT /placement/allocations/62a318d1-22e6-4b7f-ae3b-e460e3ef8a6d" status: 204 len: 0 microversion: 1.36
Oct 04 20:42:21.847185 n-d-852085-12 devstack@placement-api.service[108708]: [pid: 108708|app: 0|req: 305/593] 10.222.0.78 () {64 vars in 1433 bytes} [Tue Oct 4 20:42:20 2022] PUT /placement/allocations/62a318d1-22e6-4b7f-ae3b-e460e3ef8a6d => generated 0 bytes in 950 msecs (HTTP/1.1 204) 5 headers in 199 bytes (2 switches on core 0)
Oct 04 20:42:24.303979 n-d-852085-12 devstack@placement-api.service[108707]: DEBUG placement.requestlog [req-a4148b23-d05b-4b4a-b566-d51362f75a8c req-03a1d7f8-cb45-4912-8233-07920c85d04c None None] Starting request: 10.222.0.83 "GET /placement/allocations/62a318d1-22e6-4b7f-ae3b-e460e3ef8a6d" {{(pid=108707) __call__ /opt/stack/placement/placement/requestlog.py:55}}
Oct 04 20:42:24.428066 n-d-852085-12 devstack@placement-api.service[108707]: INFO placement.requestlog [req-a4148b23-d05b-4b4a-b566-d51362f75a8c req-03a1d7f8-cb45-4912-8233-07920c85d04c service placement] 10.222.0.83 "GET /placement/allocations/62a318d1-22e6-4b7f-ae3b-e460e3ef8a6d" status: 200 len: 259 microversion: 1.28
Oct 04 20:42:24.440840 n-d-852085-12 devstack@placement-api.service[108707]: [pid: 108707|app: 0|req: 289/594] 10.222.0.83 () {60 vars in 1377 bytes} [Tue Oct 4 20:42:24 2022] GET /placement/allocations/62a318d1-22e6-4b7f-ae3b-e460e3ef8a6d => generated 259 bytes in 137 msecs (HTTP/1.1 200) 8 headers in 296 bytes (1 switches on core 0)
Oct 04 20:42:25.720773 n-d-852085-12 devstack@placement-api.service[108708]: DEBUG placement.requestlog [req-a4148b23-d05b-4b4a-b566-d51362f75a8c req-60f20c01-d26c-419d-a3cf-b9c23925f1fc None None] Starting request: 10.222.0.83 "GET /placement/resource_providers/b1c34a6c-91bc-49c5-a37e-abb8cb176c96/allocations" {{(pid=108708) __call__ /opt/stack/placement/placement/requestlog.py:55}}
Oct 04 20:42:25.897074 n-d-852085-12 devstack@placement-api.service[108708]: INFO placement.requestlog [req-a4148b23-d05b-4b4a-b566-d51362f75a8c req-60f20c01-d26c-419d-a3cf-b9c23925f1fc service placement] 10.222.0.83 "GET /placement/resource_providers/b1c34a6c-91bc-49c5-a37e-abb8cb176c96/allocations" status: 200 len: 457 microversion: 1.0
Oct 04 20:42:25.904323 n-d-852085-12 devstack@placement-api.service[108708]: [pid: 108708|app: 0|req: 306/595] 10.222.0.83 () {58 vars in 1390 bytes} [Tue Oct 4 20:42:25 2022] GET /placement/resource_providers/b1c34a6c-91bc-49c5-a37e-abb8cb176c96/allocations => generated 457 bytes in 185 msecs (HTTP/1.1 200) 6 headers in 224 bytes (1 switches on core 0)
Oct 04 20:42:25.912782 n-d-852085-12 devstack@placement-api.service[108707]: DEBUG placement.requestlog [req-a4148b23-d05b-4b4a-b566-d51362f75a8c req-d9fce3b5-dafa-498e-b8c0-3fe4b68af6da None None] Starting request: 10.222.0.83 "GET /placement/allocations/ad3b28cc-8307-4f7a-889b-ab08d068ec0e" {{(pid=108707) __call__ /opt/stack/placement/placement/requestlog.py:55}}
Oct 04 20:42:25.968224 n-d-852085-12 devstack@placement-api.service[108707]: INFO placement.requestlog [req-a4148b23-d05b-4b4a-b566-d51362f75a8c req-d9fce3b5-dafa-498e-b8c0-3fe4b68af6da service placement] 10.222.0.83 "GET /placement/allocations/ad3b28cc-8307-4f7a-889b-ab08d068ec0e" status: 200 len: 259 microversion: 1.28
Oct 04 20:42:25.970020 n-d-852085-12 devstack@placement-api.service[108707]: [pid: 108707|app: 0|req: 290/596] 10.222.0.83 () {60 vars in 1377 bytes} [Tue Oct 4 20:42:25 2022] GET /placement/allocations/ad3b28cc-8307-4f7a-889b-ab08d068ec0e => generated 259 bytes in 58 msecs (HTTP/1.1 200) 8 headers in 296 bytes (1 switches on core 0)
Oct 04 20:42:25.990224 n-d-852085-12 devstack@placement-api.service[108708]: DEBUG placement.requestlog [req-a4148b23-d05b-4b4a-b566-d51362f75a8c req-8afa135e-1918-46de-85d8-4f3778e80677 None None] Starting request: 10.222.0.83 "GET /placement/allocations/bd64c084-10af-4b12-bdd9-ef53866be364" {{(pid=108708) __call__ /opt/stack/placement/placement/requestlog.py:55}}
Oct 04 20:42:26.067944 n-d-852085-12 devstack@placement-api.service[108708]: INFO placement.requestlog [req-a4148b23-d05b-4b4a-b566-d51362f75a8c req-8afa135e-1918-46de-85d8-4f3778e80677 service placement] 10.222.0.83 "GET /placement/allocations/bd64c084-10af-4b12-bdd9-ef53866be364" status: 200 len: 259 microversion: 1.28
