Oct 04 20:32:05.869832 n-d-852085-12 devstack@placement-api.service[108708]: DEBUG placement.objects.resource_provider [req-c4423141-b480-4cfb-8429-2d11ceca6fd6 req-612e48aa-70f8-4f5b-91f6-0fb9b5d61c4e service placement] Setting aggregates for provider b1c34a6c-91bc-49c5-a37e-abb8cb176c96. Successfully disassociated aggregate 48d6a053-6060-48de-8f16-e1e3b29696e2. {{(pid=108708) _set_aggregates /opt/stack/placement/placement/objects/resource_provider.py:404}}
Oct 04 20:32:05.890523 n-d-852085-12 devstack@placement-api.service[108707]: INFO placement.requestlog [None req-e8b9137f-518f-4fcd-b14c-983e6a3b7e52 service placement] 10.222.0.78 "GET /placement/resource_providers/053dc40e-5ee3-4f16-ad11-3c433f60c0e2/aggregates" status: 404 len: 235 microversion: 1.1
Oct 04 20:32:05.905348 n-d-852085-12 devstack@placement-api.service[108707]: [pid: 108707|app: 0|req: 49/98] 10.222.0.78 () {58 vars in 1362 bytes} [Tue Oct 4 20:32:05 2022] GET /placement/resource_providers/053dc40e-5ee3-4f16-ad11-3c433f60c0e2/aggregates => generated 235 bytes in 64 msecs (HTTP/1.1 404) 5 headers in 202 bytes (1 switches on core 0)
Oct 04 20:32:05.906522 n-d-852085-12 devstack@placement-api.service[108707]: DEBUG placement.requestlog [None req-5bb32ef8-88d8-4e71-bb8b-47819dff3a6d None None] Starting request: 10.222.0.78 "DELETE /placement/resource_providers/053dc40e-5ee3-4f16-ad11-3c433f60c0e2" {{(pid=108707) __call__ /opt/stack/placement/placement/requestlog.py:55}}
Oct 04 20:32:05.957132 n-d-852085-12 devstack@placement-api.service[108708]: INFO placement.requestlog [req-c4423141-b480-4cfb-8429-2d11ceca6fd6 req-612e48aa-70f8-4f5b-91f6-0fb9b5d61c4e service placement] 10.222.0.78 "PUT /placement/resource_providers/b1c34a6c-91bc-49c5-a37e-abb8cb176c96/aggregates" status: 200 len: 54 microversion: 1.19
Oct 04 20:32:05.964187 n-d-852085-12 devstack@placement-api.service[108708]: [pid: 108708|app: 0|req: 50/99] 10.222.0.78 () {64 vars in 1477 bytes} [Tue Oct 4 20:32:05 2022] PUT /placement/resource_providers/b1c34a6c-91bc-49c5-a37e-abb8cb176c96/aggregates => generated 54 bytes in 176 msecs (HTTP/1.1 200) 8 headers in 295 bytes (1 switches on core 0)
Oct 04 20:32:05.965930 n-d-852085-12 devstack@placement-api.service[108707]: DEBUG placement.wsgi_wrapper [None req-5bb32ef8-88d8-4e71-bb8b-47819dff3a6d service placement] Placement API returning an error response: No resource provider with uuid 053dc40e-5ee3-4f16-ad11-3c433f60c0e2 found for delete {{(pid=108707) call_func /opt/stack/placement/placement/wsgi_wrapper.py:31}}
Oct 04 20:32:05.968337 n-d-852085-12 devstack@placement-api.service[108707]: INFO placement.requestlog [None req-5bb32ef8-88d8-4e71-bb8b-47819dff3a6d service placement] 10.222.0.78 "DELETE /placement/resource_providers/053dc40e-5ee3-4f16-ad11-3c433f60c0e2" status: 404 len: 246 microversion: 1.1
Oct 04 20:32:05.969232 n-d-852085-12 devstack@placement-api.service[108707]: [pid: 108707|app: 0|req: 50/100] 10.222.0.78 () {60 vars in 1351 bytes} [Tue Oct 4 20:32:05 2022] DELETE /placement/resource_providers/053dc40e-5ee3-4f16-ad11-3c433f60c0e2 => generated 246 bytes in 63 msecs (HTTP/1.1 404) 6 headers in 231 bytes (1 switches on core 0)
Oct 04 20:32:06.599879 n-d-852085-12 devstack@placement-api.service[108708]: DEBUG placement.requestlog [req-38811c87-391d-4090-bf73-f9f45e0c480e req-19e18485-4a13-448d-8096-75c6738ca447 None None] Starting request: 10.222.0.83 "GET /placement/resource_providers/b1c34a6c-91bc-49c5-a37e-abb8cb176c96/allocations" {{(pid=108708) __call__ /opt/stack/placement/placement/requestlog.py:55}}
Oct 04 20:32:06.664168 n-d-852085-12 devstack@placement-api.service[108708]: INFO placement.requestlog [req-38811c87-391d-4090-bf73-f9f45e0c480e req-19e18485-4a13-448d-8096-75c6738ca447 service placement] 10.222.0.83 "GET /placement/resource_providers/b1c34a6c-91bc-49c5-a37e-abb8cb176c96/allocations" status: 200 len: 154 microversion: 1.0
Oct 04 20:32:06.664923 n-d-852085-12 devstack@placement-api.service[108708]: [pid: 108708|app: 0|req: 51/101] 10.222.0.83 () {58 vars in 1390 bytes} [Tue Oct 4 20:32:06 2022] GET /placement/resource_providers/b1c34a6c-91bc-49c5-a37e-abb8cb176c96/allocations => generated 154 bytes in 66 msecs (HTTP/1.1 200) 6 headers in 224 bytes (1 switches on core 0)
Oct 04 20:32:06.672124 n-d-852085-12 devstack@placement-api.service[108707]: DEBUG placement.requestlog [req-38811c87-391d-4090-bf73-f9f45e0c480e req-459938c6-00b4-46af-8df1-e750ba2a9aa2 None None] Starting request: 10.222.0.83 "GET /placement/allocations/c47fee7a-3d2d-4741-a563-feaba1355fd2" {{(pid=108707) __call__ /opt/stack/placement/placement/requestlog.py:55}}
Oct 04 20:32:06.710478 n-d-852085-12 devstack@placement-api.service[108707]: INFO placement.requestlog [req-38811c87-391d-4090-bf73-f9f45e0c480e req-459938c6-00b4-46af-8df1-e750ba2a9aa2 service placement] 10.222.0.83 "GET /placement/allocations/c47fee7a-3d2d-4741-a563-feaba1355fd2" status: 200 len: 259 microversion: 1.28
Oct 04 20:32:06.716951 n-d-852085-12 devstack@placement-api.service[108707]: [pid: 108707|app: 0|req: 51/102] 10.222.0.83 () {60 vars in 1377 bytes} [Tue Oct 4 20:32:06 2022] GET /placement/allocations/c47fee7a-3d2d-4741-a563-feaba1355fd2 => generated 259 bytes in 40 msecs (HTTP/1.1 200) 8 headers in 296 bytes (2 switches on core 0)
Oct 04 20:32:07.081539 n-d-852085-12 devstack@placement-api.service[108708]: DEBUG placement.requestlog [req-042b2163-33ba-4d96-ab37-87451d661e34 req-29d963ac-50b2-4536-88fc-28eedeec8cd9 None None] Starting request: 10.222.0.78 "GET /placement/resource_providers?name=n-h1-852085-12" {{(pid=108708) __call__ /opt/stack/placement/placement/requestlog.py:55}}
Oct 04 20:32:07.110391 n-d-852085-12 devstack@placement-api.service[108708]: INFO placement.requestlog [req-042b2163-33ba-4d96-ab37-87451d661e34 req-29d963ac-50b2-4536-88fc-28eedeec8cd9 service placement] 10.222.0.78 "GET /placement/resource_providers?name=n-h1-852085-12" status: 200 len: 442 microversion: 1.0
Oct 04 20:32:07.113170 n-d-852085-12 devstack@placement-api.service[108708]: [pid: 108708|app: 0|req: 52/103] 10.222.0.78 () {58 vars in 1276 bytes} [Tue Oct 4 20:32:07 2022] GET /placement/resource_providers?name=n-h1-852085-12 => generated 442 bytes in 32 msecs (HTTP/1.1 200) 6 headers in 224 bytes (1 switches on core 0)
Oct 04 20:32:07.133681 n-d-852085-12 devstack@placement-api.service[108707]: DEBUG placement.requestlog [req-042b2163-33ba-4d96-ab37-87451d661e34 req-74ce67a5-b373-4e7b-93de-c7633b79bd92 None None] Starting request: 10.222.0.78 "GET /placement/resource_providers/b1c34a6c-91bc-49c5-a37e-abb8cb176c96/aggregates" {{(pid=108707) __call__ /opt/stack/placement/placement/requestlog.py:55}}
Oct 04 20:32:07.166071 n-d-852085-12 devstack@placement-api.service[108707]: INFO placement.requestlog [req-042b2163-33ba-4d96-ab37-87451d661e34 req-74ce67a5-b373-4e7b-93de-c7633b79bd92 service placement] 10.222.0.78 "GET /placement/resource_providers/b1c34a6c-91bc-49c5-a37e-abb8cb176c96/aggregates" status: 200 len: 54 microversion: 1.19
Oct 04 20:32:07.168783 n-d-852085-12 devstack@placement-api.service[108707]: [pid: 108707|app: 0|req: 52/104] 10.222.0.78 () {60 vars in 1425 bytes} [Tue Oct 4 20:32:07 2022] GET /placement/resource_providers/b1c34a6c-91bc-49c5-a37e-abb8cb176c96/aggregates => generated 54 bytes in 36 msecs (HTTP/1.1 200) 8 headers in 295 bytes (1 switches on core 0)
Oct 04 20:32:07.180820 n-d-852085-12 devstack@placement-api.service[108708]: DEBUG placement.requestlog [req-042b2163-33ba-4d96-ab37-87451d661e34 req-902575c2-b692-461e-a4a7-52d62c6b8eca None None] Starting request: 10.222.0.78 "PUT /placement/resource_providers/b1c34a6c-91bc-49c5-a37e-abb8cb176c96/aggregates" {{(pid=108708) __call__ /opt/stack/placement/placement/requestlog.py:55}}
Oct 04 20:32:07.293571 n-d-852085-12 devstack@placement-api.service[108708]: DEBUG placement.objects.resource_provider [req-042b2163-33ba-4d96-ab37-87451d661e34 req-902575c2-b692-461e-a4a7-52d62c6b8eca service placement] _ensure_aggregate() did not find aggregate 6215c7a3-409b-4512-ba64-55644720f98e. Attempting to create it. {{(pid=108708) _ensure_aggregate /opt/stack/placement/placement/objects/resource_provider.py:321}}
Oct 04 20:32:07.296475 n-d-852085-12 devstack@placement-api.service[108708]: DEBUG placement.objects.resource_provider [req-042b2163-33ba-4d96-ab37-87451d661e34 req-902575c2-b692-461e-a4a7-52d62c6b8eca service placement] _ensure_aggregate() created new aggregate 6215c7a3-409b-4512-ba64-55644720f98e (id=6). {{(pid=108708) _ensure_aggregate /opt/stack/placement/placement/objects/resource_provider.py:327}}
Oct 04 20:32:07.316604 n-d-852085-12 devstack@placement-api.service[108708]: DEBUG placement.objects.resource_provider [req-042b2163-33ba-4d96-ab37-87451d661e34 req-902575c2-b692-461e-a4a7-52d62c6b8eca service placement] Setting aggregates for provider b1c34a6c-91bc-49c5-a37e-abb8cb176c96. Successfully associated aggregate 6215c7a3-409b-4512-ba64-55644720f98e. {{(pid=108708) _set_aggregates /opt/stack/placement/placement/objects/resource_provider.py:389}}
Oct 04 20:32:07.412587 n-d-852085-12 devstack@placement-api.service[108708]: INFO placement.requestlog [req-042b2163-33ba-4d96-ab37-87451d661e34 req-902575c2-b692-461e-a4a7-52d62c6b8eca service placement] 10.222.0.78 "PUT /placement/resource_providers/b1c34a6c-91bc-49c5-a37e-abb8cb176c96/aggregates" status: 200 len: 92 microversion: 1.19
Oct 04 20:32:07.413270 n-d-852085-12 devstack@placement-api.service[108708]: [pid: 108708|app: 0|req: 53/105] 10.222.0.78 () {64 vars in 1477 bytes} [Tue Oct 4 20:32:07 2022] PUT /placement/resource_providers/b1c34a6c-91bc-49c5-a37e-abb8cb176c96/aggregates => generated 92 bytes in 233 msecs (HTTP/1.1 200) 8 headers in 295 bytes (1 switches on core 0)
Oct 04 20:32:07.713595 n-d-852085-12 devstack@placement-api.service[108707]: DEBUG placement.requestlog [req-82c61d23-82f6-4703-a146-c1baee1577ef req-89e92205-7717-4c0e-a7a4-451e6450ce91 None None] Starting request: 10.222.0.78 "GET /placement/resource_providers?name=n-h1-852085-12" {{(pid=108707) __call__ /opt/stack/placement/placement/requestlog.py:55}}
Oct 04 20:32:07.746146 n-d-852085-12 devstack@placement-api.service[108707]: INFO placement.requestlog [req-82c61d23-82f6-4703-a146-c1baee1577ef req-89e92205-7717-4c0e-a7a4-451e6450ce91 service placement] 10.222.0.78 "GET /placement/resource_providers?name=n-h1-852085-12" status: 200 len: 442 microversion: 1.0
Oct 04 20:32:07.746864 n-d-852085-12 devstack@placement-api.service[108707]: [pid: 108707|app: 0|req: 53/106] 10.222.0.78 () {58 vars in 1276 bytes} [Tue Oct 4 20:32:07 2022] GET /placement/resource_providers?name=n-h1-852085-12 => generated 442 bytes in 34 msecs (HTTP/1.1 200) 6 headers in 224 bytes (1 switches on core 0)
Oct 04 20:32:07.754923 n-d-852085-12 devstack@placement-api.service[108708]: DEBUG placement.requestlog [req-82c61d23-82f6-4703-a146-c1baee1577ef req-be841513-e8ad-4348-8134-5972b4304ee5 None None] Starting request: 10.222.0.78 "GET /placement/resource_providers/b1c34a6c-91bc-49c5-a37e-abb8cb176c96/aggregates" {{(pid=108708) __call__ /opt/stack/placement/placement/requestlog.py:55}}
Oct 04 20:32:07.781502 n-d-852085-12 devstack@placement-api.service[108708]: INFO placement.requestlog [req-82c61d23-82f6-4703-a146-c1baee1577ef req-be841513-e8ad-4348-8134-5972b4304ee5 service placement] 10.222.0.78 "GET /placement/resource_providers/b1c34a6c-91bc-49c5-a37e-abb8cb176c96/aggregates" status: 200 len: 92 microversion: 1.19
Oct 04 20:32:07.792871 n-d-852085-12 devstack@placement-api.service[108708]: [pid: 108708|app: 0|req: 54/107] 10.222.0.78 () {60 vars in 1425 bytes} [Tue Oct 4 20:32:07 2022] GET /placement/resource_providers/b1c34a6c-91bc-49c5-a37e-abb8cb176c96/aggregates => generated 92 bytes in 38 msecs (HTTP/1.1 200) 8 headers in 295 bytes (1 switches on core 0)
Oct 04 20:32:07.795453 n-d-852085-12 devstack@placement-api.service[108707]: DEBUG placement.requestlog [req-82c61d23-82f6-4703-a146-c1baee1577ef req-8f12c0e7-a8b0-47b2-b915-fb22f917df17 None None] Starting request: 10.222.0.78 "PUT /placement/resource_providers/b1c34a6c-91bc-49c5-a37e-abb8cb176c96/aggregates" {{(pid=108707) __call__ /opt/stack/placement/placement/requestlog.py:55}}
Oct 04 20:32:07.809933 n-d-852085-12 devstack@placement-api.service[108707]: DEBUG dbcounter [-] [108707] Writing DB stats placement:SELECT=82,placement:DELETE=5,placement:INSERT=9,placement:UPDATE=4 {{(pid=108707) stat_writer /usr/local/lib/python3.8/dist-packages/dbcounter.py:114}}
Oct 04 20:32:07.866897 n-d-852085-12 devstack@placement-api.service[108707]: DEBUG placement.objects.resource_provider [req-82c61d23-82f6-4703-a146-c1baee1577ef req-8f12c0e7-a8b0-47b2-b915-fb22f917df17 service placement] Setting aggregates for provider b1c34a6c-91bc-49c5-a37e-abb8cb176c96. Successfully disassociated aggregate 6215c7a3-409b-4512-ba64-55644720f98e. {{(pid=108707) _set_aggregates /opt/stack/placement/placement/objects/resource_provider.py:404}}
Oct 04 20:32:08.036763 n-d-852085-12 devstack@placement-api.service[108707]: INFO placement.requestlog [req-82c61d23-82f6-4703-a146-c1baee1577ef req-8f12c0e7-a8b0-47b2-b915-fb22f917df17 service placement] 10.222.0.78 "PUT /placement/resource_providers/b1c34a6c-91bc-49c5-a37e-abb8cb176c96/aggregates" status: 200 len: 54 microversion: 1.19
Oct 04 20:32:08.037399 n-d-852085-12 devstack@placement-api.service[108707]: [pid: 108707|app: 0|req: 54/108] 10.222.0.78 () {64 vars in 1477 bytes} [Tue Oct 4 20:32:07 2022] PUT /placement/resource_providers/b1c34a6c-91bc-49c5-a37e-abb8cb176c96/aggregates => generated 54 bytes in 243 msecs (HTTP/1.1 200) 8 headers in 295 bytes (2 switches on core 0)
Oct 04 20:32:09.231287 n-d-852085-12 devstack@placement-api.service[108708]: DEBUG placement.requestlog [req-25b94259-3890-4059-a10b-757cd6391cd3 req-e4e556be-ae05-4e56-9660-66ab5fc224ca None None] Starting request: 10.222.0.78 "GET /placement/resource_providers?name=n-h1-852085-12" {{(pid=108708) __call__ /opt/stack/placement/placement/requestlog.py:55}}
Oct 04 20:32:09.299859 n-d-852085-12 devstack@placement-api.service[108708]: INFO placement.requestlog [req-25b94259-3890-4059-a10b-757cd6391cd3 req-e4e556be-ae05-4e56-9660-66ab5fc224ca service placement] 10.222.0.78 "GET /placement/resource_providers?name=n-h1-852085-12" status: 200 len: 442 microversion: 1.0
Oct 04 20:32:09.314056 n-d-852085-12 devstack@placement-api.service[108708]: [pid: 108708|app: 0|req: 55/109] 10.222.0.78 () {58 vars in 1276 bytes} [Tue Oct 4 20:32:09 2022] GET /placement/resource_providers?name=n-h1-852085-12 => generated 442 bytes in 83 msecs (HTTP/1.1 200) 6 headers in 224 bytes (1 switches on core 0)
Oct 04 20:32:09.316553 n-d-852085-12 devstack@placement-api.service[108707]: DEBUG placement.requestlog [req-25b94259-3890-4059-a10b-757cd6391cd3 req-c0765616-5276-4cf5-a368-ca320a3f9bea None None] Starting request: 10.222.0.78 "GET /placement/resource_providers/b1c34a6c-91bc-49c5-a37e-abb8cb176c96/aggregates" {{(pid=108707) __call__ /opt/stack/placement/placement/requestlog.py:55}}
Oct 04 20:32:09.377972 n-d-852085-12 devstack@placement-api.service[108707]: INFO placement.requestlog [req-25b94259-3890-4059-a10b-757cd6391cd3 req-c0765616-5276-4cf5-a368-ca320a3f9bea service placement] 10.222.0.78 "GET /placement/resource_providers/b1c34a6c-91bc-49c5-a37e-abb8cb176c96/aggregates" status: 200 len: 54 microversion: 1.19
Oct 04 20:32:09.380252 n-d-852085-12 devstack@placement-api.service[108707]: [pid: 108707|app: 0|req: 55/110] 10.222.0.78 () {60 vars in 1425 bytes} [Tue Oct 4 20:32:09 2022] GET /placement/resource_providers/b1c34a6c-91bc-49c5-a37e-abb8cb176c96/aggregates => generated 54 bytes in 64 msecs (HTTP/1.1 200) 8 headers in 295 bytes (2 switches on core 0)
Oct 04 20:32:09.400512 n-d-852085-12 devstack@placement-api.service[108708]: DEBUG placement.requestlog [req-25b94259-3890-4059-a10b-757cd6391cd3 req-d729a642-9a44-4638-8961-b38b3a14296a None None] Starting request: 10.222.0.78 "PUT /placement/resource_providers/b1c34a6c-91bc-49c5-a37e-abb8cb176c96/aggregates" {{(pid=108708) __call__ /opt/stack/placement/placement/requestlog.py:55}}
Oct 04 20:32:09.474295 n-d-852085-12 devstack@placement-api.service[108708]: DEBUG dbcounter [-] [108708] Writing DB stats placement:SELECT=86,placement:DELETE=5,placement:UPDATE=5,placement:INSERT=4 {{(pid=108708) stat_writer /usr/local/lib/python3.8/dist-packages/dbcounter.py:114}}
Oct 04 20:32:09.476039 n-d-852085-12 devstack@placement-api.service[108708]: DEBUG placement.objects.resource_provider [req-25b94259-3890-4059-a10b-757cd6391cd3 req-d729a642-9a44-4638-8961-b38b3a14296a service placement] _ensure_aggregate() did not find aggregate feb8acc6-cba8-432d-996d-561fd83d99b4. Attempting to create it. {{(pid=108708) _ensure_aggregate /opt/stack/placement/placement/objects/resource_provider.py:321}}
Oct 04 20:32:09.479855 n-d-852085-12 devstack@placement-api.service[108708]: DEBUG placement.objects.resource_provider [req-25b94259-3890-4059-a10b-757cd6391cd3 req-d729a642-9a44-4638-8961-b38b3a14296a service placement] _ensure_aggregate() created new aggregate feb8acc6-cba8-432d-996d-561fd83d99b4 (id=7). {{(pid=108708) _ensure_aggregate /opt/stack/placement/placement/objects/resource_provider.py:327}}
Oct 04 20:32:09.491243 n-d-852085-12 devstack@placement-api.service[108708]: DEBUG placement.objects.resource_provider [req-25b94259-3890-4059-a10b-757cd6391cd3 req-d729a642-9a44-4638-8961-b38b3a14296a service placement] Setting aggregates for provider b1c34a6c-91bc-49c5-a37e-abb8cb176c96. Successfully associated aggregate feb8acc6-cba8-432d-996d-561fd83d99b4. {{(pid=108708) _set_aggregates /opt/stack/placement/placement/objects/resource_provider.py:389}}
Oct 04 20:32:09.650669 n-d-852085-12 devstack@placement-api.service[108708]: INFO placement.requestlog [req-25b94259-3890-4059-a10b-757cd6391cd3 req-d729a642-9a44-4638-8961-b38b3a14296a service placement] 10.222.0.78 "PUT /placement/resource_providers/b1c34a6c-91bc-49c5-a37e-abb8cb176c96/aggregates" status: 200 len: 92 microversion: 1.19
Oct 04 20:32:09.652352 n-d-852085-12 devstack@placement-api.service[108708]: [pid: 108708|app: 0|req: 56/111] 10.222.0.78 () {64 vars in 1477 bytes} [Tue Oct 4 20:32:09 2022] PUT /placement/resource_providers/b1c34a6c-91bc-49c5-a37e-abb8cb176c96/aggregates => generated 92 bytes in 253 msecs (HTTP/1.1 200) 8 headers in 295 bytes (2 switches on core 0)
Oct 04 20:32:11.237885 n-d-852085-12 devstack@placement-api.service[108707]: DEBUG placement.requestlog [req-1c4830a7-9fd5-4da6-8185-4f3ad56e838a req-bd8b893d-50b1-40a7-a42f-5032660f2e8f None None] Starting request: 10.222.0.78 "GET /placement/resource_providers?name=n-h1-852085-12" {{(pid=108707) __call__ /opt/stack/placement/placement/requestlog.py:55}}
Oct 04 20:32:11.302135 n-d-852085-12 devstack@placement-api.service[108707]: INFO placement.requestlog [req-1c4830a7-9fd5-4da6-8185-4f3ad56e838a req-bd8b893d-50b1-40a7-a42f-5032660f2e8f service placement] 10.222.0.78 "GET /placement/resource_providers?name=n-h1-852085-12" status: 200 len: 442 microversion: 1.0
Oct 04 20:32:11.302906 n-d-852085-12 devstack@placement-api.service[108707]: [pid: 108707|app: 0|req: 56/112] 10.222.0.78 () {58 vars in 1276 bytes} [Tue Oct 4 20:32:11 2022] GET /placement/resource_providers?name=n-h1-852085-12 => generated 442 bytes in 66 msecs (HTTP/1.1 200) 6 headers in 224 bytes (1 switches on core 0)
Oct 04 20:32:11.315619 n-d-852085-12 devstack@placement-api.service[108708]: DEBUG placement.requestlog [req-1c4830a7-9fd5-4da6-8185-4f3ad56e838a req-dddb5811-167a-4fa5-a125-682c9967a7d8 None None] Starting request: 10.222.0.78 "GET /placement/resource_providers/b1c34a6c-91bc-49c5-a37e-abb8cb176c96/aggregates" {{(pid=108708) __call__ /opt/stack/placement/placement/requestlog.py:55}}
Oct 04 20:32:11.375258 n-d-852085-12 devstack@placement-api.service[108708]: INFO placement.requestlog [req-1c4830a7-9fd5-4da6-8185-4f3ad56e838a req-dddb5811-167a-4fa5-a125-682c9967a7d8 service placement] 10.222.0.78 "GET /placement/resource_providers/b1c34a6c-91bc-49c5-a37e-abb8cb176c96/aggregates" status: 200 len: 92 microversion: 1.19
Oct 04 20:32:11.375973 n-d-852085-12 devstack@placement-api.service[108708]: [pid: 108708|app: 0|req: 57/113] 10.222.0.78 () {60 vars in 1425 bytes} [Tue Oct 4 20:32:11 2022] GET /placement/resource_providers/b1c34a6c-91bc-49c5-a37e-abb8cb176c96/aggregates => generated 92 bytes in 61 msecs (HTTP/1.1 200) 8 headers in 295 bytes (1 switches on core 0)
Oct 04 20:32:11.389411 n-d-852085-12 devstack@placement-api.service[108707]: DEBUG placement.requestlog [req-1c4830a7-9fd5-4da6-8185-4f3ad56e838a req-1faddbf9-6cf1-42d4-bcd1-5ca7bf737eeb None None] Starting request: 10.222.0.78 "PUT /placement/resource_providers/b1c34a6c-91bc-49c5-a37e-abb8cb176c96/aggregates" {{(pid=108707) __call__ /opt/stack/placement/placement/requestlog.py:55}}
Oct 04 20:32:11.476099 n-d-852085-12 devstack@placement-api.service[108707]: DEBUG placement.objects.resource_provider [req-1c4830a7-9fd5-4da6-8185-4f3ad56e838a req-1faddbf9-6cf1-42d4-bcd1-5ca7bf737eeb service placement] Setting aggregates for provider b1c34a6c-91bc-49c5-a37e-abb8cb176c96. Successfully disassociated aggregate feb8acc6-cba8-432d-996d-561fd83d99b4. {{(pid=108707) _set_aggregates /opt/stack/placement/placement/objects/resource_provider.py:404}}
Oct 04 20:32:11.643543 n-d-852085-12 devstack@placement-api.service[108707]: INFO placement.requestlog [req-1c4830a7-9fd5-4da6-8185-4f3ad56e838a req-1faddbf9-6cf1-42d4-bcd1-5ca7bf737eeb service placement] 10.222.0.78 "PUT /placement/resource_providers/b1c34a6c-91bc-49c5-a37e-abb8cb176c96/aggregates" status: 200 len: 54 microversion: 1.19
Oct 04 20:32:11.648256 n-d-852085-12 devstack@placement-api.service[108707]: [pid: 108707|app: 0|req: 57/114] 10.222.0.78 () {64 vars in 1477 bytes} [Tue Oct 4 20:32:11 2022] PUT /placement/resource_providers/b1c34a6c-91bc-49c5-a37e-abb8cb176c96/aggregates => generated 54 bytes in 260 msecs (HTTP/1.1 200) 8 headers in 295 bytes (2 switches on core 0)
Oct 04 20:32:17.158536 n-d-852085-12 devstack@placement-api.service[108708]: DEBUG placement.requestlog [req-e0ccab8c-2cc1-4a42-8b8e-f15b4b4e3085 req-f06fb366-2709-4f82-936c-2d5164b9bbcd None None] Starting request: 10.222.0.78 "GET /placement/allocation_candidates?limit=1000&resources=DISK_GB%3A1%2CMEMORY_MB%3A1024%2CVCPU%3A1&root_required=%21COMPUTE_STATUS_DISABLED" {{(pid=108708) __call__ /opt/stack/placement/placement/requestlog.py:55}}
Oct 04 20:32:17.303884 n-d-852085-12 devstack@placement-api.service[108708]: DEBUG placement.objects.research_context [req-e0ccab8c-2cc1-4a42-8b8e-f15b4b4e3085 req-f06fb366-2709-4f82-936c-2d5164b9bbcd service placement] getting providers with 1 DISK_GB {{(pid=108708) __init__ /opt/stack/placement/placement/objects/research_context.py:136}}
Oct 04 20:32:17.323435 n-d-852085-12 devstack@placement-api.service[108708]: DEBUG placement.objects.research_context [req-e0ccab8c-2cc1-4a42-8b8e-f15b4b4e3085 req-f06fb366-2709-4f82-936c-2d5164b9bbcd service placement] getting providers with 1024 MEMORY_MB {{(pid=108708) __init__ /opt/stack/placement/placement/objects/research_context.py:136}}
Oct 04 20:32:17.345827 n-d-852085-12 devstack@placement-api.service[108708]: DEBUG placement.objects.research_context [req-e0ccab8c-2cc1-4a42-8b8e-f15b4b4e3085 req-f06fb366-2709-4f82-936c-2d5164b9bbcd service placement] getting providers with 1 VCPU {{(pid=108708) __init__ /opt/stack/placement/placement/objects/research_context.py:136}}
Oct 04 20:32:17.367862 n-d-852085-12 devstack@placement-api.service[108708]: DEBUG placement.objects.research_context [req-e0ccab8c-2cc1-4a42-8b8e-f15b4b4e3085 req-f06fb366-2709-4f82-936c-2d5164b9bbcd service placement] found 2 providers with available 1 DISK_GB {{(pid=108708) get_provider_ids_matching /opt/stack/placement/placement/objects/research_context.py:563}}
Oct 04 20:32:17.371845 n-d-852085-12 devstack@placement-api.service[108708]: DEBUG placement.objects.research_context [req-e0ccab8c-2cc1-4a42-8b8e-f15b4b4e3085 req-f06fb366-2709-4f82-936c-2d5164b9bbcd service placement] found 2 providers with available 1024 MEMORY_MB {{(pid=108708) get_provider_ids_matching /opt/stack/placement/placement/objects/research_context.py:563}}
Oct 04 20:32:17.371845 n-d-852085-12 devstack@placement-api.service[108708]: DEBUG placement.objects.research_context [req-e0ccab8c-2cc1-4a42-8b8e-f15b4b4e3085 req-f06fb366-2709-4f82-936c-2d5164b9bbcd service placement] found 2 providers after filtering by previous result {{(pid=108708) get_provider_ids_matching /opt/stack/placement/placement/objects/research_context.py:594}}
Oct 04 20:32:17.371845 n-d-852085-12 devstack@placement-api.service[108708]: DEBUG placement.objects.research_context [req-e0ccab8c-2cc1-4a42-8b8e-f15b4b4e3085 req-f06fb366-2709-4f82-936c-2d5164b9bbcd service placement] found 2 providers with available 1 VCPU {{(pid=108708) get_provider_ids_matching /opt/stack/placement/placement/objects/research_context.py:563}}
Oct 04 20:32:17.371845 n-d-852085-12 devstack@placement-api.service[108708]: DEBUG placement.objects.research_context [req-e0ccab8c-2cc1-4a42-8b8e-f15b4b4e3085 req-f06fb366-2709-4f82-936c-2d5164b9bbcd service placement] found 2 providers after filtering by previous result {{(pid=108708) get_provider_ids_matching /opt/stack/placement/placement/objects/research_context.py:594}}
Oct 04 20:32:17.411610 n-d-852085-12 devstack@placement-api.service[108708]: DEBUG placement.objects.allocation_candidate [req-e0ccab8c-2cc1-4a42-8b8e-f15b4b4e3085 req-f06fb366-2709-4f82-936c-2d5164b9bbcd service placement] RequestGroup(use_same_provider=False, resources={DISK_GB:1, MEMORY_MB:1024, VCPU:1}, traits=(), aggregates=[]) (suffix '') returned 2 matches {{(pid=108708) _get_by_requests /opt/stack/placement/placement/objects/allocation_candidate.py:156}}
Oct 04 20:32:17.412012 n-d-852085-12 devstack@placement-api.service[108708]: DEBUG placement.objects.allocation_candidate [req-e0ccab8c-2cc1-4a42-8b8e-f15b4b4e3085 req-f06fb366-2709-4f82-936c-2d5164b9bbcd service placement] Merging candidates yields 2 allocation requests and 2 provider summaries {{(pid=108708) _merge_candidates /opt/stack/placement/placement/objects/allocation_candidate.py:809}}
Oct 04 20:32:17.416387 n-d-852085-12 devstack@placement-api.service[108708]: INFO placement.requestlog [req-e0ccab8c-2cc1-4a42-8b8e-f15b4b4e3085 req-f06fb366-2709-4f82-936c-2d5164b9bbcd service placement] 10.222.0.78 "GET /placement/allocation_candidates?limit=1000&resources=DISK_GB%3A1%2CMEMORY_MB%3A1024%2CVCPU%3A1&root_required=%21COMPUTE_STATUS_DISABLED" status: 200 len: 1309 microversion: 1.36
Oct 04 20:32:17.431460 n-d-852085-12 devstack@placement-api.service[108708]: [pid: 108708|app: 0|req: 58/115] 10.222.0.78 () {60 vars in 1506 bytes} [Tue Oct 4 20:32:17 2022] GET /placement/allocation_candidates?limit=1000&resources=DISK_GB%3A1%2CMEMORY_MB%3A1024%2CVCPU%3A1&root_required=%21COMPUTE_STATUS_DISABLED => generated 1309 bytes in 273 msecs (HTTP/1.1 200) 8 headers in 297 bytes (2 switches on core 0)
Oct 04 20:32:17.577101 n-d-852085-12 devstack@placement-api.service[108707]: DEBUG placement.requestlog [req-e0ccab8c-2cc1-4a42-8b8e-f15b4b4e3085 req-059f6f84-3645-4de0-9eda-838e8603ad97 None None] Starting request: 10.222.0.78 "GET /placement/allocations/8cb8f74d-23b2-4d2b-be76-202a02a5daac" {{(pid=108707) __call__ /opt/stack/placement/placement/requestlog.py:55}}
Oct 04 20:32:17.629989 n-d-852085-12 devstack@placement-api.service[108707]: INFO placement.requestlog [req-e0ccab8c-2cc1-4a42-8b8e-f15b4b4e3085 req-059f6f84-3645-4de0-9eda-838e8603ad97 service placement] 10.222.0.78 "GET /placement/allocations/8cb8f74d-23b2-4d2b-be76-202a02a5daac" status: 200 len: 19 microversion: 1.28
Oct 04 20:32:17.633343 n-d-852085-12 devstack@placement-api.service[108707]: [pid: 108707|app: 0|req: 58/116] 10.222.0.78 () {60 vars in 1380 bytes} [Tue Oct 4 20:32:17 2022] GET /placement/allocations/8cb8f74d-23b2-4d2b-be76-202a02a5daac => generated 19 bytes in 61 msecs (HTTP/1.1 200) 8 headers in 295 bytes (2 switches on core 0)
Oct 04 20:32:17.642340 n-d-852085-12 devstack@placement-api.service[108708]: DEBUG placement.requestlog [req-e0ccab8c-2cc1-4a42-8b8e-f15b4b4e3085 req-9ae4afa2-c481-404d-b888-e7a6ef332b5f None None] Starting request: 10.222.0.78 "PUT /placement/allocations/8cb8f74d-23b2-4d2b-be76-202a02a5daac" {{(pid=108708) __call__ /opt/stack/placement/placement/requestlog.py:55}}
Oct 04 20:32:18.048724 n-d-852085-12 devstack@placement-api.service[108708]: DEBUG placement.handlers.allocation [req-e0ccab8c-2cc1-4a42-8b8e-f15b4b4e3085 req-9ae4afa2-c481-404d-b888-e7a6ef332b5f service placement] Successfully wrote allocations [, , ] {{(pid=108708) _update_consumers_and_create_allocations /opt/stack/placement/placement/handlers/allocation.py:462}}
Oct 04 20:32:18.150604 n-d-852085-12 devstack@placement-api.service[108708]: INFO placement.requestlog [req-e0ccab8c-2cc1-4a42-8b8e-f15b4b4e3085 req-9ae4afa2-c481-404d-b888-e7a6ef332b5f service placement] 10.222.0.78 "PUT /placement/allocations/8cb8f74d-23b2-4d2b-be76-202a02a5daac" status: 204 len: 0 microversion: 1.36
Oct 04 20:32:18.151251 n-d-852085-12 devstack@placement-api.service[108708]: [pid: 108708|app: 0|req: 59/117] 10.222.0.78 () {64 vars in 1433 bytes} [Tue Oct 4 20:32:17 2022] PUT /placement/allocations/8cb8f74d-23b2-4d2b-be76-202a02a5daac => generated 0 bytes in 509 msecs (HTTP/1.1 204) 5 headers in 199 bytes (2 switches on core 0)
Oct 04 20:32:19.957685 n-d-852085-12 devstack@placement-api.service[108707]: DEBUG placement.requestlog [req-e0ccab8c-2cc1-4a42-8b8e-f15b4b4e3085 req-29caacd8-aeed-4a00-97f8-7cf8890bc77f None None] Starting request: 10.222.0.83 "GET /placement/allocations/8cb8f74d-23b2-4d2b-be76-202a02a5daac" {{(pid=108707) __call__ /opt/stack/placement/placement/requestlog.py:55}}
Oct 04 20:32:20.024410 n-d-852085-12 devstack@placement-api.service[108707]: INFO placement.requestlog [req-e0ccab8c-2cc1-4a42-8b8e-f15b4b4e3085 req-29caacd8-aeed-4a00-97f8-7cf8890bc77f service placement] 10.222.0.83 "GET /placement/allocations/8cb8f74d-23b2-4d2b-be76-202a02a5daac" status: 200 len: 259 microversion: 1.28
Oct 04 20:32:20.026502 n-d-852085-12 devstack@placement-api.service[108707]: [pid: 108707|app: 0|req: 59/118] 10.222.0.83 () {60 vars in 1377 bytes} [Tue Oct 4 20:32:19 2022] GET /placement/allocations/8cb8f74d-23b2-4d2b-be76-202a02a5daac => generated 259 bytes in 69 msecs (HTTP/1.1 200) 8 headers in 296 bytes (1 switches on core 0)
Oct 04 20:32:20.646006 n-d-852085-12 devstack@placement-api.service[108708]: DEBUG placement.requestlog [req-e0ccab8c-2cc1-4a42-8b8e-f15b4b4e3085 req-8458ea49-b4f5-4f87-be28-978423f7361d None None] Starting request: 10.222.0.83 "GET /placement/resource_providers/b1c34a6c-91bc-49c5-a37e-abb8cb176c96/allocations" {{(pid=108708) __call__ /opt/stack/placement/placement/requestlog.py:55}}
Oct 04 20:32:20.819872 n-d-852085-12 devstack@placement-api.service[108708]: INFO placement.requestlog [req-e0ccab8c-2cc1-4a42-8b8e-f15b4b4e3085 req-8458ea49-b4f5-4f87-be28-978423f7361d service placement] 10.222.0.83 "GET /placement/resource_providers/b1c34a6c-91bc-49c5-a37e-abb8cb176c96/allocations" status: 200 len: 255 microversion: 1.0
Oct 04 20:32:20.820847 n-d-852085-12 devstack@placement-api.service[108708]: [pid: 108708|app: 0|req: 60/119] 10.222.0.83 () {58 vars in 1390 bytes} [Tue Oct 4 20:32:20 2022] GET /placement/resource_providers/b1c34a6c-91bc-49c5-a37e-abb8cb176c96/allocations => generated 255 bytes in 176 msecs (HTTP/1.1 200) 6 headers in 224 bytes (1 switches on core 0)
Oct 04 20:32:20.828648 n-d-852085-12 devstack@placement-api.service[108707]: DEBUG placement.requestlog [req-e0ccab8c-2cc1-4a42-8b8e-f15b4b4e3085 req-9c5ea2b8-1cbc-4192-ba78-3196c213dc25 None None] Starting request: 10.222.0.83 "GET /placement/allocations/8cb8f74d-23b2-4d2b-be76-202a02a5daac" {{(pid=108707) __call__ /opt/stack/placement/placement/requestlog.py:55}}
Oct 04 20:32:20.884765 n-d-852085-12 devstack@placement-api.service[108707]: INFO placement.requestlog [req-e0ccab8c-2cc1-4a42-8b8e-f15b4b4e3085 req-9c5ea2b8-1cbc-4192-ba78-3196c213dc25 service placement] 10.222.0.83 "GET /placement/allocations/8cb8f74d-23b2-4d2b-be76-202a02a5daac" status: 200 len: 259 microversion: 1.28
Oct 04 20:32:20.885721 n-d-852085-12 devstack@placement-api.service[108707]: [pid: 108707|app: 0|req: 60/120] 10.222.0.83 () {60 vars in 1377 bytes} [Tue Oct 4 20:32:20 2022] GET /placement/allocations/8cb8f74d-23b2-4d2b-be76-202a02a5daac => generated 259 bytes in 58 msecs (HTTP/1.1 200) 8 headers in 296 bytes (1 switches on core 0)
Oct 04 20:32:20.893396 n-d-852085-12 devstack@placement-api.service[108708]: DEBUG placement.requestlog [req-e0ccab8c-2cc1-4a42-8b8e-f15b4b4e3085 req-d56c8d95-9ba4-4ec0-bb6c-eef66614e75b None None] Starting request: 10.222.0.83 "GET /placement/allocations/c47fee7a-3d2d-4741-a563-feaba1355fd2" {{(pid=108708) __call__ /opt/stack/placement/placement/requestlog.py:55}}
Oct 04 20:32:20.960557 n-d-852085-12 devstack@placement-api.service[108708]: INFO placement.requestlog [req-e0ccab8c-2cc1-4a42-8b8e-f15b4b4e3085 req-d56c8d95-9ba4-4ec0-bb6c-eef66614e75b service placement] 10.222.0.83 "GET /placement/allocations/c47fee7a-3d2d-4741-a563-feaba1355fd2" status: 200 len: 259 microversion: 1.28
Oct 04 20:32:20.964872 n-d-852085-12 devstack@placement-api.service[108708]: [pid: 108708|app: 0|req: 61/121] 10.222.0.83 () {60 vars in 1377 bytes} [Tue Oct 4 20:32:20 2022] GET /placement/allocations/c47fee7a-3d2d-4741-a563-feaba1355fd2 => generated 259 bytes in 72 msecs (HTTP/1.1 200) 8 headers in 296 bytes (2 switches on core 0)
Oct 04 20:32:30.871373 n-d-852085-12 devstack@placement-api.service[108707]: DEBUG dbcounter [-] [108707] Writing DB stats placement:SELECT=22,placement:DELETE=2,placement:UPDATE=2 {{(pid=108707) stat_writer /usr/local/lib/python3.8/dist-packages/dbcounter.py:114}}
Oct 04 20:32:30.946740 n-d-852085-12 devstack@placement-api.service[108708]: DEBUG dbcounter [-] [108708] Writing DB stats placement:INSERT=6,placement:UPDATE=3,placement:SELECT=39,placement:DELETE=2 {{(pid=108708) stat_writer /usr/local/lib/python3.8/dist-packages/dbcounter.py:114}}
Oct 04 20:32:34.076879 n-d-852085-12 devstack@placement-api.service[108707]: DEBUG placement.requestlog [None req-fd06e24c-b725-4389-9dd1-15c8e6cef24f None None] Starting request: 10.222.0.78 "GET /placement/resource_providers/c5a1ae08-1cfe-41a1-b6cc-016066825124/aggregates" {{(pid=108707) __call__ /opt/stack/placement/placement/requestlog.py:55}}
Oct 04 20:32:34.130932 n-d-852085-12 devstack@placement-api.service[108707]: INFO placement.requestlog [None req-fd06e24c-b725-4389-9dd1-15c8e6cef24f service placement] 10.222.0.78 "GET /placement/resource_providers/c5a1ae08-1cfe-41a1-b6cc-016066825124/aggregates" status: 404 len: 235 microversion: 1.1
Oct 04 20:32:34.140081 n-d-852085-12 devstack@placement-api.service[108707]: [pid: 108707|app: 0|req: 61/122] 10.222.0.78 () {58 vars in 1362 bytes} [Tue Oct 4 20:32:34 2022] GET /placement/resource_providers/c5a1ae08-1cfe-41a1-b6cc-016066825124/aggregates => generated 235 bytes in 64 msecs (HTTP/1.1 404) 5 headers in 202 bytes (2 switches on core 0)
Oct 04 20:32:34.200342 n-d-852085-12 devstack@placement-api.service[108708]: DEBUG placement.requestlog [None req-0d551149-f3b2-4e99-91d7-f85311e205eb None None] Starting request: 10.222.0.78 "DELETE /placement/resource_providers/c5a1ae08-1cfe-41a1-b6cc-016066825124" {{(pid=108708) __call__ /opt/stack/placement/placement/requestlog.py:55}}
Oct 04 20:32:34.260515 n-d-852085-12 devstack@placement-api.service[108708]: DEBUG placement.wsgi_wrapper [None req-0d551149-f3b2-4e99-91d7-f85311e205eb service placement] Placement API returning an error response: No resource provider with uuid c5a1ae08-1cfe-41a1-b6cc-016066825124 found for delete {{(pid=108708) call_func /opt/stack/placement/placement/wsgi_wrapper.py:31}}
Oct 04 20:32:34.261952 n-d-852085-12 devstack@placement-api.service[108708]: INFO placement.requestlog [None req-0d551149-f3b2-4e99-91d7-f85311e205eb service placement] 10.222.0.78 "DELETE /placement/resource_providers/c5a1ae08-1cfe-41a1-b6cc-016066825124" status: 404 len: 246 microversion: 1.1
Oct 04 20:32:34.272619 n-d-852085-12 devstack@placement-api.service[108708]: [pid: 108708|app: 0|req: 62/123] 10.222.0.78 () {60 vars in 1351 bytes} [Tue Oct 4 20:32:34 2022] DELETE /placement/resource_providers/c5a1ae08-1cfe-41a1-b6cc-016066825124 => generated 246 bytes in 73 msecs (HTTP/1.1 404) 6 headers in 231 bytes (1 switches on core 0)
Oct 04 20:32:35.484387 n-d-852085-12 devstack@placement-api.service[108707]: DEBUG placement.requestlog [req-053ec8e5-ee0d-450c-97c4-1a1282ef6534 req-c360084c-d80c-4ad8-81e9-d2f892bbb341 None None] Starting request: 10.222.0.83 "GET /placement/resource_providers/b1c34a6c-91bc-49c5-a37e-abb8cb176c96/allocations" {{(pid=108707) __call__ /opt/stack/placement/placement/requestlog.py:55}}
Oct 04 20:32:35.860379 n-d-852085-12 devstack@placement-api.service[108707]: INFO placement.requestlog [req-053ec8e5-ee0d-450c-97c4-1a1282ef6534 req-c360084c-d80c-4ad8-81e9-d2f892bbb341 service placement] 10.222.0.83 "GET /placement/resource_providers/b1c34a6c-91bc-49c5-a37e-abb8cb176c96/allocations" status: 200 len: 255 microversion: 1.0
Oct 04 20:32:35.864939 n-d-852085-12 devstack@placement-api.service[108707]: [pid: 108707|app: 0|req: 62/124] 10.222.0.83 () {58 vars in 1390 bytes} [Tue Oct 4 20:32:35 2022] GET /placement/resource_providers/b1c34a6c-91bc-49c5-a37e-abb8cb176c96/allocations => generated 255 bytes in 381 msecs (HTTP/1.1 200) 6 headers in 224 bytes (2 switches on core 0)
Oct 04 20:32:36.027026 n-d-852085-12 devstack@placement-api.service[108708]: DEBUG placement.requestlog [req-053ec8e5-ee0d-450c-97c4-1a1282ef6534 req-ac614ace-0069-4a16-8c74-97b4a07637c3 None None] Starting request: 10.222.0.83 "GET /placement/resource_providers/b1c34a6c-91bc-49c5-a37e-abb8cb176c96/allocations" {{(pid=108708) __call__ /opt/stack/placement/placement/requestlog.py:55}}
Oct 04 20:32:36.129404 n-d-852085-12 devstack@placement-api.service[108708]: INFO placement.requestlog [req-053ec8e5-ee0d-450c-97c4-1a1282ef6534 req-ac614ace-0069-4a16-8c74-97b4a07637c3 service placement] 10.222.0.83 "GET /placement/resource_providers/b1c34a6c-91bc-49c5-a37e-abb8cb176c96/allocations" status: 200 len: 255 microversion: 1.0
Oct 04 20:32:36.131200 n-d-852085-12 devstack@placement-api.service[108708]: [pid: 108708|app: 0|req: 63/125] 10.222.0.83 () {58 vars in 1390 bytes} [Tue Oct 4 20:32:36 2022] GET /placement/resource_providers/b1c34a6c-91bc-49c5-a37e-abb8cb176c96/allocations => generated 255 bytes in 105 msecs (HTTP/1.1 200) 6 headers in 224 bytes (1 switches on core 0)
Oct 04 20:32:36.139416 n-d-852085-12 devstack@placement-api.service[108707]: DEBUG placement.requestlog [req-053ec8e5-ee0d-450c-97c4-1a1282ef6534 req-78a93a87-35ed-4b7a-9443-4b738b4b552b None None] Starting request: 10.222.0.83 "GET /placement/allocations/8cb8f74d-23b2-4d2b-be76-202a02a5daac" {{(pid=108707) __call__ /opt/stack/placement/placement/requestlog.py:55}}
Oct 04 20:32:36.182725 n-d-852085-12 devstack@placement-api.service[108707]: INFO placement.requestlog [req-053ec8e5-ee0d-450c-97c4-1a1282ef6534 req-78a93a87-35ed-4b7a-9443-4b738b4b552b service placement] 10.222.0.83 "GET /placement/allocations/8cb8f74d-23b2-4d2b-be76-202a02a5daac" status: 200 len: 259 microversion: 1.28
Oct 04 20:32:36.184852 n-d-852085-12 devstack@placement-api.service[108707]: [pid: 108707|app: 0|req: 63/126] 10.222.0.83 () {60 vars in 1377 bytes} [Tue Oct 4 20:32:36 2022] GET /placement/allocations/8cb8f74d-23b2-4d2b-be76-202a02a5daac => generated 259 bytes in 46 msecs (HTTP/1.1 200) 8 headers in 296 bytes (1 switches on core 0)
Oct 04 20:32:36.191857 n-d-852085-12 devstack@placement-api.service[108708]: DEBUG placement.requestlog [req-053ec8e5-ee0d-450c-97c4-1a1282ef6534 req-7e79b8cd-110d-42a3-9ae5-dc95b846b626 None None] Starting request: 10.222.0.83 "GET /placement/allocations/c47fee7a-3d2d-4741-a563-feaba1355fd2" {{(pid=108708) __call__ /opt/stack/placement/placement/requestlog.py:55}}
Oct 04 20:32:36.251365 n-d-852085-12 devstack@placement-api.service[108708]: INFO placement.requestlog [req-053ec8e5-ee0d-450c-97c4-1a1282ef6534 req-7e79b8cd-110d-42a3-9ae5-dc95b846b626 service placement] 10.222.0.83 "GET /placement/allocations/c47fee7a-3d2d-4741-a563-feaba1355fd2" status: 200 len: 259 microversion: 1.28
Oct 04 20:32:36.252419 n-d-852085-12 devstack@placement-api.service[108708]: [pid: 108708|app: 0|req: 64/127] 10.222.0.83 () {60 vars in 1377 bytes} [Tue Oct 4 20:32:36 2022] GET /placement/allocations/c47fee7a-3d2d-4741-a563-feaba1355fd2 => generated 259 bytes in 61 msecs (HTTP/1.1 200) 8 headers in 296 bytes (1 switches on core 0)
Oct 04 20:32:38.782935 n-d-852085-12 devstack@placement-api.service[108707]: DEBUG placement.requestlog [req-232f4431-3637-4cc3-b070-1613885fad5e req-19c76c76-34c4-450c-8503-78bc6ef7d922 None None] Starting request: 10.222.0.83 "GET /placement/resource_providers/b1c34a6c-91bc-49c5-a37e-abb8cb176c96/allocations" {{(pid=108707) __call__ /opt/stack/placement/placement/requestlog.py:55}}
Oct 04 20:32:38.839377 n-d-852085-12 devstack@placement-api.service[108707]: INFO placement.requestlog [req-232f4431-3637-4cc3-b070-1613885fad5e req-19c76c76-34c4-450c-8503-78bc6ef7d922 service placement] 10.222.0.83 "GET /placement/resource_providers/b1c34a6c-91bc-49c5-a37e-abb8cb176c96/allocations" status: 200 len: 255 microversion: 1.0
Oct 04 20:32:38.840600 n-d-852085-12 devstack@placement-api.service[108707]: [pid: 108707|app: 0|req: 64/128] 10.222.0.83 () {58 vars in 1390 bytes} [Tue Oct 4 20:32:38 2022] GET /placement/resource_providers/b1c34a6c-91bc-49c5-a37e-abb8cb176c96/allocations => generated 255 bytes in 59 msecs (HTTP/1.1 200) 6 headers in 224 bytes (1 switches on core 0)
Oct 04 20:32:38.848730 n-d-852085-12 devstack@placement-api.service[108708]: DEBUG placement.requestlog [req-232f4431-3637-4cc3-b070-1613885fad5e req-c6a45eb7-567b-408e-b442-72c860c33d6e None None] Starting request: 10.222.0.83 "GET /placement/allocations/8cb8f74d-23b2-4d2b-be76-202a02a5daac" {{(pid=108708) __call__ /opt/stack/placement/placement/requestlog.py:55}}
Oct 04 20:32:38.904316 n-d-852085-12 devstack@placement-api.service[108708]: INFO placement.requestlog [req-232f4431-3637-4cc3-b070-1613885fad5e req-c6a45eb7-567b-408e-b442-72c860c33d6e service placement] 10.222.0.83 "GET /placement/allocations/8cb8f74d-23b2-4d2b-be76-202a02a5daac" status: 200 len: 259 microversion: 1.28
Oct 04 20:32:38.905743 n-d-852085-12 devstack@placement-api.service[108708]: [pid: 108708|app: 0|req: 65/129] 10.222.0.83 () {60 vars in 1377 bytes} [Tue Oct 4 20:32:38 2022] GET /placement/allocations/8cb8f74d-23b2-4d2b-be76-202a02a5daac => generated 259 bytes in 58 msecs (HTTP/1.1 200) 8 headers in 296 bytes (1 switches on core 0)
Oct 04 20:32:38.912333 n-d-852085-12 devstack@placement-api.service[108707]: DEBUG placement.requestlog [req-232f4431-3637-4cc3-b070-1613885fad5e req-d8f210f5-8895-468f-b195-2167f43a19c2 None None] Starting request: 10.222.0.83 "GET /placement/allocations/c47fee7a-3d2d-4741-a563-feaba1355fd2" {{(pid=108707) __call__ /opt/stack/placement/placement/requestlog.py:55}}
Oct 04 20:32:38.958274 n-d-852085-12 devstack@placement-api.service[108707]: INFO placement.requestlog [req-232f4431-3637-4cc3-b070-1613885fad5e req-d8f210f5-8895-468f-b195-2167f43a19c2 service placement] 10.222.0.83 "GET /placement/allocations/c47fee7a-3d2d-4741-a563-feaba1355fd2" status: 200 len: 259 microversion: 1.28
Oct 04 20:32:38.960441 n-d-852085-12 devstack@placement-api.service[108707]: [pid: 108707|app: 0|req: 65/130] 10.222.0.83 () {60 vars in 1377 bytes} [Tue Oct 4 20:32:38 2022] GET /placement/allocations/c47fee7a-3d2d-4741-a563-feaba1355fd2 => generated 259 bytes in 48 msecs (HTTP/1.1 200) 8 headers in 296 bytes (1 switches on core 0)
Oct 04 20:32:39.211483 n-d-852085-12 devstack@placement-api.service[108708]: DEBUG placement.requestlog [req-232f4431-3637-4cc3-b070-1613885fad5e req-4799fc9b-d35b-4eb5-83af-457b74fb68e3 None None] Starting request: 10.222.0.83 "DELETE /placement/allocations/c47fee7a-3d2d-4741-a563-feaba1355fd2" {{(pid=108708) __call__ /opt/stack/placement/placement/requestlog.py:55}}
Oct 04 20:32:39.493072 n-d-852085-12 devstack@placement-api.service[108708]: DEBUG placement.handlers.allocation [req-232f4431-3637-4cc3-b070-1613885fad5e req-4799fc9b-d35b-4eb5-83af-457b74fb68e3 service placement] Successfully deleted allocations [, , ] {{(pid=108708) delete_allocations /opt/stack/placement/placement/handlers/allocation.py:627}}
Oct 04 20:32:39.494144 n-d-852085-12 devstack@placement-api.service[108708]: INFO placement.requestlog [req-232f4431-3637-4cc3-b070-1613885fad5e req-4799fc9b-d35b-4eb5-83af-457b74fb68e3 service placement] 10.222.0.83 "DELETE /placement/allocations/c47fee7a-3d2d-4741-a563-feaba1355fd2" status: 204 len: 0 microversion: 1.0
Oct 04 20:32:39.494914 n-d-852085-12 devstack@placement-api.service[108708]: [pid: 108708|app: 0|req: 66/131] 10.222.0.83 () {60 vars in 1355 bytes} [Tue Oct 4 20:32:39 2022] DELETE /placement/allocations/c47fee7a-3d2d-4741-a563-feaba1355fd2 => generated 0 bytes in 285 msecs (HTTP/1.1 204) 5 headers in 198 bytes (2 switches on core 0)
Oct 04 20:32:40.225797 n-d-852085-12 devstack@placement-api.service[108707]: DEBUG placement.requestlog [req-cd281bce-8bc6-43fe-af84-6a2c440bd330 req-3c9e400a-f091-4828-b111-d723fd6bc25f None None] Starting request: 10.222.0.85 "GET /placement/resource_providers/9ee8adf2-f93e-4214-9b20-361b649df9d8/allocations" {{(pid=108707) __call__ /opt/stack/placement/placement/requestlog.py:55}}
Oct 04 20:32:40.257824 n-d-852085-12 devstack@placement-api.service[108707]: INFO placement.requestlog [req-cd281bce-8bc6-43fe-af84-6a2c440bd330 req-3c9e400a-f091-4828-b111-d723fd6bc25f service placement] 10.222.0.85 "GET /placement/resource_providers/9ee8adf2-f93e-4214-9b20-361b649df9d8/allocations" status: 200 len: 153 microversion: 1.0
Oct 04 20:32:40.258395 n-d-852085-12 devstack@placement-api.service[108707]: [pid: 108707|app: 0|req: 66/132] 10.222.0.85 () {58 vars in 1390 bytes} [Tue Oct 4 20:32:40 2022] GET /placement/resource_providers/9ee8adf2-f93e-4214-9b20-361b649df9d8/allocations => generated 153 bytes in 33 msecs (HTTP/1.1 200) 6 headers in 224 bytes (1 switches on core 0)
Oct 04 20:32:40.478480 n-d-852085-12 devstack@placement-api.service[108708]: DEBUG placement.requestlog [req-cd281bce-8bc6-43fe-af84-6a2c440bd330 req-2a9664f8-bb52-4942-b9b7-77c28dd47797 None None] Starting request: 10.222.0.85 "GET /placement/resource_providers/9ee8adf2-f93e-4214-9b20-361b649df9d8/allocations" {{(pid=108708) __call__ /opt/stack/placement/placement/requestlog.py:55}}
Oct 04 20:32:40.518968 n-d-852085-12 devstack@placement-api.service[108708]: INFO placement.requestlog [req-cd281bce-8bc6-43fe-af84-6a2c440bd330 req-2a9664f8-bb52-4942-b9b7-77c28dd47797 service placement] 10.222.0.85 "GET /placement/resource_providers/9ee8adf2-f93e-4214-9b20-361b649df9d8/allocations" status: 200 len: 153 microversion: 1.0
Oct 04 20:32:40.519643 n-d-852085-12 devstack@placement-api.service[108708]: [pid: 108708|app: 0|req: 67/133] 10.222.0.85 () {58 vars in 1390 bytes} [Tue Oct 4 20:32:40 2022] GET /placement/resource_providers/9ee8adf2-f93e-4214-9b20-361b649df9d8/allocations => generated 153 bytes in 42 msecs (HTTP/1.1 200) 6 headers in 224 bytes (1 switches on core 0)
Oct 04 20:32:40.526364 n-d-852085-12 devstack@placement-api.service[108707]: DEBUG placement.requestlog [req-cd281bce-8bc6-43fe-af84-6a2c440bd330 req-869b9e66-7701-4c54-af7c-96bbc41dd6d9 None None] Starting request: 10.222.0.85 "GET /placement/allocations/657c60d3-dfa6-4665-aa9c-66cf28399f64" {{(pid=108707) __call__ /opt/stack/placement/placement/requestlog.py:55}}
Oct 04 20:32:40.569940 n-d-852085-12 devstack@placement-api.service[108707]: INFO placement.requestlog [req-cd281bce-8bc6-43fe-af84-6a2c440bd330 req-869b9e66-7701-4c54-af7c-96bbc41dd6d9 service placement] 10.222.0.85 "GET /placement/allocations/657c60d3-dfa6-4665-aa9c-66cf28399f64" status: 200 len: 258 microversion: 1.28
Oct 04 20:32:40.573254 n-d-852085-12 devstack@placement-api.service[108707]: [pid: 108707|app: 0|req: 67/134] 10.222.0.85 () {60 vars in 1377 bytes} [Tue Oct 4 20:32:40 2022] GET /placement/allocations/657c60d3-dfa6-4665-aa9c-66cf28399f64 => generated 258 bytes in 47 msecs (HTTP/1.1 200) 8 headers in 296 bytes (1 switches on core 0)
Oct 04 20:32:50.521077 n-d-852085-12 devstack@placement-api.service[108708]: DEBUG dbcounter [-] [108708] Writing DB stats placement:SELECT=29,placement:DELETE=2 {{(pid=108708) stat_writer /usr/local/lib/python3.8/dist-packages/dbcounter.py:114}}
Oct 04 20:32:50.558562 n-d-852085-12 devstack@placement-api.service[108707]: DEBUG dbcounter [-] [108707] Writing DB stats placement:SELECT=32 {{(pid=108707) stat_writer /usr/local/lib/python3.8/dist-packages/dbcounter.py:114}}
Oct 04 20:32:53.645344 n-d-852085-12 devstack@placement-api.service[108708]: DEBUG placement.requestlog [req-cafe4629-8682-4084-b155-14c056b95484 req-40a81f7e-f6c6-4e7a-bb98-073b5ba37b10 None None] Starting request: 10.222.0.83 "GET /placement/resource_providers/b1c34a6c-91bc-49c5-a37e-abb8cb176c96/allocations" {{(pid=108708) __call__ /opt/stack/placement/placement/requestlog.py:55}}
Oct 04 20:32:53.724716 n-d-852085-12 devstack@placement-api.service[108708]: INFO placement.requestlog [req-cafe4629-8682-4084-b155-14c056b95484 req-40a81f7e-f6c6-4e7a-bb98-073b5ba37b10 service placement] 10.222.0.83 "GET /placement/resource_providers/b1c34a6c-91bc-49c5-a37e-abb8cb176c96/allocations" status: 200 len: 154 microversion: 1.0
Oct 04 20:32:53.728298 n-d-852085-12 devstack@placement-api.service[108708]: [pid: 108708|app: 0|req: 68/135] 10.222.0.83 () {58 vars in 1390 bytes} [Tue Oct 4 20:32:53 2022] GET /placement/resource_providers/b1c34a6c-91bc-49c5-a37e-abb8cb176c96/allocations => generated 154 bytes in 85 msecs (HTTP/1.1 200) 6 headers in 224 bytes (1 switches on core 0)
