Sep 08 12:33:38.672085 n-d-852085-10 devstack@n-api.service[112958]: DEBUG nova.api.openstack.wsgi_app [-] oslo_reports.file_event_handler_interval = 1 {{(pid=112958) log_opt_values /usr/local/lib/python3.8/dist-packages/oslo_config/cfg.py:2609}}
Sep 08 12:33:38.672388 n-d-852085-10 devstack@n-api.service[112958]: DEBUG nova.api.openstack.wsgi_app [-] oslo_reports.log_dir = None {{(pid=112958) log_opt_values /usr/local/lib/python3.8/dist-packages/oslo_config/cfg.py:2609}}
Sep 08 12:33:38.672630 n-d-852085-10 devstack@n-api.service[112958]: DEBUG nova.api.openstack.wsgi_app [-] ******************************************************************************** {{(pid=112958) log_opt_values /usr/local/lib/python3.8/dist-packages/oslo_config/cfg.py:2613}}
Sep 08 12:33:38.816430 n-d-852085-10 devstack@n-api.service[112959]: INFO dbcounter [None req-23dda8c7-4a28-4ae2-ac25-034b56d9daf8 None None] Registered counter for database nova_api
Sep 08 12:33:38.824086 n-d-852085-10 devstack@n-api.service[112958]: INFO dbcounter [None req-413d56dd-555e-4087-b699-e152ac14a09d None None] Registered counter for database nova_api
Sep 08 12:33:38.836921 n-d-852085-10 devstack@n-api.service[112959]: DEBUG oslo_db.sqlalchemy.engines [None req-23dda8c7-4a28-4ae2-ac25-034b56d9daf8 None None] MySQL server mode set to STRICT_TRANS_TABLES,STRICT_ALL_TABLES,NO_ZERO_IN_DATE,NO_ZERO_DATE,ERROR_FOR_DIVISION_BY_ZERO,TRADITIONAL,NO_ENGINE_SUBSTITUTION {{(pid=112959) _check_effective_sql_mode /usr/local/lib/python3.8/dist-packages/oslo_db/sqlalchemy/engines.py:314}}
Sep 08 12:33:38.843919 n-d-852085-10 devstack@n-api.service[112959]: DEBUG dbcounter [-] [112959] Writer thread running {{(pid=112959) stat_writer /usr/local/lib/python3.8/dist-packages/dbcounter.py:99}}
Sep 08 12:33:38.844061 n-d-852085-10 devstack@n-api.service[112958]: DEBUG oslo_db.sqlalchemy.engines [None req-413d56dd-555e-4087-b699-e152ac14a09d None None] MySQL server mode set to STRICT_TRANS_TABLES,STRICT_ALL_TABLES,NO_ZERO_IN_DATE,NO_ZERO_DATE,ERROR_FOR_DIVISION_BY_ZERO,TRADITIONAL,NO_ENGINE_SUBSTITUTION {{(pid=112958) _check_effective_sql_mode /usr/local/lib/python3.8/dist-packages/oslo_db/sqlalchemy/engines.py:314}}
Sep 08 12:33:38.850975 n-d-852085-10 devstack@n-api.service[112958]: DEBUG dbcounter [-] [112958] Writer thread running {{(pid=112958) stat_writer /usr/local/lib/python3.8/dist-packages/dbcounter.py:99}}
Sep 08 12:33:38.899882 n-d-852085-10 devstack@n-api.service[112959]: DEBUG nova.context [None req-23dda8c7-4a28-4ae2-ac25-034b56d9daf8 None None] Found 2 cells: 00000000-0000-0000-0000-000000000000(cell0),b8a1a1f1-e1a2-44c5-9eec-e2784f08ccb1(cell1) {{(pid=112959) load_cells /opt/stack/nova/nova/context.py:464}}
Sep 08 12:33:38.903756 n-d-852085-10 devstack@n-api.service[112959]: DEBUG oslo_concurrency.lockutils [None req-23dda8c7-4a28-4ae2-ac25-034b56d9daf8 None None] Acquiring lock "00000000-0000-0000-0000-000000000000" by "nova.context.set_target_cell..get_or_set_cached_cell_and_set_connections" {{(pid=112959) inner /usr/local/lib/python3.8/dist-packages/oslo_concurrency/lockutils.py:404}}
Sep 08 12:33:38.904240 n-d-852085-10 devstack@n-api.service[112959]: DEBUG oslo_concurrency.lockutils [None req-23dda8c7-4a28-4ae2-ac25-034b56d9daf8 None None] Lock "00000000-0000-0000-0000-000000000000" acquired by "nova.context.set_target_cell..get_or_set_cached_cell_and_set_connections" :: waited 0.001s {{(pid=112959) inner /usr/local/lib/python3.8/dist-packages/oslo_concurrency/lockutils.py:409}}
Sep 08 12:33:38.905834 n-d-852085-10 devstack@n-api.service[112959]: DEBUG oslo_concurrency.lockutils [None req-23dda8c7-4a28-4ae2-ac25-034b56d9daf8 None None] Lock "00000000-0000-0000-0000-000000000000" "released" by "nova.context.set_target_cell..get_or_set_cached_cell_and_set_connections" :: held 0.002s {{(pid=112959) inner /usr/local/lib/python3.8/dist-packages/oslo_concurrency/lockutils.py:423}}
Sep 08 12:33:38.906560 n-d-852085-10 devstack@n-api.service[112959]: DEBUG oslo_concurrency.lockutils [None req-23dda8c7-4a28-4ae2-ac25-034b56d9daf8 None None] Acquiring lock "b8a1a1f1-e1a2-44c5-9eec-e2784f08ccb1" by "nova.context.set_target_cell..get_or_set_cached_cell_and_set_connections" {{(pid=112959) inner /usr/local/lib/python3.8/dist-packages/oslo_concurrency/lockutils.py:404}}
Sep 08 12:33:38.906809 n-d-852085-10 devstack@n-api.service[112958]: DEBUG nova.context [None req-413d56dd-555e-4087-b699-e152ac14a09d None None] Found 2 cells: 00000000-0000-0000-0000-000000000000(cell0),b8a1a1f1-e1a2-44c5-9eec-e2784f08ccb1(cell1) {{(pid=112958) load_cells /opt/stack/nova/nova/context.py:464}}
Sep 08 12:33:38.906990 n-d-852085-10 devstack@n-api.service[112959]: DEBUG oslo_concurrency.lockutils [None req-23dda8c7-4a28-4ae2-ac25-034b56d9daf8 None None] Lock "b8a1a1f1-e1a2-44c5-9eec-e2784f08ccb1" acquired by "nova.context.set_target_cell..get_or_set_cached_cell_and_set_connections" :: waited 0.000s {{(pid=112959) inner /usr/local/lib/python3.8/dist-packages/oslo_concurrency/lockutils.py:409}}
Sep 08 12:33:38.908974 n-d-852085-10 devstack@n-api.service[112959]: DEBUG oslo_concurrency.lockutils [None req-23dda8c7-4a28-4ae2-ac25-034b56d9daf8 None None] Lock "b8a1a1f1-e1a2-44c5-9eec-e2784f08ccb1" "released" by "nova.context.set_target_cell..get_or_set_cached_cell_and_set_connections" :: held 0.002s {{(pid=112959) inner /usr/local/lib/python3.8/dist-packages/oslo_concurrency/lockutils.py:423}}
Sep 08 12:33:38.910652 n-d-852085-10 devstack@n-api.service[112958]: DEBUG oslo_concurrency.lockutils [None req-413d56dd-555e-4087-b699-e152ac14a09d None None] Acquiring lock "00000000-0000-0000-0000-000000000000" by "nova.context.set_target_cell..get_or_set_cached_cell_and_set_connections" {{(pid=112958) inner /usr/local/lib/python3.8/dist-packages/oslo_concurrency/lockutils.py:404}}
Sep 08 12:33:38.911000 n-d-852085-10 devstack@n-api.service[112959]: INFO dbcounter [None req-23dda8c7-4a28-4ae2-ac25-034b56d9daf8 None None] Registered counter for database nova_cell0
Sep 08 12:33:38.911152 n-d-852085-10 devstack@n-api.service[112958]: DEBUG oslo_concurrency.lockutils [None req-413d56dd-555e-4087-b699-e152ac14a09d None None] Lock "00000000-0000-0000-0000-000000000000" acquired by "nova.context.set_target_cell..get_or_set_cached_cell_and_set_connections" :: waited 0.001s {{(pid=112958) inner /usr/local/lib/python3.8/dist-packages/oslo_concurrency/lockutils.py:409}}
Sep 08 12:33:38.912674 n-d-852085-10 devstack@n-api.service[112958]: DEBUG oslo_concurrency.lockutils [None req-413d56dd-555e-4087-b699-e152ac14a09d None None] Lock "00000000-0000-0000-0000-000000000000" "released" by "nova.context.set_target_cell..get_or_set_cached_cell_and_set_connections" :: held 0.002s {{(pid=112958) inner /usr/local/lib/python3.8/dist-packages/oslo_concurrency/lockutils.py:423}}
Sep 08 12:33:38.913423 n-d-852085-10 devstack@n-api.service[112958]: DEBUG oslo_concurrency.lockutils [None req-413d56dd-555e-4087-b699-e152ac14a09d None None] Acquiring lock "b8a1a1f1-e1a2-44c5-9eec-e2784f08ccb1" by "nova.context.set_target_cell..get_or_set_cached_cell_and_set_connections" {{(pid=112958) inner /usr/local/lib/python3.8/dist-packages/oslo_concurrency/lockutils.py:404}}
Sep 08 12:33:38.914016 n-d-852085-10 devstack@n-api.service[112958]: DEBUG oslo_concurrency.lockutils [None req-413d56dd-555e-4087-b699-e152ac14a09d None None] Lock "b8a1a1f1-e1a2-44c5-9eec-e2784f08ccb1" acquired by "nova.context.set_target_cell..get_or_set_cached_cell_and_set_connections" :: waited 0.000s {{(pid=112958) inner /usr/local/lib/python3.8/dist-packages/oslo_concurrency/lockutils.py:409}}
Sep 08 12:33:38.915096 n-d-852085-10 devstack@n-api.service[112959]: INFO dbcounter [None req-23dda8c7-4a28-4ae2-ac25-034b56d9daf8 None None] Registered counter for database nova_cell1
Sep 08 12:33:38.916100 n-d-852085-10 devstack@n-api.service[112958]: DEBUG oslo_concurrency.lockutils [None req-413d56dd-555e-4087-b699-e152ac14a09d None None] Lock "b8a1a1f1-e1a2-44c5-9eec-e2784f08ccb1" "released" by "nova.context.set_target_cell..get_or_set_cached_cell_and_set_connections" :: held 0.002s {{(pid=112958) inner /usr/local/lib/python3.8/dist-packages/oslo_concurrency/lockutils.py:423}}
Sep 08 12:33:38.918236 n-d-852085-10 devstack@n-api.service[112958]: INFO dbcounter [None req-413d56dd-555e-4087-b699-e152ac14a09d None None] Registered counter for database nova_cell0
Sep 08 12:33:38.922574 n-d-852085-10 devstack@n-api.service[112958]: INFO dbcounter [None req-413d56dd-555e-4087-b699-e152ac14a09d None None] Registered counter for database nova_cell1
Sep 08 12:33:38.922875 n-d-852085-10 devstack@n-api.service[112959]: DEBUG oslo_db.sqlalchemy.engines [None req-23dda8c7-4a28-4ae2-ac25-034b56d9daf8 None None] MySQL server mode set to STRICT_TRANS_TABLES,STRICT_ALL_TABLES,NO_ZERO_IN_DATE,NO_ZERO_DATE,ERROR_FOR_DIVISION_BY_ZERO,TRADITIONAL,NO_ENGINE_SUBSTITUTION {{(pid=112959) _check_effective_sql_mode /usr/local/lib/python3.8/dist-packages/oslo_db/sqlalchemy/engines.py:314}}
Sep 08 12:33:38.924724 n-d-852085-10 devstack@n-api.service[112959]: DEBUG oslo_db.sqlalchemy.engines [None req-23dda8c7-4a28-4ae2-ac25-034b56d9daf8 None None] MySQL server mode set to STRICT_TRANS_TABLES,STRICT_ALL_TABLES,NO_ZERO_IN_DATE,NO_ZERO_DATE,ERROR_FOR_DIVISION_BY_ZERO,TRADITIONAL,NO_ENGINE_SUBSTITUTION {{(pid=112959) _check_effective_sql_mode /usr/local/lib/python3.8/dist-packages/oslo_db/sqlalchemy/engines.py:314}}
Sep 08 12:33:38.930489 n-d-852085-10 devstack@n-api.service[112958]: DEBUG oslo_db.sqlalchemy.engines [None req-413d56dd-555e-4087-b699-e152ac14a09d None None] MySQL server mode set to STRICT_TRANS_TABLES,STRICT_ALL_TABLES,NO_ZERO_IN_DATE,NO_ZERO_DATE,ERROR_FOR_DIVISION_BY_ZERO,TRADITIONAL,NO_ENGINE_SUBSTITUTION {{(pid=112958) _check_effective_sql_mode /usr/local/lib/python3.8/dist-packages/oslo_db/sqlalchemy/engines.py:314}}
Sep 08 12:33:38.930989 n-d-852085-10 devstack@n-api.service[112959]: DEBUG dbcounter [-] [112959] Writer thread running {{(pid=112959) stat_writer /usr/local/lib/python3.8/dist-packages/dbcounter.py:99}}
Sep 08 12:33:38.934925 n-d-852085-10 devstack@n-api.service[112958]: DEBUG oslo_db.sqlalchemy.engines [None req-413d56dd-555e-4087-b699-e152ac14a09d None None] MySQL server mode set to STRICT_TRANS_TABLES,STRICT_ALL_TABLES,NO_ZERO_IN_DATE,NO_ZERO_DATE,ERROR_FOR_DIVISION_BY_ZERO,TRADITIONAL,NO_ENGINE_SUBSTITUTION {{(pid=112958) _check_effective_sql_mode /usr/local/lib/python3.8/dist-packages/oslo_db/sqlalchemy/engines.py:314}}
Sep 08 12:33:38.936228 n-d-852085-10 devstack@n-api.service[112959]: DEBUG dbcounter [-] [112959] Writer thread running {{(pid=112959) stat_writer /usr/local/lib/python3.8/dist-packages/dbcounter.py:99}}
Sep 08 12:33:38.936705 n-d-852085-10 devstack@n-api.service[112958]: DEBUG dbcounter [-] [112958] Writer thread running {{(pid=112958) stat_writer /usr/local/lib/python3.8/dist-packages/dbcounter.py:99}}
Sep 08 12:33:39.079421 n-d-852085-10 devstack@n-api.service[112958]: DEBUG dbcounter [-] [112958] Writer thread running {{(pid=112958) stat_writer /usr/local/lib/python3.8/dist-packages/dbcounter.py:99}}
Sep 08 12:33:39.080369 n-d-852085-10 devstack@n-api.service[112959]: INFO dbcounter [None req-23dda8c7-4a28-4ae2-ac25-034b56d9daf8 None None] Registered counter for database nova_cell0
Sep 08 12:33:39.089000 n-d-852085-10 devstack@n-api.service[112958]: INFO dbcounter [None req-413d56dd-555e-4087-b699-e152ac14a09d None None] Registered counter for database nova_cell0
Sep 08 12:33:39.089762 n-d-852085-10 devstack@n-api.service[112959]: DEBUG oslo_db.sqlalchemy.engines [None req-23dda8c7-4a28-4ae2-ac25-034b56d9daf8 None None] MySQL server mode set to STRICT_TRANS_TABLES,STRICT_ALL_TABLES,NO_ZERO_IN_DATE,NO_ZERO_DATE,ERROR_FOR_DIVISION_BY_ZERO,TRADITIONAL,NO_ENGINE_SUBSTITUTION {{(pid=112959) _check_effective_sql_mode /usr/local/lib/python3.8/dist-packages/oslo_db/sqlalchemy/engines.py:314}}
Sep 08 12:33:39.095004 n-d-852085-10 devstack@n-api.service[112959]: DEBUG dbcounter [-] [112959] Writer thread running {{(pid=112959) stat_writer /usr/local/lib/python3.8/dist-packages/dbcounter.py:99}}
Sep 08 12:33:39.096067 n-d-852085-10 devstack@n-api.service[112958]: DEBUG oslo_db.sqlalchemy.engines [None req-413d56dd-555e-4087-b699-e152ac14a09d None None] MySQL server mode set to STRICT_TRANS_TABLES,STRICT_ALL_TABLES,NO_ZERO_IN_DATE,NO_ZERO_DATE,ERROR_FOR_DIVISION_BY_ZERO,TRADITIONAL,NO_ENGINE_SUBSTITUTION {{(pid=112958) _check_effective_sql_mode /usr/local/lib/python3.8/dist-packages/oslo_db/sqlalchemy/engines.py:314}}
Sep 08 12:33:39.100316 n-d-852085-10 devstack@n-api.service[112958]: DEBUG dbcounter [-] [112958] Writer thread running {{(pid=112958) stat_writer /usr/local/lib/python3.8/dist-packages/dbcounter.py:99}}
Sep 08 12:33:39.431398 n-d-852085-10 devstack@n-api.service[112959]: WARNING keystonemiddleware.auth_token [None req-23dda8c7-4a28-4ae2-ac25-034b56d9daf8 None None] AuthToken middleware is set with keystone_authtoken.service_token_roles_required set to False. This is backwards compatible but deprecated behaviour. Please set this to True.
Sep 08 12:33:39.433212 n-d-852085-10 devstack@n-api.service[112958]: WARNING keystonemiddleware.auth_token [None req-413d56dd-555e-4087-b699-e152ac14a09d None None] AuthToken middleware is set with keystone_authtoken.service_token_roles_required set to False. This is backwards compatible but deprecated behaviour. Please set this to True.
Sep 08 12:33:39.439545 n-d-852085-10 devstack@n-api.service[112959]: WARNING keystonemiddleware.auth_token [None req-23dda8c7-4a28-4ae2-ac25-034b56d9daf8 None None] Configuring www_authenticate_uri to point to the public identity endpoint is required; clients may not be able to authenticate against an admin endpoint
Sep 08 12:33:39.440453 n-d-852085-10 devstack@n-api.service[112958]: WARNING keystonemiddleware.auth_token [None req-413d56dd-555e-4087-b699-e152ac14a09d None None] Configuring www_authenticate_uri to point to the public identity endpoint is required; clients may not be able to authenticate against an admin endpoint
Sep 08 12:33:39.783057 n-d-852085-10 devstack@n-api.service[112958]: WARNING keystonemiddleware.auth_token [None req-413d56dd-555e-4087-b699-e152ac14a09d None None] AuthToken middleware is set with keystone_authtoken.service_token_roles_required set to False. This is backwards compatible but deprecated behaviour. Please set this to True.
Sep 08 12:33:39.784766 n-d-852085-10 devstack@n-api.service[112959]: WARNING keystonemiddleware.auth_token [None req-23dda8c7-4a28-4ae2-ac25-034b56d9daf8 None None] AuthToken middleware is set with keystone_authtoken.service_token_roles_required set to False. This is backwards compatible but deprecated behaviour. Please set this to True.
Sep 08 12:33:39.788988 n-d-852085-10 devstack@n-api.service[112958]: WARNING keystonemiddleware.auth_token [None req-413d56dd-555e-4087-b699-e152ac14a09d None None] Configuring www_authenticate_uri to point to the public identity endpoint is required; clients may not be able to authenticate against an admin endpoint
Sep 08 12:33:39.791749 n-d-852085-10 devstack@n-api.service[112959]: WARNING keystonemiddleware.auth_token [None req-23dda8c7-4a28-4ae2-ac25-034b56d9daf8 None None] Configuring www_authenticate_uri to point to the public identity endpoint is required; clients may not be able to authenticate against an admin endpoint
Sep 08 12:33:39.794306 n-d-852085-10 devstack@n-api.service[112958]: WSGI app 0 (mountpoint='') ready in 5 seconds on interpreter 0x56517bb109c0 pid: 112958 (default app)
Sep 08 12:33:39.796414 n-d-852085-10 devstack@n-api.service[112958]: DEBUG nova.api.openstack.wsgi [None req-413d56dd-555e-4087-b699-e152ac14a09d None None] Calling method '>' {{(pid=112958) _process_stack /opt/stack/nova/nova/api/openstack/wsgi.py:513}}
Sep 08 12:33:39.796845 n-d-852085-10 devstack@n-api.service[112959]: WSGI app 0 (mountpoint='') ready in 5 seconds on interpreter 0x56517bb109c0 pid: 112959 (default app)
Sep 08 12:33:39.797612 n-d-852085-10 devstack@n-api.service[112958]: INFO nova.api.openstack.requestlog [None req-413d56dd-555e-4087-b699-e152ac14a09d None None] 10.222.0.60 "GET /compute/v2.1/" status: 200 len: 388 microversion: 2.1 time: 0.001748
Sep 08 12:33:39.798014 n-d-852085-10 devstack@n-api.service[112958]: [pid: 112958|app: 0|req: 1/1] 10.222.0.60 () {50 vars in 788 bytes} [Thu Sep 8 12:33:39 2022] GET /compute/v2.1/ => generated 388 bytes in 3 msecs (HTTP/1.1 200) 9 headers in 357 bytes (1 switches on core 0)
Sep 08 12:35:01.650798 n-d-852085-10 devstack@n-api.service[112959]: DEBUG nova.api.openstack.wsgi [None req-23dda8c7-4a28-4ae2-ac25-034b56d9daf8 None None] Calling method '>' {{(pid=112959) _process_stack /opt/stack/nova/nova/api/openstack/wsgi.py:513}}
Sep 08 12:35:01.652207 n-d-852085-10 devstack@n-api.service[112959]: INFO nova.api.openstack.requestlog [None req-23dda8c7-4a28-4ae2-ac25-034b56d9daf8 None None] 10.222.0.60 "GET /compute/v2.1" status: 200 len: 388 microversion: 2.1 time: 0.002319
Sep 08 12:35:01.652990 n-d-852085-10 devstack@n-api.service[112959]: [pid: 112959|app: 0|req: 1/2] 10.222.0.60 () {54 vars in 931 bytes} [Thu Sep 8 12:35:01 2022] GET /compute/v2.1 => generated 388 bytes in 4 msecs (HTTP/1.1 200) 9 headers in 357 bytes (1 switches on core 0)
Sep 08 12:35:01.664052 n-d-852085-10 devstack@n-api.service[112958]: DEBUG dbcounter [-] [112958] Writing DB stats nova_api:SELECT=3 {{(pid=112958) stat_writer /usr/local/lib/python3.8/dist-packages/dbcounter.py:114}}
Sep 08 12:35:01.665551 n-d-852085-10 devstack@n-api.service[112958]: DEBUG dbcounter [-] [112958] Writing DB stats nova_cell0:SELECT=3 {{(pid=112958) stat_writer /usr/local/lib/python3.8/dist-packages/dbcounter.py:114}}
Sep 08 12:35:01.666805 n-d-852085-10 devstack@n-api.service[112958]: DEBUG dbcounter [-] [112958] Writing DB stats nova_cell1:SELECT=3 {{(pid=112958) stat_writer /usr/local/lib/python3.8/dist-packages/dbcounter.py:114}}
Sep 08 12:35:01.668170 n-d-852085-10 devstack@n-api.service[112958]: DEBUG dbcounter [-] [112958] Writing DB stats nova_cell0:SELECT=6,nova_cell0:INSERT=1 {{(pid=112958) stat_writer /usr/local/lib/python3.8/dist-packages/dbcounter.py:114}}
Sep 08 12:35:02.535884 n-d-852085-10 devstack@n-api.service[112958]: DEBUG nova.api.openstack.wsgi [None req-b6d69e5e-cd90-46c3-839a-accd19829ad5 admin admin] Calling method '>' {{(pid=112958) _process_stack /opt/stack/nova/nova/api/openstack/wsgi.py:513}}
Sep 08 12:35:02.568298 n-d-852085-10 devstack@n-api.service[112958]: INFO nova.api.openstack.requestlog [None req-b6d69e5e-cd90-46c3-839a-accd19829ad5 admin admin] 10.222.0.60 "GET /compute/v2.1/flavors/detail?is_public=True" status: 200 len: 15 microversion: 2.61 time: 0.909618
Sep 08 12:35:02.569056 n-d-852085-10 devstack@n-api.service[112958]: [pid: 112958|app: 0|req: 2/3] 10.222.0.60 () {60 vars in 1292 bytes} [Thu Sep 8 12:35:01 2022] GET /compute/v2.1/flavors/detail?is_public=True => generated 15 bytes in 911 msecs (HTTP/1.1 200) 9 headers in 358 bytes (1 switches on core 0)
Sep 08 12:35:05.162112 n-d-852085-10 devstack@n-api.service[112959]: DEBUG nova.api.openstack.wsgi [None req-23dda8c7-4a28-4ae2-ac25-034b56d9daf8 None None] Calling method '>' {{(pid=112959) _process_stack /opt/stack/nova/nova/api/openstack/wsgi.py:513}}
Sep 08 12:35:05.163113 n-d-852085-10 devstack@n-api.service[112959]: INFO nova.api.openstack.requestlog [None req-23dda8c7-4a28-4ae2-ac25-034b56d9daf8 None None] 10.222.0.60 "GET /compute/v2.1" status: 200 len: 388 microversion: 2.1 time: 0.001446
Sep 08 12:35:05.168553 n-d-852085-10 devstack@n-api.service[112959]: [pid: 112959|app: 0|req: 2/4] 10.222.0.60 () {54 vars in 931 bytes} [Thu Sep 8 12:35:05 2022] GET /compute/v2.1 => generated 388 bytes in 7 msecs (HTTP/1.1 200) 9 headers in 357 bytes (1 switches on core 0)
Sep 08 12:35:05.610524 n-d-852085-10 devstack@n-api.service[112958]: DEBUG nova.api.openstack.wsgi [None req-a27feca1-8db0-41d9-a04f-87eed84348fe admin admin] Action: 'create', calling method: >, body: {"flavor": {"disk": 1, "OS-FLV-EXT-DATA:ephemeral": 0, "name": "cirros256", "swap": 0, "ram": 256, "os-flavor-access:is_public": true, "id": "c1", "rxtx_factor": 1.0, "vcpus": 1}} {{(pid=112958) _process_stack /opt/stack/nova/nova/api/openstack/wsgi.py:511}}
Sep 08 12:35:05.657236 n-d-852085-10 devstack@n-api.service[112958]: INFO nova.api.openstack.requestlog [None req-a27feca1-8db0-41d9-a04f-87eed84348fe admin admin] 10.222.0.60 "POST /compute/v2.1/flavors" status: 200 len: 407 microversion: 2.61 time: 0.487018
Sep 08 12:35:05.657832 n-d-852085-10 devstack@n-api.service[112958]: [pid: 112958|app: 0|req: 3/5] 10.222.0.60 () {64 vars in 1283 bytes} [Thu Sep 8 12:35:05 2022] POST /compute/v2.1/flavors => generated 407 bytes in 489 msecs (HTTP/1.1 200) 9 headers in 359 bytes (1 switches on core 0)
Sep 08 12:35:05.672165 n-d-852085-10 devstack@n-api.service[112959]: DEBUG dbcounter [-] [112959] Writing DB stats nova_api:SELECT=3 {{(pid=112959) stat_writer /usr/local/lib/python3.8/dist-packages/dbcounter.py:114}}
Sep 08 12:35:05.672916 n-d-852085-10 devstack@n-api.service[112959]: DEBUG dbcounter [-] [112959] Writing DB stats nova_cell0:SELECT=3 {{(pid=112959) stat_writer /usr/local/lib/python3.8/dist-packages/dbcounter.py:114}}
Sep 08 12:35:05.673674 n-d-852085-10 devstack@n-api.service[112959]: DEBUG dbcounter [-] [112959] Writing DB stats nova_cell1:SELECT=3 {{(pid=112959) stat_writer /usr/local/lib/python3.8/dist-packages/dbcounter.py:114}}
Sep 08 12:35:05.674384 n-d-852085-10 devstack@n-api.service[112959]: DEBUG dbcounter [-] [112959] Writing DB stats nova_cell0:SELECT=6,nova_cell0:INSERT=1 {{(pid=112959) stat_writer /usr/local/lib/python3.8/dist-packages/dbcounter.py:114}}
Sep 08 12:35:05.879762 n-d-852085-10 devstack@n-api.service[112959]: DEBUG nova.api.openstack.wsgi [None req-b74115ec-a4b8-4df7-9379-a9a25dbc76b3 admin admin] Action: 'create', calling method: >, body: {"extra_specs": {"hw_rng:allowed": "True"}} {{(pid=112959) _process_stack /opt/stack/nova/nova/api/openstack/wsgi.py:511}}
Sep 08 12:35:05.947550 n-d-852085-10 devstack@n-api.service[112959]: INFO nova.api.openstack.requestlog [None req-b74115ec-a4b8-4df7-9379-a9a25dbc76b3 admin admin] 10.222.0.60 "POST /compute/v2.1/flavors/c1/os-extra_specs" status: 200 len: 43 microversion: 2.61 time: 0.280894
Sep 08 12:35:05.948451 n-d-852085-10 devstack@n-api.service[112959]: [pid: 112959|app: 0|req: 3/6] 10.222.0.60 () {64 vars in 1336 bytes} [Thu Sep 8 12:35:05 2022] POST /compute/v2.1/flavors/c1/os-extra_specs => generated 43 bytes in 282 msecs (HTTP/1.1 200) 9 headers in 358 bytes (1 switches on core 0)
Sep 08 12:35:08.592021 n-d-852085-10 devstack@n-api.service[112958]: DEBUG nova.api.openstack.wsgi [None req-a27feca1-8db0-41d9-a04f-87eed84348fe admin admin] Calling method '>' {{(pid=112958) _process_stack /opt/stack/nova/nova/api/openstack/wsgi.py:513}}
Sep 08 12:35:08.593473 n-d-852085-10 devstack@n-api.service[112958]: INFO nova.api.openstack.requestlog [None req-a27feca1-8db0-41d9-a04f-87eed84348fe admin admin] 10.222.0.60 "GET /compute/v2.1" status: 200 len: 388 microversion: 2.1 time: 0.001487
Sep 08 12:35:08.593764 n-d-852085-10 devstack@n-api.service[112958]: [pid: 112958|app: 0|req: 4/7] 10.222.0.60 () {54 vars in 931 bytes} [Thu Sep 8 12:35:08 2022] GET /compute/v2.1 => generated 388 bytes in 3 msecs (HTTP/1.1 200) 9 headers in 357 bytes (1 switches on core 0)
Sep 08 12:35:09.340708 n-d-852085-10 devstack@n-api.service[112959]: DEBUG nova.api.openstack.wsgi [None req-6e75587a-8948-4af1-987d-b37f0ea58f90 admin admin] Action: 'create', calling method: >, body: {"flavor": {"os-flavor-access:is_public": true, "rxtx_factor": 1.0, "ram": 512, "name": "ds512M", "disk": 5, "swap": 0, "vcpus": 1, "id": "d1", "OS-FLV-EXT-DATA:ephemeral": 0}} {{(pid=112959) _process_stack /opt/stack/nova/nova/api/openstack/wsgi.py:511}}
Sep 08 12:35:09.392517 n-d-852085-10 devstack@n-api.service[112959]: INFO nova.api.openstack.requestlog [None req-6e75587a-8948-4af1-987d-b37f0ea58f90 admin admin] 10.222.0.60 "POST /compute/v2.1/flavors" status: 200 len: 404 microversion: 2.61 time: 0.792475
Sep 08 12:35:09.400715 n-d-852085-10 devstack@n-api.service[112959]: [pid: 112959|app: 0|req: 4/8] 10.222.0.60 () {64 vars in 1283 bytes} [Thu Sep 8 12:35:08 2022] POST /compute/v2.1/flavors => generated 404 bytes in 801 msecs (HTTP/1.1 200) 9 headers in 359 bytes (1 switches on core 0)
Sep 08 12:35:09.408005 n-d-852085-10 devstack@n-api.service[112958]: DEBUG nova.api.openstack.wsgi [None req-3fb66db8-ec78-4784-8be2-87c30552deb5 admin admin] Action: 'create', calling method: >, body: {"extra_specs": {"hw_rng:allowed": "True"}} {{(pid=112958) _process_stack /opt/stack/nova/nova/api/openstack/wsgi.py:511}}
Sep 08 12:35:09.474493 n-d-852085-10 devstack@n-api.service[112958]: INFO nova.api.openstack.requestlog [None req-3fb66db8-ec78-4784-8be2-87c30552deb5 admin admin] 10.222.0.60 "POST /compute/v2.1/flavors/d1/os-extra_specs" status: 200 len: 43 microversion: 2.61 time: 0.070365
Sep 08 12:35:09.476487 n-d-852085-10 devstack@n-api.service[112958]: [pid: 112958|app: 0|req: 5/9] 10.222.0.60 () {64 vars in 1336 bytes} [Thu Sep 8 12:35:09 2022] POST /compute/v2.1/flavors/d1/os-extra_specs => generated 43 bytes in 73 msecs (HTTP/1.1 200) 9 headers in 358 bytes (2 switches on core 0)
Sep 08 12:35:12.415172 n-d-852085-10 devstack@n-api.service[112959]: DEBUG nova.api.openstack.wsgi [None req-6e75587a-8948-4af1-987d-b37f0ea58f90 admin admin] Calling method '>' {{(pid=112959) _process_stack /opt/stack/nova/nova/api/openstack/wsgi.py:513}}
Sep 08 12:35:12.416429 n-d-852085-10 devstack@n-api.service[112959]: INFO nova.api.openstack.requestlog [None req-6e75587a-8948-4af1-987d-b37f0ea58f90 admin admin] 10.222.0.60 "GET /compute/v2.1" status: 200 len: 388 microversion: 2.1 time: 0.001703
Sep 08 12:35:12.416836 n-d-852085-10 devstack@n-api.service[112959]: [pid: 112959|app: 0|req: 5/10] 10.222.0.60 () {54 vars in 931 bytes} [Thu Sep 8 12:35:12 2022] GET /compute/v2.1 => generated 388 bytes in 3 msecs (HTTP/1.1 200) 9 headers in 357 bytes (1 switches on core 0)
Sep 08 12:35:12.931726 n-d-852085-10 devstack@n-api.service[112958]: DEBUG nova.api.openstack.wsgi [None req-6f8dab40-c42c-4291-8b2a-afd61e8565a4 admin admin] Action: 'create', calling method: >, body: {"flavor": {"name": "ds1G", "swap": 0, "rxtx_factor": 1.0, "vcpus": 1, "disk": 10, "os-flavor-access:is_public": true, "id": "d2", "ram": 1024, "OS-FLV-EXT-DATA:ephemeral": 0}} {{(pid=112958) _process_stack /opt/stack/nova/nova/api/openstack/wsgi.py:511}}
Sep 08 12:35:12.965124 n-d-852085-10 devstack@n-api.service[112958]: INFO nova.api.openstack.requestlog [None req-6f8dab40-c42c-4291-8b2a-afd61e8565a4 admin admin] 10.222.0.60 "POST /compute/v2.1/flavors" status: 200 len: 404 microversion: 2.61 time: 0.541733
Sep 08 12:35:12.966219 n-d-852085-10 devstack@n-api.service[112958]: [pid: 112958|app: 0|req: 6/11] 10.222.0.60 () {64 vars in 1283 bytes} [Thu Sep 8 12:35:12 2022] POST /compute/v2.1/flavors => generated 404 bytes in 543 msecs (HTTP/1.1 200) 9 headers in 359 bytes (2 switches on core 0)
Sep 08 12:35:12.978170 n-d-852085-10 devstack@n-api.service[112959]: DEBUG nova.api.openstack.wsgi [None req-6b3b173d-043b-460e-861c-a05e7c474553 admin admin] Action: 'create', calling method: >, body: {"extra_specs": {"hw_rng:allowed": "True"}} {{(pid=112959) _process_stack /opt/stack/nova/nova/api/openstack/wsgi.py:511}}
Sep 08 12:35:13.009703 n-d-852085-10 devstack@n-api.service[112959]: INFO nova.api.openstack.requestlog [None req-6b3b173d-043b-460e-861c-a05e7c474553 admin admin] 10.222.0.60 "POST /compute/v2.1/flavors/d2/os-extra_specs" status: 200 len: 43 microversion: 2.61 time: 0.035187
Sep 08 12:35:13.021830 n-d-852085-10 devstack@n-api.service[112959]: [pid: 112959|app: 0|req: 6/12] 10.222.0.60 () {64 vars in 1336 bytes} [Thu Sep 8 12:35:12 2022] POST /compute/v2.1/flavors/d2/os-extra_specs => generated 43 bytes in 48 msecs (HTTP/1.1 200) 9 headers in 358 bytes (1 switches on core 0)
Sep 08 12:35:15.607469 n-d-852085-10 devstack@n-api.service[112958]: DEBUG nova.api.openstack.wsgi [None req-6f8dab40-c42c-4291-8b2a-afd61e8565a4 admin admin] Calling method '>' {{(pid=112958) _process_stack /opt/stack/nova/nova/api/openstack/wsgi.py:513}}
Sep 08 12:35:15.608520 n-d-852085-10 devstack@n-api.service[112958]: INFO nova.api.openstack.requestlog [None req-6f8dab40-c42c-4291-8b2a-afd61e8565a4 admin admin] 10.222.0.60 "GET /compute/v2.1" status: 200 len: 388 microversion: 2.1 time: 0.001507
Sep 08 12:35:15.608905 n-d-852085-10 devstack@n-api.service[112958]: [pid: 112958|app: 0|req: 7/13] 10.222.0.60 () {54 vars in 931 bytes} [Thu Sep 8 12:35:15 2022] GET /compute/v2.1 => generated 388 bytes in 2 msecs (HTTP/1.1 200) 9 headers in 357 bytes (1 switches on core 0)
Sep 08 12:35:16.071740 n-d-852085-10 devstack@n-api.service[112959]: DEBUG nova.api.openstack.wsgi [None req-8dc1d035-e3ac-493c-93de-66d8e3805c5a admin admin] Action: 'create', calling method: >, body: {"flavor": {"swap": 0, "vcpus": 2, "OS-FLV-EXT-DATA:ephemeral": 0, "disk": 10, "name": "ds2G", "rxtx_factor": 1.0, "os-flavor-access:is_public": true, "id": "d3", "ram": 2048}} {{(pid=112959) _process_stack /opt/stack/nova/nova/api/openstack/wsgi.py:511}}
Sep 08 12:35:16.096635 n-d-852085-10 devstack@n-api.service[112959]: INFO nova.api.openstack.requestlog [None req-8dc1d035-e3ac-493c-93de-66d8e3805c5a admin admin] 10.222.0.60 "POST /compute/v2.1/flavors" status: 200 len: 404 microversion: 2.61 time: 0.480251
Sep 08 12:35:16.097781 n-d-852085-10 devstack@n-api.service[112959]: [pid: 112959|app: 0|req: 7/14] 10.222.0.60 () {64 vars in 1283 bytes} [Thu Sep 8 12:35:15 2022] POST /compute/v2.1/flavors => generated 404 bytes in 482 msecs (HTTP/1.1 200) 9 headers in 359 bytes (1 switches on core 0)
Sep 08 12:35:16.110404 n-d-852085-10 devstack@n-api.service[112958]: DEBUG nova.api.openstack.wsgi [None req-44f74975-5f86-43e0-a68e-b97e833f50b9 admin admin] Action: 'create', calling method: >, body: {"extra_specs": {"hw_rng:allowed": "True"}} {{(pid=112958) _process_stack /opt/stack/nova/nova/api/openstack/wsgi.py:511}}
Sep 08 12:35:16.141537 n-d-852085-10 devstack@n-api.service[112958]: INFO nova.api.openstack.requestlog [None req-44f74975-5f86-43e0-a68e-b97e833f50b9 admin admin] 10.222.0.60 "POST /compute/v2.1/flavors/d3/os-extra_specs" status: 200 len: 43 microversion: 2.61 time: 0.035182
Sep 08 12:35:16.145638 n-d-852085-10 devstack@n-api.service[112958]: [pid: 112958|app: 0|req: 8/15] 10.222.0.60 () {64 vars in 1336 bytes} [Thu Sep 8 12:35:16 2022] POST /compute/v2.1/flavors/d3/os-extra_specs => generated 43 bytes in 37 msecs (HTTP/1.1 200) 9 headers in 358 bytes (1 switches on core 0)
Sep 08 12:35:18.829347 n-d-852085-10 devstack@n-api.service[112959]: DEBUG nova.api.openstack.wsgi [None req-8dc1d035-e3ac-493c-93de-66d8e3805c5a admin admin] Calling method '>' {{(pid=112959) _process_stack /opt/stack/nova/nova/api/openstack/wsgi.py:513}}
Sep 08 12:35:18.831004 n-d-852085-10 devstack@n-api.service[112959]: INFO nova.api.openstack.requestlog [None req-8dc1d035-e3ac-493c-93de-66d8e3805c5a admin admin] 10.222.0.60 "GET /compute/v2.1" status: 200 len: 388 microversion: 2.1 time: 0.002101
Sep 08 12:35:18.842055 n-d-852085-10 devstack@n-api.service[112959]: [pid: 112959|app: 0|req: 8/16] 10.222.0.60 () {54 vars in 931 bytes} [Thu Sep 8 12:35:18 2022] GET /compute/v2.1 => generated 388 bytes in 8 msecs (HTTP/1.1 200) 9 headers in 357 bytes (1 switches on core 0)
Sep 08 12:35:19.320891 n-d-852085-10 devstack@n-api.service[112958]: DEBUG nova.api.openstack.wsgi [None req-797da500-4ff3-4d11-a794-6dbca4287e90 admin admin] Action: 'create', calling method: >, body: {"flavor": {"ram": 4096, "OS-FLV-EXT-DATA:ephemeral": 0, "id": "d4", "rxtx_factor": 1.0, "disk": 20, "name": "ds4G", "swap": 0, "vcpus": 4, "os-flavor-access:is_public": true}} {{(pid=112958) _process_stack /opt/stack/nova/nova/api/openstack/wsgi.py:511}}
Sep 08 12:35:19.352359 n-d-852085-10 devstack@n-api.service[112958]: INFO nova.api.openstack.requestlog [None req-797da500-4ff3-4d11-a794-6dbca4287e90 admin admin] 10.222.0.60 "POST /compute/v2.1/flavors" status: 200 len: 404 microversion: 2.61 time: 0.513654
Sep 08 12:35:19.360220 n-d-852085-10 devstack@n-api.service[112958]: [pid: 112958|app: 0|req: 9/17] 10.222.0.60 () {64 vars in 1283 bytes} [Thu Sep 8 12:35:18 2022] POST /compute/v2.1/flavors => generated 404 bytes in 516 msecs (HTTP/1.1 200) 9 headers in 359 bytes (1 switches on core 0)
Sep 08 12:35:19.365144 n-d-852085-10 devstack@n-api.service[112959]: DEBUG nova.api.openstack.wsgi [None req-8461a9fb-8d78-4e10-a126-5844343a55fe admin admin] Action: 'create', calling method: >, body: {"extra_specs": {"hw_rng:allowed": "True"}} {{(pid=112959) _process_stack /opt/stack/nova/nova/api/openstack/wsgi.py:511}}
Sep 08 12:35:19.391995 n-d-852085-10 devstack@n-api.service[112959]: INFO nova.api.openstack.requestlog [None req-8461a9fb-8d78-4e10-a126-5844343a55fe admin admin] 10.222.0.60 "POST /compute/v2.1/flavors/d4/os-extra_specs" status: 200 len: 43 microversion: 2.61 time: 0.030413
Sep 08 12:35:19.406683 n-d-852085-10 devstack@n-api.service[112959]: [pid: 112959|app: 0|req: 9/18] 10.222.0.60 () {64 vars in 1336 bytes} [Thu Sep 8 12:35:19 2022] POST /compute/v2.1/flavors/d4/os-extra_specs => generated 43 bytes in 45 msecs (HTTP/1.1 200) 9 headers in 358 bytes (1 switches on core 0)
Sep 08 12:35:22.035677 n-d-852085-10 devstack@n-api.service[112958]: DEBUG nova.api.openstack.wsgi [None req-797da500-4ff3-4d11-a794-6dbca4287e90 admin admin] Calling method '>' {{(pid=112958) _process_stack /opt/stack/nova/nova/api/openstack/wsgi.py:513}}
Sep 08 12:35:22.036691 n-d-852085-10 devstack@n-api.service[112958]: INFO nova.api.openstack.requestlog [None req-797da500-4ff3-4d11-a794-6dbca4287e90 admin admin] 10.222.0.60 "GET /compute/v2.1" status: 200 len: 388 microversion: 2.1 time: 0.001529
Sep 08 12:35:22.037310 n-d-852085-10 devstack@n-api.service[112958]: [pid: 112958|app: 0|req: 10/19] 10.222.0.60 () {54 vars in 931 bytes} [Thu Sep 8 12:35:22 2022] GET /compute/v2.1 => generated 388 bytes in 2 msecs (HTTP/1.1 200) 9 headers in 357 bytes (2 switches on core 0)
Sep 08 12:35:22.495335 n-d-852085-10 devstack@n-api.service[112959]: DEBUG nova.api.openstack.wsgi [None req-c989e4b9-20db-462d-9d3b-23f7566133f9 admin admin] Calling method '>' {{(pid=112959) _process_stack /opt/stack/nova/nova/api/openstack/wsgi.py:513}}
Sep 08 12:35:22.523378 n-d-852085-10 devstack@n-api.service[112959]: INFO nova.api.openstack.requestlog [None req-c989e4b9-20db-462d-9d3b-23f7566133f9 admin admin] 10.222.0.60 "GET /compute/v2.1/flavors/detail?is_public=True" status: 200 len: 2106 microversion: 2.61 time: 0.480105
Sep 08 12:35:22.523982 n-d-852085-10 devstack@n-api.service[112959]: [pid: 112959|app: 0|req: 10/20] 10.222.0.60 () {60 vars in 1292 bytes} [Thu Sep 8 12:35:22 2022] GET /compute/v2.1/flavors/detail?is_public=True => generated 2106 bytes in 481 msecs (HTTP/1.1 200) 9 headers in 360 bytes (1 switches on core 0)
Sep 08 12:35:25.141779 n-d-852085-10 devstack@n-api.service[112958]: DEBUG nova.api.openstack.wsgi [None req-797da500-4ff3-4d11-a794-6dbca4287e90 admin admin] Calling method '>' {{(pid=112958) _process_stack /opt/stack/nova/nova/api/openstack/wsgi.py:513}}
Sep 08 12:35:25.142786 n-d-852085-10 devstack@n-api.service[112958]: INFO nova.api.openstack.requestlog [None req-797da500-4ff3-4d11-a794-6dbca4287e90 admin admin] 10.222.0.60 "GET /compute/v2.1" status: 200 len: 388 microversion: 2.1 time: 0.001504
Sep 08 12:35:25.143178 n-d-852085-10 devstack@n-api.service[112958]: [pid: 112958|app: 0|req: 11/21] 10.222.0.60 () {54 vars in 931 bytes} [Thu Sep 8 12:35:25 2022] GET /compute/v2.1 => generated 388 bytes in 2 msecs (HTTP/1.1 200) 9 headers in 357 bytes (1 switches on core 0)
Sep 08 12:35:25.572158 n-d-852085-10 devstack@n-api.service[112959]: DEBUG nova.api.openstack.wsgi [None req-db856026-9e25-427c-9d7c-1f139f053bbf admin admin] Action: 'create', calling method: >, body: {"flavor": {"disk": 1, "vcpus": 1, "id": "1", "swap": 0, "rxtx_factor": 1.0, "os-flavor-access:is_public": true, "ram": 512, "OS-FLV-EXT-DATA:ephemeral": 0, "name": "m1.tiny"}} {{(pid=112959) _process_stack /opt/stack/nova/nova/api/openstack/wsgi.py:511}}
Sep 08 12:35:25.593198 n-d-852085-10 devstack@n-api.service[112959]: INFO nova.api.openstack.requestlog [None req-db856026-9e25-427c-9d7c-1f139f053bbf admin admin] 10.222.0.60 "POST /compute/v2.1/flavors" status: 200 len: 402 microversion: 2.61 time: 0.443722
Sep 08 12:35:25.593818 n-d-852085-10 devstack@n-api.service[112959]: [pid: 112959|app: 0|req: 11/22] 10.222.0.60 () {64 vars in 1283 bytes} [Thu Sep 8 12:35:25 2022] POST /compute/v2.1/flavors => generated 402 bytes in 445 msecs (HTTP/1.1 200) 9 headers in 359 bytes (1 switches on core 0)
Sep 08 12:35:25.609428 n-d-852085-10 devstack@n-api.service[112958]: DEBUG nova.api.openstack.wsgi [None req-bf0752db-f50d-44e5-b65a-413d7ecb35f2 admin admin] Action: 'create', calling method: >, body: {"extra_specs": {"hw_rng:allowed": "True"}} {{(pid=112958) _process_stack /opt/stack/nova/nova/api/openstack/wsgi.py:511}}
Sep 08 12:35:25.637234 n-d-852085-10 devstack@n-api.service[112958]: INFO nova.api.openstack.requestlog [None req-bf0752db-f50d-44e5-b65a-413d7ecb35f2 admin admin] 10.222.0.60 "POST /compute/v2.1/flavors/1/os-extra_specs" status: 200 len: 43 microversion: 2.61 time: 0.031959
Sep 08 12:35:25.637846 n-d-852085-10 devstack@n-api.service[112958]: [pid: 112958|app: 0|req: 12/23] 10.222.0.60 () {64 vars in 1333 bytes} [Thu Sep 8 12:35:25 2022] POST /compute/v2.1/flavors/1/os-extra_specs => generated 43 bytes in 33 msecs (HTTP/1.1 200) 9 headers in 358 bytes (1 switches on core 0)
Sep 08 12:35:28.184964 n-d-852085-10 devstack@n-api.service[112959]: DEBUG nova.api.openstack.wsgi [None req-db856026-9e25-427c-9d7c-1f139f053bbf admin admin] Calling method '>' {{(pid=112959) _process_stack /opt/stack/nova/nova/api/openstack/wsgi.py:513}}
Sep 08 12:35:28.185996 n-d-852085-10 devstack@n-api.service[112959]: INFO nova.api.openstack.requestlog [None req-db856026-9e25-427c-9d7c-1f139f053bbf admin admin] 10.222.0.60 "GET /compute/v2.1" status: 200 len: 388 microversion: 2.1 time: 0.001523
Sep 08 12:35:28.186377 n-d-852085-10 devstack@n-api.service[112959]: [pid: 112959|app: 0|req: 12/24] 10.222.0.60 () {54 vars in 931 bytes} [Thu Sep 8 12:35:28 2022] GET /compute/v2.1 => generated 388 bytes in 2 msecs (HTTP/1.1 200) 9 headers in 357 bytes (1 switches on core 0)
Sep 08 12:35:28.603410 n-d-852085-10 devstack@n-api.service[112958]: DEBUG nova.api.openstack.wsgi [None req-91ba5bda-6e10-4bc1-b71e-fd6eda0356d6 admin admin] Action: 'create', calling method: >, body: {"flavor": {"swap": 0, "ram": 2048, "name": "m1.small", "rxtx_factor": 1.0, "os-flavor-access:is_public": true, "disk": 20, "vcpus": 1, "OS-FLV-EXT-DATA:ephemeral": 0, "id": "2"}} {{(pid=112958) _process_stack /opt/stack/nova/nova/api/openstack/wsgi.py:511}}
Sep 08 12:35:28.623864 n-d-852085-10 devstack@n-api.service[112958]: INFO nova.api.openstack.requestlog [None req-91ba5bda-6e10-4bc1-b71e-fd6eda0356d6 admin admin] 10.222.0.60 "POST /compute/v2.1/flavors" status: 200 len: 405 microversion: 2.61 time: 0.431293
Sep 08 12:35:28.624421 n-d-852085-10 devstack@n-api.service[112958]: [pid: 112958|app: 0|req: 13/25] 10.222.0.60 () {64 vars in 1283 bytes} [Thu Sep 8 12:35:28 2022] POST /compute/v2.1/flavors => generated 405 bytes in 432 msecs (HTTP/1.1 200) 9 headers in 359 bytes (1 switches on core 0)
Sep 08 12:35:28.636616 n-d-852085-10 devstack@n-api.service[112959]: DEBUG nova.api.openstack.wsgi [None req-755f3f0b-18d1-4eb1-8b9a-185edc46cfba admin admin] Action: 'create', calling method: >, body: {"extra_specs": {"hw_rng:allowed": "True"}} {{(pid=112959) _process_stack /opt/stack/nova/nova/api/openstack/wsgi.py:511}}
Sep 08 12:35:28.661879 n-d-852085-10 devstack@n-api.service[112959]: INFO nova.api.openstack.requestlog [None req-755f3f0b-18d1-4eb1-8b9a-185edc46cfba admin admin] 10.222.0.60 "POST /compute/v2.1/flavors/2/os-extra_specs" status: 200 len: 43 microversion: 2.61 time: 0.029050
Sep 08 12:35:28.662550 n-d-852085-10 devstack@n-api.service[112959]: [pid: 112959|app: 0|req: 13/26] 10.222.0.60 () {64 vars in 1333 bytes} [Thu Sep 8 12:35:28 2022] POST /compute/v2.1/flavors/2/os-extra_specs => generated 43 bytes in 30 msecs (HTTP/1.1 200) 9 headers in 358 bytes (1 switches on core 0)
Sep 08 12:35:31.260136 n-d-852085-10 devstack@n-api.service[112958]: DEBUG nova.api.openstack.wsgi [None req-91ba5bda-6e10-4bc1-b71e-fd6eda0356d6 admin admin] Calling method '>' {{(pid=112958) _process_stack /opt/stack/nova/nova/api/openstack/wsgi.py:513}}
Sep 08 12:35:31.261064 n-d-852085-10 devstack@n-api.service[112958]: INFO nova.api.openstack.requestlog [None req-91ba5bda-6e10-4bc1-b71e-fd6eda0356d6 admin admin] 10.222.0.60 "GET /compute/v2.1" status: 200 len: 388 microversion: 2.1 time: 0.001495
Sep 08 12:35:31.261445 n-d-852085-10 devstack@n-api.service[112958]: [pid: 112958|app: 0|req: 14/27] 10.222.0.60 () {54 vars in 931 bytes} [Thu Sep 8 12:35:31 2022] GET /compute/v2.1 => generated 388 bytes in 2 msecs (HTTP/1.1 200) 9 headers in 357 bytes (1 switches on core 0)
Sep 08 12:35:31.686407 n-d-852085-10 devstack@n-api.service[112959]: DEBUG nova.api.openstack.wsgi [None req-6953d5d3-390f-424b-9080-5dd975a87730 admin admin] Action: 'create', calling method: >, body: {"flavor": {"vcpus": 2, "disk": 40, "ram": 4096, "swap": 0, "id": "3", "rxtx_factor": 1.0, "name": "m1.medium", "OS-FLV-EXT-DATA:ephemeral": 0, "os-flavor-access:is_public": true}} {{(pid=112959) _process_stack /opt/stack/nova/nova/api/openstack/wsgi.py:511}}
Sep 08 12:35:31.714464 n-d-852085-10 devstack@n-api.service[112959]: INFO nova.api.openstack.requestlog [None req-6953d5d3-390f-424b-9080-5dd975a87730 admin admin] 10.222.0.60 "POST /compute/v2.1/flavors" status: 200 len: 406 microversion: 2.61 time: 0.445894
Sep 08 12:35:31.715449 n-d-852085-10 devstack@n-api.service[112959]: [pid: 112959|app: 0|req: 14/28] 10.222.0.60 () {64 vars in 1283 bytes} [Thu Sep 8 12:35:31 2022] POST /compute/v2.1/flavors => generated 406 bytes in 448 msecs (HTTP/1.1 200) 9 headers in 359 bytes (1 switches on core 0)
Sep 08 12:35:31.727542 n-d-852085-10 devstack@n-api.service[112958]: DEBUG nova.api.openstack.wsgi [None req-42fe754e-71d8-4d24-99d2-25a963dd2d7c admin admin] Action: 'create', calling method: >, body: {"extra_specs": {"hw_rng:allowed": "True"}} {{(pid=112958) _process_stack /opt/stack/nova/nova/api/openstack/wsgi.py:511}}
Sep 08 12:35:31.733390 n-d-852085-10 devstack@n-api.service[112958]: DEBUG dbcounter [-] [112958] Writing DB stats nova_api:SELECT=33,nova_api:INSERT=7,nova_api:SAVEPOINT=3,nova_api:RELEASE=3 {{(pid=112958) stat_writer /usr/local/lib/python3.8/dist-packages/dbcounter.py:114}}
Sep 08 12:35:31.754617 n-d-852085-10 devstack@n-api.service[112958]: INFO nova.api.openstack.requestlog [None req-42fe754e-71d8-4d24-99d2-25a963dd2d7c admin admin] 10.222.0.60 "POST /compute/v2.1/flavors/3/os-extra_specs" status: 200 len: 43 microversion: 2.61 time: 0.030970
Sep 08 12:35:31.758062 n-d-852085-10 devstack@n-api.service[112958]: [pid: 112958|app: 0|req: 15/29] 10.222.0.60 () {64 vars in 1333 bytes} [Thu Sep 8 12:35:31 2022] POST /compute/v2.1/flavors/3/os-extra_specs => generated 43 bytes in 35 msecs (HTTP/1.1 200) 9 headers in 358 bytes (1 switches on core 0)
Sep 08 12:35:34.369421 n-d-852085-10 devstack@n-api.service[112959]: DEBUG nova.api.openstack.wsgi [None req-6953d5d3-390f-424b-9080-5dd975a87730 admin admin] Calling method '>' {{(pid=112959) _process_stack /opt/stack/nova/nova/api/openstack/wsgi.py:513}}
Sep 08 12:35:34.371070 n-d-852085-10 devstack@n-api.service[112959]: INFO nova.api.openstack.requestlog [None req-6953d5d3-390f-424b-9080-5dd975a87730 admin admin] 10.222.0.60 "GET /compute/v2.1" status: 200 len: 388 microversion: 2.1 time: 0.002171
Sep 08 12:35:34.371471 n-d-852085-10 devstack@n-api.service[112959]: [pid: 112959|app: 0|req: 15/30] 10.222.0.60 () {54 vars in 931 bytes} [Thu Sep 8 12:35:34 2022] GET /compute/v2.1 => generated 388 bytes in 3 msecs (HTTP/1.1 200) 9 headers in 357 bytes (1 switches on core 0)
Sep 08 12:35:34.807139 n-d-852085-10 devstack@n-api.service[112958]: DEBUG nova.api.openstack.wsgi [None req-2437a4e8-3655-4f60-82d3-5d0af907c2cb admin admin] Action: 'create', calling method: >, body: {"flavor": {"vcpus": 4, "os-flavor-access:is_public": true, "id": "4", "swap": 0, "rxtx_factor": 1.0, "ram": 8192, "disk": 80, "name": "m1.large", "OS-FLV-EXT-DATA:ephemeral": 0}} {{(pid=112958) _process_stack /opt/stack/nova/nova/api/openstack/wsgi.py:511}}
Sep 08 12:35:34.831683 n-d-852085-10 devstack@n-api.service[112958]: INFO nova.api.openstack.requestlog [None req-2437a4e8-3655-4f60-82d3-5d0af907c2cb admin admin] 10.222.0.60 "POST /compute/v2.1/flavors" status: 200 len: 405 microversion: 2.61 time: 0.453947
Sep 08 12:35:34.832231 n-d-852085-10 devstack@n-api.service[112958]: [pid: 112958|app: 0|req: 16/31] 10.222.0.60 () {64 vars in 1283 bytes} [Thu Sep 8 12:35:34 2022] POST /compute/v2.1/flavors => generated 405 bytes in 455 msecs (HTTP/1.1 200) 9 headers in 359 bytes (2 switches on core 0)
Sep 08 12:35:34.844768 n-d-852085-10 devstack@n-api.service[112959]: DEBUG nova.api.openstack.wsgi [None req-32d4876a-c566-44e6-b273-1075ab9d0563 admin admin] Action: 'create', calling method: >, body: {"extra_specs": {"hw_rng:allowed": "True"}} {{(pid=112959) _process_stack /opt/stack/nova/nova/api/openstack/wsgi.py:511}}
Sep 08 12:35:34.872648 n-d-852085-10 devstack@n-api.service[112959]: INFO nova.api.openstack.requestlog [None req-32d4876a-c566-44e6-b273-1075ab9d0563 admin admin] 10.222.0.60 "POST /compute/v2.1/flavors/4/os-extra_specs" status: 200 len: 43 microversion: 2.61 time: 0.031454
Sep 08 12:35:34.873242 n-d-852085-10 devstack@n-api.service[112959]: [pid: 112959|app: 0|req: 16/32] 10.222.0.60 () {64 vars in 1333 bytes} [Thu Sep 8 12:35:34 2022] POST /compute/v2.1/flavors/4/os-extra_specs => generated 43 bytes in 33 msecs (HTTP/1.1 200) 9 headers in 358 bytes (2 switches on core 0)
Sep 08 12:35:37.457816 n-d-852085-10 devstack@n-api.service[112958]: DEBUG nova.api.openstack.wsgi [None req-2437a4e8-3655-4f60-82d3-5d0af907c2cb admin admin] Calling method '>' {{(pid=112958) _process_stack /opt/stack/nova/nova/api/openstack/wsgi.py:513}}
Sep 08 12:35:37.459588 n-d-852085-10 devstack@n-api.service[112958]: INFO nova.api.openstack.requestlog [None req-2437a4e8-3655-4f60-82d3-5d0af907c2cb admin admin] 10.222.0.60 "GET /compute/v2.1" status: 200 len: 388 microversion: 2.1 time: 0.002286
Sep 08 12:35:37.463022 n-d-852085-10 devstack@n-api.service[112958]: [pid: 112958|app: 0|req: 17/33] 10.222.0.60 () {54 vars in 931 bytes} [Thu Sep 8 12:35:37 2022] GET /compute/v2.1 => generated 388 bytes in 6 msecs (HTTP/1.1 200) 9 headers in 357 bytes (1 switches on core 0)
Sep 08 12:35:37.916447 n-d-852085-10 devstack@n-api.service[112959]: DEBUG nova.api.openstack.wsgi [None req-b482217e-f23a-4498-953f-887258bb9e92 admin admin] Action: 'create', calling method: >, body: {"flavor": {"vcpus": 8, "swap": 0, "OS-FLV-EXT-DATA:ephemeral": 0, "rxtx_factor": 1.0, "os-flavor-access:is_public": true, "id": "5", "disk": 160, "name": "m1.xlarge", "ram": 16384}} {{(pid=112959) _process_stack /opt/stack/nova/nova/api/openstack/wsgi.py:511}}
Sep 08 12:35:37.922029 n-d-852085-10 devstack@n-api.service[112959]: DEBUG dbcounter [-] [112959] Writing DB stats nova_api:SELECT=45,nova_api:SAVEPOINT=5,nova_api:INSERT=9,nova_api:RELEASE=5 {{(pid=112959) stat_writer /usr/local/lib/python3.8/dist-packages/dbcounter.py:114}}
Sep 08 12:35:37.938146 n-d-852085-10 devstack@n-api.service[112959]: INFO nova.api.openstack.requestlog [None req-b482217e-f23a-4498-953f-887258bb9e92 admin admin] 10.222.0.60 "POST /compute/v2.1/flavors" status: 200 len: 408 microversion: 2.61 time: 0.470927
Sep 08 12:35:37.939021 n-d-852085-10 devstack@n-api.service[112959]: [pid: 112959|app: 0|req: 17/34] 10.222.0.60 () {64 vars in 1283 bytes} [Thu Sep 8 12:35:37 2022] POST /compute/v2.1/flavors => generated 408 bytes in 472 msecs (HTTP/1.1 200) 9 headers in 359 bytes (1 switches on core 0)
Sep 08 12:35:37.951501 n-d-852085-10 devstack@n-api.service[112958]: DEBUG nova.api.openstack.wsgi [None req-82625e46-9363-45f7-80a5-7430cad6b6c7 admin admin] Action: 'create', calling method: >, body: {"extra_specs": {"hw_rng:allowed": "True"}} {{(pid=112958) _process_stack /opt/stack/nova/nova/api/openstack/wsgi.py:511}}
Sep 08 12:35:37.980015 n-d-852085-10 devstack@n-api.service[112958]: INFO nova.api.openstack.requestlog [None req-82625e46-9363-45f7-80a5-7430cad6b6c7 admin admin] 10.222.0.60 "POST /compute/v2.1/flavors/5/os-extra_specs" status: 200 len: 43 microversion: 2.61 time: 0.032350
Sep 08 12:35:37.980594 n-d-852085-10 devstack@n-api.service[112958]: [pid: 112958|app: 0|req: 18/35] 10.222.0.60 () {64 vars in 1333 bytes} [Thu Sep 8 12:35:37 2022] POST /compute/v2.1/flavors/5/os-extra_specs => generated 43 bytes in 34 msecs (HTTP/1.1 200) 9 headers in 358 bytes (2 switches on core 0)
Sep 08 12:35:59.383923 n-d-852085-10 devstack@n-api.service[112959]: DEBUG nova.api.openstack.wsgi [None req-b482217e-f23a-4498-953f-887258bb9e92 admin admin] Calling method '>' {{(pid=112959) _process_stack /opt/stack/nova/nova/api/openstack/wsgi.py:513}}
Sep 08 12:35:59.384998 n-d-852085-10 devstack@n-api.service[112959]: INFO nova.api.openstack.requestlog [None req-b482217e-f23a-4498-953f-887258bb9e92 admin admin] 10.222.0.60 "GET /compute/v2.1" status: 200 len: 388 microversion: 2.1 time: 0.001496
Sep 08 12:35:59.385408 n-d-852085-10 devstack@n-api.service[112959]: [pid: 112959|app: 0|req: 18/36] 10.222.0.60 () {54 vars in 931 bytes} [Thu Sep 8 12:35:59 2022] GET /compute/v2.1 => generated 388 bytes in 2 msecs (HTTP/1.1 200) 9 headers in 357 bytes (1 switches on core 0)
