Aug 04 10:59:39.036244 n-d-852085-1 devstack@keystone.service[80798]: ERROR keystone.server.flask.application return self.ensure_sync(self.view_functions[rule.endpoint])(**req.view_args)
Aug 04 10:59:39.036244 n-d-852085-1 devstack@keystone.service[80798]: ERROR keystone.server.flask.application
File "/usr/local/lib/python3.8/dist-packages/flask_restful/__init__.py", line 467, in wrapper
Aug 04 10:59:39.036244 n-d-852085-1 devstack@keystone.service[80798]: ERROR keystone.server.flask.application resp = resource(*args, **kwargs)
Aug 04 10:59:39.036244 n-d-852085-1 devstack@keystone.service[80798]: ERROR keystone.server.flask.application
File "/usr/local/lib/python3.8/dist-packages/flask/views.py", line 84, in view
Aug 04 10:59:39.036244 n-d-852085-1 devstack@keystone.service[80798]: ERROR keystone.server.flask.application return current_app.ensure_sync(self.dispatch_request)(*args, **kwargs)
Aug 04 10:59:39.036244 n-d-852085-1 devstack@keystone.service[80798]: ERROR keystone.server.flask.application
File "/usr/local/lib/python3.8/dist-packages/flask_restful/__init__.py", line 582, in dispatch_request
Aug 04 10:59:39.036244 n-d-852085-1 devstack@keystone.service[80798]: ERROR keystone.server.flask.application resp = meth(*args, **kwargs)
Aug 04 10:59:39.036244 n-d-852085-1 devstack@keystone.service[80798]: ERROR keystone.server.flask.application
File "/opt/stack/keystone/keystone/api/roles.py", line 50, in get
Aug 04 10:59:39.036244 n-d-852085-1 devstack@keystone.service[80798]: ERROR keystone.server.flask.application return self._get_role(role_id)
Aug 04 10:59:39.036244 n-d-852085-1 devstack@keystone.service[80798]: ERROR keystone.server.flask.application
File "/opt/stack/keystone/keystone/api/roles.py", line 70, in _get_role
Aug 04 10:59:39.036244 n-d-852085-1 devstack@keystone.service[80798]: ERROR keystone.server.flask.application ENFORCER.enforce_call(action='identity:get_role')
Aug 04 10:59:39.037180 n-d-852085-1 devstack@keystone.service[80798]: ERROR keystone.server.flask.application
File "/opt/stack/keystone/keystone/common/rbac_enforcer/enforcer.py", line 402, in enforce_call
Aug 04 10:59:39.037180 n-d-852085-1 devstack@keystone.service[80798]: ERROR keystone.server.flask.application policy_dict.update(cls._extract_member_target_data(
Aug 04 10:59:39.037180 n-d-852085-1 devstack@keystone.service[80798]: ERROR keystone.server.flask.application
File "/opt/stack/keystone/keystone/common/rbac_enforcer/enforcer.py", line 234, in _extract_member_target_data
Aug 04 10:59:39.037180 n-d-852085-1 devstack@keystone.service[80798]: ERROR keystone.server.flask.application member_name: func(flask.request.view_args[key])
Aug 04 10:59:39.037180 n-d-852085-1 devstack@keystone.service[80798]: ERROR keystone.server.flask.application
File "/opt/stack/keystone/keystone/common/manager.py", line 115, in wrapped
Aug 04 10:59:39.037180 n-d-852085-1 devstack@keystone.service[80798]: ERROR keystone.server.flask.application __ret_val = __f(*args, **kwargs)
Aug 04 10:59:39.037180 n-d-852085-1 devstack@keystone.service[80798]: ERROR keystone.server.flask.application
File "/usr/local/lib/python3.8/dist-packages/decorator.py", line 232, in fun
Aug 04 10:59:39.037180 n-d-852085-1 devstack@keystone.service[80798]: ERROR keystone.server.flask.application return caller(func, *(extras + args), **kw)
Aug 04 10:59:39.037180 n-d-852085-1 devstack@keystone.service[80798]: ERROR keystone.server.flask.application
File "/usr/local/lib/python3.8/dist-packages/dogpile/cache/region.py", line 1577, in get_or_create_for_user_func
Aug 04 10:59:39.037180 n-d-852085-1 devstack@keystone.service[80798]: ERROR keystone.server.flask.application return self.get_or_create(
Aug 04 10:59:39.037180 n-d-852085-1 devstack@keystone.service[80798]: ERROR keystone.server.flask.application
File "/usr/local/lib/python3.8/dist-packages/dogpile/cache/region.py", line 1042, in get_or_create
Aug 04 10:59:39.037180 n-d-852085-1 devstack@keystone.service[80798]: ERROR keystone.server.flask.application with Lock(
Aug 04 10:59:39.037180 n-d-852085-1 devstack@keystone.service[80798]: ERROR keystone.server.flask.application
File "/usr/local/lib/python3.8/dist-packages/dogpile/lock.py", line 185, in __enter__
Aug 04 10:59:39.037180 n-d-852085-1 devstack@keystone.service[80798]: ERROR keystone.server.flask.application return self._enter()
Aug 04 10:59:39.037180 n-d-852085-1 devstack@keystone.service[80798]: ERROR keystone.server.flask.application
File "/usr/local/lib/python3.8/dist-packages/dogpile/lock.py", line 94, in _enter
Aug 04 10:59:39.037180 n-d-852085-1 devstack@keystone.service[80798]: ERROR keystone.server.flask.application generated = self._enter_create(value, createdtime)
Aug 04 10:59:39.037961 n-d-852085-1 devstack@keystone.service[80798]: ERROR keystone.server.flask.application
File "/usr/local/lib/python3.8/dist-packages/dogpile/lock.py", line 178, in _enter_create
Aug 04 10:59:39.037961 n-d-852085-1 devstack@keystone.service[80798]: ERROR keystone.server.flask.application return self.creator()
Aug 04 10:59:39.037961 n-d-852085-1 devstack@keystone.service[80798]: ERROR keystone.server.flask.application
File "/usr/local/lib/python3.8/dist-packages/dogpile/cache/region.py", line 995, in gen_value
Aug 04 10:59:39.037961 n-d-852085-1 devstack@keystone.service[80798]: ERROR keystone.server.flask.application created_value = creator(
Aug 04 10:59:39.037961 n-d-852085-1 devstack@keystone.service[80798]: ERROR keystone.server.flask.application
File "/opt/stack/keystone/keystone/assignment/core.py", line 1276, in get_role
Aug 04 10:59:39.037961 n-d-852085-1 devstack@keystone.service[80798]: ERROR keystone.server.flask.application return self.driver.get_role(role_id)
Aug 04 10:59:39.037961 n-d-852085-1 devstack@keystone.service[80798]: ERROR keystone.server.flask.application
File "/opt/stack/keystone/keystone/assignment/role_backends/sql.py", line 70, in get_role
Aug 04 10:59:39.037961 n-d-852085-1 devstack@keystone.service[80798]: ERROR keystone.server.flask.application return self._get_role(session, role_id).to_dict()
Aug 04 10:59:39.037961 n-d-852085-1 devstack@keystone.service[80798]: ERROR keystone.server.flask.application
File "/opt/stack/keystone/keystone/assignment/role_backends/sql.py", line 65, in _get_role
Aug 04 10:59:39.037961 n-d-852085-1 devstack@keystone.service[80798]: ERROR keystone.server.flask.application raise exception.RoleNotFound(role_id=role_id)
Aug 04 10:59:39.037961 n-d-852085-1 devstack@keystone.service[80798]: ERROR keystone.server.flask.application keystone.exception.RoleNotFound: Could not find role: member.
Aug 04 10:59:39.037961 n-d-852085-1 devstack@keystone.service[80798]: ERROR keystone.server.flask.application
Aug 04 10:59:39.037961 n-d-852085-1 devstack@keystone.service[80798]: [pid: 80798|app: 0|req: 144/286] 10.222.0.147 () {56 vars in 1104 bytes} [Thu Aug 4 10:59:38 2022] GET /identity/v3/roles/member => generated 84 bytes in 229 msecs (HTTP/1.1 404) 5 headers in 183 bytes (1 switches on core 0)
Aug 04 10:59:39.044122 n-d-852085-1 devstack@keystone.service[80798]: DEBUG keystone.server.flask.request_processing.middleware.auth_context [None req-d5845d62-34ff-443c-b084-1694fa4be5d7 None admin] Authenticating user token {{(pid=80798) process_request /usr/local/lib/python3.8/dist-packages/keystonemiddleware/auth_token/__init__.py:407}}
Aug 04 10:59:39.159568 n-d-852085-1 devstack@keystone.service[80797]: DEBUG keystone.server.flask.request_processing.middleware.auth_context [None req-1cdbac77-5f00-40b4-9bc3-016c77e0b7ff None admin] Validating token access rules against request {{(pid=80797) validate_allowed_request /usr/local/lib/python3.8/dist-packages/keystonemiddleware/auth_token/__init__.py:545}}
Aug 04 10:59:39.186917 n-d-852085-1 devstack@keystone.service[80798]: DEBUG keystone.server.flask.request_processing.middleware.auth_context [None req-d5845d62-34ff-443c-b084-1694fa4be5d7 None admin] Validating token access rules against request {{(pid=80798) validate_allowed_request /usr/local/lib/python3.8/dist-packages/keystonemiddleware/auth_token/__init__.py:545}}
Aug 04 10:59:39.205697 n-d-852085-1 devstack@keystone.service[80797]: DEBUG keystone.server.flask.request_processing.middleware.auth_context [None req-51036cfc-4d8a-4f47-a2f3-f9ecdbe38522 None admin] RBAC: auth_context: {'token': , 'domain_id': None, 'trust_id': None, 'trustor_id': None, 'trustee_id': None, 'domain_name': None, 'group_ids': [], 'user_id': 'ea9fbfab9fba4fb5aa3b1b4bb2092a46', 'user_domain_id': 'default', 'system_scope': 'all', 'project_id': None, 'project_domain_id': None, 'roles': ['admin', 'member', 'reader'], 'is_admin_project': True, 'service_user_id': None, 'service_user_domain_id': None, 'service_project_id': None, 'service_project_domain_id': None, 'service_roles': []} {{(pid=80797) fill_context /opt/stack/keystone/keystone/server/flask/request_processing/middleware/auth_context.py:478}}
Aug 04 10:59:39.206491 n-d-852085-1 devstack@keystone.service[80797]: DEBUG keystone.server.flask.request_processing.req_logging [None req-51036cfc-4d8a-4f47-a2f3-f9ecdbe38522 None admin] REQUEST_METHOD: `GET` {{(pid=80797) log_request_info /opt/stack/keystone/keystone/server/flask/request_processing/req_logging.py:27}}
Aug 04 10:59:39.206850 n-d-852085-1 devstack@keystone.service[80797]: DEBUG keystone.server.flask.request_processing.req_logging [None req-51036cfc-4d8a-4f47-a2f3-f9ecdbe38522 None admin] SCRIPT_NAME: `/identity` {{(pid=80797) log_request_info /opt/stack/keystone/keystone/server/flask/request_processing/req_logging.py:28}}
Aug 04 10:59:39.207193 n-d-852085-1 devstack@keystone.service[80797]: DEBUG keystone.server.flask.request_processing.req_logging [None req-51036cfc-4d8a-4f47-a2f3-f9ecdbe38522 None admin] PATH_INFO: `/v3/users/3d1fc8edd9904b38a50897ca66741a90` {{(pid=80797) log_request_info /opt/stack/keystone/keystone/server/flask/request_processing/req_logging.py:29}}
Aug 04 10:59:39.209021 n-d-852085-1 devstack@keystone.service[80797]: DEBUG keystone.common.rbac_enforcer.enforcer [None req-51036cfc-4d8a-4f47-a2f3-f9ecdbe38522 None admin] RBAC: Authorizing `identity:get_user(user_id=3d1fc8edd9904b38a50897ca66741a90)` {{(pid=80797) enforce_call /opt/stack/keystone/keystone/common/rbac_enforcer/enforcer.py:449}}
Aug 04 10:59:39.210888 n-d-852085-1 devstack@keystone.service[80797]: DEBUG keystone.common.rbac_enforcer.enforcer [None req-51036cfc-4d8a-4f47-a2f3-f9ecdbe38522 None admin] RBAC: Authorization granted {{(pid=80797) enforce_call /opt/stack/keystone/keystone/common/rbac_enforcer/enforcer.py:457}}
Aug 04 10:59:39.213692 n-d-852085-1 devstack@keystone.service[80797]: [pid: 80797|app: 0|req: 143/287] 10.222.0.147 () {56 vars in 1182 bytes} [Thu Aug 4 10:59:39 2022] GET /identity/v3/users/3d1fc8edd9904b38a50897ca66741a90 => generated 298 bytes in 187 msecs (HTTP/1.1 200) 5 headers in 177 bytes (1 switches on core 0)
Aug 04 10:59:39.220733 n-d-852085-1 devstack@keystone.service[80797]: DEBUG keystone.server.flask.request_processing.middleware.auth_context [None req-51036cfc-4d8a-4f47-a2f3-f9ecdbe38522 None admin] Authenticating user token {{(pid=80797) process_request /usr/local/lib/python3.8/dist-packages/keystonemiddleware/auth_token/__init__.py:407}}
Aug 04 10:59:39.236337 n-d-852085-1 devstack@keystone.service[80798]: DEBUG keystone.server.flask.request_processing.middleware.auth_context [None req-608a0ecc-281c-45c6-af63-23f9aa5169ab None admin] RBAC: auth_context: {'token': , 'domain_id': None, 'trust_id': None, 'trustor_id': None, 'trustee_id': None, 'domain_name': None, 'group_ids': [], 'user_id': 'ea9fbfab9fba4fb5aa3b1b4bb2092a46', 'user_domain_id': 'default', 'system_scope': 'all', 'project_id': None, 'project_domain_id': None, 'roles': ['admin', 'member', 'reader'], 'is_admin_project': True, 'service_user_id': None, 'service_user_domain_id': None, 'service_project_id': None, 'service_project_domain_id': None, 'service_roles': []} {{(pid=80798) fill_context /opt/stack/keystone/keystone/server/flask/request_processing/middleware/auth_context.py:478}}
Aug 04 10:59:39.236984 n-d-852085-1 devstack@keystone.service[80798]: DEBUG keystone.server.flask.request_processing.req_logging [None req-608a0ecc-281c-45c6-af63-23f9aa5169ab None admin] REQUEST_METHOD: `GET` {{(pid=80798) log_request_info /opt/stack/keystone/keystone/server/flask/request_processing/req_logging.py:27}}
Aug 04 10:59:39.237265 n-d-852085-1 devstack@keystone.service[80798]: DEBUG keystone.server.flask.request_processing.req_logging [None req-608a0ecc-281c-45c6-af63-23f9aa5169ab None admin] SCRIPT_NAME: `/identity` {{(pid=80798) log_request_info /opt/stack/keystone/keystone/server/flask/request_processing/req_logging.py:28}}
Aug 04 10:59:39.237538 n-d-852085-1 devstack@keystone.service[80798]: DEBUG keystone.server.flask.request_processing.req_logging [None req-608a0ecc-281c-45c6-af63-23f9aa5169ab None admin] PATH_INFO: `/v3/roles` {{(pid=80798) log_request_info /opt/stack/keystone/keystone/server/flask/request_processing/req_logging.py:29}}
Aug 04 10:59:39.238333 n-d-852085-1 devstack@keystone.service[80798]: DEBUG keystone.common.rbac_enforcer.enforcer [None req-608a0ecc-281c-45c6-af63-23f9aa5169ab None admin] RBAC: Adding query filter params (name=member) {{(pid=80798) _extract_filter_values /opt/stack/keystone/keystone/common/rbac_enforcer/enforcer.py:167}}
Aug 04 10:59:39.238641 n-d-852085-1 devstack@keystone.service[80798]: DEBUG keystone.common.rbac_enforcer.enforcer [None req-608a0ecc-281c-45c6-af63-23f9aa5169ab None admin] RBAC: Authorizing `identity:list_roles()` {{(pid=80798) enforce_call /opt/stack/keystone/keystone/common/rbac_enforcer/enforcer.py:449}}
Aug 04 10:59:39.244421 n-d-852085-1 devstack@keystone.service[80798]: DEBUG keystone.common.rbac_enforcer.enforcer [None req-608a0ecc-281c-45c6-af63-23f9aa5169ab None admin] RBAC: Authorization granted {{(pid=80798) enforce_call /opt/stack/keystone/keystone/common/rbac_enforcer/enforcer.py:457}}
Aug 04 10:59:39.256243 n-d-852085-1 devstack@keystone.service[80798]: [pid: 80798|app: 0|req: 145/288] 10.222.0.147 () {56 vars in 1106 bytes} [Thu Aug 4 10:59:39 2022] GET /identity/v3/roles?name=member => generated 343 bytes in 212 msecs (HTTP/1.1 200) 5 headers in 177 bytes (1 switches on core 0)
Aug 04 10:59:39.261684 n-d-852085-1 devstack@keystone.service[80798]: DEBUG keystone.server.flask.request_processing.middleware.auth_context [None req-608a0ecc-281c-45c6-af63-23f9aa5169ab None admin] Authenticating user token {{(pid=80798) process_request /usr/local/lib/python3.8/dist-packages/keystonemiddleware/auth_token/__init__.py:407}}
Aug 04 10:59:39.328333 n-d-852085-1 devstack@keystone.service[80798]: DEBUG dbcounter [-] [80798] Writing DB stats keystone:SELECT=100 {{(pid=80798) stat_writer /usr/local/lib/python3.8/dist-packages/dbcounter.py:114}}
Aug 04 10:59:39.359099 n-d-852085-1 devstack@keystone.service[80797]: DEBUG dbcounter [-] [80797] Writing DB stats keystone:SELECT=100 {{(pid=80797) stat_writer /usr/local/lib/python3.8/dist-packages/dbcounter.py:114}}
Aug 04 10:59:39.393244 n-d-852085-1 devstack@keystone.service[80798]: DEBUG keystone.server.flask.request_processing.middleware.auth_context [None req-608a0ecc-281c-45c6-af63-23f9aa5169ab None admin] Validating token access rules against request {{(pid=80798) validate_allowed_request /usr/local/lib/python3.8/dist-packages/keystonemiddleware/auth_token/__init__.py:545}}
Aug 04 10:59:39.440004 n-d-852085-1 devstack@keystone.service[80798]: DEBUG keystone.server.flask.request_processing.middleware.auth_context [None req-83a4c69c-1b9d-474e-ae43-0ab44a39f809 None admin] RBAC: auth_context: {'token': , 'domain_id': None, 'trust_id': None, 'trustor_id': None, 'trustee_id': None, 'domain_name': None, 'group_ids': [], 'user_id': 'ea9fbfab9fba4fb5aa3b1b4bb2092a46', 'user_domain_id': 'default', 'system_scope': 'all', 'project_id': None, 'project_domain_id': None, 'roles': ['admin', 'member', 'reader'], 'is_admin_project': True, 'service_user_id': None, 'service_user_domain_id': None, 'service_project_id': None, 'service_project_domain_id': None, 'service_roles': []} {{(pid=80798) fill_context /opt/stack/keystone/keystone/server/flask/request_processing/middleware/auth_context.py:478}}
Aug 04 10:59:39.441260 n-d-852085-1 devstack@keystone.service[80798]: DEBUG keystone.server.flask.request_processing.req_logging [None req-83a4c69c-1b9d-474e-ae43-0ab44a39f809 None admin] REQUEST_METHOD: `GET` {{(pid=80798) log_request_info /opt/stack/keystone/keystone/server/flask/request_processing/req_logging.py:27}}
Aug 04 10:59:39.441795 n-d-852085-1 devstack@keystone.service[80798]: DEBUG keystone.server.flask.request_processing.req_logging [None req-83a4c69c-1b9d-474e-ae43-0ab44a39f809 None admin] SCRIPT_NAME: `/identity` {{(pid=80798) log_request_info /opt/stack/keystone/keystone/server/flask/request_processing/req_logging.py:28}}
Aug 04 10:59:39.442382 n-d-852085-1 devstack@keystone.service[80798]: DEBUG keystone.server.flask.request_processing.req_logging [None req-83a4c69c-1b9d-474e-ae43-0ab44a39f809 None admin] PATH_INFO: `/v3/users/f9f65d2d95fa4cb79313faeb307b6579` {{(pid=80798) log_request_info /opt/stack/keystone/keystone/server/flask/request_processing/req_logging.py:29}}
Aug 04 10:59:39.443881 n-d-852085-1 devstack@keystone.service[80798]: DEBUG keystone.common.rbac_enforcer.enforcer [None req-83a4c69c-1b9d-474e-ae43-0ab44a39f809 None admin] RBAC: Authorizing `identity:get_user(user_id=f9f65d2d95fa4cb79313faeb307b6579)` {{(pid=80798) enforce_call /opt/stack/keystone/keystone/common/rbac_enforcer/enforcer.py:449}}
Aug 04 10:59:39.445640 n-d-852085-1 devstack@keystone.service[80798]: DEBUG keystone.common.rbac_enforcer.enforcer [None req-83a4c69c-1b9d-474e-ae43-0ab44a39f809 None admin] RBAC: Authorization granted {{(pid=80798) enforce_call /opt/stack/keystone/keystone/common/rbac_enforcer/enforcer.py:457}}
Aug 04 10:59:39.447642 n-d-852085-1 devstack@keystone.service[80798]: [pid: 80798|app: 0|req: 146/289] 10.222.0.147 () {56 vars in 1182 bytes} [Thu Aug 4 10:59:39 2022] GET /identity/v3/users/f9f65d2d95fa4cb79313faeb307b6579 => generated 298 bytes in 186 msecs (HTTP/1.1 200) 5 headers in 177 bytes (2 switches on core 0)
Aug 04 10:59:39.453098 n-d-852085-1 devstack@keystone.service[80798]: DEBUG keystone.server.flask.request_processing.middleware.auth_context [None req-83a4c69c-1b9d-474e-ae43-0ab44a39f809 None admin] Authenticating user token {{(pid=80798) process_request /usr/local/lib/python3.8/dist-packages/keystonemiddleware/auth_token/__init__.py:407}}
Aug 04 10:59:39.545058 n-d-852085-1 devstack@keystone.service[80798]: DEBUG dbcounter [-] [80798] Writing DB stats keystone:SELECT=100 {{(pid=80798) stat_writer /usr/local/lib/python3.8/dist-packages/dbcounter.py:114}}
Aug 04 10:59:39.549912 n-d-852085-1 devstack@keystone.service[80797]: DEBUG keystone.server.flask.request_processing.middleware.auth_context [None req-51036cfc-4d8a-4f47-a2f3-f9ecdbe38522 None admin] Validating token access rules against request {{(pid=80797) validate_allowed_request /usr/local/lib/python3.8/dist-packages/keystonemiddleware/auth_token/__init__.py:545}}
Aug 04 10:59:39.562828 n-d-852085-1 devstack@keystone.service[80798]: DEBUG keystone.server.flask.request_processing.middleware.auth_context [None req-83a4c69c-1b9d-474e-ae43-0ab44a39f809 None admin] Validating token access rules against request {{(pid=80798) validate_allowed_request /usr/local/lib/python3.8/dist-packages/keystonemiddleware/auth_token/__init__.py:545}}
Aug 04 10:59:39.601078 n-d-852085-1 devstack@keystone.service[80798]: DEBUG keystone.server.flask.request_processing.middleware.auth_context [None req-03040d5e-6d51-4243-b4ca-ce605fd00de8 None admin] RBAC: auth_context: {'token': , 'domain_id': None, 'trust_id': None, 'trustor_id': None, 'trustee_id': None, 'domain_name': None, 'group_ids': [], 'user_id': 'ea9fbfab9fba4fb5aa3b1b4bb2092a46', 'user_domain_id': 'default', 'system_scope': 'all', 'project_id': None, 'project_domain_id': None, 'roles': ['admin', 'member', 'reader'], 'is_admin_project': True, 'service_user_id': None, 'service_user_domain_id': None, 'service_project_id': None, 'service_project_domain_id': None, 'service_roles': []} {{(pid=80798) fill_context /opt/stack/keystone/keystone/server/flask/request_processing/middleware/auth_context.py:478}}
Aug 04 10:59:39.601821 n-d-852085-1 devstack@keystone.service[80798]: DEBUG keystone.server.flask.request_processing.req_logging [None req-03040d5e-6d51-4243-b4ca-ce605fd00de8 None admin] REQUEST_METHOD: `GET` {{(pid=80798) log_request_info /opt/stack/keystone/keystone/server/flask/request_processing/req_logging.py:27}}
Aug 04 10:59:39.602110 n-d-852085-1 devstack@keystone.service[80798]: DEBUG keystone.server.flask.request_processing.req_logging [None req-03040d5e-6d51-4243-b4ca-ce605fd00de8 None admin] SCRIPT_NAME: `/identity` {{(pid=80798) log_request_info /opt/stack/keystone/keystone/server/flask/request_processing/req_logging.py:28}}
Aug 04 10:59:39.602432 n-d-852085-1 devstack@keystone.service[80798]: DEBUG keystone.server.flask.request_processing.req_logging [None req-03040d5e-6d51-4243-b4ca-ce605fd00de8 None admin] PATH_INFO: `/v3/auth/tokens` {{(pid=80798) log_request_info /opt/stack/keystone/keystone/server/flask/request_processing/req_logging.py:29}}
Aug 04 10:59:39.677163 n-d-852085-1 devstack@keystone.service[80798]: DEBUG keystone.common.rbac_enforcer.enforcer [None req-03040d5e-6d51-4243-b4ca-ce605fd00de8 None admin] RBAC: Authorizing `identity:validate_token()` {{(pid=80798) enforce_call /opt/stack/keystone/keystone/common/rbac_enforcer/enforcer.py:449}}
Aug 04 10:59:39.678701 n-d-852085-1 devstack@keystone.service[80798]: DEBUG keystone.common.rbac_enforcer.enforcer [None req-03040d5e-6d51-4243-b4ca-ce605fd00de8 None admin] RBAC: Authorization granted {{(pid=80798) enforce_call /opt/stack/keystone/keystone/common/rbac_enforcer/enforcer.py:457}}
Aug 04 10:59:39.688518 n-d-852085-1 devstack@keystone.service[80797]: DEBUG keystone.server.flask.request_processing.middleware.auth_context [None req-9e08f628-ba6c-483d-abb2-98d85d6df414 None admin] RBAC: auth_context: {'token': , 'domain_id': None, 'trust_id': None, 'trustor_id': None, 'trustee_id': None, 'domain_name': None, 'group_ids': [], 'user_id': 'ea9fbfab9fba4fb5aa3b1b4bb2092a46', 'user_domain_id': 'default', 'system_scope': 'all', 'project_id': None, 'project_domain_id': None, 'roles': ['admin', 'member', 'reader'], 'is_admin_project': True, 'service_user_id': None, 'service_user_domain_id': None, 'service_project_id': None, 'service_project_domain_id': None, 'service_roles': []} {{(pid=80797) fill_context /opt/stack/keystone/keystone/server/flask/request_processing/middleware/auth_context.py:478}}
Aug 04 10:59:39.689436 n-d-852085-1 devstack@keystone.service[80797]: DEBUG keystone.server.flask.request_processing.req_logging [None req-9e08f628-ba6c-483d-abb2-98d85d6df414 None admin] REQUEST_METHOD: `GET` {{(pid=80797) log_request_info /opt/stack/keystone/keystone/server/flask/request_processing/req_logging.py:27}}
Aug 04 10:59:39.689888 n-d-852085-1 devstack@keystone.service[80797]: DEBUG keystone.server.flask.request_processing.req_logging [None req-9e08f628-ba6c-483d-abb2-98d85d6df414 None admin] SCRIPT_NAME: `/identity` {{(pid=80797) log_request_info /opt/stack/keystone/keystone/server/flask/request_processing/req_logging.py:28}}
Aug 04 10:59:39.690348 n-d-852085-1 devstack@keystone.service[80797]: DEBUG keystone.server.flask.request_processing.req_logging [None req-9e08f628-ba6c-483d-abb2-98d85d6df414 None admin] PATH_INFO: `/v3/projects/a33f8221f00442e2945fef582c595126` {{(pid=80797) log_request_info /opt/stack/keystone/keystone/server/flask/request_processing/req_logging.py:29}}
Aug 04 10:59:39.693133 n-d-852085-1 devstack@keystone.service[80797]: DEBUG keystone.common.rbac_enforcer.enforcer [None req-9e08f628-ba6c-483d-abb2-98d85d6df414 None admin] RBAC: Authorizing `identity:get_project(project_id=a33f8221f00442e2945fef582c595126)` {{(pid=80797) enforce_call /opt/stack/keystone/keystone/common/rbac_enforcer/enforcer.py:449}}
Aug 04 10:59:39.695628 n-d-852085-1 devstack@keystone.service[80797]: DEBUG keystone.common.rbac_enforcer.enforcer [None req-9e08f628-ba6c-483d-abb2-98d85d6df414 None admin] RBAC: Authorization granted {{(pid=80797) enforce_call /opt/stack/keystone/keystone/common/rbac_enforcer/enforcer.py:457}}
Aug 04 10:59:39.698044 n-d-852085-1 devstack@keystone.service[80797]: [pid: 80797|app: 0|req: 144/290] 10.222.0.147 () {56 vars in 1191 bytes} [Thu Aug 4 10:59:39 2022] GET /identity/v3/projects/a33f8221f00442e2945fef582c595126 => generated 303 bytes in 478 msecs (HTTP/1.1 200) 5 headers in 177 bytes (1 switches on core 0)
Aug 04 10:59:39.703656 n-d-852085-1 devstack@keystone.service[80797]: DEBUG keystone.server.flask.request_processing.middleware.auth_context [None req-9e08f628-ba6c-483d-abb2-98d85d6df414 None admin] Authenticating user token {{(pid=80797) process_request /usr/local/lib/python3.8/dist-packages/keystonemiddleware/auth_token/__init__.py:407}}
Aug 04 10:59:39.787931 n-d-852085-1 devstack@keystone.service[80798]: DEBUG dbcounter [-] [80798] Writing DB stats keystone:SELECT=100 {{(pid=80798) stat_writer /usr/local/lib/python3.8/dist-packages/dbcounter.py:114}}
Aug 04 10:59:39.807612 n-d-852085-1 devstack@keystone.service[80798]: [pid: 80798|app: 0|req: 147/291] 10.222.0.147 () {58 vars in 1287 bytes} [Thu Aug 4 10:59:39 2022] GET /identity/v3/auth/tokens => generated 800 bytes in 355 msecs (HTTP/1.1 200) 6 headers in 358 bytes (2 switches on core 0)
Aug 04 10:59:39.813965 n-d-852085-1 devstack@keystone.service[80798]: DEBUG keystone.server.flask.request_processing.middleware.auth_context [None req-03040d5e-6d51-4243-b4ca-ce605fd00de8 None admin] Authenticating user token {{(pid=80798) process_request /usr/local/lib/python3.8/dist-packages/keystonemiddleware/auth_token/__init__.py:407}}
Aug 04 10:59:39.905930 n-d-852085-1 devstack@keystone.service[80797]: DEBUG keystone.server.flask.request_processing.middleware.auth_context [None req-9e08f628-ba6c-483d-abb2-98d85d6df414 None admin] Validating token access rules against request {{(pid=80797) validate_allowed_request /usr/local/lib/python3.8/dist-packages/keystonemiddleware/auth_token/__init__.py:545}}
Aug 04 10:59:39.923971 n-d-852085-1 devstack@keystone.service[80798]: DEBUG keystone.server.flask.request_processing.middleware.auth_context [None req-03040d5e-6d51-4243-b4ca-ce605fd00de8 None admin] Validating token access rules against request {{(pid=80798) validate_allowed_request /usr/local/lib/python3.8/dist-packages/keystonemiddleware/auth_token/__init__.py:545}}
Aug 04 10:59:39.940071 n-d-852085-1 devstack@keystone.service[80797]: DEBUG dbcounter [-] [80797] Writing DB stats keystone:SELECT=100 {{(pid=80797) stat_writer /usr/local/lib/python3.8/dist-packages/dbcounter.py:114}}
Aug 04 10:59:39.962217 n-d-852085-1 devstack@keystone.service[80798]: DEBUG keystone.server.flask.request_processing.middleware.auth_context [None req-ce914cfb-0cc8-4462-958e-369675869204 None admin] RBAC: auth_context: {'token': , 'domain_id': None, 'trust_id': None, 'trustor_id': None, 'trustee_id': None, 'domain_name': None, 'group_ids': [], 'user_id': 'ea9fbfab9fba4fb5aa3b1b4bb2092a46', 'user_domain_id': 'default', 'system_scope': 'all', 'project_id': None, 'project_domain_id': None, 'roles': ['admin', 'member', 'reader'], 'is_admin_project': True, 'service_user_id': None, 'service_user_domain_id': None, 'service_project_id': None, 'service_project_domain_id': None, 'service_roles': []} {{(pid=80798) fill_context /opt/stack/keystone/keystone/server/flask/request_processing/middleware/auth_context.py:478}}
Aug 04 10:59:39.962873 n-d-852085-1 devstack@keystone.service[80798]: DEBUG keystone.server.flask.request_processing.req_logging [None req-ce914cfb-0cc8-4462-958e-369675869204 None admin] REQUEST_METHOD: `GET` {{(pid=80798) log_request_info /opt/stack/keystone/keystone/server/flask/request_processing/req_logging.py:27}}
Aug 04 10:59:39.963153 n-d-852085-1 devstack@keystone.service[80798]: DEBUG keystone.server.flask.request_processing.req_logging [None req-ce914cfb-0cc8-4462-958e-369675869204 None admin] SCRIPT_NAME: `/identity` {{(pid=80798) log_request_info /opt/stack/keystone/keystone/server/flask/request_processing/req_logging.py:28}}
Aug 04 10:59:39.963426 n-d-852085-1 devstack@keystone.service[80798]: DEBUG keystone.server.flask.request_processing.req_logging [None req-ce914cfb-0cc8-4462-958e-369675869204 None admin] PATH_INFO: `/v3/projects/a33f8221f00442e2945fef582c595126` {{(pid=80798) log_request_info /opt/stack/keystone/keystone/server/flask/request_processing/req_logging.py:29}}
Aug 04 10:59:39.964938 n-d-852085-1 devstack@keystone.service[80798]: DEBUG keystone.common.rbac_enforcer.enforcer [None req-ce914cfb-0cc8-4462-958e-369675869204 None admin] RBAC: Authorizing `identity:get_project(project_id=a33f8221f00442e2945fef582c595126)` {{(pid=80798) enforce_call /opt/stack/keystone/keystone/common/rbac_enforcer/enforcer.py:449}}
Aug 04 10:59:39.966592 n-d-852085-1 devstack@keystone.service[80798]: DEBUG keystone.common.rbac_enforcer.enforcer [None req-ce914cfb-0cc8-4462-958e-369675869204 None admin] RBAC: Authorization granted {{(pid=80798) enforce_call /opt/stack/keystone/keystone/common/rbac_enforcer/enforcer.py:457}}
Aug 04 10:59:39.968971 n-d-852085-1 devstack@keystone.service[80798]: [pid: 80798|app: 0|req: 148/292] 10.222.0.147 () {56 vars in 1191 bytes} [Thu Aug 4 10:59:39 2022] GET /identity/v3/projects/a33f8221f00442e2945fef582c595126 => generated 303 bytes in 155 msecs (HTTP/1.1 200) 5 headers in 177 bytes (1 switches on core 0)
Aug 04 10:59:39.975526 n-d-852085-1 devstack@keystone.service[80798]: DEBUG keystone.server.flask.request_processing.middleware.auth_context [None req-ce914cfb-0cc8-4462-958e-369675869204 None admin] Authenticating user token {{(pid=80798) process_request /usr/local/lib/python3.8/dist-packages/keystonemiddleware/auth_token/__init__.py:407}}
Aug 04 10:59:39.991622 n-d-852085-1 devstack@keystone.service[80797]: DEBUG keystone.server.flask.request_processing.middleware.auth_context [None req-6bb9352c-43c8-4cb7-93bc-99ed0cbc4b70 None admin] RBAC: auth_context: {'token': , 'domain_id': None, 'trust_id': None, 'trustor_id': None, 'trustee_id': None, 'domain_name': None, 'group_ids': [], 'user_id': 'ea9fbfab9fba4fb5aa3b1b4bb2092a46', 'user_domain_id': 'default', 'system_scope': 'all', 'project_id': None, 'project_domain_id': None, 'roles': ['admin', 'member', 'reader'], 'is_admin_project': True, 'service_user_id': None, 'service_user_domain_id': None, 'service_project_id': None, 'service_project_domain_id': None, 'service_roles': []} {{(pid=80797) fill_context /opt/stack/keystone/keystone/server/flask/request_processing/middleware/auth_context.py:478}}
Aug 04 10:59:39.992674 n-d-852085-1 devstack@keystone.service[80797]: DEBUG keystone.server.flask.request_processing.req_logging [None req-6bb9352c-43c8-4cb7-93bc-99ed0cbc4b70 None admin] REQUEST_METHOD: `PUT` {{(pid=80797) log_request_info /opt/stack/keystone/keystone/server/flask/request_processing/req_logging.py:27}}
Aug 04 10:59:39.992956 n-d-852085-1 devstack@keystone.service[80797]: DEBUG keystone.server.flask.request_processing.req_logging [None req-6bb9352c-43c8-4cb7-93bc-99ed0cbc4b70 None admin] SCRIPT_NAME: `/identity` {{(pid=80797) log_request_info /opt/stack/keystone/keystone/server/flask/request_processing/req_logging.py:28}}
Aug 04 10:59:39.993229 n-d-852085-1 devstack@keystone.service[80797]: DEBUG keystone.server.flask.request_processing.req_logging [None req-6bb9352c-43c8-4cb7-93bc-99ed0cbc4b70 None admin] PATH_INFO: `/v3/projects/a33f8221f00442e2945fef582c595126/users/3d1fc8edd9904b38a50897ca66741a90/roles/cc5af1dccd374ee6bc51776915b9ead9` {{(pid=80797) log_request_info /opt/stack/keystone/keystone/server/flask/request_processing/req_logging.py:29}}
Aug 04 10:59:39.997713 n-d-852085-1 devstack@keystone.service[80797]: DEBUG keystone.common.rbac_enforcer.enforcer [None req-6bb9352c-43c8-4cb7-93bc-99ed0cbc4b70 None admin] RBAC: Authorizing `identity:create_grant(project_id=a33f8221f00442e2945fef582c595126, user_id=3d1fc8edd9904b38a50897ca66741a90, role_id=cc5af1dccd374ee6bc51776915b9ead9)` {{(pid=80797) enforce_call /opt/stack/keystone/keystone/common/rbac_enforcer/enforcer.py:449}}
Aug 04 10:59:39.999302 n-d-852085-1 devstack@keystone.service[80797]: DEBUG keystone.common.rbac_enforcer.enforcer [None req-6bb9352c-43c8-4cb7-93bc-99ed0cbc4b70 None admin] RBAC: Authorization granted {{(pid=80797) enforce_call /opt/stack/keystone/keystone/common/rbac_enforcer/enforcer.py:457}}
Aug 04 10:59:40.026904 n-d-852085-1 devstack@keystone.service[80797]: [pid: 80797|app: 0|req: 145/293] 10.222.0.147 () {58 vars in 1444 bytes} [Thu Aug 4 10:59:39 2022] PUT /identity/v3/projects/a33f8221f00442e2945fef582c595126/users/3d1fc8edd9904b38a50897ca66741a90/roles/cc5af1dccd374ee6bc51776915b9ead9 => generated 0 bytes in 323 msecs (HTTP/1.1 204) 3 headers in 132 bytes (0 switches on core 0)
Aug 04 10:59:40.032475 n-d-852085-1 devstack@keystone.service[80798]: DEBUG dbcounter [-] [80798] Writing DB stats keystone:SELECT=100 {{(pid=80798) stat_writer /usr/local/lib/python3.8/dist-packages/dbcounter.py:114}}
Aug 04 10:59:40.087100 n-d-852085-1 devstack@keystone.service[80798]: DEBUG keystone.server.flask.request_processing.middleware.auth_context [None req-ce914cfb-0cc8-4462-958e-369675869204 None admin] Validating token access rules against request {{(pid=80798) validate_allowed_request /usr/local/lib/python3.8/dist-packages/keystonemiddleware/auth_token/__init__.py:545}}
Aug 04 10:59:40.125141 n-d-852085-1 devstack@keystone.service[80798]: DEBUG keystone.server.flask.request_processing.middleware.auth_context [None req-b78d1d5e-a636-4270-bab0-02c550bb3144 None admin] RBAC: auth_context: {'token': , 'domain_id': None, 'trust_id': None, 'trustor_id': None, 'trustee_id': None, 'domain_name': None, 'group_ids': [], 'user_id': 'ea9fbfab9fba4fb5aa3b1b4bb2092a46', 'user_domain_id': 'default', 'system_scope': 'all', 'project_id': None, 'project_domain_id': None, 'roles': ['admin', 'member', 'reader'], 'is_admin_project': True, 'service_user_id': None, 'service_user_domain_id': None, 'service_project_id': None, 'service_project_domain_id': None, 'service_roles': []} {{(pid=80798) fill_context /opt/stack/keystone/keystone/server/flask/request_processing/middleware/auth_context.py:478}}
Aug 04 10:59:40.125806 n-d-852085-1 devstack@keystone.service[80798]: DEBUG keystone.server.flask.request_processing.req_logging [None req-b78d1d5e-a636-4270-bab0-02c550bb3144 None admin] REQUEST_METHOD: `GET` {{(pid=80798) log_request_info /opt/stack/keystone/keystone/server/flask/request_processing/req_logging.py:27}}
Aug 04 10:59:40.126082 n-d-852085-1 devstack@keystone.service[80798]: DEBUG keystone.server.flask.request_processing.req_logging [None req-b78d1d5e-a636-4270-bab0-02c550bb3144 None admin] SCRIPT_NAME: `/identity` {{(pid=80798) log_request_info /opt/stack/keystone/keystone/server/flask/request_processing/req_logging.py:28}}
Aug 04 10:59:40.126354 n-d-852085-1 devstack@keystone.service[80798]: DEBUG keystone.server.flask.request_processing.req_logging [None req-b78d1d5e-a636-4270-bab0-02c550bb3144 None admin] PATH_INFO: `/v3/role_assignments` {{(pid=80798) log_request_info /opt/stack/keystone/keystone/server/flask/request_processing/req_logging.py:29}}
Aug 04 10:59:40.127201 n-d-852085-1 devstack@keystone.service[80798]: DEBUG keystone.common.rbac_enforcer.enforcer [None req-b78d1d5e-a636-4270-bab0-02c550bb3144 None admin] RBAC: Adding query filter params (role.id=fe54ec0d72c64d19af6cc1ab28e94165, scope.project.id=a33f8221f00442e2945fef582c595126, user.id=f9f65d2d95fa4cb79313faeb307b6579) {{(pid=80798) _extract_filter_values /opt/stack/keystone/keystone/common/rbac_enforcer/enforcer.py:167}}
Aug 04 10:59:40.127508 n-d-852085-1 devstack@keystone.service[80798]: DEBUG keystone.common.rbac_enforcer.enforcer [None req-b78d1d5e-a636-4270-bab0-02c550bb3144 None admin] RBAC: Authorizing `identity:list_role_assignments()` {{(pid=80798) enforce_call /opt/stack/keystone/keystone/common/rbac_enforcer/enforcer.py:449}}
Aug 04 10:59:40.129132 n-d-852085-1 devstack@keystone.service[80798]: DEBUG keystone.common.rbac_enforcer.enforcer [None req-b78d1d5e-a636-4270-bab0-02c550bb3144 None admin] RBAC: Authorization granted {{(pid=80798) enforce_call /opt/stack/keystone/keystone/common/rbac_enforcer/enforcer.py:457}}
Aug 04 10:59:40.136547 n-d-852085-1 devstack@keystone.service[80798]: [pid: 80798|app: 0|req: 149/294] 10.222.0.147 () {56 vars in 1379 bytes} [Thu Aug 4 10:59:39 2022] GET /identity/v3/role_assignments?user.id=f9f65d2d95fa4cb79313faeb307b6579&scope.project.id=a33f8221f00442e2945fef582c595126&role.id=fe54ec0d72c64d19af6cc1ab28e94165 => generated 610 bytes in 162 msecs (HTTP/1.1 200) 5 headers in 177 bytes (1 switches on core 0)
Aug 04 10:59:41.222579 n-d-852085-1 devstack@keystone.service[80797]: DEBUG keystone.server.flask.request_processing.req_logging [None req-3a4271e2-5b6c-43db-ab10-8888e3bd1d55 None None] REQUEST_METHOD: `GET` {{(pid=80797) log_request_info /opt/stack/keystone/keystone/server/flask/request_processing/req_logging.py:27}}
Aug 04 10:59:41.223876 n-d-852085-1 devstack@keystone.service[80797]: DEBUG keystone.server.flask.request_processing.req_logging [None req-3a4271e2-5b6c-43db-ab10-8888e3bd1d55 None None] SCRIPT_NAME: `/identity` {{(pid=80797) log_request_info /opt/stack/keystone/keystone/server/flask/request_processing/req_logging.py:28}}
Aug 04 10:59:41.224388 n-d-852085-1 devstack@keystone.service[80797]: DEBUG keystone.server.flask.request_processing.req_logging [None req-3a4271e2-5b6c-43db-ab10-8888e3bd1d55 None None] PATH_INFO: `/` {{(pid=80797) log_request_info /opt/stack/keystone/keystone/server/flask/request_processing/req_logging.py:29}}
Aug 04 10:59:41.226366 n-d-852085-1 devstack@keystone.service[80797]: [pid: 80797|app: 0|req: 146/295] 10.222.0.147 () {54 vars in 932 bytes} [Thu Aug 4 10:59:41 2022] GET /identity => generated 271 bytes in 5 msecs (HTTP/1.1 300) 6 headers in 235 bytes (1 switches on core 0)
Aug 04 10:59:41.232671 n-d-852085-1 devstack@keystone.service[80798]: DEBUG keystone.server.flask.request_processing.req_logging [None req-7fc75e70-cebd-480d-8704-4f9275000b71 None None] REQUEST_METHOD: `POST` {{(pid=80798) log_request_info /opt/stack/keystone/keystone/server/flask/request_processing/req_logging.py:27}}
Aug 04 10:59:41.233668 n-d-852085-1 devstack@keystone.service[80798]: DEBUG keystone.server.flask.request_processing.req_logging [None req-7fc75e70-cebd-480d-8704-4f9275000b71 None None] SCRIPT_NAME: `/identity` {{(pid=80798) log_request_info /opt/stack/keystone/keystone/server/flask/request_processing/req_logging.py:28}}
Aug 04 10:59:41.234169 n-d-852085-1 devstack@keystone.service[80798]: DEBUG keystone.server.flask.request_processing.req_logging [None req-7fc75e70-cebd-480d-8704-4f9275000b71 None None] PATH_INFO: `/v3/auth/tokens` {{(pid=80798) log_request_info /opt/stack/keystone/keystone/server/flask/request_processing/req_logging.py:29}}
Aug 04 10:59:41.253748 n-d-852085-1 devstack@keystone.service[80798]: DEBUG keystone.auth.core [None req-7fc75e70-cebd-480d-8704-4f9275000b71 None None] MFA Rules not processed for user `ea9fbfab9fba4fb5aa3b1b4bb2092a46`. Rule list: `[]` (Enabled: `True`). {{(pid=80798) check_auth_methods_against_rules /opt/stack/keystone/keystone/auth/core.py:438}}
Aug 04 10:59:41.255371 n-d-852085-1 devstack@keystone.service[80797]: DEBUG keystone.server.flask.request_processing.req_logging [None req-a553aa18-d6e3-4af6-a600-b6d58dc962a8 None None] REQUEST_METHOD: `GET` {{(pid=80797) log_request_info /opt/stack/keystone/keystone/server/flask/request_processing/req_logging.py:27}}
Aug 04 10:59:41.255681 n-d-852085-1 devstack@keystone.service[80797]: DEBUG keystone.server.flask.request_processing.req_logging [None req-a553aa18-d6e3-4af6-a600-b6d58dc962a8 None None] SCRIPT_NAME: `/identity` {{(pid=80797) log_request_info /opt/stack/keystone/keystone/server/flask/request_processing/req_logging.py:28}}
Aug 04 10:59:41.255978 n-d-852085-1 devstack@keystone.service[80797]: DEBUG keystone.server.flask.request_processing.req_logging [None req-a553aa18-d6e3-4af6-a600-b6d58dc962a8 None None] PATH_INFO: `/` {{(pid=80797) log_request_info /opt/stack/keystone/keystone/server/flask/request_processing/req_logging.py:29}}
Aug 04 10:59:41.257679 n-d-852085-1 devstack@keystone.service[80797]: [pid: 80797|app: 0|req: 147/296] 10.222.0.147 () {54 vars in 932 bytes} [Thu Aug 4 10:59:41 2022] GET /identity => generated 271 bytes in 3 msecs (HTTP/1.1 300) 6 headers in 235 bytes (2 switches on core 0)
Aug 04 10:59:41.257956 n-d-852085-1 devstack@keystone.service[80798]: DEBUG keystone.common.fernet_utils [None req-7fc75e70-cebd-480d-8704-4f9275000b71 None None] Loaded 2 Fernet keys from /etc/keystone/fernet-keys/, but `[fernet_tokens] max_active_keys = 3`; perhaps there have not been enough key rotations to reach `max_active_keys` yet? {{(pid=80798) load_keys /opt/stack/keystone/keystone/common/fernet_utils.py:286}}
Aug 04 10:59:41.265813 n-d-852085-1 devstack@keystone.service[80797]: DEBUG keystone.server.flask.request_processing.req_logging [None req-9da3c608-f3e2-4ffa-bbf3-15abab820cf8 None None] REQUEST_METHOD: `POST` {{(pid=80797) log_request_info /opt/stack/keystone/keystone/server/flask/request_processing/req_logging.py:27}}
Aug 04 10:59:41.266110 n-d-852085-1 devstack@keystone.service[80797]: DEBUG keystone.server.flask.request_processing.req_logging [None req-9da3c608-f3e2-4ffa-bbf3-15abab820cf8 None None] SCRIPT_NAME: `/identity` {{(pid=80797) log_request_info /opt/stack/keystone/keystone/server/flask/request_processing/req_logging.py:28}}
Aug 04 10:59:41.266540 n-d-852085-1 devstack@keystone.service[80797]: DEBUG keystone.server.flask.request_processing.req_logging [None req-9da3c608-f3e2-4ffa-bbf3-15abab820cf8 None None] PATH_INFO: `/v3/auth/tokens` {{(pid=80797) log_request_info /opt/stack/keystone/keystone/server/flask/request_processing/req_logging.py:29}}
Aug 04 10:59:41.286821 n-d-852085-1 devstack@keystone.service[80797]: DEBUG keystone.auth.core [None req-9da3c608-f3e2-4ffa-bbf3-15abab820cf8 None None] MFA Rules not processed for user `ea9fbfab9fba4fb5aa3b1b4bb2092a46`. Rule list: `[]` (Enabled: `True`). {{(pid=80797) check_auth_methods_against_rules /opt/stack/keystone/keystone/auth/core.py:438}}
Aug 04 10:59:41.288368 n-d-852085-1 devstack@keystone.service[80797]: DEBUG keystone.common.fernet_utils [None req-9da3c608-f3e2-4ffa-bbf3-15abab820cf8 None None] Loaded 2 Fernet keys from /etc/keystone/fernet-keys/, but `[fernet_tokens] max_active_keys = 3`; perhaps there have not been enough key rotations to reach `max_active_keys` yet? {{(pid=80797) load_keys /opt/stack/keystone/keystone/common/fernet_utils.py:286}}
Aug 04 10:59:41.348269 n-d-852085-1 devstack@keystone.service[80798]: [pid: 80798|app: 0|req: 150/297] 10.222.0.147 () {58 vars in 1029 bytes} [Thu Aug 4 10:59:41 2022] POST /identity/v3/auth/tokens => generated 800 bytes in 109 msecs (HTTP/1.1 201) 6 headers in 363 bytes (2 switches on core 0)
Aug 04 10:59:41.361320 n-d-852085-1 devstack@keystone.service[80798]: DEBUG keystone.server.flask.request_processing.req_logging [None req-b26594cf-8320-41e6-a09c-1ffbf3494997 None None] REQUEST_METHOD: `GET` {{(pid=80798) log_request_info /opt/stack/keystone/keystone/server/flask/request_processing/req_logging.py:27}}
Aug 04 10:59:41.361620 n-d-852085-1 devstack@keystone.service[80798]: DEBUG keystone.server.flask.request_processing.req_logging [None req-b26594cf-8320-41e6-a09c-1ffbf3494997 None None] SCRIPT_NAME: `/identity` {{(pid=80798) log_request_info /opt/stack/keystone/keystone/server/flask/request_processing/req_logging.py:28}}
Aug 04 10:59:41.362007 n-d-852085-1 devstack@keystone.service[80798]: DEBUG keystone.server.flask.request_processing.req_logging [None req-b26594cf-8320-41e6-a09c-1ffbf3494997 None None] PATH_INFO: `/` {{(pid=80798) log_request_info /opt/stack/keystone/keystone/server/flask/request_processing/req_logging.py:29}}
Aug 04 10:59:41.363777 n-d-852085-1 devstack@keystone.service[80798]: [pid: 80798|app: 0|req: 151/298] 10.222.0.147 () {54 vars in 932 bytes} [Thu Aug 4 10:59:41 2022] GET /identity => generated 271 bytes in 3 msecs (HTTP/1.1 300) 6 headers in 235 bytes (1 switches on core 0)
Aug 04 10:59:41.366490 n-d-852085-1 devstack@keystone.service[80797]: [pid: 80797|app: 0|req: 148/299] 10.222.0.147 () {58 vars in 1029 bytes} [Thu Aug 4 10:59:41 2022] POST /identity/v3/auth/tokens => generated 800 bytes in 102 msecs (HTTP/1.1 201) 6 headers in 363 bytes (1 switches on core 0)
Aug 04 10:59:41.368704 n-d-852085-1 devstack@keystone.service[80798]: DEBUG keystone.server.flask.request_processing.req_logging [None req-570057e3-8fd9-4f0c-a3b9-e1408e04577f None None] REQUEST_METHOD: `POST` {{(pid=80798) log_request_info /opt/stack/keystone/keystone/server/flask/request_processing/req_logging.py:27}}
Aug 04 10:59:41.369166 n-d-852085-1 devstack@keystone.service[80798]: DEBUG keystone.server.flask.request_processing.req_logging [None req-570057e3-8fd9-4f0c-a3b9-e1408e04577f None None] SCRIPT_NAME: `/identity` {{(pid=80798) log_request_info /opt/stack/keystone/keystone/server/flask/request_processing/req_logging.py:28}}
Aug 04 10:59:41.369265 n-d-852085-1 devstack@keystone.service[80797]: DEBUG keystone.server.flask.request_processing.middleware.auth_context [None req-9da3c608-f3e2-4ffa-bbf3-15abab820cf8 None None] Authenticating user token {{(pid=80797) process_request /usr/local/lib/python3.8/dist-packages/keystonemiddleware/auth_token/__init__.py:407}}
Aug 04 10:59:41.369701 n-d-852085-1 devstack@keystone.service[80798]: DEBUG keystone.server.flask.request_processing.req_logging [None req-570057e3-8fd9-4f0c-a3b9-e1408e04577f None None] PATH_INFO: `/v3/auth/tokens` {{(pid=80798) log_request_info /opt/stack/keystone/keystone/server/flask/request_processing/req_logging.py:29}}
Aug 04 10:59:41.395950 n-d-852085-1 devstack@keystone.service[80798]: DEBUG keystone.auth.core [None req-570057e3-8fd9-4f0c-a3b9-e1408e04577f None None] MFA Rules not processed for user `ea9fbfab9fba4fb5aa3b1b4bb2092a46`. Rule list: `[]` (Enabled: `True`). {{(pid=80798) check_auth_methods_against_rules /opt/stack/keystone/keystone/auth/core.py:438}}
Aug 04 10:59:41.397578 n-d-852085-1 devstack@keystone.service[80798]: DEBUG keystone.common.fernet_utils [None req-570057e3-8fd9-4f0c-a3b9-e1408e04577f None None] Loaded 2 Fernet keys from /etc/keystone/fernet-keys/, but `[fernet_tokens] max_active_keys = 3`; perhaps there have not been enough key rotations to reach `max_active_keys` yet? {{(pid=80798) load_keys /opt/stack/keystone/keystone/common/fernet_utils.py:286}}
Aug 04 10:59:41.446577 n-d-852085-1 devstack@keystone.service[80798]: DEBUG dbcounter [-] [80798] Writing DB stats keystone:SELECT=100 {{(pid=80798) stat_writer /usr/local/lib/python3.8/dist-packages/dbcounter.py:114}}
Aug 04 10:59:41.476160 n-d-852085-1 devstack@keystone.service[80798]: [pid: 80798|app: 0|req: 152/300] 10.222.0.147 () {58 vars in 1029 bytes} [Thu Aug 4 10:59:41 2022] POST /identity/v3/auth/tokens => generated 800 bytes in 108 msecs (HTTP/1.1 201) 6 headers in 363 bytes (2 switches on core 0)
Aug 04 10:59:41.476717 n-d-852085-1 devstack@keystone.service[80798]: DEBUG keystone.server.flask.request_processing.middleware.auth_context [None req-570057e3-8fd9-4f0c-a3b9-e1408e04577f None None] Authenticating user token {{(pid=80798) process_request /usr/local/lib/python3.8/dist-packages/keystonemiddleware/auth_token/__init__.py:407}}
Aug 04 10:59:41.492400 n-d-852085-1 devstack@keystone.service[80797]: DEBUG keystone.server.flask.request_processing.middleware.auth_context [None req-9da3c608-f3e2-4ffa-bbf3-15abab820cf8 None None] Validating token access rules against request {{(pid=80797) validate_allowed_request /usr/local/lib/python3.8/dist-packages/keystonemiddleware/auth_token/__init__.py:545}}
Aug 04 10:59:41.503930 n-d-852085-1 devstack@keystone.service[80797]: DEBUG dbcounter [-] [80797] Writing DB stats keystone:SELECT=99,keystone:INSERT=1 {{(pid=80797) stat_writer /usr/local/lib/python3.8/dist-packages/dbcounter.py:114}}
Aug 04 10:59:41.541684 n-d-852085-1 devstack@keystone.service[80797]: DEBUG keystone.server.flask.request_processing.middleware.auth_context [None req-052ef94b-eb29-4428-a3d3-fdb3e5f317a5 None admin] RBAC: auth_context: {'token': , 'domain_id': None, 'trust_id': None, 'trustor_id': None, 'trustee_id': None, 'domain_name': None, 'group_ids': [], 'user_id': 'ea9fbfab9fba4fb5aa3b1b4bb2092a46', 'user_domain_id': 'default', 'system_scope': 'all', 'project_id': None, 'project_domain_id': None, 'roles': ['admin', 'member', 'reader'], 'is_admin_project': True, 'service_user_id': None, 'service_user_domain_id': None, 'service_project_id': None, 'service_project_domain_id': None, 'service_roles': []} {{(pid=80797) fill_context /opt/stack/keystone/keystone/server/flask/request_processing/middleware/auth_context.py:478}}
Aug 04 10:59:41.542944 n-d-852085-1 devstack@keystone.service[80797]: DEBUG keystone.server.flask.request_processing.req_logging [None req-052ef94b-eb29-4428-a3d3-fdb3e5f317a5 None admin] REQUEST_METHOD: `GET` {{(pid=80797) log_request_info /opt/stack/keystone/keystone/server/flask/request_processing/req_logging.py:27}}
Aug 04 10:59:41.543440 n-d-852085-1 devstack@keystone.service[80797]: DEBUG keystone.server.flask.request_processing.req_logging [None req-052ef94b-eb29-4428-a3d3-fdb3e5f317a5 None admin] SCRIPT_NAME: `/identity` {{(pid=80797) log_request_info /opt/stack/keystone/keystone/server/flask/request_processing/req_logging.py:28}}
