Sep 07 12:09:30.603409 n-d-852084-9 devstack@placement-api.service[107624]: DEBUG placement.requestlog [req-17902fc8-0167-4bdf-9738-710cd794f38d req-2147bbd8-5edc-4d74-9aa2-853c1b6760e4 None None] Starting request: 10.222.0.95 "GET /placement/resource_providers/f1dd7b5c-4758-4c41-b7c0-01ba6b6eba08/allocations" {{(pid=107624) __call__ /opt/stack/placement/placement/requestlog.py:55}}
Sep 07 12:09:30.644611 n-d-852084-9 devstack@placement-api.service[107624]: INFO placement.requestlog [req-17902fc8-0167-4bdf-9738-710cd794f38d req-2147bbd8-5edc-4d74-9aa2-853c1b6760e4 service placement] 10.222.0.95 "GET /placement/resource_providers/f1dd7b5c-4758-4c41-b7c0-01ba6b6eba08/allocations" status: 200 len: 544 microversion: 1.0
Sep 07 12:09:30.659502 n-d-852084-9 devstack@placement-api.service[107623]: DEBUG placement.requestlog [req-17902fc8-0167-4bdf-9738-710cd794f38d req-eeb53813-2073-4b26-9414-794ac454e7ce None None] Starting request: 10.222.0.95 "GET /placement/allocations/35210f57-611f-434d-a3c8-336c86a6f1bf" {{(pid=107623) __call__ /opt/stack/placement/placement/requestlog.py:55}}
Sep 07 12:09:30.674626 n-d-852084-9 devstack@placement-api.service[107624]: [pid: 107624|app: 0|req: 315/637] 10.222.0.95 () {58 vars in 1390 bytes} [Wed Sep 7 12:09:30 2022] GET /placement/resource_providers/f1dd7b5c-4758-4c41-b7c0-01ba6b6eba08/allocations => generated 544 bytes in 44 msecs (HTTP/1.1 200) 6 headers in 224 bytes (1 switches on core 0)
Sep 07 12:09:30.701055 n-d-852084-9 devstack@placement-api.service[107623]: INFO placement.requestlog [req-17902fc8-0167-4bdf-9738-710cd794f38d req-eeb53813-2073-4b26-9414-794ac454e7ce service placement] 10.222.0.95 "GET /placement/allocations/35210f57-611f-434d-a3c8-336c86a6f1bf" status: 200 len: 259 microversion: 1.28
Sep 07 12:09:30.710624 n-d-852084-9 devstack@placement-api.service[107624]: DEBUG placement.requestlog [req-17902fc8-0167-4bdf-9738-710cd794f38d req-fe8bdae6-3cb7-41b1-9bd4-0da74e701a1e None None] Starting request: 10.222.0.95 "GET /placement/allocations/d246cfdf-83b5-4031-85fc-56a9696ce650" {{(pid=107624) __call__ /opt/stack/placement/placement/requestlog.py:55}}
Sep 07 12:09:30.728528 n-d-852084-9 devstack@placement-api.service[107623]: [pid: 107623|app: 0|req: 323/638] 10.222.0.95 () {60 vars in 1377 bytes} [Wed Sep 7 12:09:30 2022] GET /placement/allocations/35210f57-611f-434d-a3c8-336c86a6f1bf => generated 259 bytes in 69 msecs (HTTP/1.1 200) 8 headers in 296 bytes (1 switches on core 0)
Sep 07 12:09:30.729318 n-d-852084-9 devstack@placement-api.service[107623]: DEBUG placement.requestlog [None req-8fe9439c-225d-4be1-b474-72d4425ed6ee None None] Starting request: 10.222.0.89 "GET /placement/resource_providers/04aa349b-5c08-4a9e-82c7-8526e1240e12/aggregates" {{(pid=107623) __call__ /opt/stack/placement/placement/requestlog.py:55}}
Sep 07 12:09:30.760667 n-d-852084-9 devstack@placement-api.service[107624]: INFO placement.requestlog [req-17902fc8-0167-4bdf-9738-710cd794f38d req-fe8bdae6-3cb7-41b1-9bd4-0da74e701a1e service placement] 10.222.0.95 "GET /placement/allocations/d246cfdf-83b5-4031-85fc-56a9696ce650" status: 200 len: 259 microversion: 1.28
Sep 07 12:09:30.762611 n-d-852084-9 devstack@placement-api.service[107624]: [pid: 107624|app: 0|req: 316/639] 10.222.0.95 () {60 vars in 1377 bytes} [Wed Sep 7 12:09:30 2022] GET /placement/allocations/d246cfdf-83b5-4031-85fc-56a9696ce650 => generated 259 bytes in 53 msecs (HTTP/1.1 200) 8 headers in 296 bytes (1 switches on core 0)
Sep 07 12:09:30.763388 n-d-852084-9 devstack@placement-api.service[107624]: DEBUG placement.requestlog [req-13a8ad22-6151-4a5e-81bc-551f9e244c2e req-611fb2a8-f178-4a4f-83d1-3cb5d7c63c3a None None] Starting request: 10.222.0.89 "GET /placement/allocation_candidates?limit=1000&resources=DISK_GB%3A1%2CMEMORY_MB%3A1024%2CVCPU%3A1&root_required=%21COMPUTE_STATUS_DISABLED" {{(pid=107624) __call__ /opt/stack/placement/placement/requestlog.py:55}}
Sep 07 12:09:30.767634 n-d-852084-9 devstack@placement-api.service[107623]: INFO placement.requestlog [None req-8fe9439c-225d-4be1-b474-72d4425ed6ee service placement] 10.222.0.89 "GET /placement/resource_providers/04aa349b-5c08-4a9e-82c7-8526e1240e12/aggregates" status: 404 len: 235 microversion: 1.1
Sep 07 12:09:30.768012 n-d-852084-9 devstack@placement-api.service[107623]: [pid: 107623|app: 0|req: 324/640] 10.222.0.89 () {58 vars in 1362 bytes} [Wed Sep 7 12:09:30 2022] GET /placement/resource_providers/04aa349b-5c08-4a9e-82c7-8526e1240e12/aggregates => generated 235 bytes in 39 msecs (HTTP/1.1 404) 5 headers in 202 bytes (1 switches on core 0)
Sep 07 12:09:30.770725 n-d-852084-9 devstack@placement-api.service[107623]: DEBUG placement.requestlog [req-17902fc8-0167-4bdf-9738-710cd794f38d req-4bf4f25f-435f-4ada-8ad4-4d3620dc4451 None None] Starting request: 10.222.0.95 "GET /placement/allocations/65c43b07-3c2d-47b6-84d8-6853e3938d3b" {{(pid=107623) __call__ /opt/stack/placement/placement/requestlog.py:55}}
Sep 07 12:09:30.808921 n-d-852084-9 devstack@placement-api.service[107623]: INFO placement.requestlog [req-17902fc8-0167-4bdf-9738-710cd794f38d req-4bf4f25f-435f-4ada-8ad4-4d3620dc4451 service placement] 10.222.0.95 "GET /placement/allocations/65c43b07-3c2d-47b6-84d8-6853e3938d3b" status: 200 len: 259 microversion: 1.28
Sep 07 12:09:30.809568 n-d-852084-9 devstack@placement-api.service[107623]: [pid: 107623|app: 0|req: 325/641] 10.222.0.95 () {60 vars in 1377 bytes} [Wed Sep 7 12:09:30 2022] GET /placement/allocations/65c43b07-3c2d-47b6-84d8-6853e3938d3b => generated 259 bytes in 39 msecs (HTTP/1.1 200) 8 headers in 296 bytes (1 switches on core 0)
Sep 07 12:09:30.811229 n-d-852084-9 devstack@placement-api.service[107623]: DEBUG placement.requestlog [None req-716aa588-c72a-4de7-8d54-6c0eff4873d0 None None] Starting request: 10.222.0.89 "DELETE /placement/resource_providers/04aa349b-5c08-4a9e-82c7-8526e1240e12" {{(pid=107623) __call__ /opt/stack/placement/placement/requestlog.py:55}}
Sep 07 12:09:30.834902 n-d-852084-9 devstack@placement-api.service[107623]: DEBUG placement.wsgi_wrapper [None req-716aa588-c72a-4de7-8d54-6c0eff4873d0 service placement] Placement API returning an error response: No resource provider with uuid 04aa349b-5c08-4a9e-82c7-8526e1240e12 found for delete {{(pid=107623) call_func /opt/stack/placement/placement/wsgi_wrapper.py:31}}
Sep 07 12:09:30.835712 n-d-852084-9 devstack@placement-api.service[107623]: INFO placement.requestlog [None req-716aa588-c72a-4de7-8d54-6c0eff4873d0 service placement] 10.222.0.89 "DELETE /placement/resource_providers/04aa349b-5c08-4a9e-82c7-8526e1240e12" status: 404 len: 246 microversion: 1.1
Sep 07 12:09:30.836493 n-d-852084-9 devstack@placement-api.service[107623]: [pid: 107623|app: 0|req: 326/642] 10.222.0.89 () {60 vars in 1351 bytes} [Wed Sep 7 12:09:30 2022] DELETE /placement/resource_providers/04aa349b-5c08-4a9e-82c7-8526e1240e12 => generated 246 bytes in 25 msecs (HTTP/1.1 404) 6 headers in 231 bytes (1 switches on core 0)
Sep 07 12:09:30.836810 n-d-852084-9 devstack@placement-api.service[107623]: DEBUG placement.requestlog [req-17902fc8-0167-4bdf-9738-710cd794f38d req-761cd111-5c78-4b19-a1db-f82eef3965ed None None] Starting request: 10.222.0.95 "GET /placement/allocations/bd4f98fc-3112-44f0-b584-e80329967f56" {{(pid=107623) __call__ /opt/stack/placement/placement/requestlog.py:55}}
Sep 07 12:09:30.878351 n-d-852084-9 devstack@placement-api.service[107623]: INFO placement.requestlog [req-17902fc8-0167-4bdf-9738-710cd794f38d req-761cd111-5c78-4b19-a1db-f82eef3965ed service placement] 10.222.0.95 "GET /placement/allocations/bd4f98fc-3112-44f0-b584-e80329967f56" status: 200 len: 259 microversion: 1.28
Sep 07 12:09:30.879214 n-d-852084-9 devstack@placement-api.service[107623]: [pid: 107623|app: 0|req: 327/643] 10.222.0.95 () {60 vars in 1377 bytes} [Wed Sep 7 12:09:30 2022] GET /placement/allocations/bd4f98fc-3112-44f0-b584-e80329967f56 => generated 259 bytes in 42 msecs (HTTP/1.1 200) 8 headers in 296 bytes (1 switches on core 0)
Sep 07 12:09:30.888018 n-d-852084-9 devstack@placement-api.service[107623]: DEBUG placement.requestlog [req-17902fc8-0167-4bdf-9738-710cd794f38d req-a1d26e61-b246-4d31-bbc0-55aba385703b None None] Starting request: 10.222.0.95 "GET /placement/allocations/8844d7cd-cd9d-47d7-b618-067ecad3f355" {{(pid=107623) __call__ /opt/stack/placement/placement/requestlog.py:55}}
Sep 07 12:09:30.892827 n-d-852084-9 devstack@placement-api.service[107624]: DEBUG placement.objects.research_context [req-13a8ad22-6151-4a5e-81bc-551f9e244c2e req-611fb2a8-f178-4a4f-83d1-3cb5d7c63c3a service placement] getting providers with 1 DISK_GB {{(pid=107624) __init__ /opt/stack/placement/placement/objects/research_context.py:136}}
Sep 07 12:09:30.910427 n-d-852084-9 devstack@placement-api.service[107624]: DEBUG placement.objects.research_context [req-13a8ad22-6151-4a5e-81bc-551f9e244c2e req-611fb2a8-f178-4a4f-83d1-3cb5d7c63c3a service placement] getting providers with 1024 MEMORY_MB {{(pid=107624) __init__ /opt/stack/placement/placement/objects/research_context.py:136}}
Sep 07 12:09:30.919999 n-d-852084-9 devstack@placement-api.service[107624]: DEBUG placement.objects.research_context [req-13a8ad22-6151-4a5e-81bc-551f9e244c2e req-611fb2a8-f178-4a4f-83d1-3cb5d7c63c3a service placement] getting providers with 1 VCPU {{(pid=107624) __init__ /opt/stack/placement/placement/objects/research_context.py:136}}
Sep 07 12:09:30.925989 n-d-852084-9 devstack@placement-api.service[107623]: INFO placement.requestlog [req-17902fc8-0167-4bdf-9738-710cd794f38d req-a1d26e61-b246-4d31-bbc0-55aba385703b service placement] 10.222.0.95 "GET /placement/allocations/8844d7cd-cd9d-47d7-b618-067ecad3f355" status: 200 len: 245 microversion: 1.28
Sep 07 12:09:30.926222 n-d-852084-9 devstack@placement-api.service[107623]: [pid: 107623|app: 0|req: 328/644] 10.222.0.95 () {60 vars in 1377 bytes} [Wed Sep 7 12:09:30 2022] GET /placement/allocations/8844d7cd-cd9d-47d7-b618-067ecad3f355 => generated 245 bytes in 39 msecs (HTTP/1.1 200) 8 headers in 296 bytes (1 switches on core 0)
Sep 07 12:09:30.934492 n-d-852084-9 devstack@placement-api.service[107624]: DEBUG placement.objects.research_context [req-13a8ad22-6151-4a5e-81bc-551f9e244c2e req-611fb2a8-f178-4a4f-83d1-3cb5d7c63c3a service placement] found 2 providers with available 1 DISK_GB {{(pid=107624) get_provider_ids_matching /opt/stack/placement/placement/objects/research_context.py:563}}
Sep 07 12:09:30.934758 n-d-852084-9 devstack@placement-api.service[107624]: DEBUG placement.objects.research_context [req-13a8ad22-6151-4a5e-81bc-551f9e244c2e req-611fb2a8-f178-4a4f-83d1-3cb5d7c63c3a service placement] found 2 providers with available 1024 MEMORY_MB {{(pid=107624) get_provider_ids_matching /opt/stack/placement/placement/objects/research_context.py:563}}
Sep 07 12:09:30.935357 n-d-852084-9 devstack@placement-api.service[107624]: DEBUG placement.objects.research_context [req-13a8ad22-6151-4a5e-81bc-551f9e244c2e req-611fb2a8-f178-4a4f-83d1-3cb5d7c63c3a service placement] found 2 providers after filtering by previous result {{(pid=107624) get_provider_ids_matching /opt/stack/placement/placement/objects/research_context.py:594}}
Sep 07 12:09:30.936530 n-d-852084-9 devstack@placement-api.service[107624]: DEBUG placement.objects.research_context [req-13a8ad22-6151-4a5e-81bc-551f9e244c2e req-611fb2a8-f178-4a4f-83d1-3cb5d7c63c3a service placement] found 2 providers with available 1 VCPU {{(pid=107624) get_provider_ids_matching /opt/stack/placement/placement/objects/research_context.py:563}}
Sep 07 12:09:30.936961 n-d-852084-9 devstack@placement-api.service[107624]: DEBUG placement.objects.research_context [req-13a8ad22-6151-4a5e-81bc-551f9e244c2e req-611fb2a8-f178-4a4f-83d1-3cb5d7c63c3a service placement] found 2 providers after filtering by previous result {{(pid=107624) get_provider_ids_matching /opt/stack/placement/placement/objects/research_context.py:594}}
Sep 07 12:09:30.968188 n-d-852084-9 devstack@placement-api.service[107624]: DEBUG placement.objects.allocation_candidate [req-13a8ad22-6151-4a5e-81bc-551f9e244c2e req-611fb2a8-f178-4a4f-83d1-3cb5d7c63c3a service placement] RequestGroup(use_same_provider=False, resources={DISK_GB:1, MEMORY_MB:1024, VCPU:1}, traits=(), aggregates=[]) (suffix '') returned 2 matches {{(pid=107624) _get_by_requests /opt/stack/placement/placement/objects/allocation_candidate.py:156}}
Sep 07 12:09:30.971944 n-d-852084-9 devstack@placement-api.service[107624]: DEBUG placement.objects.allocation_candidate [req-13a8ad22-6151-4a5e-81bc-551f9e244c2e req-611fb2a8-f178-4a4f-83d1-3cb5d7c63c3a service placement] Merging candidates yields 2 allocation requests and 2 provider summaries {{(pid=107624) _merge_candidates /opt/stack/placement/placement/objects/allocation_candidate.py:809}}
Sep 07 12:09:30.974890 n-d-852084-9 devstack@placement-api.service[107624]: INFO placement.requestlog [req-13a8ad22-6151-4a5e-81bc-551f9e244c2e req-611fb2a8-f178-4a4f-83d1-3cb5d7c63c3a service placement] 10.222.0.89 "GET /placement/allocation_candidates?limit=1000&resources=DISK_GB%3A1%2CMEMORY_MB%3A1024%2CVCPU%3A1&root_required=%21COMPUTE_STATUS_DISABLED" status: 200 len: 1309 microversion: 1.36
Sep 07 12:09:30.993959 n-d-852084-9 devstack@placement-api.service[107624]: [pid: 107624|app: 0|req: 317/645] 10.222.0.89 () {60 vars in 1506 bytes} [Wed Sep 7 12:09:30 2022] GET /placement/allocation_candidates?limit=1000&resources=DISK_GB%3A1%2CMEMORY_MB%3A1024%2CVCPU%3A1&root_required=%21COMPUTE_STATUS_DISABLED => generated 1309 bytes in 228 msecs (HTTP/1.1 200) 8 headers in 297 bytes (1 switches on core 0)
Sep 07 12:09:31.120713 n-d-852084-9 devstack@placement-api.service[107623]: DEBUG placement.requestlog [req-13a8ad22-6151-4a5e-81bc-551f9e244c2e req-8492ae32-8b0e-4939-be72-7213e543b6ba None None] Starting request: 10.222.0.89 "GET /placement/allocations/4bfc46a4-f73d-4d48-82cf-a45029755e31" {{(pid=107623) __call__ /opt/stack/placement/placement/requestlog.py:55}}
Sep 07 12:09:31.138506 n-d-852084-9 devstack@placement-api.service[107623]: INFO placement.requestlog [req-13a8ad22-6151-4a5e-81bc-551f9e244c2e req-8492ae32-8b0e-4939-be72-7213e543b6ba service placement] 10.222.0.89 "GET /placement/allocations/4bfc46a4-f73d-4d48-82cf-a45029755e31" status: 200 len: 19 microversion: 1.28
Sep 07 12:09:31.147276 n-d-852084-9 devstack@placement-api.service[107623]: [pid: 107623|app: 0|req: 329/646] 10.222.0.89 () {60 vars in 1380 bytes} [Wed Sep 7 12:09:31 2022] GET /placement/allocations/4bfc46a4-f73d-4d48-82cf-a45029755e31 => generated 19 bytes in 28 msecs (HTTP/1.1 200) 8 headers in 295 bytes (1 switches on core 0)
Sep 07 12:09:31.149032 n-d-852084-9 devstack@placement-api.service[107624]: DEBUG placement.requestlog [req-13a8ad22-6151-4a5e-81bc-551f9e244c2e req-a5db684e-dd56-43b3-84e4-9ccb965e6f2f None None] Starting request: 10.222.0.89 "PUT /placement/allocations/4bfc46a4-f73d-4d48-82cf-a45029755e31" {{(pid=107624) __call__ /opt/stack/placement/placement/requestlog.py:55}}
Sep 07 12:09:31.409194 n-d-852084-9 devstack@placement-api.service[107624]: DEBUG placement.handlers.allocation [req-13a8ad22-6151-4a5e-81bc-551f9e244c2e req-a5db684e-dd56-43b3-84e4-9ccb965e6f2f service placement] Successfully wrote allocations [, , ] {{(pid=107624) _update_consumers_and_create_allocations /opt/stack/placement/placement/handlers/allocation.py:462}}
Sep 07 12:09:31.434762 n-d-852084-9 devstack@placement-api.service[107624]: INFO placement.requestlog [req-13a8ad22-6151-4a5e-81bc-551f9e244c2e req-a5db684e-dd56-43b3-84e4-9ccb965e6f2f service placement] 10.222.0.89 "PUT /placement/allocations/4bfc46a4-f73d-4d48-82cf-a45029755e31" status: 204 len: 0 microversion: 1.36
Sep 07 12:09:31.435923 n-d-852084-9 devstack@placement-api.service[107624]: [pid: 107624|app: 0|req: 318/647] 10.222.0.89 () {64 vars in 1433 bytes} [Wed Sep 7 12:09:31 2022] PUT /placement/allocations/4bfc46a4-f73d-4d48-82cf-a45029755e31 => generated 0 bytes in 287 msecs (HTTP/1.1 204) 5 headers in 199 bytes (2 switches on core 0)
Sep 07 12:09:32.271410 n-d-852084-9 devstack@placement-api.service[107623]: DEBUG placement.requestlog [req-13a8ad22-6151-4a5e-81bc-551f9e244c2e req-ddf8cc35-2180-4daf-8c64-947468432fd0 None None] Starting request: 10.222.0.95 "GET /placement/allocations/4bfc46a4-f73d-4d48-82cf-a45029755e31" {{(pid=107623) __call__ /opt/stack/placement/placement/requestlog.py:55}}
Sep 07 12:09:32.307970 n-d-852084-9 devstack@placement-api.service[107623]: INFO placement.requestlog [req-13a8ad22-6151-4a5e-81bc-551f9e244c2e req-ddf8cc35-2180-4daf-8c64-947468432fd0 service placement] 10.222.0.95 "GET /placement/allocations/4bfc46a4-f73d-4d48-82cf-a45029755e31" status: 200 len: 259 microversion: 1.28
Sep 07 12:09:32.308676 n-d-852084-9 devstack@placement-api.service[107623]: [pid: 107623|app: 0|req: 330/648] 10.222.0.95 () {60 vars in 1377 bytes} [Wed Sep 7 12:09:32 2022] GET /placement/allocations/4bfc46a4-f73d-4d48-82cf-a45029755e31 => generated 259 bytes in 37 msecs (HTTP/1.1 200) 8 headers in 296 bytes (1 switches on core 0)
Sep 07 12:09:32.544082 n-d-852084-9 devstack@placement-api.service[107624]: DEBUG placement.requestlog [req-13a8ad22-6151-4a5e-81bc-551f9e244c2e req-dc16f10c-351e-4baf-972d-b236b4687b67 None None] Starting request: 10.222.0.95 "GET /placement/resource_providers/f1dd7b5c-4758-4c41-b7c0-01ba6b6eba08/allocations" {{(pid=107624) __call__ /opt/stack/placement/placement/requestlog.py:55}}
Sep 07 12:09:32.607872 n-d-852084-9 devstack@placement-api.service[107624]: INFO placement.requestlog [req-13a8ad22-6151-4a5e-81bc-551f9e244c2e req-dc16f10c-351e-4baf-972d-b236b4687b67 service placement] 10.222.0.95 "GET /placement/resource_providers/f1dd7b5c-4758-4c41-b7c0-01ba6b6eba08/allocations" status: 200 len: 645 microversion: 1.0
Sep 07 12:09:32.609555 n-d-852084-9 devstack@placement-api.service[107624]: [pid: 107624|app: 0|req: 319/649] 10.222.0.95 () {58 vars in 1390 bytes} [Wed Sep 7 12:09:32 2022] GET /placement/resource_providers/f1dd7b5c-4758-4c41-b7c0-01ba6b6eba08/allocations => generated 645 bytes in 65 msecs (HTTP/1.1 200) 6 headers in 224 bytes (1 switches on core 0)
Sep 07 12:09:32.617686 n-d-852084-9 devstack@placement-api.service[107623]: DEBUG placement.requestlog [req-13a8ad22-6151-4a5e-81bc-551f9e244c2e req-f68b7855-a7a2-42ee-a74e-b6382622ba12 None None] Starting request: 10.222.0.95 "GET /placement/allocations/35210f57-611f-434d-a3c8-336c86a6f1bf" {{(pid=107623) __call__ /opt/stack/placement/placement/requestlog.py:55}}
Sep 07 12:09:32.684805 n-d-852084-9 devstack@placement-api.service[107623]: INFO placement.requestlog [req-13a8ad22-6151-4a5e-81bc-551f9e244c2e req-f68b7855-a7a2-42ee-a74e-b6382622ba12 service placement] 10.222.0.95 "GET /placement/allocations/35210f57-611f-434d-a3c8-336c86a6f1bf" status: 200 len: 259 microversion: 1.28
Sep 07 12:09:32.685481 n-d-852084-9 devstack@placement-api.service[107623]: [pid: 107623|app: 0|req: 331/650] 10.222.0.95 () {60 vars in 1377 bytes} [Wed Sep 7 12:09:32 2022] GET /placement/allocations/35210f57-611f-434d-a3c8-336c86a6f1bf => generated 259 bytes in 68 msecs (HTTP/1.1 200) 8 headers in 296 bytes (1 switches on core 0)
Sep 07 12:09:32.714189 n-d-852084-9 devstack@placement-api.service[107624]: DEBUG placement.requestlog [req-13a8ad22-6151-4a5e-81bc-551f9e244c2e req-133e5628-bfc7-4e2a-86ec-37e08b0ad60a None None] Starting request: 10.222.0.95 "GET /placement/allocations/d246cfdf-83b5-4031-85fc-56a9696ce650" {{(pid=107624) __call__ /opt/stack/placement/placement/requestlog.py:55}}
Sep 07 12:09:32.748178 n-d-852084-9 devstack@placement-api.service[107624]: INFO placement.requestlog [req-13a8ad22-6151-4a5e-81bc-551f9e244c2e req-133e5628-bfc7-4e2a-86ec-37e08b0ad60a service placement] 10.222.0.95 "GET /placement/allocations/d246cfdf-83b5-4031-85fc-56a9696ce650" status: 200 len: 259 microversion: 1.28
Sep 07 12:09:32.749058 n-d-852084-9 devstack@placement-api.service[107624]: [pid: 107624|app: 0|req: 320/651] 10.222.0.95 () {60 vars in 1377 bytes} [Wed Sep 7 12:09:32 2022] GET /placement/allocations/d246cfdf-83b5-4031-85fc-56a9696ce650 => generated 259 bytes in 36 msecs (HTTP/1.1 200) 8 headers in 296 bytes (1 switches on core 0)
Sep 07 12:09:32.756334 n-d-852084-9 devstack@placement-api.service[107623]: DEBUG placement.requestlog [req-13a8ad22-6151-4a5e-81bc-551f9e244c2e req-3ba1f37a-e684-4ac2-8359-6122a81fbcb2 None None] Starting request: 10.222.0.95 "GET /placement/allocations/65c43b07-3c2d-47b6-84d8-6853e3938d3b" {{(pid=107623) __call__ /opt/stack/placement/placement/requestlog.py:55}}
Sep 07 12:09:32.783726 n-d-852084-9 devstack@placement-api.service[107623]: INFO placement.requestlog [req-13a8ad22-6151-4a5e-81bc-551f9e244c2e req-3ba1f37a-e684-4ac2-8359-6122a81fbcb2 service placement] 10.222.0.95 "GET /placement/allocations/65c43b07-3c2d-47b6-84d8-6853e3938d3b" status: 200 len: 259 microversion: 1.28
Sep 07 12:09:32.785855 n-d-852084-9 devstack@placement-api.service[107623]: [pid: 107623|app: 0|req: 332/652] 10.222.0.95 () {60 vars in 1377 bytes} [Wed Sep 7 12:09:32 2022] GET /placement/allocations/65c43b07-3c2d-47b6-84d8-6853e3938d3b => generated 259 bytes in 29 msecs (HTTP/1.1 200) 8 headers in 296 bytes (1 switches on core 0)
Sep 07 12:09:32.793085 n-d-852084-9 devstack@placement-api.service[107624]: DEBUG placement.requestlog [req-13a8ad22-6151-4a5e-81bc-551f9e244c2e req-30e9a6cb-87b5-493a-a80c-4b2899bd4436 None None] Starting request: 10.222.0.95 "GET /placement/allocations/bd4f98fc-3112-44f0-b584-e80329967f56" {{(pid=107624) __call__ /opt/stack/placement/placement/requestlog.py:55}}
Sep 07 12:09:32.830645 n-d-852084-9 devstack@placement-api.service[107624]: INFO placement.requestlog [req-13a8ad22-6151-4a5e-81bc-551f9e244c2e req-30e9a6cb-87b5-493a-a80c-4b2899bd4436 service placement] 10.222.0.95 "GET /placement/allocations/bd4f98fc-3112-44f0-b584-e80329967f56" status: 200 len: 259 microversion: 1.28
Sep 07 12:09:32.834094 n-d-852084-9 devstack@placement-api.service[107624]: [pid: 107624|app: 0|req: 321/653] 10.222.0.95 () {60 vars in 1377 bytes} [Wed Sep 7 12:09:32 2022] GET /placement/allocations/bd4f98fc-3112-44f0-b584-e80329967f56 => generated 259 bytes in 42 msecs (HTTP/1.1 200) 8 headers in 296 bytes (1 switches on core 0)
Sep 07 12:09:32.845778 n-d-852084-9 devstack@placement-api.service[107623]: DEBUG placement.requestlog [req-13a8ad22-6151-4a5e-81bc-551f9e244c2e req-8feb77f8-cde3-4011-8efd-47518297620a None None] Starting request: 10.222.0.95 "GET /placement/allocations/4bfc46a4-f73d-4d48-82cf-a45029755e31" {{(pid=107623) __call__ /opt/stack/placement/placement/requestlog.py:55}}
Sep 07 12:09:32.873527 n-d-852084-9 devstack@placement-api.service[107623]: INFO placement.requestlog [req-13a8ad22-6151-4a5e-81bc-551f9e244c2e req-8feb77f8-cde3-4011-8efd-47518297620a service placement] 10.222.0.95 "GET /placement/allocations/4bfc46a4-f73d-4d48-82cf-a45029755e31" status: 200 len: 259 microversion: 1.28
Sep 07 12:09:32.874550 n-d-852084-9 devstack@placement-api.service[107623]: [pid: 107623|app: 0|req: 333/654] 10.222.0.95 () {60 vars in 1377 bytes} [Wed Sep 7 12:09:32 2022] GET /placement/allocations/4bfc46a4-f73d-4d48-82cf-a45029755e31 => generated 259 bytes in 29 msecs (HTTP/1.1 200) 8 headers in 296 bytes (1 switches on core 0)
Sep 07 12:09:32.890358 n-d-852084-9 devstack@placement-api.service[107624]: DEBUG placement.requestlog [req-13a8ad22-6151-4a5e-81bc-551f9e244c2e req-d997416a-3ae0-40fc-8a10-aa2bbfae9a44 None None] Starting request: 10.222.0.95 "GET /placement/allocations/8844d7cd-cd9d-47d7-b618-067ecad3f355" {{(pid=107624) __call__ /opt/stack/placement/placement/requestlog.py:55}}
Sep 07 12:09:32.922384 n-d-852084-9 devstack@placement-api.service[107624]: INFO placement.requestlog [req-13a8ad22-6151-4a5e-81bc-551f9e244c2e req-d997416a-3ae0-40fc-8a10-aa2bbfae9a44 service placement] 10.222.0.95 "GET /placement/allocations/8844d7cd-cd9d-47d7-b618-067ecad3f355" status: 200 len: 245 microversion: 1.28
Sep 07 12:09:32.923550 n-d-852084-9 devstack@placement-api.service[107624]: [pid: 107624|app: 0|req: 322/655] 10.222.0.95 () {60 vars in 1377 bytes} [Wed Sep 7 12:09:32 2022] GET /placement/allocations/8844d7cd-cd9d-47d7-b618-067ecad3f355 => generated 245 bytes in 33 msecs (HTTP/1.1 200) 8 headers in 296 bytes (1 switches on core 0)
Sep 07 12:09:41.198149 n-d-852084-9 devstack@placement-api.service[107623]: DEBUG placement.requestlog [req-417a7a09-b6e8-46f4-bcca-33e61529bb43 req-c68e3b01-07d5-4fa3-b5d3-374fd5af4005 None None] Starting request: 10.222.0.89 "GET /placement/allocation_candidates?limit=1000&resources=DISK_GB%3A1%2CMEMORY_MB%3A1024%2CVCPU%3A1&root_required=%21COMPUTE_STATUS_DISABLED" {{(pid=107623) __call__ /opt/stack/placement/placement/requestlog.py:55}}
Sep 07 12:09:41.320135 n-d-852084-9 devstack@placement-api.service[107623]: DEBUG placement.objects.research_context [req-417a7a09-b6e8-46f4-bcca-33e61529bb43 req-c68e3b01-07d5-4fa3-b5d3-374fd5af4005 service placement] getting providers with 1 DISK_GB {{(pid=107623) __init__ /opt/stack/placement/placement/objects/research_context.py:136}}
Sep 07 12:09:41.339839 n-d-852084-9 devstack@placement-api.service[107623]: DEBUG placement.objects.research_context [req-417a7a09-b6e8-46f4-bcca-33e61529bb43 req-c68e3b01-07d5-4fa3-b5d3-374fd5af4005 service placement] getting providers with 1024 MEMORY_MB {{(pid=107623) __init__ /opt/stack/placement/placement/objects/research_context.py:136}}
Sep 07 12:09:41.355119 n-d-852084-9 devstack@placement-api.service[107623]: DEBUG placement.objects.research_context [req-417a7a09-b6e8-46f4-bcca-33e61529bb43 req-c68e3b01-07d5-4fa3-b5d3-374fd5af4005 service placement] getting providers with 1 VCPU {{(pid=107623) __init__ /opt/stack/placement/placement/objects/research_context.py:136}}
Sep 07 12:09:41.368205 n-d-852084-9 devstack@placement-api.service[107623]: DEBUG placement.objects.research_context [req-417a7a09-b6e8-46f4-bcca-33e61529bb43 req-c68e3b01-07d5-4fa3-b5d3-374fd5af4005 service placement] found 2 providers with available 1 DISK_GB {{(pid=107623) get_provider_ids_matching /opt/stack/placement/placement/objects/research_context.py:563}}
Sep 07 12:09:41.368491 n-d-852084-9 devstack@placement-api.service[107623]: DEBUG placement.objects.research_context [req-417a7a09-b6e8-46f4-bcca-33e61529bb43 req-c68e3b01-07d5-4fa3-b5d3-374fd5af4005 service placement] found 2 providers with available 1024 MEMORY_MB {{(pid=107623) get_provider_ids_matching /opt/stack/placement/placement/objects/research_context.py:563}}
Sep 07 12:09:41.368800 n-d-852084-9 devstack@placement-api.service[107623]: DEBUG placement.objects.research_context [req-417a7a09-b6e8-46f4-bcca-33e61529bb43 req-c68e3b01-07d5-4fa3-b5d3-374fd5af4005 service placement] found 2 providers after filtering by previous result {{(pid=107623) get_provider_ids_matching /opt/stack/placement/placement/objects/research_context.py:594}}
Sep 07 12:09:41.369059 n-d-852084-9 devstack@placement-api.service[107623]: DEBUG placement.objects.research_context [req-417a7a09-b6e8-46f4-bcca-33e61529bb43 req-c68e3b01-07d5-4fa3-b5d3-374fd5af4005 service placement] found 2 providers with available 1 VCPU {{(pid=107623) get_provider_ids_matching /opt/stack/placement/placement/objects/research_context.py:563}}
Sep 07 12:09:41.371046 n-d-852084-9 devstack@placement-api.service[107623]: DEBUG placement.objects.research_context [req-417a7a09-b6e8-46f4-bcca-33e61529bb43 req-c68e3b01-07d5-4fa3-b5d3-374fd5af4005 service placement] found 2 providers after filtering by previous result {{(pid=107623) get_provider_ids_matching /opt/stack/placement/placement/objects/research_context.py:594}}
Sep 07 12:09:41.398883 n-d-852084-9 devstack@placement-api.service[107623]: DEBUG placement.objects.allocation_candidate [req-417a7a09-b6e8-46f4-bcca-33e61529bb43 req-c68e3b01-07d5-4fa3-b5d3-374fd5af4005 service placement] RequestGroup(use_same_provider=False, resources={DISK_GB:1, MEMORY_MB:1024, VCPU:1}, traits=(), aggregates=[]) (suffix '') returned 2 matches {{(pid=107623) _get_by_requests /opt/stack/placement/placement/objects/allocation_candidate.py:156}}
Sep 07 12:09:41.399250 n-d-852084-9 devstack@placement-api.service[107623]: DEBUG placement.objects.allocation_candidate [req-417a7a09-b6e8-46f4-bcca-33e61529bb43 req-c68e3b01-07d5-4fa3-b5d3-374fd5af4005 service placement] Merging candidates yields 2 allocation requests and 2 provider summaries {{(pid=107623) _merge_candidates /opt/stack/placement/placement/objects/allocation_candidate.py:809}}
Sep 07 12:09:41.402879 n-d-852084-9 devstack@placement-api.service[107623]: INFO placement.requestlog [req-417a7a09-b6e8-46f4-bcca-33e61529bb43 req-c68e3b01-07d5-4fa3-b5d3-374fd5af4005 service placement] 10.222.0.89 "GET /placement/allocation_candidates?limit=1000&resources=DISK_GB%3A1%2CMEMORY_MB%3A1024%2CVCPU%3A1&root_required=%21COMPUTE_STATUS_DISABLED" status: 200 len: 1309 microversion: 1.36
Sep 07 12:09:41.403588 n-d-852084-9 devstack@placement-api.service[107623]: [pid: 107623|app: 0|req: 334/656] 10.222.0.89 () {60 vars in 1506 bytes} [Wed Sep 7 12:09:41 2022] GET /placement/allocation_candidates?limit=1000&resources=DISK_GB%3A1%2CMEMORY_MB%3A1024%2CVCPU%3A1&root_required=%21COMPUTE_STATUS_DISABLED => generated 1309 bytes in 205 msecs (HTTP/1.1 200) 8 headers in 297 bytes (1 switches on core 0)
Sep 07 12:09:41.573362 n-d-852084-9 devstack@placement-api.service[107624]: DEBUG placement.requestlog [req-417a7a09-b6e8-46f4-bcca-33e61529bb43 req-50e29a2a-de91-4a58-af2b-edf7287d1301 None None] Starting request: 10.222.0.89 "GET /placement/allocations/e1bde746-5489-4b92-b27d-05103178f01d" {{(pid=107624) __call__ /opt/stack/placement/placement/requestlog.py:55}}
Sep 07 12:09:41.621944 n-d-852084-9 devstack@placement-api.service[107624]: INFO placement.requestlog [req-417a7a09-b6e8-46f4-bcca-33e61529bb43 req-50e29a2a-de91-4a58-af2b-edf7287d1301 service placement] 10.222.0.89 "GET /placement/allocations/e1bde746-5489-4b92-b27d-05103178f01d" status: 200 len: 19 microversion: 1.28
Sep 07 12:09:41.627761 n-d-852084-9 devstack@placement-api.service[107624]: [pid: 107624|app: 0|req: 323/657] 10.222.0.89 () {60 vars in 1380 bytes} [Wed Sep 7 12:09:41 2022] GET /placement/allocations/e1bde746-5489-4b92-b27d-05103178f01d => generated 19 bytes in 55 msecs (HTTP/1.1 200) 8 headers in 295 bytes (1 switches on core 0)
Sep 07 12:09:41.629185 n-d-852084-9 devstack@placement-api.service[107623]: DEBUG placement.requestlog [req-417a7a09-b6e8-46f4-bcca-33e61529bb43 req-9d3795e1-547f-4082-abaa-2afc87396f4c None None] Starting request: 10.222.0.89 "PUT /placement/allocations/e1bde746-5489-4b92-b27d-05103178f01d" {{(pid=107623) __call__ /opt/stack/placement/placement/requestlog.py:55}}
Sep 07 12:09:41.785800 n-d-852084-9 devstack@placement-api.service[107623]: DEBUG placement.handlers.allocation [req-417a7a09-b6e8-46f4-bcca-33e61529bb43 req-9d3795e1-547f-4082-abaa-2afc87396f4c service placement] Successfully wrote allocations [, , ] {{(pid=107623) _update_consumers_and_create_allocations /opt/stack/placement/placement/handlers/allocation.py:462}}
Sep 07 12:09:41.807909 n-d-852084-9 devstack@placement-api.service[107623]: INFO placement.requestlog [req-417a7a09-b6e8-46f4-bcca-33e61529bb43 req-9d3795e1-547f-4082-abaa-2afc87396f4c service placement] 10.222.0.89 "PUT /placement/allocations/e1bde746-5489-4b92-b27d-05103178f01d" status: 204 len: 0 microversion: 1.36
Sep 07 12:09:41.808834 n-d-852084-9 devstack@placement-api.service[107623]: [pid: 107623|app: 0|req: 335/658] 10.222.0.89 () {64 vars in 1433 bytes} [Wed Sep 7 12:09:41 2022] PUT /placement/allocations/e1bde746-5489-4b92-b27d-05103178f01d => generated 0 bytes in 180 msecs (HTTP/1.1 204) 5 headers in 199 bytes (1 switches on core 0)
Sep 07 12:09:42.406933 n-d-852084-9 devstack@placement-api.service[107624]: DEBUG placement.requestlog [req-417a7a09-b6e8-46f4-bcca-33e61529bb43 req-d8d41743-eb64-4248-9631-1eb5e0ec6254 None None] Starting request: 10.222.0.82 "GET /placement/allocations/e1bde746-5489-4b92-b27d-05103178f01d" {{(pid=107624) __call__ /opt/stack/placement/placement/requestlog.py:55}}
Sep 07 12:09:42.436206 n-d-852084-9 devstack@placement-api.service[107624]: INFO placement.requestlog [req-417a7a09-b6e8-46f4-bcca-33e61529bb43 req-d8d41743-eb64-4248-9631-1eb5e0ec6254 service placement] 10.222.0.82 "GET /placement/allocations/e1bde746-5489-4b92-b27d-05103178f01d" status: 200 len: 259 microversion: 1.28
Sep 07 12:09:42.441168 n-d-852084-9 devstack@placement-api.service[107624]: [pid: 107624|app: 0|req: 324/659] 10.222.0.82 () {60 vars in 1377 bytes} [Wed Sep 7 12:09:42 2022] GET /placement/allocations/e1bde746-5489-4b92-b27d-05103178f01d => generated 259 bytes in 35 msecs (HTTP/1.1 200) 8 headers in 296 bytes (1 switches on core 0)
Sep 07 12:09:42.693432 n-d-852084-9 devstack@placement-api.service[107623]: DEBUG placement.requestlog [req-417a7a09-b6e8-46f4-bcca-33e61529bb43 req-a4d6f4e3-7790-4cdd-8b47-ebcc264dbcaa None None] Starting request: 10.222.0.82 "GET /placement/resource_providers/b780dcc4-3c49-4a98-a0e5-d4f48c7cac98/allocations" {{(pid=107623) __call__ /opt/stack/placement/placement/requestlog.py:55}}
Sep 07 12:09:42.737768 n-d-852084-9 devstack@placement-api.service[107623]: INFO placement.requestlog [req-417a7a09-b6e8-46f4-bcca-33e61529bb43 req-a4d6f4e3-7790-4cdd-8b47-ebcc264dbcaa service placement] 10.222.0.82 "GET /placement/resource_providers/b780dcc4-3c49-4a98-a0e5-d4f48c7cac98/allocations" status: 200 len: 759 microversion: 1.0
Sep 07 12:09:42.739424 n-d-852084-9 devstack@placement-api.service[107623]: [pid: 107623|app: 0|req: 336/660] 10.222.0.82 () {58 vars in 1390 bytes} [Wed Sep 7 12:09:42 2022] GET /placement/resource_providers/b780dcc4-3c49-4a98-a0e5-d4f48c7cac98/allocations => generated 759 bytes in 47 msecs (HTTP/1.1 200) 6 headers in 224 bytes (1 switches on core 0)
Sep 07 12:09:42.746145 n-d-852084-9 devstack@placement-api.service[107624]: DEBUG placement.requestlog [req-417a7a09-b6e8-46f4-bcca-33e61529bb43 req-351c9c22-87f1-4bd8-9783-0f4e77eb3258 None None] Starting request: 10.222.0.82 "GET /placement/allocations/f78dbb4d-1d02-4770-a2d6-082fa480f110" {{(pid=107624) __call__ /opt/stack/placement/placement/requestlog.py:55}}
Sep 07 12:09:42.772695 n-d-852084-9 devstack@placement-api.service[107624]: INFO placement.requestlog [req-417a7a09-b6e8-46f4-bcca-33e61529bb43 req-351c9c22-87f1-4bd8-9783-0f4e77eb3258 service placement] 10.222.0.82 "GET /placement/allocations/f78dbb4d-1d02-4770-a2d6-082fa480f110" status: 200 len: 258 microversion: 1.28
Sep 07 12:09:42.773588 n-d-852084-9 devstack@placement-api.service[107624]: [pid: 107624|app: 0|req: 325/661] 10.222.0.82 () {60 vars in 1377 bytes} [Wed Sep 7 12:09:42 2022] GET /placement/allocations/f78dbb4d-1d02-4770-a2d6-082fa480f110 => generated 258 bytes in 28 msecs (HTTP/1.1 200) 8 headers in 296 bytes (1 switches on core 0)
Sep 07 12:09:42.782256 n-d-852084-9 devstack@placement-api.service[107623]: DEBUG placement.requestlog [req-417a7a09-b6e8-46f4-bcca-33e61529bb43 req-0cdfa0b9-3548-44ea-ae19-eda3f4c1916b None None] Starting request: 10.222.0.82 "GET /placement/allocations/3c70f531-7da9-4a76-adfe-ac5eb5929ca2" {{(pid=107623) __call__ /opt/stack/placement/placement/requestlog.py:55}}
Sep 07 12:09:42.814525 n-d-852084-9 devstack@placement-api.service[107623]: INFO placement.requestlog [req-417a7a09-b6e8-46f4-bcca-33e61529bb43 req-0cdfa0b9-3548-44ea-ae19-eda3f4c1916b service placement] 10.222.0.82 "GET /placement/allocations/3c70f531-7da9-4a76-adfe-ac5eb5929ca2" status: 200 len: 259 microversion: 1.28
Sep 07 12:09:42.815501 n-d-852084-9 devstack@placement-api.service[107623]: [pid: 107623|app: 0|req: 337/662] 10.222.0.82 () {60 vars in 1377 bytes} [Wed Sep 7 12:09:42 2022] GET /placement/allocations/3c70f531-7da9-4a76-adfe-ac5eb5929ca2 => generated 259 bytes in 34 msecs (HTTP/1.1 200) 8 headers in 296 bytes (1 switches on core 0)
Sep 07 12:09:42.824907 n-d-852084-9 devstack@placement-api.service[107624]: DEBUG placement.requestlog [req-417a7a09-b6e8-46f4-bcca-33e61529bb43 req-a74c7970-ffe0-40cc-b8bd-2862ad1bc4e6 None None] Starting request: 10.222.0.82 "GET /placement/allocations/0338414e-a24a-4052-ae01-71138e52a836" {{(pid=107624) __call__ /opt/stack/placement/placement/requestlog.py:55}}
Sep 07 12:09:42.865393 n-d-852084-9 devstack@placement-api.service[107624]: INFO placement.requestlog [req-417a7a09-b6e8-46f4-bcca-33e61529bb43 req-a74c7970-ffe0-40cc-b8bd-2862ad1bc4e6 service placement] 10.222.0.82 "GET /placement/allocations/0338414e-a24a-4052-ae01-71138e52a836" status: 200 len: 259 microversion: 1.28
Sep 07 12:09:42.865786 n-d-852084-9 devstack@placement-api.service[107624]: [pid: 107624|app: 0|req: 326/663] 10.222.0.82 () {60 vars in 1377 bytes} [Wed Sep 7 12:09:42 2022] GET /placement/allocations/0338414e-a24a-4052-ae01-71138e52a836 => generated 259 bytes in 41 msecs (HTTP/1.1 200) 8 headers in 296 bytes (1 switches on core 0)
Sep 07 12:09:42.872930 n-d-852084-9 devstack@placement-api.service[107623]: DEBUG placement.requestlog [req-417a7a09-b6e8-46f4-bcca-33e61529bb43 req-37f89e2f-7a29-4aca-afda-616c7f0a5bf7 None None] Starting request: 10.222.0.82 "GET /placement/allocations/7d2ffa56-f3af-4bf9-8213-b417ef783280" {{(pid=107623) __call__ /opt/stack/placement/placement/requestlog.py:55}}
Sep 07 12:09:42.900350 n-d-852084-9 devstack@placement-api.service[107623]: INFO placement.requestlog [req-417a7a09-b6e8-46f4-bcca-33e61529bb43 req-37f89e2f-7a29-4aca-afda-616c7f0a5bf7 service placement] 10.222.0.82 "GET /placement/allocations/7d2ffa56-f3af-4bf9-8213-b417ef783280" status: 200 len: 259 microversion: 1.28
Sep 07 12:09:42.902970 n-d-852084-9 devstack@placement-api.service[107623]: [pid: 107623|app: 0|req: 338/664] 10.222.0.82 () {60 vars in 1377 bytes} [Wed Sep 7 12:09:42 2022] GET /placement/allocations/7d2ffa56-f3af-4bf9-8213-b417ef783280 => generated 259 bytes in 30 msecs (HTTP/1.1 200) 8 headers in 296 bytes (1 switches on core 0)
Sep 07 12:09:42.909401 n-d-852084-9 devstack@placement-api.service[107624]: DEBUG placement.requestlog [req-417a7a09-b6e8-46f4-bcca-33e61529bb43 req-b93a6565-8f86-4c0f-aa82-550bc6179241 None None] Starting request: 10.222.0.82 "GET /placement/allocations/c4154284-b059-4074-af24-f3c63ab24b9c" {{(pid=107624) __call__ /opt/stack/placement/placement/requestlog.py:55}}
Sep 07 12:09:42.948744 n-d-852084-9 devstack@placement-api.service[107624]: INFO placement.requestlog [req-417a7a09-b6e8-46f4-bcca-33e61529bb43 req-b93a6565-8f86-4c0f-aa82-550bc6179241 service placement] 10.222.0.82 "GET /placement/allocations/c4154284-b059-4074-af24-f3c63ab24b9c" status: 200 len: 259 microversion: 1.28
Sep 07 12:09:42.949376 n-d-852084-9 devstack@placement-api.service[107624]: [pid: 107624|app: 0|req: 327/665] 10.222.0.82 () {60 vars in 1377 bytes} [Wed Sep 7 12:09:42 2022] GET /placement/allocations/c4154284-b059-4074-af24-f3c63ab24b9c => generated 259 bytes in 41 msecs (HTTP/1.1 200) 8 headers in 296 bytes (2 switches on core 0)
Sep 07 12:09:42.956885 n-d-852084-9 devstack@placement-api.service[107623]: DEBUG placement.requestlog [req-417a7a09-b6e8-46f4-bcca-33e61529bb43 req-84db4c71-4cbb-41ba-87a7-13721d226ba8 None None] Starting request: 10.222.0.82 "GET /placement/allocations/e1bde746-5489-4b92-b27d-05103178f01d" {{(pid=107623) __call__ /opt/stack/placement/placement/requestlog.py:55}}
Sep 07 12:09:42.989954 n-d-852084-9 devstack@placement-api.service[107623]: INFO placement.requestlog [req-417a7a09-b6e8-46f4-bcca-33e61529bb43 req-84db4c71-4cbb-41ba-87a7-13721d226ba8 service placement] 10.222.0.82 "GET /placement/allocations/e1bde746-5489-4b92-b27d-05103178f01d" status: 200 len: 259 microversion: 1.28
Sep 07 12:09:42.990950 n-d-852084-9 devstack@placement-api.service[107623]: [pid: 107623|app: 0|req: 339/666] 10.222.0.82 () {60 vars in 1377 bytes} [Wed Sep 7 12:09:42 2022] GET /placement/allocations/e1bde746-5489-4b92-b27d-05103178f01d => generated 259 bytes in 34 msecs (HTTP/1.1 200) 8 headers in 296 bytes (1 switches on core 0)
Sep 07 12:09:42.998767 n-d-852084-9 devstack@placement-api.service[107624]: DEBUG placement.requestlog [req-417a7a09-b6e8-46f4-bcca-33e61529bb43 req-0c6678e0-02ba-4562-809d-40d07e4c8bd0 None None] Starting request: 10.222.0.82 "GET /placement/allocations/6621588f-2f6b-404e-ad6c-8bae66a135a9" {{(pid=107624) __call__ /opt/stack/placement/placement/requestlog.py:55}}
Sep 07 12:09:43.032622 n-d-852084-9 devstack@placement-api.service[107624]: INFO placement.requestlog [req-417a7a09-b6e8-46f4-bcca-33e61529bb43 req-0c6678e0-02ba-4562-809d-40d07e4c8bd0 service placement] 10.222.0.82 "GET /placement/allocations/6621588f-2f6b-404e-ad6c-8bae66a135a9" status: 200 len: 259 microversion: 1.28
Sep 07 12:09:43.033164 n-d-852084-9 devstack@placement-api.service[107624]: [pid: 107624|app: 0|req: 328/667] 10.222.0.82 () {60 vars in 1377 bytes} [Wed Sep 7 12:09:42 2022] GET /placement/allocations/6621588f-2f6b-404e-ad6c-8bae66a135a9 => generated 259 bytes in 35 msecs (HTTP/1.1 200) 8 headers in 296 bytes (1 switches on core 0)
Sep 07 12:09:44.611588 n-d-852084-9 devstack@placement-api.service[107623]: DEBUG placement.requestlog [None req-5205b610-10b6-450b-8577-d1f78e68c1e6 None None] Starting request: 10.222.0.89 "GET /placement/resource_providers/653d32a1-de9c-4408-9186-32135a0af721/aggregates" {{(pid=107623) __call__ /opt/stack/placement/placement/requestlog.py:55}}
Sep 07 12:09:44.620528 n-d-852084-9 devstack@placement-api.service[107623]: DEBUG dbcounter [-] [107623] Writing DB stats placement:SELECT=92,placement:INSERT=4,placement:DELETE=2,placement:UPDATE=2 {{(pid=107623) stat_writer /usr/local/lib/python3.8/dist-packages/dbcounter.py:114}}
Sep 07 12:09:44.627839 n-d-852084-9 devstack@placement-api.service[107623]: INFO placement.requestlog [None req-5205b610-10b6-450b-8577-d1f78e68c1e6 service placement] 10.222.0.89 "GET /placement/resource_providers/653d32a1-de9c-4408-9186-32135a0af721/aggregates" status: 404 len: 235 microversion: 1.1
Sep 07 12:09:44.629239 n-d-852084-9 devstack@placement-api.service[107623]: [pid: 107623|app: 0|req: 340/668] 10.222.0.89 () {58 vars in 1362 bytes} [Wed Sep 7 12:09:44 2022] GET /placement/resource_providers/653d32a1-de9c-4408-9186-32135a0af721/aggregates => generated 235 bytes in 17 msecs (HTTP/1.1 404) 5 headers in 202 bytes (1 switches on core 0)
Sep 07 12:09:44.737203 n-d-852084-9 devstack@placement-api.service[107624]: DEBUG placement.requestlog [None req-ebc774c2-9189-4d9d-8849-472bc79b616e None None] Starting request: 10.222.0.89 "DELETE /placement/resource_providers/653d32a1-de9c-4408-9186-32135a0af721" {{(pid=107624) __call__ /opt/stack/placement/placement/requestlog.py:55}}
Sep 07 12:09:44.752855 n-d-852084-9 devstack@placement-api.service[107624]: DEBUG placement.wsgi_wrapper [None req-ebc774c2-9189-4d9d-8849-472bc79b616e service placement] Placement API returning an error response: No resource provider with uuid 653d32a1-de9c-4408-9186-32135a0af721 found for delete {{(pid=107624) call_func /opt/stack/placement/placement/wsgi_wrapper.py:31}}
Sep 07 12:09:44.753672 n-d-852084-9 devstack@placement-api.service[107624]: INFO placement.requestlog [None req-ebc774c2-9189-4d9d-8849-472bc79b616e service placement] 10.222.0.89 "DELETE /placement/resource_providers/653d32a1-de9c-4408-9186-32135a0af721" status: 404 len: 246 microversion: 1.1
Sep 07 12:09:44.754044 n-d-852084-9 devstack@placement-api.service[107624]: [pid: 107624|app: 0|req: 329/669] 10.222.0.89 () {60 vars in 1351 bytes} [Wed Sep 7 12:09:44 2022] DELETE /placement/resource_providers/653d32a1-de9c-4408-9186-32135a0af721 => generated 246 bytes in 17 msecs (HTTP/1.1 404) 6 headers in 231 bytes (2 switches on core 0)
Sep 07 12:09:54.751680 n-d-852084-9 devstack@placement-api.service[107624]: DEBUG dbcounter [-] [107624] Writing DB stats placement:SELECT=79,placement:INSERT=6,placement:DELETE=2,placement:UPDATE=2 {{(pid=107624) stat_writer /usr/local/lib/python3.8/dist-packages/dbcounter.py:114}}
Sep 07 12:09:57.525392 n-d-852084-9 devstack@placement-api.service[107623]: DEBUG placement.requestlog [req-63c3a5c4-f044-43ef-b130-419abadf8198 req-7797528e-caa8-413e-8352-4694d8f52ef7 None None] Starting request: 10.222.0.89 "GET /placement/allocation_candidates?limit=1000&resources=DISK_GB%3A1%2CMEMORY_MB%3A1024%2CVCPU%3A1&root_required=%21COMPUTE_STATUS_DISABLED" {{(pid=107623) __call__ /opt/stack/placement/placement/requestlog.py:55}}
Sep 07 12:09:57.602858 n-d-852084-9 devstack@placement-api.service[107623]: DEBUG placement.objects.research_context [req-63c3a5c4-f044-43ef-b130-419abadf8198 req-7797528e-caa8-413e-8352-4694d8f52ef7 service placement] getting providers with 1 DISK_GB {{(pid=107623) __init__ /opt/stack/placement/placement/objects/research_context.py:136}}
Sep 07 12:09:57.611305 n-d-852084-9 devstack@placement-api.service[107623]: DEBUG placement.objects.research_context [req-63c3a5c4-f044-43ef-b130-419abadf8198 req-7797528e-caa8-413e-8352-4694d8f52ef7 service placement] getting providers with 1024 MEMORY_MB {{(pid=107623) __init__ /opt/stack/placement/placement/objects/research_context.py:136}}
Sep 07 12:09:57.618462 n-d-852084-9 devstack@placement-api.service[107623]: DEBUG placement.objects.research_context [req-63c3a5c4-f044-43ef-b130-419abadf8198 req-7797528e-caa8-413e-8352-4694d8f52ef7 service placement] getting providers with 1 VCPU {{(pid=107623) __init__ /opt/stack/placement/placement/objects/research_context.py:136}}
Sep 07 12:09:57.630348 n-d-852084-9 devstack@placement-api.service[107623]: DEBUG placement.objects.research_context [req-63c3a5c4-f044-43ef-b130-419abadf8198 req-7797528e-caa8-413e-8352-4694d8f52ef7 service placement] found 2 providers with available 1 DISK_GB {{(pid=107623) get_provider_ids_matching /opt/stack/placement/placement/objects/research_context.py:563}}
Sep 07 12:09:57.630872 n-d-852084-9 devstack@placement-api.service[107623]: DEBUG placement.objects.research_context [req-63c3a5c4-f044-43ef-b130-419abadf8198 req-7797528e-caa8-413e-8352-4694d8f52ef7 service placement] found 2 providers with available 1024 MEMORY_MB {{(pid=107623) get_provider_ids_matching /opt/stack/placement/placement/objects/research_context.py:563}}
Sep 07 12:09:57.631333 n-d-852084-9 devstack@placement-api.service[107623]: DEBUG placement.objects.research_context [req-63c3a5c4-f044-43ef-b130-419abadf8198 req-7797528e-caa8-413e-8352-4694d8f52ef7 service placement] found 2 providers after filtering by previous result {{(pid=107623) get_provider_ids_matching /opt/stack/placement/placement/objects/research_context.py:594}}
Sep 07 12:09:57.631927 n-d-852084-9 devstack@placement-api.service[107623]: DEBUG placement.objects.research_context [req-63c3a5c4-f044-43ef-b130-419abadf8198 req-7797528e-caa8-413e-8352-4694d8f52ef7 service placement] found 2 providers with available 1 VCPU {{(pid=107623) get_provider_ids_matching /opt/stack/placement/placement/objects/research_context.py:563}}
Sep 07 12:09:57.634022 n-d-852084-9 devstack@placement-api.service[107623]: DEBUG placement.objects.research_context [req-63c3a5c4-f044-43ef-b130-419abadf8198 req-7797528e-caa8-413e-8352-4694d8f52ef7 service placement] found 2 providers after filtering by previous result {{(pid=107623) get_provider_ids_matching /opt/stack/placement/placement/objects/research_context.py:594}}
Sep 07 12:09:57.651385 n-d-852084-9 devstack@placement-api.service[107623]: DEBUG placement.objects.allocation_candidate [req-63c3a5c4-f044-43ef-b130-419abadf8198 req-7797528e-caa8-413e-8352-4694d8f52ef7 service placement] RequestGroup(use_same_provider=False, resources={DISK_GB:1, MEMORY_MB:1024, VCPU:1}, traits=(), aggregates=[]) (suffix '') returned 2 matches {{(pid=107623) _get_by_requests /opt/stack/placement/placement/objects/allocation_candidate.py:156}}
Sep 07 12:09:57.652015 n-d-852084-9 devstack@placement-api.service[107623]: DEBUG placement.objects.allocation_candidate [req-63c3a5c4-f044-43ef-b130-419abadf8198 req-7797528e-caa8-413e-8352-4694d8f52ef7 service placement] Merging candidates yields 2 allocation requests and 2 provider summaries {{(pid=107623) _merge_candidates /opt/stack/placement/placement/objects/allocation_candidate.py:809}}
Sep 07 12:09:57.653754 n-d-852084-9 devstack@placement-api.service[107623]: INFO placement.requestlog [req-63c3a5c4-f044-43ef-b130-419abadf8198 req-7797528e-caa8-413e-8352-4694d8f52ef7 service placement] 10.222.0.89 "GET /placement/allocation_candidates?limit=1000&resources=DISK_GB%3A1%2CMEMORY_MB%3A1024%2CVCPU%3A1&root_required=%21COMPUTE_STATUS_DISABLED" status: 200 len: 1309 microversion: 1.36
Sep 07 12:09:57.654677 n-d-852084-9 devstack@placement-api.service[107623]: [pid: 107623|app: 0|req: 341/670] 10.222.0.89 () {60 vars in 1506 bytes} [Wed Sep 7 12:09:57 2022] GET /placement/allocation_candidates?limit=1000&resources=DISK_GB%3A1%2CMEMORY_MB%3A1024%2CVCPU%3A1&root_required=%21COMPUTE_STATUS_DISABLED => generated 1309 bytes in 130 msecs (HTTP/1.1 200) 8 headers in 297 bytes (1 switches on core 0)
Sep 07 12:09:57.747878 n-d-852084-9 devstack@placement-api.service[107624]: DEBUG placement.requestlog [req-63c3a5c4-f044-43ef-b130-419abadf8198 req-8adcfe00-c21f-410e-a8fb-1505577eb456 None None] Starting request: 10.222.0.89 "GET /placement/allocations/0daef952-d463-4fd5-85f7-4b29ab6fca28" {{(pid=107624) __call__ /opt/stack/placement/placement/requestlog.py:55}}
Sep 07 12:09:57.766069 n-d-852084-9 devstack@placement-api.service[107624]: INFO placement.requestlog [req-63c3a5c4-f044-43ef-b130-419abadf8198 req-8adcfe00-c21f-410e-a8fb-1505577eb456 service placement] 10.222.0.89 "GET /placement/allocations/0daef952-d463-4fd5-85f7-4b29ab6fca28" status: 200 len: 19 microversion: 1.28
Sep 07 12:09:57.776093 n-d-852084-9 devstack@placement-api.service[107624]: [pid: 107624|app: 0|req: 330/671] 10.222.0.89 () {60 vars in 1380 bytes} [Wed Sep 7 12:09:57 2022] GET /placement/allocations/0daef952-d463-4fd5-85f7-4b29ab6fca28 => generated 19 bytes in 28 msecs (HTTP/1.1 200) 8 headers in 295 bytes (1 switches on core 0)
