Aug 27 02:15:28.208255 n-d-852084-5 devstack@n-api.service[106402]: DEBUG oslo_concurrency.lockutils [None req-08c8c462-47d1-4aed-a712-fc885e60cc7f None None] Acquiring lock "00000000-0000-0000-0000-000000000000" by "nova.context.set_target_cell..get_or_set_cached_cell_and_set_connections" {{(pid=106402) inner /usr/local/lib/python3.8/dist-packages/oslo_concurrency/lockutils.py:385}}
Aug 27 02:15:28.208734 n-d-852084-5 devstack@n-api.service[106402]: DEBUG oslo_concurrency.lockutils [None req-08c8c462-47d1-4aed-a712-fc885e60cc7f None None] Lock "00000000-0000-0000-0000-000000000000" acquired by "nova.context.set_target_cell..get_or_set_cached_cell_and_set_connections" :: waited 0.001s {{(pid=106402) inner /usr/local/lib/python3.8/dist-packages/oslo_concurrency/lockutils.py:390}}
Aug 27 02:15:28.210385 n-d-852084-5 devstack@n-api.service[106402]: DEBUG oslo_concurrency.lockutils [None req-08c8c462-47d1-4aed-a712-fc885e60cc7f None None] Lock "00000000-0000-0000-0000-000000000000" "released" by "nova.context.set_target_cell..get_or_set_cached_cell_and_set_connections" :: held 0.002s {{(pid=106402) inner /usr/local/lib/python3.8/dist-packages/oslo_concurrency/lockutils.py:404}}
Aug 27 02:15:28.211166 n-d-852084-5 devstack@n-api.service[106402]: DEBUG oslo_concurrency.lockutils [None req-08c8c462-47d1-4aed-a712-fc885e60cc7f None None] Acquiring lock "8ef2b9ff-883a-43ea-9ea9-638fb5ee225c" by "nova.context.set_target_cell..get_or_set_cached_cell_and_set_connections" {{(pid=106402) inner /usr/local/lib/python3.8/dist-packages/oslo_concurrency/lockutils.py:385}}
Aug 27 02:15:28.211612 n-d-852084-5 devstack@n-api.service[106402]: DEBUG oslo_concurrency.lockutils [None req-08c8c462-47d1-4aed-a712-fc885e60cc7f None None] Lock "8ef2b9ff-883a-43ea-9ea9-638fb5ee225c" acquired by "nova.context.set_target_cell..get_or_set_cached_cell_and_set_connections" :: waited 0.000s {{(pid=106402) inner /usr/local/lib/python3.8/dist-packages/oslo_concurrency/lockutils.py:390}}
Aug 27 02:15:28.213733 n-d-852084-5 devstack@n-api.service[106402]: DEBUG oslo_concurrency.lockutils [None req-08c8c462-47d1-4aed-a712-fc885e60cc7f None None] Lock "8ef2b9ff-883a-43ea-9ea9-638fb5ee225c" "released" by "nova.context.set_target_cell..get_or_set_cached_cell_and_set_connections" :: held 0.002s {{(pid=106402) inner /usr/local/lib/python3.8/dist-packages/oslo_concurrency/lockutils.py:404}}
Aug 27 02:15:28.215897 n-d-852084-5 devstack@n-api.service[106402]: INFO dbcounter [None req-08c8c462-47d1-4aed-a712-fc885e60cc7f None None] Registered counter for database nova_cell0
Aug 27 02:15:28.220432 n-d-852084-5 devstack@n-api.service[106402]: INFO dbcounter [None req-08c8c462-47d1-4aed-a712-fc885e60cc7f None None] Registered counter for database nova_cell1
Aug 27 02:15:28.230784 n-d-852084-5 devstack@n-api.service[106402]: DEBUG oslo_db.sqlalchemy.engines [None req-08c8c462-47d1-4aed-a712-fc885e60cc7f None None] MySQL server mode set to STRICT_TRANS_TABLES,STRICT_ALL_TABLES,NO_ZERO_IN_DATE,NO_ZERO_DATE,ERROR_FOR_DIVISION_BY_ZERO,TRADITIONAL,NO_ENGINE_SUBSTITUTION {{(pid=106402) _check_effective_sql_mode /usr/local/lib/python3.8/dist-packages/oslo_db/sqlalchemy/engines.py:314}}
Aug 27 02:15:28.231778 n-d-852084-5 devstack@n-api.service[106402]: DEBUG oslo_db.sqlalchemy.engines [None req-08c8c462-47d1-4aed-a712-fc885e60cc7f None None] MySQL server mode set to STRICT_TRANS_TABLES,STRICT_ALL_TABLES,NO_ZERO_IN_DATE,NO_ZERO_DATE,ERROR_FOR_DIVISION_BY_ZERO,TRADITIONAL,NO_ENGINE_SUBSTITUTION {{(pid=106402) _check_effective_sql_mode /usr/local/lib/python3.8/dist-packages/oslo_db/sqlalchemy/engines.py:314}}
Aug 27 02:15:28.240484 n-d-852084-5 devstack@n-api.service[106402]: DEBUG dbcounter [-] [106402] Writer thread running {{(pid=106402) stat_writer /usr/local/lib/python3.8/dist-packages/dbcounter.py:99}}
Aug 27 02:15:28.242327 n-d-852084-5 devstack@n-api.service[106402]: DEBUG dbcounter [-] [106402] Writer thread running {{(pid=106402) stat_writer /usr/local/lib/python3.8/dist-packages/dbcounter.py:99}}
Aug 27 02:15:28.265917 n-d-852084-5 devstack@n-api.service[106403]: DEBUG nova.context [None req-cbf6625b-5812-4ae5-b135-7425992efcc9 None None] Found 2 cells: 00000000-0000-0000-0000-000000000000(cell0),8ef2b9ff-883a-43ea-9ea9-638fb5ee225c(cell1) {{(pid=106403) load_cells /opt/stack/nova/nova/context.py:464}}
Aug 27 02:15:28.270624 n-d-852084-5 devstack@n-api.service[106403]: DEBUG oslo_concurrency.lockutils [None req-cbf6625b-5812-4ae5-b135-7425992efcc9 None None] Acquiring lock "00000000-0000-0000-0000-000000000000" by "nova.context.set_target_cell..get_or_set_cached_cell_and_set_connections" {{(pid=106403) inner /usr/local/lib/python3.8/dist-packages/oslo_concurrency/lockutils.py:385}}
Aug 27 02:15:28.271102 n-d-852084-5 devstack@n-api.service[106403]: DEBUG oslo_concurrency.lockutils [None req-cbf6625b-5812-4ae5-b135-7425992efcc9 None None] Lock "00000000-0000-0000-0000-000000000000" acquired by "nova.context.set_target_cell..get_or_set_cached_cell_and_set_connections" :: waited 0.001s {{(pid=106403) inner /usr/local/lib/python3.8/dist-packages/oslo_concurrency/lockutils.py:390}}
Aug 27 02:15:28.272731 n-d-852084-5 devstack@n-api.service[106403]: DEBUG oslo_concurrency.lockutils [None req-cbf6625b-5812-4ae5-b135-7425992efcc9 None None] Lock "00000000-0000-0000-0000-000000000000" "released" by "nova.context.set_target_cell..get_or_set_cached_cell_and_set_connections" :: held 0.002s {{(pid=106403) inner /usr/local/lib/python3.8/dist-packages/oslo_concurrency/lockutils.py:404}}
Aug 27 02:15:28.273509 n-d-852084-5 devstack@n-api.service[106403]: DEBUG oslo_concurrency.lockutils [None req-cbf6625b-5812-4ae5-b135-7425992efcc9 None None] Acquiring lock "8ef2b9ff-883a-43ea-9ea9-638fb5ee225c" by "nova.context.set_target_cell..get_or_set_cached_cell_and_set_connections" {{(pid=106403) inner /usr/local/lib/python3.8/dist-packages/oslo_concurrency/lockutils.py:385}}
Aug 27 02:15:28.274002 n-d-852084-5 devstack@n-api.service[106403]: DEBUG oslo_concurrency.lockutils [None req-cbf6625b-5812-4ae5-b135-7425992efcc9 None None] Lock "8ef2b9ff-883a-43ea-9ea9-638fb5ee225c" acquired by "nova.context.set_target_cell..get_or_set_cached_cell_and_set_connections" :: waited 0.000s {{(pid=106403) inner /usr/local/lib/python3.8/dist-packages/oslo_concurrency/lockutils.py:390}}
Aug 27 02:15:28.276110 n-d-852084-5 devstack@n-api.service[106403]: DEBUG oslo_concurrency.lockutils [None req-cbf6625b-5812-4ae5-b135-7425992efcc9 None None] Lock "8ef2b9ff-883a-43ea-9ea9-638fb5ee225c" "released" by "nova.context.set_target_cell..get_or_set_cached_cell_and_set_connections" :: held 0.002s {{(pid=106403) inner /usr/local/lib/python3.8/dist-packages/oslo_concurrency/lockutils.py:404}}
Aug 27 02:15:28.278294 n-d-852084-5 devstack@n-api.service[106403]: INFO dbcounter [None req-cbf6625b-5812-4ae5-b135-7425992efcc9 None None] Registered counter for database nova_cell0
Aug 27 02:15:28.282947 n-d-852084-5 devstack@n-api.service[106403]: INFO dbcounter [None req-cbf6625b-5812-4ae5-b135-7425992efcc9 None None] Registered counter for database nova_cell1
Aug 27 02:15:28.292815 n-d-852084-5 devstack@n-api.service[106403]: DEBUG oslo_db.sqlalchemy.engines [None req-cbf6625b-5812-4ae5-b135-7425992efcc9 None None] MySQL server mode set to STRICT_TRANS_TABLES,STRICT_ALL_TABLES,NO_ZERO_IN_DATE,NO_ZERO_DATE,ERROR_FOR_DIVISION_BY_ZERO,TRADITIONAL,NO_ENGINE_SUBSTITUTION {{(pid=106403) _check_effective_sql_mode /usr/local/lib/python3.8/dist-packages/oslo_db/sqlalchemy/engines.py:314}}
Aug 27 02:15:28.298183 n-d-852084-5 devstack@n-api.service[106403]: DEBUG dbcounter [-] [106403] Writer thread running {{(pid=106403) stat_writer /usr/local/lib/python3.8/dist-packages/dbcounter.py:99}}
Aug 27 02:15:28.298872 n-d-852084-5 devstack@n-api.service[106403]: DEBUG oslo_db.sqlalchemy.engines [None req-cbf6625b-5812-4ae5-b135-7425992efcc9 None None] MySQL server mode set to STRICT_TRANS_TABLES,STRICT_ALL_TABLES,NO_ZERO_IN_DATE,NO_ZERO_DATE,ERROR_FOR_DIVISION_BY_ZERO,TRADITIONAL,NO_ENGINE_SUBSTITUTION {{(pid=106403) _check_effective_sql_mode /usr/local/lib/python3.8/dist-packages/oslo_db/sqlalchemy/engines.py:314}}
Aug 27 02:15:28.417962 n-d-852084-5 devstack@n-api.service[106402]: INFO dbcounter [None req-08c8c462-47d1-4aed-a712-fc885e60cc7f None None] Registered counter for database nova_cell0
Aug 27 02:15:28.428842 n-d-852084-5 devstack@n-api.service[106402]: DEBUG oslo_db.sqlalchemy.engines [None req-08c8c462-47d1-4aed-a712-fc885e60cc7f None None] MySQL server mode set to STRICT_TRANS_TABLES,STRICT_ALL_TABLES,NO_ZERO_IN_DATE,NO_ZERO_DATE,ERROR_FOR_DIVISION_BY_ZERO,TRADITIONAL,NO_ENGINE_SUBSTITUTION {{(pid=106402) _check_effective_sql_mode /usr/local/lib/python3.8/dist-packages/oslo_db/sqlalchemy/engines.py:314}}
Aug 27 02:15:28.434446 n-d-852084-5 devstack@n-api.service[106402]: DEBUG dbcounter [-] [106402] Writer thread running {{(pid=106402) stat_writer /usr/local/lib/python3.8/dist-packages/dbcounter.py:99}}
Aug 27 02:15:28.454829 n-d-852084-5 devstack@n-api.service[106403]: DEBUG dbcounter [-] [106403] Writer thread running {{(pid=106403) stat_writer /usr/local/lib/python3.8/dist-packages/dbcounter.py:99}}
Aug 27 02:15:28.465616 n-d-852084-5 devstack@n-api.service[106403]: INFO dbcounter [None req-cbf6625b-5812-4ae5-b135-7425992efcc9 None None] Registered counter for database nova_cell0
Aug 27 02:15:28.478334 n-d-852084-5 devstack@n-api.service[106403]: DEBUG oslo_db.sqlalchemy.engines [None req-cbf6625b-5812-4ae5-b135-7425992efcc9 None None] MySQL server mode set to STRICT_TRANS_TABLES,STRICT_ALL_TABLES,NO_ZERO_IN_DATE,NO_ZERO_DATE,ERROR_FOR_DIVISION_BY_ZERO,TRADITIONAL,NO_ENGINE_SUBSTITUTION {{(pid=106403) _check_effective_sql_mode /usr/local/lib/python3.8/dist-packages/oslo_db/sqlalchemy/engines.py:314}}
Aug 27 02:15:28.484285 n-d-852084-5 devstack@n-api.service[106403]: DEBUG dbcounter [-] [106403] Writer thread running {{(pid=106403) stat_writer /usr/local/lib/python3.8/dist-packages/dbcounter.py:99}}
Aug 27 02:15:28.800574 n-d-852084-5 devstack@n-api.service[106402]: WARNING keystonemiddleware.auth_token [None req-08c8c462-47d1-4aed-a712-fc885e60cc7f None None] AuthToken middleware is set with keystone_authtoken.service_token_roles_required set to False. This is backwards compatible but deprecated behaviour. Please set this to True.
Aug 27 02:15:28.809168 n-d-852084-5 devstack@n-api.service[106402]: WARNING keystonemiddleware.auth_token [None req-08c8c462-47d1-4aed-a712-fc885e60cc7f None None] Configuring www_authenticate_uri to point to the public identity endpoint is required; clients may not be able to authenticate against an admin endpoint
Aug 27 02:15:28.827373 n-d-852084-5 devstack@n-api.service[106403]: WARNING keystonemiddleware.auth_token [None req-cbf6625b-5812-4ae5-b135-7425992efcc9 None None] AuthToken middleware is set with keystone_authtoken.service_token_roles_required set to False. This is backwards compatible but deprecated behaviour. Please set this to True.
Aug 27 02:15:28.836349 n-d-852084-5 devstack@n-api.service[106403]: WARNING keystonemiddleware.auth_token [None req-cbf6625b-5812-4ae5-b135-7425992efcc9 None None] Configuring www_authenticate_uri to point to the public identity endpoint is required; clients may not be able to authenticate against an admin endpoint
Aug 27 02:15:29.165095 n-d-852084-5 devstack@n-api.service[106402]: WARNING keystonemiddleware.auth_token [None req-08c8c462-47d1-4aed-a712-fc885e60cc7f None None] AuthToken middleware is set with keystone_authtoken.service_token_roles_required set to False. This is backwards compatible but deprecated behaviour. Please set this to True.
Aug 27 02:15:29.171957 n-d-852084-5 devstack@n-api.service[106402]: WARNING keystonemiddleware.auth_token [None req-08c8c462-47d1-4aed-a712-fc885e60cc7f None None] Configuring www_authenticate_uri to point to the public identity endpoint is required; clients may not be able to authenticate against an admin endpoint
Aug 27 02:15:29.177586 n-d-852084-5 devstack@n-api.service[106402]: WSGI app 0 (mountpoint='') ready in 7 seconds on interpreter 0x55f750f299c0 pid: 106402 (default app)
Aug 27 02:15:29.180290 n-d-852084-5 devstack@n-api.service[106402]: DEBUG nova.api.openstack.wsgi [None req-08c8c462-47d1-4aed-a712-fc885e60cc7f None None] Calling method '>' {{(pid=106402) _process_stack /opt/stack/nova/nova/api/openstack/wsgi.py:513}}
Aug 27 02:15:29.181590 n-d-852084-5 devstack@n-api.service[106402]: INFO nova.api.openstack.requestlog [None req-08c8c462-47d1-4aed-a712-fc885e60cc7f None None] 10.222.0.99 "GET /compute/v2.1/" status: 200 len: 388 microversion: 2.1 time: 0.002118
Aug 27 02:15:29.182578 n-d-852084-5 devstack@n-api.service[106402]: [pid: 106402|app: 0|req: 1/1] 10.222.0.99 () {50 vars in 788 bytes} [Sat Aug 27 02:15:29 2022] GET /compute/v2.1/ => generated 388 bytes in 4 msecs (HTTP/1.1 200) 9 headers in 357 bytes (1 switches on core 0)
Aug 27 02:15:29.204784 n-d-852084-5 devstack@n-api.service[106403]: WARNING keystonemiddleware.auth_token [None req-cbf6625b-5812-4ae5-b135-7425992efcc9 None None] AuthToken middleware is set with keystone_authtoken.service_token_roles_required set to False. This is backwards compatible but deprecated behaviour. Please set this to True.
Aug 27 02:15:29.213434 n-d-852084-5 devstack@n-api.service[106403]: WARNING keystonemiddleware.auth_token [None req-cbf6625b-5812-4ae5-b135-7425992efcc9 None None] Configuring www_authenticate_uri to point to the public identity endpoint is required; clients may not be able to authenticate against an admin endpoint
Aug 27 02:15:29.221565 n-d-852084-5 devstack@n-api.service[106403]: WSGI app 0 (mountpoint='') ready in 7 seconds on interpreter 0x55f750f299c0 pid: 106403 (default app)
Aug 27 02:17:03.033243 n-d-852084-5 devstack@n-api.service[106402]: DEBUG nova.api.openstack.wsgi [None req-08c8c462-47d1-4aed-a712-fc885e60cc7f None None] Calling method '>' {{(pid=106402) _process_stack /opt/stack/nova/nova/api/openstack/wsgi.py:513}}
Aug 27 02:17:03.035161 n-d-852084-5 devstack@n-api.service[106402]: INFO nova.api.openstack.requestlog [None req-08c8c462-47d1-4aed-a712-fc885e60cc7f None None] 10.222.0.99 "GET /compute/v2.1" status: 200 len: 388 microversion: 2.1 time: 0.002325
Aug 27 02:17:03.036187 n-d-852084-5 devstack@n-api.service[106402]: [pid: 106402|app: 0|req: 2/2] 10.222.0.99 () {54 vars in 931 bytes} [Sat Aug 27 02:17:03 2022] GET /compute/v2.1 => generated 388 bytes in 4 msecs (HTTP/1.1 200) 9 headers in 357 bytes (1 switches on core 0)
Aug 27 02:17:03.054726 n-d-852084-5 devstack@n-api.service[106403]: DEBUG dbcounter [-] [106403] Writing DB stats nova_api:SELECT=3 {{(pid=106403) stat_writer /usr/local/lib/python3.8/dist-packages/dbcounter.py:114}}
Aug 27 02:17:03.056994 n-d-852084-5 devstack@n-api.service[106403]: DEBUG dbcounter [-] [106403] Writing DB stats nova_cell0:SELECT=3 {{(pid=106403) stat_writer /usr/local/lib/python3.8/dist-packages/dbcounter.py:114}}
Aug 27 02:17:03.058198 n-d-852084-5 devstack@n-api.service[106403]: DEBUG dbcounter [-] [106403] Writing DB stats nova_cell1:SELECT=3 {{(pid=106403) stat_writer /usr/local/lib/python3.8/dist-packages/dbcounter.py:114}}
Aug 27 02:17:03.059269 n-d-852084-5 devstack@n-api.service[106403]: DEBUG dbcounter [-] [106403] Writing DB stats nova_cell0:SELECT=3 {{(pid=106403) stat_writer /usr/local/lib/python3.8/dist-packages/dbcounter.py:114}}
Aug 27 02:17:04.269777 n-d-852084-5 devstack@n-api.service[106403]: DEBUG nova.api.openstack.wsgi [None req-1ff3ce97-7184-40c7-af3c-aeeb2c5e010e admin admin] Calling method '>' {{(pid=106403) _process_stack /opt/stack/nova/nova/api/openstack/wsgi.py:513}}
Aug 27 02:17:04.330704 n-d-852084-5 devstack@n-api.service[106403]: INFO nova.api.openstack.requestlog [None req-1ff3ce97-7184-40c7-af3c-aeeb2c5e010e admin admin] 10.222.0.99 "GET /compute/v2.1/flavors/detail?is_public=True" status: 200 len: 15 microversion: 2.61 time: 1.285814
Aug 27 02:17:04.342264 n-d-852084-5 devstack@n-api.service[106403]: [pid: 106403|app: 0|req: 1/3] 10.222.0.99 () {60 vars in 1292 bytes} [Sat Aug 27 02:17:03 2022] GET /compute/v2.1/flavors/detail?is_public=True => generated 15 bytes in 1299 msecs (HTTP/1.1 200) 9 headers in 358 bytes (2 switches on core 0)
Aug 27 02:17:07.451547 n-d-852084-5 devstack@n-api.service[106402]: DEBUG nova.api.openstack.wsgi [None req-08c8c462-47d1-4aed-a712-fc885e60cc7f None None] Calling method '>' {{(pid=106402) _process_stack /opt/stack/nova/nova/api/openstack/wsgi.py:513}}
Aug 27 02:17:07.453246 n-d-852084-5 devstack@n-api.service[106402]: INFO nova.api.openstack.requestlog [None req-08c8c462-47d1-4aed-a712-fc885e60cc7f None None] 10.222.0.99 "GET /compute/v2.1" status: 200 len: 388 microversion: 2.1 time: 0.002916
Aug 27 02:17:07.463477 n-d-852084-5 devstack@n-api.service[106402]: [pid: 106402|app: 0|req: 3/4] 10.222.0.99 () {54 vars in 931 bytes} [Sat Aug 27 02:17:07 2022] GET /compute/v2.1 => generated 388 bytes in 14 msecs (HTTP/1.1 200) 9 headers in 357 bytes (1 switches on core 0)
Aug 27 02:17:08.366945 n-d-852084-5 devstack@n-api.service[106403]: DEBUG nova.api.openstack.wsgi [None req-6922ace3-6f50-49c2-93a9-2030db6d148a admin admin] Action: 'create', calling method: >, body: {"flavor": {"disk": 1, "rxtx_factor": 1.0, "vcpus": 1, "id": "c1", "name": "cirros256", "OS-FLV-EXT-DATA:ephemeral": 0, "swap": 0, "os-flavor-access:is_public": true, "ram": 256}} {{(pid=106403) _process_stack /opt/stack/nova/nova/api/openstack/wsgi.py:511}}
Aug 27 02:17:08.480941 n-d-852084-5 devstack@n-api.service[106403]: INFO nova.api.openstack.requestlog [None req-6922ace3-6f50-49c2-93a9-2030db6d148a admin admin] 10.222.0.99 "POST /compute/v2.1/flavors" status: 200 len: 407 microversion: 2.61 time: 1.014890
Aug 27 02:17:08.486542 n-d-852084-5 devstack@n-api.service[106403]: [pid: 106403|app: 0|req: 2/5] 10.222.0.99 () {64 vars in 1283 bytes} [Sat Aug 27 02:17:07 2022] POST /compute/v2.1/flavors => generated 407 bytes in 1019 msecs (HTTP/1.1 200) 9 headers in 359 bytes (1 switches on core 0)
Aug 27 02:17:08.504333 n-d-852084-5 devstack@n-api.service[106402]: DEBUG dbcounter [-] [106402] Writing DB stats nova_api:SELECT=3 {{(pid=106402) stat_writer /usr/local/lib/python3.8/dist-packages/dbcounter.py:114}}
Aug 27 02:17:08.505552 n-d-852084-5 devstack@n-api.service[106402]: DEBUG dbcounter [-] [106402] Writing DB stats nova_cell1:SELECT=3 {{(pid=106402) stat_writer /usr/local/lib/python3.8/dist-packages/dbcounter.py:114}}
Aug 27 02:17:08.506342 n-d-852084-5 devstack@n-api.service[106402]: DEBUG dbcounter [-] [106402] Writing DB stats nova_cell0:SELECT=3 {{(pid=106402) stat_writer /usr/local/lib/python3.8/dist-packages/dbcounter.py:114}}
Aug 27 02:17:08.507122 n-d-852084-5 devstack@n-api.service[106402]: DEBUG dbcounter [-] [106402] Writing DB stats nova_cell0:SELECT=6,nova_cell0:INSERT=1 {{(pid=106402) stat_writer /usr/local/lib/python3.8/dist-packages/dbcounter.py:114}}
Aug 27 02:17:08.733609 n-d-852084-5 devstack@n-api.service[106402]: DEBUG nova.api.openstack.wsgi [None req-d6a6a7cf-efec-4714-82e2-4169a9843c5a admin admin] Action: 'create', calling method: >, body: {"extra_specs": {"hw_rng:allowed": "True"}} {{(pid=106402) _process_stack /opt/stack/nova/nova/api/openstack/wsgi.py:511}}
Aug 27 02:17:08.808135 n-d-852084-5 devstack@n-api.service[106402]: INFO nova.api.openstack.requestlog [None req-d6a6a7cf-efec-4714-82e2-4169a9843c5a admin admin] 10.222.0.99 "POST /compute/v2.1/flavors/c1/os-extra_specs" status: 200 len: 43 microversion: 2.61 time: 0.311481
Aug 27 02:17:08.808613 n-d-852084-5 devstack@n-api.service[106402]: [pid: 106402|app: 0|req: 4/6] 10.222.0.99 () {64 vars in 1336 bytes} [Sat Aug 27 02:17:08 2022] POST /compute/v2.1/flavors/c1/os-extra_specs => generated 43 bytes in 313 msecs (HTTP/1.1 200) 9 headers in 358 bytes (1 switches on core 0)
Aug 27 02:17:11.447401 n-d-852084-5 devstack@n-api.service[106403]: DEBUG nova.api.openstack.wsgi [None req-6922ace3-6f50-49c2-93a9-2030db6d148a admin admin] Calling method '>' {{(pid=106403) _process_stack /opt/stack/nova/nova/api/openstack/wsgi.py:513}}
Aug 27 02:17:11.449876 n-d-852084-5 devstack@n-api.service[106403]: INFO nova.api.openstack.requestlog [None req-6922ace3-6f50-49c2-93a9-2030db6d148a admin admin] 10.222.0.99 "GET /compute/v2.1" status: 200 len: 388 microversion: 2.1 time: 0.001488
Aug 27 02:17:11.449876 n-d-852084-5 devstack@n-api.service[106403]: [pid: 106403|app: 0|req: 3/7] 10.222.0.99 () {54 vars in 931 bytes} [Sat Aug 27 02:17:11 2022] GET /compute/v2.1 => generated 388 bytes in 2 msecs (HTTP/1.1 200) 9 headers in 357 bytes (1 switches on core 0)
Aug 27 02:17:12.755933 n-d-852084-5 devstack@n-api.service[106402]: DEBUG nova.api.openstack.wsgi [None req-336378d6-d139-472c-836e-1c912150fd33 admin admin] Action: 'create', calling method: >, body: {"flavor": {"OS-FLV-EXT-DATA:ephemeral": 0, "swap": 0, "name": "ds512M", "id": "d1", "os-flavor-access:is_public": true, "rxtx_factor": 1.0, "vcpus": 1, "ram": 512, "disk": 5}} {{(pid=106402) _process_stack /opt/stack/nova/nova/api/openstack/wsgi.py:511}}
Aug 27 02:17:12.828368 n-d-852084-5 devstack@n-api.service[106402]: INFO nova.api.openstack.requestlog [None req-336378d6-d139-472c-836e-1c912150fd33 admin admin] 10.222.0.99 "POST /compute/v2.1/flavors" status: 200 len: 404 microversion: 2.61 time: 1.371288
Aug 27 02:17:12.829914 n-d-852084-5 devstack@n-api.service[106402]: [pid: 106402|app: 0|req: 5/8] 10.222.0.99 () {64 vars in 1283 bytes} [Sat Aug 27 02:17:11 2022] POST /compute/v2.1/flavors => generated 404 bytes in 1374 msecs (HTTP/1.1 200) 9 headers in 359 bytes (1 switches on core 0)
Aug 27 02:17:12.842790 n-d-852084-5 devstack@n-api.service[106403]: DEBUG nova.api.openstack.wsgi [None req-a98e93b4-f2e6-4b61-86f0-e6acb50973c9 admin admin] Action: 'create', calling method: >, body: {"extra_specs": {"hw_rng:allowed": "True"}} {{(pid=106403) _process_stack /opt/stack/nova/nova/api/openstack/wsgi.py:511}}
Aug 27 02:17:12.890864 n-d-852084-5 devstack@n-api.service[106403]: INFO nova.api.openstack.requestlog [None req-a98e93b4-f2e6-4b61-86f0-e6acb50973c9 admin admin] 10.222.0.99 "POST /compute/v2.1/flavors/d1/os-extra_specs" status: 200 len: 43 microversion: 2.61 time: 0.051897
Aug 27 02:17:12.897919 n-d-852084-5 devstack@n-api.service[106403]: [pid: 106403|app: 0|req: 4/9] 10.222.0.99 () {64 vars in 1336 bytes} [Sat Aug 27 02:17:12 2022] POST /compute/v2.1/flavors/d1/os-extra_specs => generated 43 bytes in 60 msecs (HTTP/1.1 200) 9 headers in 358 bytes (2 switches on core 0)
Aug 27 02:17:16.686956 n-d-852084-5 devstack@n-api.service[106402]: DEBUG nova.api.openstack.wsgi [None req-336378d6-d139-472c-836e-1c912150fd33 admin admin] Calling method '>' {{(pid=106402) _process_stack /opt/stack/nova/nova/api/openstack/wsgi.py:513}}
Aug 27 02:17:16.690028 n-d-852084-5 devstack@n-api.service[106402]: INFO nova.api.openstack.requestlog [None req-336378d6-d139-472c-836e-1c912150fd33 admin admin] 10.222.0.99 "GET /compute/v2.1" status: 200 len: 388 microversion: 2.1 time: 0.003693
Aug 27 02:17:16.698260 n-d-852084-5 devstack@n-api.service[106402]: [pid: 106402|app: 0|req: 6/10] 10.222.0.99 () {54 vars in 931 bytes} [Sat Aug 27 02:17:16 2022] GET /compute/v2.1 => generated 388 bytes in 13 msecs (HTTP/1.1 200) 9 headers in 357 bytes (1 switches on core 0)
Aug 27 02:17:17.753702 n-d-852084-5 devstack@n-api.service[106403]: DEBUG nova.api.openstack.wsgi [None req-10d93dc1-2be6-4c0b-9d8c-4774ed76a192 admin admin] Action: 'create', calling method: >, body: {"flavor": {"disk": 10, "OS-FLV-EXT-DATA:ephemeral": 0, "name": "ds1G", "vcpus": 1, "ram": 1024, "os-flavor-access:is_public": true, "rxtx_factor": 1.0, "swap": 0, "id": "d2"}} {{(pid=106403) _process_stack /opt/stack/nova/nova/api/openstack/wsgi.py:511}}
Aug 27 02:17:17.810193 n-d-852084-5 devstack@n-api.service[106403]: INFO nova.api.openstack.requestlog [None req-10d93dc1-2be6-4c0b-9d8c-4774ed76a192 admin admin] 10.222.0.99 "POST /compute/v2.1/flavors" status: 200 len: 404 microversion: 2.61 time: 1.105156
Aug 27 02:17:17.834274 n-d-852084-5 devstack@n-api.service[106403]: [pid: 106403|app: 0|req: 5/11] 10.222.0.99 () {64 vars in 1283 bytes} [Sat Aug 27 02:17:16 2022] POST /compute/v2.1/flavors => generated 404 bytes in 1121 msecs (HTTP/1.1 200) 9 headers in 359 bytes (1 switches on core 0)
Aug 27 02:17:17.849737 n-d-852084-5 devstack@n-api.service[106402]: DEBUG nova.api.openstack.wsgi [None req-63a12d7b-9d98-4cd9-9494-244e3db5f20b admin admin] Action: 'create', calling method: >, body: {"extra_specs": {"hw_rng:allowed": "True"}} {{(pid=106402) _process_stack /opt/stack/nova/nova/api/openstack/wsgi.py:511}}
Aug 27 02:17:17.972045 n-d-852084-5 devstack@n-api.service[106402]: INFO nova.api.openstack.requestlog [None req-63a12d7b-9d98-4cd9-9494-244e3db5f20b admin admin] 10.222.0.99 "POST /compute/v2.1/flavors/d2/os-extra_specs" status: 200 len: 43 microversion: 2.61 time: 0.132635
Aug 27 02:17:17.983131 n-d-852084-5 devstack@n-api.service[106402]: [pid: 106402|app: 0|req: 7/12] 10.222.0.99 () {64 vars in 1336 bytes} [Sat Aug 27 02:17:17 2022] POST /compute/v2.1/flavors/d2/os-extra_specs => generated 43 bytes in 145 msecs (HTTP/1.1 200) 9 headers in 358 bytes (1 switches on core 0)
Aug 27 02:17:20.997562 n-d-852084-5 devstack@n-api.service[106403]: DEBUG nova.api.openstack.wsgi [None req-10d93dc1-2be6-4c0b-9d8c-4774ed76a192 admin admin] Calling method '>' {{(pid=106403) _process_stack /opt/stack/nova/nova/api/openstack/wsgi.py:513}}
Aug 27 02:17:20.999275 n-d-852084-5 devstack@n-api.service[106403]: INFO nova.api.openstack.requestlog [None req-10d93dc1-2be6-4c0b-9d8c-4774ed76a192 admin admin] 10.222.0.99 "GET /compute/v2.1" status: 200 len: 388 microversion: 2.1 time: 0.002652
Aug 27 02:17:20.999856 n-d-852084-5 devstack@n-api.service[106403]: [pid: 106403|app: 0|req: 6/13] 10.222.0.99 () {54 vars in 931 bytes} [Sat Aug 27 02:17:20 2022] GET /compute/v2.1 => generated 388 bytes in 4 msecs (HTTP/1.1 200) 9 headers in 357 bytes (2 switches on core 0)
Aug 27 02:17:21.522323 n-d-852084-5 devstack@n-api.service[106402]: DEBUG nova.api.openstack.wsgi [None req-452732aa-8842-431d-9e6b-5020aa9cb345 admin admin] Action: 'create', calling method: >, body: {"flavor": {"swap": 0, "os-flavor-access:is_public": true, "OS-FLV-EXT-DATA:ephemeral": 0, "ram": 2048, "rxtx_factor": 1.0, "id": "d3", "vcpus": 2, "disk": 10, "name": "ds2G"}} {{(pid=106402) _process_stack /opt/stack/nova/nova/api/openstack/wsgi.py:511}}
Aug 27 02:17:21.548609 n-d-852084-5 devstack@n-api.service[106402]: INFO nova.api.openstack.requestlog [None req-452732aa-8842-431d-9e6b-5020aa9cb345 admin admin] 10.222.0.99 "POST /compute/v2.1/flavors" status: 200 len: 404 microversion: 2.61 time: 0.541622
Aug 27 02:17:21.549286 n-d-852084-5 devstack@n-api.service[106402]: [pid: 106402|app: 0|req: 8/14] 10.222.0.99 () {64 vars in 1283 bytes} [Sat Aug 27 02:17:21 2022] POST /compute/v2.1/flavors => generated 404 bytes in 543 msecs (HTTP/1.1 200) 9 headers in 359 bytes (1 switches on core 0)
Aug 27 02:17:21.562286 n-d-852084-5 devstack@n-api.service[106403]: DEBUG nova.api.openstack.wsgi [None req-9fd6c783-1d26-4c23-b32f-9f936967a3bb admin admin] Action: 'create', calling method: >, body: {"extra_specs": {"hw_rng:allowed": "True"}} {{(pid=106403) _process_stack /opt/stack/nova/nova/api/openstack/wsgi.py:511}}
Aug 27 02:17:21.593761 n-d-852084-5 devstack@n-api.service[106403]: INFO nova.api.openstack.requestlog [None req-9fd6c783-1d26-4c23-b32f-9f936967a3bb admin admin] 10.222.0.99 "POST /compute/v2.1/flavors/d3/os-extra_specs" status: 200 len: 43 microversion: 2.61 time: 0.035460
Aug 27 02:17:21.594344 n-d-852084-5 devstack@n-api.service[106403]: [pid: 106403|app: 0|req: 7/15] 10.222.0.99 () {64 vars in 1336 bytes} [Sat Aug 27 02:17:21 2022] POST /compute/v2.1/flavors/d3/os-extra_specs => generated 43 bytes in 37 msecs (HTTP/1.1 200) 9 headers in 358 bytes (1 switches on core 0)
Aug 27 02:17:24.315854 n-d-852084-5 devstack@n-api.service[106402]: DEBUG nova.api.openstack.wsgi [None req-452732aa-8842-431d-9e6b-5020aa9cb345 admin admin] Calling method '>' {{(pid=106402) _process_stack /opt/stack/nova/nova/api/openstack/wsgi.py:513}}
Aug 27 02:17:24.318173 n-d-852084-5 devstack@n-api.service[106402]: INFO nova.api.openstack.requestlog [None req-452732aa-8842-431d-9e6b-5020aa9cb345 admin admin] 10.222.0.99 "GET /compute/v2.1" status: 200 len: 388 microversion: 2.1 time: 0.002644
Aug 27 02:17:24.319904 n-d-852084-5 devstack@n-api.service[106402]: [pid: 106402|app: 0|req: 9/16] 10.222.0.99 () {54 vars in 931 bytes} [Sat Aug 27 02:17:24 2022] GET /compute/v2.1 => generated 388 bytes in 6 msecs (HTTP/1.1 200) 9 headers in 357 bytes (1 switches on core 0)
Aug 27 02:17:25.205999 n-d-852084-5 devstack@n-api.service[106403]: DEBUG nova.api.openstack.wsgi [None req-e1e51ac7-9c0a-4e31-951b-f5c1abffd708 admin admin] Action: 'create', calling method: >, body: {"flavor": {"rxtx_factor": 1.0, "name": "ds4G", "swap": 0, "disk": 20, "vcpus": 4, "OS-FLV-EXT-DATA:ephemeral": 0, "ram": 4096, "id": "d4", "os-flavor-access:is_public": true}} {{(pid=106403) _process_stack /opt/stack/nova/nova/api/openstack/wsgi.py:511}}
Aug 27 02:17:25.230056 n-d-852084-5 devstack@n-api.service[106403]: INFO nova.api.openstack.requestlog [None req-e1e51ac7-9c0a-4e31-951b-f5c1abffd708 admin admin] 10.222.0.99 "POST /compute/v2.1/flavors" status: 200 len: 404 microversion: 2.61 time: 0.898173
Aug 27 02:17:25.231048 n-d-852084-5 devstack@n-api.service[106403]: [pid: 106403|app: 0|req: 8/17] 10.222.0.99 () {64 vars in 1283 bytes} [Sat Aug 27 02:17:24 2022] POST /compute/v2.1/flavors => generated 404 bytes in 900 msecs (HTTP/1.1 200) 9 headers in 359 bytes (2 switches on core 0)
Aug 27 02:17:25.255638 n-d-852084-5 devstack@n-api.service[106402]: DEBUG nova.api.openstack.wsgi [None req-eb8ad500-2ad8-4ecc-b55a-1799250aaf13 admin admin] Action: 'create', calling method: >, body: {"extra_specs": {"hw_rng:allowed": "True"}} {{(pid=106402) _process_stack /opt/stack/nova/nova/api/openstack/wsgi.py:511}}
Aug 27 02:17:25.286015 n-d-852084-5 devstack@n-api.service[106402]: INFO nova.api.openstack.requestlog [None req-eb8ad500-2ad8-4ecc-b55a-1799250aaf13 admin admin] 10.222.0.99 "POST /compute/v2.1/flavors/d4/os-extra_specs" status: 200 len: 43 microversion: 2.61 time: 0.039217
Aug 27 02:17:25.287245 n-d-852084-5 devstack@n-api.service[106402]: [pid: 106402|app: 0|req: 10/18] 10.222.0.99 () {64 vars in 1336 bytes} [Sat Aug 27 02:17:25 2022] POST /compute/v2.1/flavors/d4/os-extra_specs => generated 43 bytes in 42 msecs (HTTP/1.1 200) 9 headers in 358 bytes (1 switches on core 0)
Aug 27 02:17:28.034730 n-d-852084-5 devstack@n-api.service[106403]: DEBUG nova.api.openstack.wsgi [None req-e1e51ac7-9c0a-4e31-951b-f5c1abffd708 admin admin] Calling method '>' {{(pid=106403) _process_stack /opt/stack/nova/nova/api/openstack/wsgi.py:513}}
Aug 27 02:17:28.035894 n-d-852084-5 devstack@n-api.service[106403]: INFO nova.api.openstack.requestlog [None req-e1e51ac7-9c0a-4e31-951b-f5c1abffd708 admin admin] 10.222.0.99 "GET /compute/v2.1" status: 200 len: 388 microversion: 2.1 time: 0.001569
Aug 27 02:17:28.036660 n-d-852084-5 devstack@n-api.service[106403]: [pid: 106403|app: 0|req: 9/19] 10.222.0.99 () {54 vars in 931 bytes} [Sat Aug 27 02:17:28 2022] GET /compute/v2.1 => generated 388 bytes in 3 msecs (HTTP/1.1 200) 9 headers in 357 bytes (1 switches on core 0)
Aug 27 02:17:28.681154 n-d-852084-5 devstack@n-api.service[106402]: DEBUG nova.api.openstack.wsgi [None req-adbb8132-e266-4d1a-945b-dcd1c5ba78e4 admin admin] Calling method '>' {{(pid=106402) _process_stack /opt/stack/nova/nova/api/openstack/wsgi.py:513}}
Aug 27 02:17:28.712122 n-d-852084-5 devstack@n-api.service[106402]: INFO nova.api.openstack.requestlog [None req-adbb8132-e266-4d1a-945b-dcd1c5ba78e4 admin admin] 10.222.0.99 "GET /compute/v2.1/flavors/detail?is_public=True" status: 200 len: 2106 microversion: 2.61 time: 0.667581
Aug 27 02:17:28.734661 n-d-852084-5 devstack@n-api.service[106402]: [pid: 106402|app: 0|req: 11/20] 10.222.0.99 () {60 vars in 1292 bytes} [Sat Aug 27 02:17:28 2022] GET /compute/v2.1/flavors/detail?is_public=True => generated 2106 bytes in 691 msecs (HTTP/1.1 200) 9 headers in 360 bytes (1 switches on core 0)
Aug 27 02:17:31.412359 n-d-852084-5 devstack@n-api.service[106403]: DEBUG nova.api.openstack.wsgi [None req-e1e51ac7-9c0a-4e31-951b-f5c1abffd708 admin admin] Calling method '>' {{(pid=106403) _process_stack /opt/stack/nova/nova/api/openstack/wsgi.py:513}}
Aug 27 02:17:31.413983 n-d-852084-5 devstack@n-api.service[106403]: INFO nova.api.openstack.requestlog [None req-e1e51ac7-9c0a-4e31-951b-f5c1abffd708 admin admin] 10.222.0.99 "GET /compute/v2.1" status: 200 len: 388 microversion: 2.1 time: 0.001427
Aug 27 02:17:31.414250 n-d-852084-5 devstack@n-api.service[106403]: [pid: 106403|app: 0|req: 10/21] 10.222.0.99 () {54 vars in 931 bytes} [Sat Aug 27 02:17:31 2022] GET /compute/v2.1 => generated 388 bytes in 2 msecs (HTTP/1.1 200) 9 headers in 357 bytes (1 switches on core 0)
Aug 27 02:17:32.042164 n-d-852084-5 devstack@n-api.service[106402]: DEBUG nova.api.openstack.wsgi [None req-cbddeee0-c85f-4db6-8ebf-b60d88ff3fec admin admin] Action: 'create', calling method: >, body: {"flavor": {"vcpus": 1, "rxtx_factor": 1.0, "swap": 0, "ram": 512, "name": "m1.tiny", "os-flavor-access:is_public": true, "OS-FLV-EXT-DATA:ephemeral": 0, "id": "1", "disk": 1}} {{(pid=106402) _process_stack /opt/stack/nova/nova/api/openstack/wsgi.py:511}}
Aug 27 02:17:32.075887 n-d-852084-5 devstack@n-api.service[106402]: INFO nova.api.openstack.requestlog [None req-cbddeee0-c85f-4db6-8ebf-b60d88ff3fec admin admin] 10.222.0.99 "POST /compute/v2.1/flavors" status: 200 len: 402 microversion: 2.61 time: 0.653431
Aug 27 02:17:32.077711 n-d-852084-5 devstack@n-api.service[106402]: [pid: 106402|app: 0|req: 12/22] 10.222.0.99 () {64 vars in 1283 bytes} [Sat Aug 27 02:17:31 2022] POST /compute/v2.1/flavors => generated 402 bytes in 656 msecs (HTTP/1.1 200) 9 headers in 359 bytes (2 switches on core 0)
Aug 27 02:17:32.091150 n-d-852084-5 devstack@n-api.service[106403]: DEBUG nova.api.openstack.wsgi [None req-59690e39-3033-45df-9822-4abf24f77667 admin admin] Action: 'create', calling method: >, body: {"extra_specs": {"hw_rng:allowed": "True"}} {{(pid=106403) _process_stack /opt/stack/nova/nova/api/openstack/wsgi.py:511}}
Aug 27 02:17:32.134078 n-d-852084-5 devstack@n-api.service[106403]: INFO nova.api.openstack.requestlog [None req-59690e39-3033-45df-9822-4abf24f77667 admin admin] 10.222.0.99 "POST /compute/v2.1/flavors/1/os-extra_specs" status: 200 len: 43 microversion: 2.61 time: 0.047094
Aug 27 02:17:32.135229 n-d-852084-5 devstack@n-api.service[106403]: [pid: 106403|app: 0|req: 11/23] 10.222.0.99 () {64 vars in 1333 bytes} [Sat Aug 27 02:17:32 2022] POST /compute/v2.1/flavors/1/os-extra_specs => generated 43 bytes in 49 msecs (HTTP/1.1 200) 9 headers in 358 bytes (1 switches on core 0)
Aug 27 02:17:35.337277 n-d-852084-5 devstack@n-api.service[106402]: DEBUG nova.api.openstack.wsgi [None req-cbddeee0-c85f-4db6-8ebf-b60d88ff3fec admin admin] Calling method '>' {{(pid=106402) _process_stack /opt/stack/nova/nova/api/openstack/wsgi.py:513}}
Aug 27 02:17:35.338272 n-d-852084-5 devstack@n-api.service[106402]: INFO nova.api.openstack.requestlog [None req-cbddeee0-c85f-4db6-8ebf-b60d88ff3fec admin admin] 10.222.0.99 "GET /compute/v2.1" status: 200 len: 388 microversion: 2.1 time: 0.001530
Aug 27 02:17:35.338779 n-d-852084-5 devstack@n-api.service[106402]: [pid: 106402|app: 0|req: 13/24] 10.222.0.99 () {54 vars in 931 bytes} [Sat Aug 27 02:17:35 2022] GET /compute/v2.1 => generated 388 bytes in 2 msecs (HTTP/1.1 200) 9 headers in 357 bytes (1 switches on core 0)
Aug 27 02:17:36.013396 n-d-852084-5 devstack@n-api.service[106403]: DEBUG nova.api.openstack.wsgi [None req-4363dcf4-9c1d-4cbb-911f-8f75bbcd0170 admin admin] Action: 'create', calling method: >, body: {"flavor": {"name": "m1.small", "swap": 0, "disk": 20, "id": "2", "ram": 2048, "os-flavor-access:is_public": true, "vcpus": 1, "OS-FLV-EXT-DATA:ephemeral": 0, "rxtx_factor": 1.0}} {{(pid=106403) _process_stack /opt/stack/nova/nova/api/openstack/wsgi.py:511}}
Aug 27 02:17:36.024134 n-d-852084-5 devstack@n-api.service[106403]: DEBUG dbcounter [-] [106403] Writing DB stats nova_api:SELECT=30,nova_api:INSERT=6,nova_api:SAVEPOINT=3,nova_api:RELEASE=3 {{(pid=106403) stat_writer /usr/local/lib/python3.8/dist-packages/dbcounter.py:114}}
Aug 27 02:17:36.052040 n-d-852084-5 devstack@n-api.service[106403]: INFO nova.api.openstack.requestlog [None req-4363dcf4-9c1d-4cbb-911f-8f75bbcd0170 admin admin] 10.222.0.99 "POST /compute/v2.1/flavors" status: 200 len: 405 microversion: 2.61 time: 0.705260
Aug 27 02:17:36.053061 n-d-852084-5 devstack@n-api.service[106403]: [pid: 106403|app: 0|req: 12/25] 10.222.0.99 () {64 vars in 1283 bytes} [Sat Aug 27 02:17:35 2022] POST /compute/v2.1/flavors => generated 405 bytes in 708 msecs (HTTP/1.1 200) 9 headers in 359 bytes (2 switches on core 0)
Aug 27 02:17:36.066764 n-d-852084-5 devstack@n-api.service[106402]: DEBUG nova.api.openstack.wsgi [None req-6f5a0337-eb0d-4eba-95f1-d24e7cbb4cf7 admin admin] Action: 'create', calling method: >, body: {"extra_specs": {"hw_rng:allowed": "True"}} {{(pid=106402) _process_stack /opt/stack/nova/nova/api/openstack/wsgi.py:511}}
Aug 27 02:17:36.096246 n-d-852084-5 devstack@n-api.service[106402]: INFO nova.api.openstack.requestlog [None req-6f5a0337-eb0d-4eba-95f1-d24e7cbb4cf7 admin admin] 10.222.0.99 "POST /compute/v2.1/flavors/2/os-extra_specs" status: 200 len: 43 microversion: 2.61 time: 0.033429
Aug 27 02:17:36.097876 n-d-852084-5 devstack@n-api.service[106402]: [pid: 106402|app: 0|req: 14/26] 10.222.0.99 () {64 vars in 1333 bytes} [Sat Aug 27 02:17:36 2022] POST /compute/v2.1/flavors/2/os-extra_specs => generated 43 bytes in 35 msecs (HTTP/1.1 200) 9 headers in 358 bytes (2 switches on core 0)
Aug 27 02:17:38.850425 n-d-852084-5 devstack@n-api.service[106403]: DEBUG nova.api.openstack.wsgi [None req-4363dcf4-9c1d-4cbb-911f-8f75bbcd0170 admin admin] Calling method '>' {{(pid=106403) _process_stack /opt/stack/nova/nova/api/openstack/wsgi.py:513}}
Aug 27 02:17:38.851666 n-d-852084-5 devstack@n-api.service[106403]: INFO nova.api.openstack.requestlog [None req-4363dcf4-9c1d-4cbb-911f-8f75bbcd0170 admin admin] 10.222.0.99 "GET /compute/v2.1" status: 200 len: 388 microversion: 2.1 time: 0.001566
Aug 27 02:17:38.852320 n-d-852084-5 devstack@n-api.service[106403]: [pid: 106403|app: 0|req: 13/27] 10.222.0.99 () {54 vars in 931 bytes} [Sat Aug 27 02:17:38 2022] GET /compute/v2.1 => generated 388 bytes in 3 msecs (HTTP/1.1 200) 9 headers in 357 bytes (1 switches on core 0)
Aug 27 02:17:39.484035 n-d-852084-5 devstack@n-api.service[106402]: DEBUG nova.api.openstack.wsgi [None req-00b98366-7c83-40d7-aaa1-eb6d38defc06 admin admin] Action: 'create', calling method: >, body: {"flavor": {"disk": 40, "rxtx_factor": 1.0, "os-flavor-access:is_public": true, "ram": 4096, "vcpus": 2, "name": "m1.medium", "OS-FLV-EXT-DATA:ephemeral": 0, "id": "3", "swap": 0}} {{(pid=106402) _process_stack /opt/stack/nova/nova/api/openstack/wsgi.py:511}}
Aug 27 02:17:39.504337 n-d-852084-5 devstack@n-api.service[106402]: INFO nova.api.openstack.requestlog [None req-00b98366-7c83-40d7-aaa1-eb6d38defc06 admin admin] 10.222.0.99 "POST /compute/v2.1/flavors" status: 200 len: 406 microversion: 2.61 time: 0.644271
Aug 27 02:17:39.504938 n-d-852084-5 devstack@n-api.service[106402]: [pid: 106402|app: 0|req: 15/28] 10.222.0.99 () {64 vars in 1283 bytes} [Sat Aug 27 02:17:38 2022] POST /compute/v2.1/flavors => generated 406 bytes in 646 msecs (HTTP/1.1 200) 9 headers in 359 bytes (1 switches on core 0)
Aug 27 02:17:39.521315 n-d-852084-5 devstack@n-api.service[106403]: DEBUG nova.api.openstack.wsgi [None req-479eece1-80ab-4b21-864e-507538f9721e admin admin] Action: 'create', calling method: >, body: {"extra_specs": {"hw_rng:allowed": "True"}} {{(pid=106403) _process_stack /opt/stack/nova/nova/api/openstack/wsgi.py:511}}
Aug 27 02:17:39.559313 n-d-852084-5 devstack@n-api.service[106403]: INFO nova.api.openstack.requestlog [None req-479eece1-80ab-4b21-864e-507538f9721e admin admin] 10.222.0.99 "POST /compute/v2.1/flavors/3/os-extra_specs" status: 200 len: 43 microversion: 2.61 time: 0.044063
Aug 27 02:17:39.559992 n-d-852084-5 devstack@n-api.service[106403]: [pid: 106403|app: 0|req: 14/29] 10.222.0.99 () {64 vars in 1333 bytes} [Sat Aug 27 02:17:39 2022] POST /compute/v2.1/flavors/3/os-extra_specs => generated 43 bytes in 46 msecs (HTTP/1.1 200) 9 headers in 358 bytes (2 switches on core 0)
Aug 27 02:17:42.244870 n-d-852084-5 devstack@n-api.service[106402]: DEBUG nova.api.openstack.wsgi [None req-00b98366-7c83-40d7-aaa1-eb6d38defc06 admin admin] Calling method '>' {{(pid=106402) _process_stack /opt/stack/nova/nova/api/openstack/wsgi.py:513}}
Aug 27 02:17:42.245912 n-d-852084-5 devstack@n-api.service[106402]: INFO nova.api.openstack.requestlog [None req-00b98366-7c83-40d7-aaa1-eb6d38defc06 admin admin] 10.222.0.99 "GET /compute/v2.1" status: 200 len: 388 microversion: 2.1 time: 0.001540
Aug 27 02:17:42.246343 n-d-852084-5 devstack@n-api.service[106402]: [pid: 106402|app: 0|req: 16/30] 10.222.0.99 () {54 vars in 931 bytes} [Sat Aug 27 02:17:42 2022] GET /compute/v2.1 => generated 388 bytes in 3 msecs (HTTP/1.1 200) 9 headers in 357 bytes (2 switches on core 0)
Aug 27 02:17:42.834496 n-d-852084-5 devstack@n-api.service[106403]: DEBUG nova.api.openstack.wsgi [None req-92227686-b04b-47f3-acdc-81aaafec640c admin admin] Action: 'create', calling method: >, body: {"flavor": {"ram": 8192, "name": "m1.large", "swap": 0, "id": "4", "os-flavor-access:is_public": true, "vcpus": 4, "disk": 80, "rxtx_factor": 1.0, "OS-FLV-EXT-DATA:ephemeral": 0}} {{(pid=106403) _process_stack /opt/stack/nova/nova/api/openstack/wsgi.py:511}}
Aug 27 02:17:42.865486 n-d-852084-5 devstack@n-api.service[106403]: INFO nova.api.openstack.requestlog [None req-92227686-b04b-47f3-acdc-81aaafec640c admin admin] 10.222.0.99 "POST /compute/v2.1/flavors" status: 200 len: 405 microversion: 2.61 time: 0.612076
Aug 27 02:17:42.866359 n-d-852084-5 devstack@n-api.service[106403]: [pid: 106403|app: 0|req: 15/31] 10.222.0.99 () {64 vars in 1283 bytes} [Sat Aug 27 02:17:42 2022] POST /compute/v2.1/flavors => generated 405 bytes in 614 msecs (HTTP/1.1 200) 9 headers in 359 bytes (2 switches on core 0)
Aug 27 02:17:42.894993 n-d-852084-5 devstack@n-api.service[106402]: DEBUG nova.api.openstack.wsgi [None req-ce047380-dcf8-4f61-b1b2-e44486d81345 admin admin] Action: 'create', calling method: >, body: {"extra_specs": {"hw_rng:allowed": "True"}} {{(pid=106402) _process_stack /opt/stack/nova/nova/api/openstack/wsgi.py:511}}
Aug 27 02:17:42.911414 n-d-852084-5 devstack@n-api.service[106402]: DEBUG dbcounter [-] [106402] Writing DB stats nova_api:SELECT=39,nova_api:SAVEPOINT=4,nova_api:INSERT=8,nova_api:RELEASE=4 {{(pid=106402) stat_writer /usr/local/lib/python3.8/dist-packages/dbcounter.py:114}}
Aug 27 02:17:42.951050 n-d-852084-5 devstack@n-api.service[106402]: INFO nova.api.openstack.requestlog [None req-ce047380-dcf8-4f61-b1b2-e44486d81345 admin admin] 10.222.0.99 "POST /compute/v2.1/flavors/4/os-extra_specs" status: 200 len: 43 microversion: 2.61 time: 0.062355
Aug 27 02:17:42.953031 n-d-852084-5 devstack@n-api.service[106402]: [pid: 106402|app: 0|req: 17/32] 10.222.0.99 () {64 vars in 1333 bytes} [Sat Aug 27 02:17:42 2022] POST /compute/v2.1/flavors/4/os-extra_specs => generated 43 bytes in 76 msecs (HTTP/1.1 200) 9 headers in 358 bytes (1 switches on core 0)
Aug 27 02:17:45.966963 n-d-852084-5 devstack@n-api.service[106403]: DEBUG nova.api.openstack.wsgi [None req-92227686-b04b-47f3-acdc-81aaafec640c admin admin] Calling method '>' {{(pid=106403) _process_stack /opt/stack/nova/nova/api/openstack/wsgi.py:513}}
Aug 27 02:17:45.967902 n-d-852084-5 devstack@n-api.service[106403]: INFO nova.api.openstack.requestlog [None req-92227686-b04b-47f3-acdc-81aaafec640c admin admin] 10.222.0.99 "GET /compute/v2.1" status: 200 len: 388 microversion: 2.1 time: 0.001503
Aug 27 02:17:45.968649 n-d-852084-5 devstack@n-api.service[106403]: [pid: 106403|app: 0|req: 16/33] 10.222.0.99 () {54 vars in 931 bytes} [Sat Aug 27 02:17:45 2022] GET /compute/v2.1 => generated 388 bytes in 3 msecs (HTTP/1.1 200) 9 headers in 357 bytes (2 switches on core 0)
Aug 27 02:17:46.696317 n-d-852084-5 devstack@n-api.service[106402]: DEBUG nova.api.openstack.wsgi [None req-8e8e73ca-e490-45b1-b2ef-461be329f800 admin admin] Action: 'create', calling method: >, body: {"flavor": {"rxtx_factor": 1.0, "vcpus": 8, "OS-FLV-EXT-DATA:ephemeral": 0, "id": "5", "os-flavor-access:is_public": true, "disk": 160, "name": "m1.xlarge", "ram": 16384, "swap": 0}} {{(pid=106402) _process_stack /opt/stack/nova/nova/api/openstack/wsgi.py:511}}
Aug 27 02:17:46.728758 n-d-852084-5 devstack@n-api.service[106402]: INFO nova.api.openstack.requestlog [None req-8e8e73ca-e490-45b1-b2ef-461be329f800 admin admin] 10.222.0.99 "POST /compute/v2.1/flavors" status: 200 len: 408 microversion: 2.61 time: 0.751290
Aug 27 02:17:46.729989 n-d-852084-5 devstack@n-api.service[106402]: [pid: 106402|app: 0|req: 18/34] 10.222.0.99 () {64 vars in 1283 bytes} [Sat Aug 27 02:17:45 2022] POST /compute/v2.1/flavors => generated 408 bytes in 753 msecs (HTTP/1.1 200) 9 headers in 359 bytes (1 switches on core 0)
Aug 27 02:17:46.742367 n-d-852084-5 devstack@n-api.service[106403]: DEBUG nova.api.openstack.wsgi [None req-851f5857-a015-4ffa-b93c-45a63b2dd8c6 admin admin] Action: 'create', calling method: >, body: {"extra_specs": {"hw_rng:allowed": "True"}} {{(pid=106403) _process_stack /opt/stack/nova/nova/api/openstack/wsgi.py:511}}
Aug 27 02:17:46.772517 n-d-852084-5 devstack@n-api.service[106403]: INFO nova.api.openstack.requestlog [None req-851f5857-a015-4ffa-b93c-45a63b2dd8c6 admin admin] 10.222.0.99 "POST /compute/v2.1/flavors/5/os-extra_specs" status: 200 len: 43 microversion: 2.61 time: 0.033914
Aug 27 02:17:46.781773 n-d-852084-5 devstack@n-api.service[106403]: [pid: 106403|app: 0|req: 17/35] 10.222.0.99 () {64 vars in 1333 bytes} [Sat Aug 27 02:17:46 2022] POST /compute/v2.1/flavors/5/os-extra_specs => generated 43 bytes in 37 msecs (HTTP/1.1 200) 9 headers in 358 bytes (1 switches on core 0)
Aug 27 02:18:11.155794 n-d-852084-5 devstack@n-api.service[106402]: DEBUG nova.api.openstack.wsgi [None req-8e8e73ca-e490-45b1-b2ef-461be329f800 admin admin] Calling method '>' {{(pid=106402) _process_stack /opt/stack/nova/nova/api/openstack/wsgi.py:513}}
Aug 27 02:18:11.157012 n-d-852084-5 devstack@n-api.service[106402]: INFO nova.api.openstack.requestlog [None req-8e8e73ca-e490-45b1-b2ef-461be329f800 admin admin] 10.222.0.99 "GET /compute/v2.1" status: 200 len: 388 microversion: 2.1 time: 0.001710
Aug 27 02:18:11.157481 n-d-852084-5 devstack@n-api.service[106402]: [pid: 106402|app: 0|req: 19/36] 10.222.0.99 () {54 vars in 931 bytes} [Sat Aug 27 02:18:11 2022] GET /compute/v2.1 => generated 388 bytes in 3 msecs (HTTP/1.1 200) 9 headers in 357 bytes (2 switches on core 0)
Aug 27 02:18:11.169201 n-d-852084-5 devstack@n-api.service[106403]: DEBUG dbcounter [-] [106403] Writing DB stats nova_api:INSERT=4,nova_api:SELECT=17,nova_api:SAVEPOINT=2,nova_api:RELEASE=2 {{(pid=106403) stat_writer /usr/local/lib/python3.8/dist-packages/dbcounter.py:114}}
Aug 27 02:18:11.702940 n-d-852084-5 devstack@n-api.service[106403]: DEBUG nova.api.openstack.wsgi [None req-23ae37bc-8c16-498b-b914-d6dde7f26505 admin admin] Calling method '>' {{(pid=106403) _process_stack /opt/stack/nova/nova/api/openstack/wsgi.py:513}}
Aug 27 02:18:11.722447 n-d-852084-5 devstack@n-api.service[106403]: INFO nova.api.openstack.requestlog [None req-23ae37bc-8c16-498b-b914-d6dde7f26505 admin admin] 10.222.0.99 "GET /compute/v2.1/flavors/detail?is_public=True" status: 200 len: 4202 microversion: 2.61 time: 0.557822
Aug 27 02:18:11.723005 n-d-852084-5 devstack@n-api.service[106403]: [pid: 106403|app: 0|req: 18/37] 10.222.0.99 () {60 vars in 1292 bytes} [Sat Aug 27 02:18:11 2022] GET /compute/v2.1/flavors/detail?is_public=True => generated 4202 bytes in 559 msecs (HTTP/1.1 200) 9 headers in 360 bytes (1 switches on core 0)
Aug 27 02:18:12.898813 n-d-852084-5 devstack@n-api.service[106402]: DEBUG nova.api.openstack.wsgi [None req-8e8e73ca-e490-45b1-b2ef-461be329f800 admin admin] Calling method '>' {{(pid=106402) _process_stack /opt/stack/nova/nova/api/openstack/wsgi.py:513}}
Aug 27 02:18:12.899733 n-d-852084-5 devstack@n-api.service[106402]: INFO nova.api.openstack.requestlog [None req-8e8e73ca-e490-45b1-b2ef-461be329f800 admin admin] 10.222.0.99 "GET /compute/v2.1" status: 200 len: 388 microversion: 2.1 time: 0.001558
Aug 27 02:18:12.900667 n-d-852084-5 devstack@n-api.service[106402]: [pid: 106402|app: 0|req: 20/38] 10.222.0.99 () {56 vars in 1074 bytes} [Sat Aug 27 02:18:12 2022] GET /compute/v2.1 => generated 388 bytes in 3 msecs (HTTP/1.1 200) 9 headers in 357 bytes (1 switches on core 0)
Aug 27 02:18:13.558692 n-d-852084-5 devstack@n-api.service[106403]: DEBUG nova.api.openstack.wsgi [None req-f38ab5ea-4f31-4bbc-8929-e92b4c22d21d admin admin] Calling method '>' {{(pid=106403) _process_stack /opt/stack/nova/nova/api/openstack/wsgi.py:513}}
Aug 27 02:18:13.565357 n-d-852084-5 devstack@n-api.service[106403]: INFO nova.api.openstack.wsgi [None req-f38ab5ea-4f31-4bbc-8929-e92b4c22d21d admin admin] HTTP exception thrown: Flavor 42 could not be found.
Aug 27 02:18:13.569049 n-d-852084-5 devstack@n-api.service[106403]: DEBUG nova.api.openstack.wsgi [None req-f38ab5ea-4f31-4bbc-8929-e92b4c22d21d admin admin] Request method failure captured:
Aug 27 02:18:13.569049 n-d-852084-5 devstack@n-api.service[106403]: request: GET /compute/v2.1/flavors/42 HTTP/1.1
Aug 27 02:18:13.569049 n-d-852084-5 devstack@n-api.service[106403]: Accept: application/json
Aug 27 02:18:13.569049 n-d-852084-5 devstack@n-api.service[106403]: Accept-Encoding: gzip, deflate
Aug 27 02:18:13.569049 n-d-852084-5 devstack@n-api.service[106403]: Connection: keep-alive
