Aug 23 00:17:27.848567 n-d-852002-3 devstack@placement-api.service[108358]: DEBUG dbcounter [-] [108358] Writing DB stats placement:SELECT=53,placement:DELETE=2 {{(pid=108358) stat_writer /usr/local/lib/python3.8/dist-packages/dbcounter.py:114}}
Aug 23 00:17:27.879771 n-d-852002-3 devstack@placement-api.service[108359]: DEBUG dbcounter [-] [108359] Writing DB stats placement:SELECT=39,placement:DELETE=4,placement:INSERT=9,placement:UPDATE=4 {{(pid=108359) stat_writer /usr/local/lib/python3.8/dist-packages/dbcounter.py:114}}
Aug 23 00:17:30.564995 n-d-852002-3 devstack@placement-api.service[108358]: DEBUG placement.requestlog [req-2775b9b2-aef3-4295-84d4-2d5aeac70330 req-46f943b5-a06c-4d14-932d-fde1cb2873cd None None] Starting request: 10.222.0.40 "DELETE /placement/allocations/d64209cd-7831-490a-bdef-5e147571c662" {{(pid=108358) __call__ /opt/stack/placement/placement/requestlog.py:55}}
Aug 23 00:17:30.791031 n-d-852002-3 devstack@placement-api.service[108358]: DEBUG placement.handlers.allocation [req-2775b9b2-aef3-4295-84d4-2d5aeac70330 req-46f943b5-a06c-4d14-932d-fde1cb2873cd service placement] Successfully deleted allocations [, , ] {{(pid=108358) delete_allocations /opt/stack/placement/placement/handlers/allocation.py:627}}
Aug 23 00:17:30.791755 n-d-852002-3 devstack@placement-api.service[108358]: INFO placement.requestlog [req-2775b9b2-aef3-4295-84d4-2d5aeac70330 req-46f943b5-a06c-4d14-932d-fde1cb2873cd service placement] 10.222.0.40 "DELETE /placement/allocations/d64209cd-7831-490a-bdef-5e147571c662" status: 204 len: 0 microversion: 1.0
Aug 23 00:17:30.792473 n-d-852002-3 devstack@placement-api.service[108358]: [pid: 108358|app: 0|req: 303/592] 10.222.0.40 () {60 vars in 1355 bytes} [Tue Aug 23 00:17:30 2022] DELETE /placement/allocations/d64209cd-7831-490a-bdef-5e147571c662 => generated 0 bytes in 228 msecs (HTTP/1.1 204) 5 headers in 198 bytes (1 switches on core 0)
Aug 23 00:17:37.410566 n-d-852002-3 devstack@placement-api.service[108359]: DEBUG placement.requestlog [req-c4b6ffba-a37d-4334-a7b4-4dadf7dbc365 req-1ecb0150-4288-4613-bcac-6834428be452 None None] Starting request: 10.222.0.42 "GET /placement/allocation_candidates?limit=1000&resources=DISK_GB%3A1%2CMEMORY_MB%3A1024%2CVCPU%3A1&root_required=%21COMPUTE_STATUS_DISABLED" {{(pid=108359) __call__ /opt/stack/placement/placement/requestlog.py:55}}
Aug 23 00:17:37.505584 n-d-852002-3 devstack@placement-api.service[108359]: DEBUG placement.objects.research_context [req-c4b6ffba-a37d-4334-a7b4-4dadf7dbc365 req-1ecb0150-4288-4613-bcac-6834428be452 service placement] getting providers with 1 DISK_GB {{(pid=108359) __init__ /opt/stack/placement/placement/objects/research_context.py:136}}
Aug 23 00:17:37.515482 n-d-852002-3 devstack@placement-api.service[108359]: DEBUG placement.objects.research_context [req-c4b6ffba-a37d-4334-a7b4-4dadf7dbc365 req-1ecb0150-4288-4613-bcac-6834428be452 service placement] getting providers with 1024 MEMORY_MB {{(pid=108359) __init__ /opt/stack/placement/placement/objects/research_context.py:136}}
Aug 23 00:17:37.527858 n-d-852002-3 devstack@placement-api.service[108359]: DEBUG placement.objects.research_context [req-c4b6ffba-a37d-4334-a7b4-4dadf7dbc365 req-1ecb0150-4288-4613-bcac-6834428be452 service placement] getting providers with 1 VCPU {{(pid=108359) __init__ /opt/stack/placement/placement/objects/research_context.py:136}}
Aug 23 00:17:37.535631 n-d-852002-3 devstack@placement-api.service[108359]: DEBUG placement.objects.research_context [req-c4b6ffba-a37d-4334-a7b4-4dadf7dbc365 req-1ecb0150-4288-4613-bcac-6834428be452 service placement] found 2 providers with available 1 DISK_GB {{(pid=108359) get_provider_ids_matching /opt/stack/placement/placement/objects/research_context.py:563}}
Aug 23 00:17:37.536147 n-d-852002-3 devstack@placement-api.service[108359]: DEBUG placement.objects.research_context [req-c4b6ffba-a37d-4334-a7b4-4dadf7dbc365 req-1ecb0150-4288-4613-bcac-6834428be452 service placement] found 2 providers with available 1024 MEMORY_MB {{(pid=108359) get_provider_ids_matching /opt/stack/placement/placement/objects/research_context.py:563}}
Aug 23 00:17:37.537418 n-d-852002-3 devstack@placement-api.service[108359]: DEBUG placement.objects.research_context [req-c4b6ffba-a37d-4334-a7b4-4dadf7dbc365 req-1ecb0150-4288-4613-bcac-6834428be452 service placement] found 2 providers after filtering by previous result {{(pid=108359) get_provider_ids_matching /opt/stack/placement/placement/objects/research_context.py:594}}
Aug 23 00:17:37.538987 n-d-852002-3 devstack@placement-api.service[108359]: DEBUG placement.objects.research_context [req-c4b6ffba-a37d-4334-a7b4-4dadf7dbc365 req-1ecb0150-4288-4613-bcac-6834428be452 service placement] found 2 providers with available 1 VCPU {{(pid=108359) get_provider_ids_matching /opt/stack/placement/placement/objects/research_context.py:563}}
Aug 23 00:17:37.539419 n-d-852002-3 devstack@placement-api.service[108359]: DEBUG placement.objects.research_context [req-c4b6ffba-a37d-4334-a7b4-4dadf7dbc365 req-1ecb0150-4288-4613-bcac-6834428be452 service placement] found 2 providers after filtering by previous result {{(pid=108359) get_provider_ids_matching /opt/stack/placement/placement/objects/research_context.py:594}}
Aug 23 00:17:37.558534 n-d-852002-3 devstack@placement-api.service[108359]: DEBUG placement.objects.allocation_candidate [req-c4b6ffba-a37d-4334-a7b4-4dadf7dbc365 req-1ecb0150-4288-4613-bcac-6834428be452 service placement] RequestGroup(use_same_provider=False, resources={DISK_GB:1, MEMORY_MB:1024, VCPU:1}, traits=(), aggregates=[]) (suffix '') returned 2 matches {{(pid=108359) _get_by_requests /opt/stack/placement/placement/objects/allocation_candidate.py:156}}
Aug 23 00:17:37.559337 n-d-852002-3 devstack@placement-api.service[108359]: DEBUG placement.objects.allocation_candidate [req-c4b6ffba-a37d-4334-a7b4-4dadf7dbc365 req-1ecb0150-4288-4613-bcac-6834428be452 service placement] Merging candidates yields 2 allocation requests and 2 provider summaries {{(pid=108359) _merge_candidates /opt/stack/placement/placement/objects/allocation_candidate.py:809}}
Aug 23 00:17:37.561545 n-d-852002-3 devstack@placement-api.service[108359]: INFO placement.requestlog [req-c4b6ffba-a37d-4334-a7b4-4dadf7dbc365 req-1ecb0150-4288-4613-bcac-6834428be452 service placement] 10.222.0.42 "GET /placement/allocation_candidates?limit=1000&resources=DISK_GB%3A1%2CMEMORY_MB%3A1024%2CVCPU%3A1&root_required=%21COMPUTE_STATUS_DISABLED" status: 200 len: 1306 microversion: 1.36
Aug 23 00:17:37.562468 n-d-852002-3 devstack@placement-api.service[108359]: [pid: 108359|app: 0|req: 290/593] 10.222.0.42 () {60 vars in 1506 bytes} [Tue Aug 23 00:17:37 2022] GET /placement/allocation_candidates?limit=1000&resources=DISK_GB%3A1%2CMEMORY_MB%3A1024%2CVCPU%3A1&root_required=%21COMPUTE_STATUS_DISABLED => generated 1306 bytes in 152 msecs (HTTP/1.1 200) 8 headers in 297 bytes (1 switches on core 0)
Aug 23 00:17:37.684274 n-d-852002-3 devstack@placement-api.service[108358]: DEBUG placement.requestlog [req-c4b6ffba-a37d-4334-a7b4-4dadf7dbc365 req-3f48ce38-a862-466a-9dc2-aef45b42ebaf None None] Starting request: 10.222.0.42 "GET /placement/allocations/9babc799-64cc-45e9-a3ff-e9d1d00ce83f" {{(pid=108358) __call__ /opt/stack/placement/placement/requestlog.py:55}}
Aug 23 00:17:37.704793 n-d-852002-3 devstack@placement-api.service[108358]: INFO placement.requestlog [req-c4b6ffba-a37d-4334-a7b4-4dadf7dbc365 req-3f48ce38-a862-466a-9dc2-aef45b42ebaf service placement] 10.222.0.42 "GET /placement/allocations/9babc799-64cc-45e9-a3ff-e9d1d00ce83f" status: 200 len: 19 microversion: 1.28
Aug 23 00:17:37.704793 n-d-852002-3 devstack@placement-api.service[108358]: [pid: 108358|app: 0|req: 304/594] 10.222.0.42 () {60 vars in 1380 bytes} [Tue Aug 23 00:17:37 2022] GET /placement/allocations/9babc799-64cc-45e9-a3ff-e9d1d00ce83f => generated 19 bytes in 20 msecs (HTTP/1.1 200) 8 headers in 295 bytes (1 switches on core 0)
Aug 23 00:17:37.710902 n-d-852002-3 devstack@placement-api.service[108359]: DEBUG placement.requestlog [req-c4b6ffba-a37d-4334-a7b4-4dadf7dbc365 req-372aa93a-0fa2-4ce6-8522-4faef1e6f502 None None] Starting request: 10.222.0.42 "PUT /placement/allocations/9babc799-64cc-45e9-a3ff-e9d1d00ce83f" {{(pid=108359) __call__ /opt/stack/placement/placement/requestlog.py:55}}
Aug 23 00:17:37.998368 n-d-852002-3 devstack@placement-api.service[108359]: DEBUG placement.handlers.allocation [req-c4b6ffba-a37d-4334-a7b4-4dadf7dbc365 req-372aa93a-0fa2-4ce6-8522-4faef1e6f502 service placement] Successfully wrote allocations [, , ] {{(pid=108359) _update_consumers_and_create_allocations /opt/stack/placement/placement/handlers/allocation.py:462}}
Aug 23 00:17:38.069595 n-d-852002-3 devstack@placement-api.service[108359]: INFO placement.requestlog [req-c4b6ffba-a37d-4334-a7b4-4dadf7dbc365 req-372aa93a-0fa2-4ce6-8522-4faef1e6f502 service placement] 10.222.0.42 "PUT /placement/allocations/9babc799-64cc-45e9-a3ff-e9d1d00ce83f" status: 204 len: 0 microversion: 1.36
Aug 23 00:17:38.070415 n-d-852002-3 devstack@placement-api.service[108359]: [pid: 108359|app: 0|req: 291/595] 10.222.0.42 () {64 vars in 1433 bytes} [Tue Aug 23 00:17:37 2022] PUT /placement/allocations/9babc799-64cc-45e9-a3ff-e9d1d00ce83f => generated 0 bytes in 360 msecs (HTTP/1.1 204) 5 headers in 199 bytes (1 switches on core 0)
Aug 23 00:17:39.320709 n-d-852002-3 devstack@placement-api.service[108358]: DEBUG placement.requestlog [req-c4b6ffba-a37d-4334-a7b4-4dadf7dbc365 req-446c4bcc-be31-413a-bb72-80ad995630a8 None None] Starting request: 10.222.0.40 "GET /placement/allocations/9babc799-64cc-45e9-a3ff-e9d1d00ce83f" {{(pid=108358) __call__ /opt/stack/placement/placement/requestlog.py:55}}
Aug 23 00:17:39.347067 n-d-852002-3 devstack@placement-api.service[108358]: INFO placement.requestlog [req-c4b6ffba-a37d-4334-a7b4-4dadf7dbc365 req-446c4bcc-be31-413a-bb72-80ad995630a8 service placement] 10.222.0.40 "GET /placement/allocations/9babc799-64cc-45e9-a3ff-e9d1d00ce83f" status: 200 len: 259 microversion: 1.28
Aug 23 00:17:39.347435 n-d-852002-3 devstack@placement-api.service[108358]: [pid: 108358|app: 0|req: 305/596] 10.222.0.40 () {60 vars in 1377 bytes} [Tue Aug 23 00:17:39 2022] GET /placement/allocations/9babc799-64cc-45e9-a3ff-e9d1d00ce83f => generated 259 bytes in 27 msecs (HTTP/1.1 200) 8 headers in 296 bytes (1 switches on core 0)
Aug 23 00:17:44.654632 n-d-852002-3 devstack@placement-api.service[108359]: DEBUG placement.requestlog [None req-925a6cef-6008-4510-8dda-739c8129253d None None] Starting request: 10.222.0.42 "GET /placement/resource_providers/ccfcab2f-9680-409c-a249-4d02bfcc14c5/aggregates" {{(pid=108359) __call__ /opt/stack/placement/placement/requestlog.py:55}}
Aug 23 00:17:44.679014 n-d-852002-3 devstack@placement-api.service[108359]: INFO placement.requestlog [None req-925a6cef-6008-4510-8dda-739c8129253d service placement] 10.222.0.42 "GET /placement/resource_providers/ccfcab2f-9680-409c-a249-4d02bfcc14c5/aggregates" status: 404 len: 235 microversion: 1.1
Aug 23 00:17:44.680035 n-d-852002-3 devstack@placement-api.service[108359]: [pid: 108359|app: 0|req: 292/597] 10.222.0.42 () {58 vars in 1362 bytes} [Tue Aug 23 00:17:44 2022] GET /placement/resource_providers/ccfcab2f-9680-409c-a249-4d02bfcc14c5/aggregates => generated 235 bytes in 26 msecs (HTTP/1.1 404) 5 headers in 202 bytes (1 switches on core 0)
Aug 23 00:17:44.711699 n-d-852002-3 devstack@placement-api.service[108358]: DEBUG placement.requestlog [None req-0c1ea689-245c-4c14-997e-b6674df848e0 None None] Starting request: 10.222.0.42 "DELETE /placement/resource_providers/ccfcab2f-9680-409c-a249-4d02bfcc14c5" {{(pid=108358) __call__ /opt/stack/placement/placement/requestlog.py:55}}
Aug 23 00:17:44.723654 n-d-852002-3 devstack@placement-api.service[108358]: DEBUG placement.wsgi_wrapper [None req-0c1ea689-245c-4c14-997e-b6674df848e0 service placement] Placement API returning an error response: No resource provider with uuid ccfcab2f-9680-409c-a249-4d02bfcc14c5 found for delete {{(pid=108358) call_func /opt/stack/placement/placement/wsgi_wrapper.py:31}}
Aug 23 00:17:44.725008 n-d-852002-3 devstack@placement-api.service[108358]: INFO placement.requestlog [None req-0c1ea689-245c-4c14-997e-b6674df848e0 service placement] 10.222.0.42 "DELETE /placement/resource_providers/ccfcab2f-9680-409c-a249-4d02bfcc14c5" status: 404 len: 246 microversion: 1.1
Aug 23 00:17:44.731379 n-d-852002-3 devstack@placement-api.service[108358]: [pid: 108358|app: 0|req: 306/598] 10.222.0.42 () {60 vars in 1351 bytes} [Tue Aug 23 00:17:44 2022] DELETE /placement/resource_providers/ccfcab2f-9680-409c-a249-4d02bfcc14c5 => generated 246 bytes in 20 msecs (HTTP/1.1 404) 6 headers in 231 bytes (2 switches on core 0)
Aug 23 00:17:45.483866 n-d-852002-3 devstack@placement-api.service[108359]: DEBUG placement.requestlog [None req-36571d50-d955-4705-8213-01d6428e40a5 None None] Starting request: 10.222.0.42 "GET /placement/resource_providers/60949043-3f3e-4c35-a1e6-a923ee4d2a10/aggregates" {{(pid=108359) __call__ /opt/stack/placement/placement/requestlog.py:55}}
Aug 23 00:17:45.507713 n-d-852002-3 devstack@placement-api.service[108359]: INFO placement.requestlog [None req-36571d50-d955-4705-8213-01d6428e40a5 service placement] 10.222.0.42 "GET /placement/resource_providers/60949043-3f3e-4c35-a1e6-a923ee4d2a10/aggregates" status: 404 len: 235 microversion: 1.1
Aug 23 00:17:45.508928 n-d-852002-3 devstack@placement-api.service[108359]: [pid: 108359|app: 0|req: 293/599] 10.222.0.42 () {58 vars in 1362 bytes} [Tue Aug 23 00:17:45 2022] GET /placement/resource_providers/60949043-3f3e-4c35-a1e6-a923ee4d2a10/aggregates => generated 235 bytes in 25 msecs (HTTP/1.1 404) 5 headers in 202 bytes (1 switches on core 0)
Aug 23 00:17:45.523682 n-d-852002-3 devstack@placement-api.service[108358]: DEBUG placement.requestlog [None req-ee990b28-9e46-45fd-9d01-d1cf7cc27a2e None None] Starting request: 10.222.0.42 "DELETE /placement/resource_providers/60949043-3f3e-4c35-a1e6-a923ee4d2a10" {{(pid=108358) __call__ /opt/stack/placement/placement/requestlog.py:55}}
Aug 23 00:17:45.540556 n-d-852002-3 devstack@placement-api.service[108358]: DEBUG placement.wsgi_wrapper [None req-ee990b28-9e46-45fd-9d01-d1cf7cc27a2e service placement] Placement API returning an error response: No resource provider with uuid 60949043-3f3e-4c35-a1e6-a923ee4d2a10 found for delete {{(pid=108358) call_func /opt/stack/placement/placement/wsgi_wrapper.py:31}}
Aug 23 00:17:45.541884 n-d-852002-3 devstack@placement-api.service[108358]: INFO placement.requestlog [None req-ee990b28-9e46-45fd-9d01-d1cf7cc27a2e service placement] 10.222.0.42 "DELETE /placement/resource_providers/60949043-3f3e-4c35-a1e6-a923ee4d2a10" status: 404 len: 246 microversion: 1.1
Aug 23 00:17:45.543600 n-d-852002-3 devstack@placement-api.service[108358]: [pid: 108358|app: 0|req: 307/600] 10.222.0.42 () {60 vars in 1351 bytes} [Tue Aug 23 00:17:45 2022] DELETE /placement/resource_providers/60949043-3f3e-4c35-a1e6-a923ee4d2a10 => generated 246 bytes in 20 msecs (HTTP/1.1 404) 6 headers in 231 bytes (2 switches on core 0)
Aug 23 00:17:52.944307 n-d-852002-3 devstack@placement-api.service[108359]: DEBUG placement.requestlog [req-73dfefc8-f727-4bc0-9aa7-0a51d5c89987 req-ab0a2384-4dfb-4207-bbff-01bd6dbf6a2b None None] Starting request: 10.222.0.64 "DELETE /placement/allocations/3bf2a19f-9d00-4b7e-98d4-a8b155a38d79" {{(pid=108359) __call__ /opt/stack/placement/placement/requestlog.py:55}}
Aug 23 00:17:53.166399 n-d-852002-3 devstack@placement-api.service[108359]: DEBUG placement.handlers.allocation [req-73dfefc8-f727-4bc0-9aa7-0a51d5c89987 req-ab0a2384-4dfb-4207-bbff-01bd6dbf6a2b service placement] Successfully deleted allocations [, , ] {{(pid=108359) delete_allocations /opt/stack/placement/placement/handlers/allocation.py:627}}
Aug 23 00:17:53.166921 n-d-852002-3 devstack@placement-api.service[108359]: INFO placement.requestlog [req-73dfefc8-f727-4bc0-9aa7-0a51d5c89987 req-ab0a2384-4dfb-4207-bbff-01bd6dbf6a2b service placement] 10.222.0.64 "DELETE /placement/allocations/3bf2a19f-9d00-4b7e-98d4-a8b155a38d79" status: 204 len: 0 microversion: 1.0
Aug 23 00:17:53.167519 n-d-852002-3 devstack@placement-api.service[108359]: [pid: 108359|app: 0|req: 294/601] 10.222.0.64 () {60 vars in 1355 bytes} [Tue Aug 23 00:17:52 2022] DELETE /placement/allocations/3bf2a19f-9d00-4b7e-98d4-a8b155a38d79 => generated 0 bytes in 224 msecs (HTTP/1.1 204) 5 headers in 198 bytes (2 switches on core 0)
Aug 23 00:17:55.537653 n-d-852002-3 devstack@placement-api.service[108358]: DEBUG dbcounter [-] [108358] Writing DB stats placement:SELECT=17,placement:DELETE=2 {{(pid=108358) stat_writer /usr/local/lib/python3.8/dist-packages/dbcounter.py:114}}
Aug 23 00:17:56.520052 n-d-852002-3 devstack@placement-api.service[108358]: DEBUG placement.requestlog [req-7914624b-a1c9-4278-805c-061442342b3e req-a13ba860-dcfa-499a-86fd-3cc76d2f7a8d None None] Starting request: 10.222.0.42 "GET /placement/allocation_candidates?limit=1000&resources=DISK_GB%3A1%2CMEMORY_MB%3A1024%2CVCPU%3A1&root_required=%21COMPUTE_STATUS_DISABLED" {{(pid=108358) __call__ /opt/stack/placement/placement/requestlog.py:55}}
Aug 23 00:17:56.629677 n-d-852002-3 devstack@placement-api.service[108358]: DEBUG placement.objects.research_context [req-7914624b-a1c9-4278-805c-061442342b3e req-a13ba860-dcfa-499a-86fd-3cc76d2f7a8d service placement] getting providers with 1 DISK_GB {{(pid=108358) __init__ /opt/stack/placement/placement/objects/research_context.py:136}}
Aug 23 00:17:56.637895 n-d-852002-3 devstack@placement-api.service[108358]: DEBUG placement.objects.research_context [req-7914624b-a1c9-4278-805c-061442342b3e req-a13ba860-dcfa-499a-86fd-3cc76d2f7a8d service placement] getting providers with 1024 MEMORY_MB {{(pid=108358) __init__ /opt/stack/placement/placement/objects/research_context.py:136}}
Aug 23 00:17:56.650738 n-d-852002-3 devstack@placement-api.service[108358]: DEBUG placement.objects.research_context [req-7914624b-a1c9-4278-805c-061442342b3e req-a13ba860-dcfa-499a-86fd-3cc76d2f7a8d service placement] getting providers with 1 VCPU {{(pid=108358) __init__ /opt/stack/placement/placement/objects/research_context.py:136}}
Aug 23 00:17:56.665114 n-d-852002-3 devstack@placement-api.service[108358]: DEBUG placement.objects.research_context [req-7914624b-a1c9-4278-805c-061442342b3e req-a13ba860-dcfa-499a-86fd-3cc76d2f7a8d service placement] found 2 providers with available 1 DISK_GB {{(pid=108358) get_provider_ids_matching /opt/stack/placement/placement/objects/research_context.py:563}}
Aug 23 00:17:56.670589 n-d-852002-3 devstack@placement-api.service[108358]: DEBUG placement.objects.research_context [req-7914624b-a1c9-4278-805c-061442342b3e req-a13ba860-dcfa-499a-86fd-3cc76d2f7a8d service placement] found 2 providers with available 1024 MEMORY_MB {{(pid=108358) get_provider_ids_matching /opt/stack/placement/placement/objects/research_context.py:563}}
Aug 23 00:17:56.670589 n-d-852002-3 devstack@placement-api.service[108358]: DEBUG placement.objects.research_context [req-7914624b-a1c9-4278-805c-061442342b3e req-a13ba860-dcfa-499a-86fd-3cc76d2f7a8d service placement] found 2 providers after filtering by previous result {{(pid=108358) get_provider_ids_matching /opt/stack/placement/placement/objects/research_context.py:594}}
Aug 23 00:17:56.670589 n-d-852002-3 devstack@placement-api.service[108358]: DEBUG placement.objects.research_context [req-7914624b-a1c9-4278-805c-061442342b3e req-a13ba860-dcfa-499a-86fd-3cc76d2f7a8d service placement] found 2 providers with available 1 VCPU {{(pid=108358) get_provider_ids_matching /opt/stack/placement/placement/objects/research_context.py:563}}
Aug 23 00:17:56.670589 n-d-852002-3 devstack@placement-api.service[108358]: DEBUG placement.objects.research_context [req-7914624b-a1c9-4278-805c-061442342b3e req-a13ba860-dcfa-499a-86fd-3cc76d2f7a8d service placement] found 2 providers after filtering by previous result {{(pid=108358) get_provider_ids_matching /opt/stack/placement/placement/objects/research_context.py:594}}
Aug 23 00:17:56.695866 n-d-852002-3 devstack@placement-api.service[108358]: DEBUG placement.objects.allocation_candidate [req-7914624b-a1c9-4278-805c-061442342b3e req-a13ba860-dcfa-499a-86fd-3cc76d2f7a8d service placement] RequestGroup(use_same_provider=False, resources={DISK_GB:1, MEMORY_MB:1024, VCPU:1}, traits=(), aggregates=[]) (suffix '') returned 2 matches {{(pid=108358) _get_by_requests /opt/stack/placement/placement/objects/allocation_candidate.py:156}}
Aug 23 00:17:56.697005 n-d-852002-3 devstack@placement-api.service[108358]: DEBUG placement.objects.allocation_candidate [req-7914624b-a1c9-4278-805c-061442342b3e req-a13ba860-dcfa-499a-86fd-3cc76d2f7a8d service placement] Merging candidates yields 2 allocation requests and 2 provider summaries {{(pid=108358) _merge_candidates /opt/stack/placement/placement/objects/allocation_candidate.py:809}}
Aug 23 00:17:56.699184 n-d-852002-3 devstack@placement-api.service[108358]: INFO placement.requestlog [req-7914624b-a1c9-4278-805c-061442342b3e req-a13ba860-dcfa-499a-86fd-3cc76d2f7a8d service placement] 10.222.0.42 "GET /placement/allocation_candidates?limit=1000&resources=DISK_GB%3A1%2CMEMORY_MB%3A1024%2CVCPU%3A1&root_required=%21COMPUTE_STATUS_DISABLED" status: 200 len: 1309 microversion: 1.36
Aug 23 00:17:56.704863 n-d-852002-3 devstack@placement-api.service[108358]: [pid: 108358|app: 0|req: 308/602] 10.222.0.42 () {60 vars in 1506 bytes} [Tue Aug 23 00:17:56 2022] GET /placement/allocation_candidates?limit=1000&resources=DISK_GB%3A1%2CMEMORY_MB%3A1024%2CVCPU%3A1&root_required=%21COMPUTE_STATUS_DISABLED => generated 1309 bytes in 185 msecs (HTTP/1.1 200) 8 headers in 297 bytes (1 switches on core 0)
Aug 23 00:17:56.829893 n-d-852002-3 devstack@placement-api.service[108359]: DEBUG placement.requestlog [req-7914624b-a1c9-4278-805c-061442342b3e req-4ce07dca-b33e-4d7b-97a9-8a88533a3ff0 None None] Starting request: 10.222.0.42 "GET /placement/allocations/b213e1b1-2cf8-405c-aeaf-f710374f414a" {{(pid=108359) __call__ /opt/stack/placement/placement/requestlog.py:55}}
Aug 23 00:17:56.857630 n-d-852002-3 devstack@placement-api.service[108359]: INFO placement.requestlog [req-7914624b-a1c9-4278-805c-061442342b3e req-4ce07dca-b33e-4d7b-97a9-8a88533a3ff0 service placement] 10.222.0.42 "GET /placement/allocations/b213e1b1-2cf8-405c-aeaf-f710374f414a" status: 200 len: 19 microversion: 1.28
Aug 23 00:17:56.858713 n-d-852002-3 devstack@placement-api.service[108359]: [pid: 108359|app: 0|req: 295/603] 10.222.0.42 () {60 vars in 1380 bytes} [Tue Aug 23 00:17:56 2022] GET /placement/allocations/b213e1b1-2cf8-405c-aeaf-f710374f414a => generated 19 bytes in 30 msecs (HTTP/1.1 200) 8 headers in 295 bytes (1 switches on core 0)
Aug 23 00:17:56.868441 n-d-852002-3 devstack@placement-api.service[108358]: DEBUG placement.requestlog [req-7914624b-a1c9-4278-805c-061442342b3e req-238723d4-473c-46b9-b9a8-07dbc9436876 None None] Starting request: 10.222.0.42 "PUT /placement/allocations/b213e1b1-2cf8-405c-aeaf-f710374f414a" {{(pid=108358) __call__ /opt/stack/placement/placement/requestlog.py:55}}
Aug 23 00:17:57.261562 n-d-852002-3 devstack@placement-api.service[108358]: DEBUG placement.handlers.allocation [req-7914624b-a1c9-4278-805c-061442342b3e req-238723d4-473c-46b9-b9a8-07dbc9436876 service placement] Successfully wrote allocations [, , ] {{(pid=108358) _update_consumers_and_create_allocations /opt/stack/placement/placement/handlers/allocation.py:462}}
Aug 23 00:17:57.337851 n-d-852002-3 devstack@placement-api.service[108358]: INFO placement.requestlog [req-7914624b-a1c9-4278-805c-061442342b3e req-238723d4-473c-46b9-b9a8-07dbc9436876 service placement] 10.222.0.42 "PUT /placement/allocations/b213e1b1-2cf8-405c-aeaf-f710374f414a" status: 204 len: 0 microversion: 1.36
Aug 23 00:17:57.352908 n-d-852002-3 devstack@placement-api.service[108358]: [pid: 108358|app: 0|req: 309/604] 10.222.0.42 () {64 vars in 1433 bytes} [Tue Aug 23 00:17:56 2022] PUT /placement/allocations/b213e1b1-2cf8-405c-aeaf-f710374f414a => generated 0 bytes in 470 msecs (HTTP/1.1 204) 5 headers in 199 bytes (1 switches on core 0)
Aug 23 00:17:58.791623 n-d-852002-3 devstack@placement-api.service[108359]: DEBUG placement.requestlog [req-7914624b-a1c9-4278-805c-061442342b3e req-fb2365ae-cfef-440e-bb3d-e129cc4441ed None None] Starting request: 10.222.0.40 "GET /placement/allocations/b213e1b1-2cf8-405c-aeaf-f710374f414a" {{(pid=108359) __call__ /opt/stack/placement/placement/requestlog.py:55}}
Aug 23 00:17:58.820163 n-d-852002-3 devstack@placement-api.service[108359]: INFO placement.requestlog [req-7914624b-a1c9-4278-805c-061442342b3e req-fb2365ae-cfef-440e-bb3d-e129cc4441ed service placement] 10.222.0.40 "GET /placement/allocations/b213e1b1-2cf8-405c-aeaf-f710374f414a" status: 200 len: 259 microversion: 1.28
Aug 23 00:17:58.820163 n-d-852002-3 devstack@placement-api.service[108359]: [pid: 108359|app: 0|req: 296/605] 10.222.0.40 () {60 vars in 1377 bytes} [Tue Aug 23 00:17:58 2022] GET /placement/allocations/b213e1b1-2cf8-405c-aeaf-f710374f414a => generated 259 bytes in 29 msecs (HTTP/1.1 200) 8 headers in 296 bytes (1 switches on core 0)
Aug 23 00:17:58.992103 n-d-852002-3 devstack@placement-api.service[108358]: DEBUG placement.requestlog [None req-2606c024-5a3a-4b8e-b124-91ffd1654a33 None None] Starting request: 10.222.0.42 "GET /placement/resource_providers/1a979b67-2f79-4cc7-b799-9e9bb6ef0b46/aggregates" {{(pid=108358) __call__ /opt/stack/placement/placement/requestlog.py:55}}
Aug 23 00:17:59.015959 n-d-852002-3 devstack@placement-api.service[108358]: INFO placement.requestlog [None req-2606c024-5a3a-4b8e-b124-91ffd1654a33 service placement] 10.222.0.42 "GET /placement/resource_providers/1a979b67-2f79-4cc7-b799-9e9bb6ef0b46/aggregates" status: 404 len: 235 microversion: 1.1
Aug 23 00:17:59.016528 n-d-852002-3 devstack@placement-api.service[108358]: [pid: 108358|app: 0|req: 310/606] 10.222.0.42 () {58 vars in 1362 bytes} [Tue Aug 23 00:17:58 2022] GET /placement/resource_providers/1a979b67-2f79-4cc7-b799-9e9bb6ef0b46/aggregates => generated 235 bytes in 25 msecs (HTTP/1.1 404) 5 headers in 202 bytes (1 switches on core 0)
Aug 23 00:17:59.058471 n-d-852002-3 devstack@placement-api.service[108359]: DEBUG placement.requestlog [None req-6d16e6c1-f51f-41a0-8b6c-38d92d3f8495 None None] Starting request: 10.222.0.42 "DELETE /placement/resource_providers/1a979b67-2f79-4cc7-b799-9e9bb6ef0b46" {{(pid=108359) __call__ /opt/stack/placement/placement/requestlog.py:55}}
Aug 23 00:17:59.072320 n-d-852002-3 devstack@placement-api.service[108359]: DEBUG placement.wsgi_wrapper [None req-6d16e6c1-f51f-41a0-8b6c-38d92d3f8495 service placement] Placement API returning an error response: No resource provider with uuid 1a979b67-2f79-4cc7-b799-9e9bb6ef0b46 found for delete {{(pid=108359) call_func /opt/stack/placement/placement/wsgi_wrapper.py:31}}
Aug 23 00:17:59.073600 n-d-852002-3 devstack@placement-api.service[108359]: INFO placement.requestlog [None req-6d16e6c1-f51f-41a0-8b6c-38d92d3f8495 service placement] 10.222.0.42 "DELETE /placement/resource_providers/1a979b67-2f79-4cc7-b799-9e9bb6ef0b46" status: 404 len: 246 microversion: 1.1
Aug 23 00:17:59.074503 n-d-852002-3 devstack@placement-api.service[108359]: [pid: 108359|app: 0|req: 297/607] 10.222.0.42 () {60 vars in 1351 bytes} [Tue Aug 23 00:17:59 2022] DELETE /placement/resource_providers/1a979b67-2f79-4cc7-b799-9e9bb6ef0b46 => generated 246 bytes in 16 msecs (HTTP/1.1 404) 6 headers in 231 bytes (1 switches on core 0)
Aug 23 00:18:01.286510 n-d-852002-3 devstack@placement-api.service[108358]: DEBUG placement.requestlog [req-ce2d7838-f630-449a-b049-03cf62350d4a req-c5b056c1-28db-43f6-8864-4d79b80fd3db None None] Starting request: 10.222.0.64 "GET /placement/resource_providers/7651d7dd-e82d-4224-832c-a9a4b1eb3f60/allocations" {{(pid=108358) __call__ /opt/stack/placement/placement/requestlog.py:55}}
Aug 23 00:18:01.347651 n-d-852002-3 devstack@placement-api.service[108358]: INFO placement.requestlog [req-ce2d7838-f630-449a-b049-03cf62350d4a req-c5b056c1-28db-43f6-8864-4d79b80fd3db service placement] 10.222.0.64 "GET /placement/resource_providers/7651d7dd-e82d-4224-832c-a9a4b1eb3f60/allocations" status: 200 len: 255 microversion: 1.0
Aug 23 00:18:01.349577 n-d-852002-3 devstack@placement-api.service[108358]: [pid: 108358|app: 0|req: 311/608] 10.222.0.64 () {58 vars in 1390 bytes} [Tue Aug 23 00:18:01 2022] GET /placement/resource_providers/7651d7dd-e82d-4224-832c-a9a4b1eb3f60/allocations => generated 255 bytes in 64 msecs (HTTP/1.1 200) 6 headers in 224 bytes (1 switches on core 0)
Aug 23 00:18:03.088179 n-d-852002-3 devstack@placement-api.service[108359]: DEBUG placement.requestlog [None req-8b028bc4-9120-4b80-8b56-3e5852272644 None None] Starting request: 10.222.0.42 "GET /placement/resource_providers/471488f0-ad2f-4c66-b39f-9485f965d667/aggregates" {{(pid=108359) __call__ /opt/stack/placement/placement/requestlog.py:55}}
Aug 23 00:18:03.099193 n-d-852002-3 devstack@placement-api.service[108359]: DEBUG dbcounter [-] [108359] Writing DB stats placement:SELECT=47,placement:INSERT=6,placement:DELETE=4,placement:UPDATE=2 {{(pid=108359) stat_writer /usr/local/lib/python3.8/dist-packages/dbcounter.py:114}}
Aug 23 00:18:03.110176 n-d-852002-3 devstack@placement-api.service[108359]: INFO placement.requestlog [None req-8b028bc4-9120-4b80-8b56-3e5852272644 service placement] 10.222.0.42 "GET /placement/resource_providers/471488f0-ad2f-4c66-b39f-9485f965d667/aggregates" status: 404 len: 235 microversion: 1.1
Aug 23 00:18:03.112933 n-d-852002-3 devstack@placement-api.service[108359]: [pid: 108359|app: 0|req: 298/609] 10.222.0.42 () {58 vars in 1362 bytes} [Tue Aug 23 00:18:03 2022] GET /placement/resource_providers/471488f0-ad2f-4c66-b39f-9485f965d667/aggregates => generated 235 bytes in 25 msecs (HTTP/1.1 404) 5 headers in 202 bytes (1 switches on core 0)
Aug 23 00:18:03.217641 n-d-852002-3 devstack@placement-api.service[108358]: DEBUG placement.requestlog [None req-0a2a0b94-a808-480e-81fe-26ea1dce0b6d None None] Starting request: 10.222.0.42 "DELETE /placement/resource_providers/471488f0-ad2f-4c66-b39f-9485f965d667" {{(pid=108358) __call__ /opt/stack/placement/placement/requestlog.py:55}}
Aug 23 00:18:03.251390 n-d-852002-3 devstack@placement-api.service[108358]: DEBUG placement.wsgi_wrapper [None req-0a2a0b94-a808-480e-81fe-26ea1dce0b6d service placement] Placement API returning an error response: No resource provider with uuid 471488f0-ad2f-4c66-b39f-9485f965d667 found for delete {{(pid=108358) call_func /opt/stack/placement/placement/wsgi_wrapper.py:31}}
Aug 23 00:18:03.251725 n-d-852002-3 devstack@placement-api.service[108358]: INFO placement.requestlog [None req-0a2a0b94-a808-480e-81fe-26ea1dce0b6d service placement] 10.222.0.42 "DELETE /placement/resource_providers/471488f0-ad2f-4c66-b39f-9485f965d667" status: 404 len: 246 microversion: 1.1
Aug 23 00:18:03.252402 n-d-852002-3 devstack@placement-api.service[108358]: [pid: 108358|app: 0|req: 312/610] 10.222.0.42 () {60 vars in 1351 bytes} [Tue Aug 23 00:18:03 2022] DELETE /placement/resource_providers/471488f0-ad2f-4c66-b39f-9485f965d667 => generated 246 bytes in 35 msecs (HTTP/1.1 404) 6 headers in 231 bytes (1 switches on core 0)
Aug 23 00:18:09.695328 n-d-852002-3 devstack@placement-api.service[108359]: DEBUG placement.requestlog [req-7d95c34d-10a8-48d5-a50d-547779fe7e77 req-8072c6e7-0f55-4fbc-9219-4ffa6b87d416 None None] Starting request: 10.222.0.42 "GET /placement/allocation_candidates?limit=1000&resources=DISK_GB%3A1%2CMEMORY_MB%3A1024%2CVCPU%3A1&root_required=%21COMPUTE_STATUS_DISABLED" {{(pid=108359) __call__ /opt/stack/placement/placement/requestlog.py:55}}
Aug 23 00:18:09.746495 n-d-852002-3 devstack@placement-api.service[108359]: DEBUG placement.objects.research_context [req-7d95c34d-10a8-48d5-a50d-547779fe7e77 req-8072c6e7-0f55-4fbc-9219-4ffa6b87d416 service placement] getting providers with 1 DISK_GB {{(pid=108359) __init__ /opt/stack/placement/placement/objects/research_context.py:136}}
Aug 23 00:18:09.752738 n-d-852002-3 devstack@placement-api.service[108359]: DEBUG placement.objects.research_context [req-7d95c34d-10a8-48d5-a50d-547779fe7e77 req-8072c6e7-0f55-4fbc-9219-4ffa6b87d416 service placement] getting providers with 1024 MEMORY_MB {{(pid=108359) __init__ /opt/stack/placement/placement/objects/research_context.py:136}}
Aug 23 00:18:09.763590 n-d-852002-3 devstack@placement-api.service[108359]: DEBUG placement.objects.research_context [req-7d95c34d-10a8-48d5-a50d-547779fe7e77 req-8072c6e7-0f55-4fbc-9219-4ffa6b87d416 service placement] getting providers with 1 VCPU {{(pid=108359) __init__ /opt/stack/placement/placement/objects/research_context.py:136}}
Aug 23 00:18:09.779976 n-d-852002-3 devstack@placement-api.service[108359]: DEBUG placement.objects.research_context [req-7d95c34d-10a8-48d5-a50d-547779fe7e77 req-8072c6e7-0f55-4fbc-9219-4ffa6b87d416 service placement] found 2 providers with available 1 DISK_GB {{(pid=108359) get_provider_ids_matching /opt/stack/placement/placement/objects/research_context.py:563}}
Aug 23 00:18:09.779976 n-d-852002-3 devstack@placement-api.service[108359]: DEBUG placement.objects.research_context [req-7d95c34d-10a8-48d5-a50d-547779fe7e77 req-8072c6e7-0f55-4fbc-9219-4ffa6b87d416 service placement] found 2 providers with available 1024 MEMORY_MB {{(pid=108359) get_provider_ids_matching /opt/stack/placement/placement/objects/research_context.py:563}}
Aug 23 00:18:09.779976 n-d-852002-3 devstack@placement-api.service[108359]: DEBUG placement.objects.research_context [req-7d95c34d-10a8-48d5-a50d-547779fe7e77 req-8072c6e7-0f55-4fbc-9219-4ffa6b87d416 service placement] found 2 providers after filtering by previous result {{(pid=108359) get_provider_ids_matching /opt/stack/placement/placement/objects/research_context.py:594}}
Aug 23 00:18:09.779976 n-d-852002-3 devstack@placement-api.service[108359]: DEBUG placement.objects.research_context [req-7d95c34d-10a8-48d5-a50d-547779fe7e77 req-8072c6e7-0f55-4fbc-9219-4ffa6b87d416 service placement] found 2 providers with available 1 VCPU {{(pid=108359) get_provider_ids_matching /opt/stack/placement/placement/objects/research_context.py:563}}
Aug 23 00:18:09.779976 n-d-852002-3 devstack@placement-api.service[108359]: DEBUG placement.objects.research_context [req-7d95c34d-10a8-48d5-a50d-547779fe7e77 req-8072c6e7-0f55-4fbc-9219-4ffa6b87d416 service placement] found 2 providers after filtering by previous result {{(pid=108359) get_provider_ids_matching /opt/stack/placement/placement/objects/research_context.py:594}}
Aug 23 00:18:09.796708 n-d-852002-3 devstack@placement-api.service[108359]: DEBUG placement.objects.allocation_candidate [req-7d95c34d-10a8-48d5-a50d-547779fe7e77 req-8072c6e7-0f55-4fbc-9219-4ffa6b87d416 service placement] RequestGroup(use_same_provider=False, resources={DISK_GB:1, MEMORY_MB:1024, VCPU:1}, traits=(), aggregates=[]) (suffix '') returned 2 matches {{(pid=108359) _get_by_requests /opt/stack/placement/placement/objects/allocation_candidate.py:156}}
Aug 23 00:18:09.797309 n-d-852002-3 devstack@placement-api.service[108359]: DEBUG placement.objects.allocation_candidate [req-7d95c34d-10a8-48d5-a50d-547779fe7e77 req-8072c6e7-0f55-4fbc-9219-4ffa6b87d416 service placement] Merging candidates yields 2 allocation requests and 2 provider summaries {{(pid=108359) _merge_candidates /opt/stack/placement/placement/objects/allocation_candidate.py:809}}
Aug 23 00:18:09.800924 n-d-852002-3 devstack@placement-api.service[108359]: INFO placement.requestlog [req-7d95c34d-10a8-48d5-a50d-547779fe7e77 req-8072c6e7-0f55-4fbc-9219-4ffa6b87d416 service placement] 10.222.0.42 "GET /placement/allocation_candidates?limit=1000&resources=DISK_GB%3A1%2CMEMORY_MB%3A1024%2CVCPU%3A1&root_required=%21COMPUTE_STATUS_DISABLED" status: 200 len: 1309 microversion: 1.36
Aug 23 00:18:09.808020 n-d-852002-3 devstack@placement-api.service[108359]: [pid: 108359|app: 0|req: 299/611] 10.222.0.42 () {60 vars in 1506 bytes} [Tue Aug 23 00:18:09 2022] GET /placement/allocation_candidates?limit=1000&resources=DISK_GB%3A1%2CMEMORY_MB%3A1024%2CVCPU%3A1&root_required=%21COMPUTE_STATUS_DISABLED => generated 1309 bytes in 113 msecs (HTTP/1.1 200) 8 headers in 297 bytes (1 switches on core 0)
Aug 23 00:18:09.884080 n-d-852002-3 devstack@placement-api.service[108358]: DEBUG placement.requestlog [req-7d95c34d-10a8-48d5-a50d-547779fe7e77 req-c03c786b-1c06-437b-8dd1-77e9e86f487c None None] Starting request: 10.222.0.42 "GET /placement/allocations/dfa37b42-17bb-4d8b-b2d9-7332e3422e57" {{(pid=108358) __call__ /opt/stack/placement/placement/requestlog.py:55}}
Aug 23 00:18:09.900719 n-d-852002-3 devstack@placement-api.service[108358]: INFO placement.requestlog [req-7d95c34d-10a8-48d5-a50d-547779fe7e77 req-c03c786b-1c06-437b-8dd1-77e9e86f487c service placement] 10.222.0.42 "GET /placement/allocations/dfa37b42-17bb-4d8b-b2d9-7332e3422e57" status: 200 len: 19 microversion: 1.28
Aug 23 00:18:09.901481 n-d-852002-3 devstack@placement-api.service[108358]: [pid: 108358|app: 0|req: 313/612] 10.222.0.42 () {60 vars in 1380 bytes} [Tue Aug 23 00:18:09 2022] GET /placement/allocations/dfa37b42-17bb-4d8b-b2d9-7332e3422e57 => generated 19 bytes in 18 msecs (HTTP/1.1 200) 8 headers in 295 bytes (1 switches on core 0)
Aug 23 00:18:09.907618 n-d-852002-3 devstack@placement-api.service[108359]: DEBUG placement.requestlog [req-7d95c34d-10a8-48d5-a50d-547779fe7e77 req-a5c07e26-5bd7-4549-ba7a-0e67fc1a461e None None] Starting request: 10.222.0.42 "PUT /placement/allocations/dfa37b42-17bb-4d8b-b2d9-7332e3422e57" {{(pid=108359) __call__ /opt/stack/placement/placement/requestlog.py:55}}
Aug 23 00:18:10.062859 n-d-852002-3 devstack@placement-api.service[108359]: DEBUG placement.handlers.allocation [req-7d95c34d-10a8-48d5-a50d-547779fe7e77 req-a5c07e26-5bd7-4549-ba7a-0e67fc1a461e service placement] Successfully wrote allocations [, , ] {{(pid=108359) _update_consumers_and_create_allocations /opt/stack/placement/placement/handlers/allocation.py:462}}
Aug 23 00:18:10.159811 n-d-852002-3 devstack@placement-api.service[108359]: INFO placement.requestlog [req-7d95c34d-10a8-48d5-a50d-547779fe7e77 req-a5c07e26-5bd7-4549-ba7a-0e67fc1a461e service placement] 10.222.0.42 "PUT /placement/allocations/dfa37b42-17bb-4d8b-b2d9-7332e3422e57" status: 204 len: 0 microversion: 1.36
Aug 23 00:18:10.160906 n-d-852002-3 devstack@placement-api.service[108359]: [pid: 108359|app: 0|req: 300/613] 10.222.0.42 () {64 vars in 1433 bytes} [Tue Aug 23 00:18:09 2022] PUT /placement/allocations/dfa37b42-17bb-4d8b-b2d9-7332e3422e57 => generated 0 bytes in 253 msecs (HTTP/1.1 204) 5 headers in 199 bytes (1 switches on core 0)
Aug 23 00:18:11.318838 n-d-852002-3 devstack@placement-api.service[108358]: DEBUG placement.requestlog [req-7d95c34d-10a8-48d5-a50d-547779fe7e77 req-b2588065-2fc7-4b2d-97c4-052e213beddf None None] Starting request: 10.222.0.64 "GET /placement/allocations/dfa37b42-17bb-4d8b-b2d9-7332e3422e57" {{(pid=108358) __call__ /opt/stack/placement/placement/requestlog.py:55}}
Aug 23 00:18:11.343683 n-d-852002-3 devstack@placement-api.service[108358]: INFO placement.requestlog [req-7d95c34d-10a8-48d5-a50d-547779fe7e77 req-b2588065-2fc7-4b2d-97c4-052e213beddf service placement] 10.222.0.64 "GET /placement/allocations/dfa37b42-17bb-4d8b-b2d9-7332e3422e57" status: 200 len: 259 microversion: 1.28
Aug 23 00:18:11.344697 n-d-852002-3 devstack@placement-api.service[108358]: [pid: 108358|app: 0|req: 314/614] 10.222.0.64 () {60 vars in 1377 bytes} [Tue Aug 23 00:18:11 2022] GET /placement/allocations/dfa37b42-17bb-4d8b-b2d9-7332e3422e57 => generated 259 bytes in 26 msecs (HTTP/1.1 200) 8 headers in 296 bytes (2 switches on core 0)
Aug 23 00:18:13.313077 n-d-852002-3 devstack@placement-api.service[108359]: DEBUG placement.requestlog [req-cd16b666-ae80-4a7a-9f8c-79c7cdd0c0f1 req-eafcc292-14f2-48fe-b03a-bc350c2a9371 None None] Starting request: 10.222.0.42 "GET /placement/allocation_candidates?limit=1000&resources=DISK_GB%3A1%2CMEMORY_MB%3A1024%2CVCPU%3A1&root_required=%21COMPUTE_STATUS_DISABLED" {{(pid=108359) __call__ /opt/stack/placement/placement/requestlog.py:55}}
Aug 23 00:18:13.394317 n-d-852002-3 devstack@placement-api.service[108359]: DEBUG placement.objects.research_context [req-cd16b666-ae80-4a7a-9f8c-79c7cdd0c0f1 req-eafcc292-14f2-48fe-b03a-bc350c2a9371 service placement] getting providers with 1 DISK_GB {{(pid=108359) __init__ /opt/stack/placement/placement/objects/research_context.py:136}}
Aug 23 00:18:13.404944 n-d-852002-3 devstack@placement-api.service[108359]: DEBUG placement.objects.research_context [req-cd16b666-ae80-4a7a-9f8c-79c7cdd0c0f1 req-eafcc292-14f2-48fe-b03a-bc350c2a9371 service placement] getting providers with 1024 MEMORY_MB {{(pid=108359) __init__ /opt/stack/placement/placement/objects/research_context.py:136}}
Aug 23 00:18:13.412022 n-d-852002-3 devstack@placement-api.service[108359]: DEBUG placement.objects.research_context [req-cd16b666-ae80-4a7a-9f8c-79c7cdd0c0f1 req-eafcc292-14f2-48fe-b03a-bc350c2a9371 service placement] getting providers with 1 VCPU {{(pid=108359) __init__ /opt/stack/placement/placement/objects/research_context.py:136}}
Aug 23 00:18:13.423537 n-d-852002-3 devstack@placement-api.service[108359]: DEBUG placement.objects.research_context [req-cd16b666-ae80-4a7a-9f8c-79c7cdd0c0f1 req-eafcc292-14f2-48fe-b03a-bc350c2a9371 service placement] found 2 providers with available 1 DISK_GB {{(pid=108359) get_provider_ids_matching /opt/stack/placement/placement/objects/research_context.py:563}}
Aug 23 00:18:13.423813 n-d-852002-3 devstack@placement-api.service[108359]: DEBUG placement.objects.research_context [req-cd16b666-ae80-4a7a-9f8c-79c7cdd0c0f1 req-eafcc292-14f2-48fe-b03a-bc350c2a9371 service placement] found 2 providers with available 1024 MEMORY_MB {{(pid=108359) get_provider_ids_matching /opt/stack/placement/placement/objects/research_context.py:563}}
Aug 23 00:18:13.428705 n-d-852002-3 devstack@placement-api.service[108359]: DEBUG placement.objects.research_context [req-cd16b666-ae80-4a7a-9f8c-79c7cdd0c0f1 req-eafcc292-14f2-48fe-b03a-bc350c2a9371 service placement] found 2 providers after filtering by previous result {{(pid=108359) get_provider_ids_matching /opt/stack/placement/placement/objects/research_context.py:594}}
Aug 23 00:18:13.428705 n-d-852002-3 devstack@placement-api.service[108359]: DEBUG placement.objects.research_context [req-cd16b666-ae80-4a7a-9f8c-79c7cdd0c0f1 req-eafcc292-14f2-48fe-b03a-bc350c2a9371 service placement] found 2 providers with available 1 VCPU {{(pid=108359) get_provider_ids_matching /opt/stack/placement/placement/objects/research_context.py:563}}
Aug 23 00:18:13.428705 n-d-852002-3 devstack@placement-api.service[108359]: DEBUG placement.objects.research_context [req-cd16b666-ae80-4a7a-9f8c-79c7cdd0c0f1 req-eafcc292-14f2-48fe-b03a-bc350c2a9371 service placement] found 2 providers after filtering by previous result {{(pid=108359) get_provider_ids_matching /opt/stack/placement/placement/objects/research_context.py:594}}
Aug 23 00:18:13.445553 n-d-852002-3 devstack@placement-api.service[108359]: DEBUG placement.objects.allocation_candidate [req-cd16b666-ae80-4a7a-9f8c-79c7cdd0c0f1 req-eafcc292-14f2-48fe-b03a-bc350c2a9371 service placement] RequestGroup(use_same_provider=False, resources={DISK_GB:1, MEMORY_MB:1024, VCPU:1}, traits=(), aggregates=[]) (suffix '') returned 2 matches {{(pid=108359) _get_by_requests /opt/stack/placement/placement/objects/allocation_candidate.py:156}}
Aug 23 00:18:13.446136 n-d-852002-3 devstack@placement-api.service[108359]: DEBUG placement.objects.allocation_candidate [req-cd16b666-ae80-4a7a-9f8c-79c7cdd0c0f1 req-eafcc292-14f2-48fe-b03a-bc350c2a9371 service placement] Merging candidates yields 2 allocation requests and 2 provider summaries {{(pid=108359) _merge_candidates /opt/stack/placement/placement/objects/allocation_candidate.py:809}}
Aug 23 00:18:13.448072 n-d-852002-3 devstack@placement-api.service[108359]: INFO placement.requestlog [req-cd16b666-ae80-4a7a-9f8c-79c7cdd0c0f1 req-eafcc292-14f2-48fe-b03a-bc350c2a9371 service placement] 10.222.0.42 "GET /placement/allocation_candidates?limit=1000&resources=DISK_GB%3A1%2CMEMORY_MB%3A1024%2CVCPU%3A1&root_required=%21COMPUTE_STATUS_DISABLED" status: 200 len: 1309 microversion: 1.36
Aug 23 00:18:13.448927 n-d-852002-3 devstack@placement-api.service[108359]: [pid: 108359|app: 0|req: 301/615] 10.222.0.42 () {60 vars in 1506 bytes} [Tue Aug 23 00:18:13 2022] GET /placement/allocation_candidates?limit=1000&resources=DISK_GB%3A1%2CMEMORY_MB%3A1024%2CVCPU%3A1&root_required=%21COMPUTE_STATUS_DISABLED => generated 1309 bytes in 136 msecs (HTTP/1.1 200) 8 headers in 297 bytes (1 switches on core 0)
Aug 23 00:18:13.554678 n-d-852002-3 devstack@placement-api.service[108358]: DEBUG placement.requestlog [req-cd16b666-ae80-4a7a-9f8c-79c7cdd0c0f1 req-4a45e138-968c-4bf0-b715-3a4077fe4145 None None] Starting request: 10.222.0.42 "GET /placement/allocations/8752ab61-16fd-4403-9892-3a51ee49d2ab" {{(pid=108358) __call__ /opt/stack/placement/placement/requestlog.py:55}}
Aug 23 00:18:13.580751 n-d-852002-3 devstack@placement-api.service[108358]: INFO placement.requestlog [req-cd16b666-ae80-4a7a-9f8c-79c7cdd0c0f1 req-4a45e138-968c-4bf0-b715-3a4077fe4145 service placement] 10.222.0.42 "GET /placement/allocations/8752ab61-16fd-4403-9892-3a51ee49d2ab" status: 200 len: 19 microversion: 1.28
Aug 23 00:18:13.591206 n-d-852002-3 devstack@placement-api.service[108358]: [pid: 108358|app: 0|req: 315/616] 10.222.0.42 () {60 vars in 1380 bytes} [Tue Aug 23 00:18:13 2022] GET /placement/allocations/8752ab61-16fd-4403-9892-3a51ee49d2ab => generated 19 bytes in 31 msecs (HTTP/1.1 200) 8 headers in 295 bytes (1 switches on core 0)
Aug 23 00:18:13.599345 n-d-852002-3 devstack@placement-api.service[108359]: DEBUG placement.requestlog [req-cd16b666-ae80-4a7a-9f8c-79c7cdd0c0f1 req-29769297-25e0-43d8-aefc-028241f30aad None None] Starting request: 10.222.0.42 "PUT /placement/allocations/8752ab61-16fd-4403-9892-3a51ee49d2ab" {{(pid=108359) __call__ /opt/stack/placement/placement/requestlog.py:55}}
Aug 23 00:18:13.872739 n-d-852002-3 devstack@placement-api.service[108359]: DEBUG placement.handlers.allocation [req-cd16b666-ae80-4a7a-9f8c-79c7cdd0c0f1 req-29769297-25e0-43d8-aefc-028241f30aad service placement] Successfully wrote allocations [, , ] {{(pid=108359) _update_consumers_and_create_allocations /opt/stack/placement/placement/handlers/allocation.py:462}}
Aug 23 00:18:13.944317 n-d-852002-3 devstack@placement-api.service[108359]: INFO placement.requestlog [req-cd16b666-ae80-4a7a-9f8c-79c7cdd0c0f1 req-29769297-25e0-43d8-aefc-028241f30aad service placement] 10.222.0.42 "PUT /placement/allocations/8752ab61-16fd-4403-9892-3a51ee49d2ab" status: 204 len: 0 microversion: 1.36
Aug 23 00:18:13.945062 n-d-852002-3 devstack@placement-api.service[108359]: [pid: 108359|app: 0|req: 302/617] 10.222.0.42 () {64 vars in 1433 bytes} [Tue Aug 23 00:18:13 2022] PUT /placement/allocations/8752ab61-16fd-4403-9892-3a51ee49d2ab => generated 0 bytes in 347 msecs (HTTP/1.1 204) 5 headers in 199 bytes (2 switches on core 0)
Aug 23 00:18:15.179875 n-d-852002-3 devstack@placement-api.service[108358]: DEBUG placement.requestlog [req-5694af77-c9b4-49d2-b2d7-757d10c67f9f req-bc357b3e-5f5b-44da-9e67-63e24ce19355 None None] Starting request: 10.222.0.40 "GET /placement/resource_providers/709ed95b-c36f-4ea0-ac4a-b00255e546b0/allocations" {{(pid=108358) __call__ /opt/stack/placement/placement/requestlog.py:55}}
Aug 23 00:18:15.211699 n-d-852002-3 devstack@placement-api.service[108358]: INFO placement.requestlog [req-5694af77-c9b4-49d2-b2d7-757d10c67f9f req-bc357b3e-5f5b-44da-9e67-63e24ce19355 service placement] 10.222.0.40 "GET /placement/resource_providers/709ed95b-c36f-4ea0-ac4a-b00255e546b0/allocations" status: 200 len: 255 microversion: 1.0
Aug 23 00:18:15.212592 n-d-852002-3 devstack@placement-api.service[108358]: [pid: 108358|app: 0|req: 316/618] 10.222.0.40 () {58 vars in 1390 bytes} [Tue Aug 23 00:18:15 2022] GET /placement/resource_providers/709ed95b-c36f-4ea0-ac4a-b00255e546b0/allocations => generated 255 bytes in 33 msecs (HTTP/1.1 200) 6 headers in 224 bytes (1 switches on core 0)
Aug 23 00:18:15.844945 n-d-852002-3 devstack@placement-api.service[108359]: DEBUG placement.requestlog [req-cd16b666-ae80-4a7a-9f8c-79c7cdd0c0f1 req-674c6cc9-74aa-4839-9972-a4eb50ff8f4d None None] Starting request: 10.222.0.64 "GET /placement/allocations/8752ab61-16fd-4403-9892-3a51ee49d2ab" {{(pid=108359) __call__ /opt/stack/placement/placement/requestlog.py:55}}
Aug 23 00:18:15.886377 n-d-852002-3 devstack@placement-api.service[108359]: INFO placement.requestlog [req-cd16b666-ae80-4a7a-9f8c-79c7cdd0c0f1 req-674c6cc9-74aa-4839-9972-a4eb50ff8f4d service placement] 10.222.0.64 "GET /placement/allocations/8752ab61-16fd-4403-9892-3a51ee49d2ab" status: 200 len: 259 microversion: 1.28
Aug 23 00:18:15.891930 n-d-852002-3 devstack@placement-api.service[108359]: [pid: 108359|app: 0|req: 303/619] 10.222.0.64 () {60 vars in 1377 bytes} [Tue Aug 23 00:18:15 2022] GET /placement/allocations/8752ab61-16fd-4403-9892-3a51ee49d2ab => generated 259 bytes in 44 msecs (HTTP/1.1 200) 8 headers in 296 bytes (1 switches on core 0)
Aug 23 00:18:20.447114 n-d-852002-3 devstack@placement-api.service[108358]: DEBUG placement.requestlog [req-05c78b31-248d-4635-9720-fc5f3e732a7b req-52b5aaa6-857e-4c85-826d-11f56972b98c None None] Starting request: 10.222.0.64 "DELETE /placement/allocations/170daff3-c85c-4021-9bdb-51bd1e0a4a02" {{(pid=108358) __call__ /opt/stack/placement/placement/requestlog.py:55}}
Aug 23 00:18:20.755221 n-d-852002-3 devstack@placement-api.service[108358]: DEBUG placement.handlers.allocation [req-05c78b31-248d-4635-9720-fc5f3e732a7b req-52b5aaa6-857e-4c85-826d-11f56972b98c service placement] Successfully deleted allocations [, , ] {{(pid=108358) delete_allocations /opt/stack/placement/placement/handlers/allocation.py:627}}
