Aug 23 00:19:52.419997 n-d-852002-3 devstack@placement-api.service[108359]: DEBUG placement.requestlog [req-4f0d308c-088d-4bf4-9d7a-48aa254a7fd4 req-e1d3f6d6-9cde-4922-a1b3-617760885aa1 None None] Starting request: 10.222.0.40 "DELETE /placement/allocations/d36e3857-6401-47b0-8f26-e4e40a22b91a" {{(pid=108359) __call__ /opt/stack/placement/placement/requestlog.py:55}}
Aug 23 00:19:52.702354 n-d-852002-3 devstack@placement-api.service[108359]: DEBUG placement.handlers.allocation [req-4f0d308c-088d-4bf4-9d7a-48aa254a7fd4 req-e1d3f6d6-9cde-4922-a1b3-617760885aa1 service placement] Successfully deleted allocations [, , ] {{(pid=108359) delete_allocations /opt/stack/placement/placement/handlers/allocation.py:627}}
Aug 23 00:19:52.702878 n-d-852002-3 devstack@placement-api.service[108359]: INFO placement.requestlog [req-4f0d308c-088d-4bf4-9d7a-48aa254a7fd4 req-e1d3f6d6-9cde-4922-a1b3-617760885aa1 service placement] 10.222.0.40 "DELETE /placement/allocations/d36e3857-6401-47b0-8f26-e4e40a22b91a" status: 204 len: 0 microversion: 1.0
Aug 23 00:19:52.703876 n-d-852002-3 devstack@placement-api.service[108359]: [pid: 108359|app: 0|req: 334/687] 10.222.0.40 () {60 vars in 1355 bytes} [Tue Aug 23 00:19:52 2022] DELETE /placement/allocations/d36e3857-6401-47b0-8f26-e4e40a22b91a => generated 0 bytes in 285 msecs (HTTP/1.1 204) 5 headers in 198 bytes (1 switches on core 0)
Aug 23 00:19:52.705859 n-d-852002-3 devstack@placement-api.service[108358]: DEBUG placement.requestlog [req-0afdcb52-73f6-48fc-a004-efeafef87ff7 req-dc5c167b-23fa-4ffa-902b-39c798064849 None None] Starting request: 10.222.0.64 "GET /placement/allocations/dc31d880-7e2b-495d-8caa-0dc3ab9aabee" {{(pid=108358) __call__ /opt/stack/placement/placement/requestlog.py:55}}
Aug 23 00:19:52.727045 n-d-852002-3 devstack@placement-api.service[108358]: INFO placement.requestlog [req-0afdcb52-73f6-48fc-a004-efeafef87ff7 req-dc5c167b-23fa-4ffa-902b-39c798064849 service placement] 10.222.0.64 "GET /placement/allocations/dc31d880-7e2b-495d-8caa-0dc3ab9aabee" status: 200 len: 259 microversion: 1.28
Aug 23 00:19:52.728570 n-d-852002-3 devstack@placement-api.service[108358]: [pid: 108358|app: 0|req: 354/688] 10.222.0.64 () {60 vars in 1377 bytes} [Tue Aug 23 00:19:52 2022] GET /placement/allocations/dc31d880-7e2b-495d-8caa-0dc3ab9aabee => generated 259 bytes in 23 msecs (HTTP/1.1 200) 8 headers in 296 bytes (1 switches on core 0)
Aug 23 00:19:55.489362 n-d-852002-3 devstack@placement-api.service[108359]: DEBUG placement.requestlog [req-f61864ca-ebeb-48e5-aac7-464387fcd78f req-86fae192-a9ae-4800-8594-6f964b6cb729 None None] Starting request: 10.222.0.42 "GET /placement/allocation_candidates?limit=1000&resources=DISK_GB%3A1%2CMEMORY_MB%3A1024%2CVCPU%3A1&root_required=%21COMPUTE_STATUS_DISABLED" {{(pid=108359) __call__ /opt/stack/placement/placement/requestlog.py:55}}
Aug 23 00:19:55.643396 n-d-852002-3 devstack@placement-api.service[108359]: DEBUG placement.objects.research_context [req-f61864ca-ebeb-48e5-aac7-464387fcd78f req-86fae192-a9ae-4800-8594-6f964b6cb729 service placement] getting providers with 1 DISK_GB {{(pid=108359) __init__ /opt/stack/placement/placement/objects/research_context.py:136}}
Aug 23 00:19:55.653999 n-d-852002-3 devstack@placement-api.service[108359]: DEBUG placement.objects.research_context [req-f61864ca-ebeb-48e5-aac7-464387fcd78f req-86fae192-a9ae-4800-8594-6f964b6cb729 service placement] getting providers with 1024 MEMORY_MB {{(pid=108359) __init__ /opt/stack/placement/placement/objects/research_context.py:136}}
Aug 23 00:19:55.663097 n-d-852002-3 devstack@placement-api.service[108359]: DEBUG placement.objects.research_context [req-f61864ca-ebeb-48e5-aac7-464387fcd78f req-86fae192-a9ae-4800-8594-6f964b6cb729 service placement] getting providers with 1 VCPU {{(pid=108359) __init__ /opt/stack/placement/placement/objects/research_context.py:136}}
Aug 23 00:19:55.673544 n-d-852002-3 devstack@placement-api.service[108359]: DEBUG placement.objects.research_context [req-f61864ca-ebeb-48e5-aac7-464387fcd78f req-86fae192-a9ae-4800-8594-6f964b6cb729 service placement] found 2 providers with available 1 DISK_GB {{(pid=108359) get_provider_ids_matching /opt/stack/placement/placement/objects/research_context.py:563}}
Aug 23 00:19:55.674980 n-d-852002-3 devstack@placement-api.service[108359]: DEBUG placement.objects.research_context [req-f61864ca-ebeb-48e5-aac7-464387fcd78f req-86fae192-a9ae-4800-8594-6f964b6cb729 service placement] found 2 providers with available 1024 MEMORY_MB {{(pid=108359) get_provider_ids_matching /opt/stack/placement/placement/objects/research_context.py:563}}
Aug 23 00:19:55.675582 n-d-852002-3 devstack@placement-api.service[108359]: DEBUG placement.objects.research_context [req-f61864ca-ebeb-48e5-aac7-464387fcd78f req-86fae192-a9ae-4800-8594-6f964b6cb729 service placement] found 2 providers after filtering by previous result {{(pid=108359) get_provider_ids_matching /opt/stack/placement/placement/objects/research_context.py:594}}
Aug 23 00:19:55.676028 n-d-852002-3 devstack@placement-api.service[108359]: DEBUG placement.objects.research_context [req-f61864ca-ebeb-48e5-aac7-464387fcd78f req-86fae192-a9ae-4800-8594-6f964b6cb729 service placement] found 2 providers with available 1 VCPU {{(pid=108359) get_provider_ids_matching /opt/stack/placement/placement/objects/research_context.py:563}}
Aug 23 00:19:55.685985 n-d-852002-3 devstack@placement-api.service[108359]: DEBUG placement.objects.research_context [req-f61864ca-ebeb-48e5-aac7-464387fcd78f req-86fae192-a9ae-4800-8594-6f964b6cb729 service placement] found 2 providers after filtering by previous result {{(pid=108359) get_provider_ids_matching /opt/stack/placement/placement/objects/research_context.py:594}}
Aug 23 00:19:55.721524 n-d-852002-3 devstack@placement-api.service[108359]: DEBUG placement.objects.allocation_candidate [req-f61864ca-ebeb-48e5-aac7-464387fcd78f req-86fae192-a9ae-4800-8594-6f964b6cb729 service placement] RequestGroup(use_same_provider=False, resources={DISK_GB:1, MEMORY_MB:1024, VCPU:1}, traits=(), aggregates=[]) (suffix '') returned 2 matches {{(pid=108359) _get_by_requests /opt/stack/placement/placement/objects/allocation_candidate.py:156}}
Aug 23 00:19:55.722200 n-d-852002-3 devstack@placement-api.service[108359]: DEBUG placement.objects.allocation_candidate [req-f61864ca-ebeb-48e5-aac7-464387fcd78f req-86fae192-a9ae-4800-8594-6f964b6cb729 service placement] Merging candidates yields 2 allocation requests and 2 provider summaries {{(pid=108359) _merge_candidates /opt/stack/placement/placement/objects/allocation_candidate.py:809}}
Aug 23 00:19:55.723994 n-d-852002-3 devstack@placement-api.service[108359]: INFO placement.requestlog [req-f61864ca-ebeb-48e5-aac7-464387fcd78f req-86fae192-a9ae-4800-8594-6f964b6cb729 service placement] 10.222.0.42 "GET /placement/allocation_candidates?limit=1000&resources=DISK_GB%3A1%2CMEMORY_MB%3A1024%2CVCPU%3A1&root_required=%21COMPUTE_STATUS_DISABLED" status: 200 len: 1309 microversion: 1.36
Aug 23 00:19:55.724526 n-d-852002-3 devstack@placement-api.service[108359]: [pid: 108359|app: 0|req: 335/689] 10.222.0.42 () {60 vars in 1506 bytes} [Tue Aug 23 00:19:55 2022] GET /placement/allocation_candidates?limit=1000&resources=DISK_GB%3A1%2CMEMORY_MB%3A1024%2CVCPU%3A1&root_required=%21COMPUTE_STATUS_DISABLED => generated 1309 bytes in 236 msecs (HTTP/1.1 200) 8 headers in 297 bytes (2 switches on core 0)
Aug 23 00:19:55.851447 n-d-852002-3 devstack@placement-api.service[108358]: DEBUG placement.requestlog [req-f61864ca-ebeb-48e5-aac7-464387fcd78f req-fb3e06da-70e5-4a12-994d-b2296a8c0f6c None None] Starting request: 10.222.0.42 "GET /placement/allocations/f0055a24-6552-4500-8b8f-eac28c29908f" {{(pid=108358) __call__ /opt/stack/placement/placement/requestlog.py:55}}
Aug 23 00:19:55.868433 n-d-852002-3 devstack@placement-api.service[108358]: INFO placement.requestlog [req-f61864ca-ebeb-48e5-aac7-464387fcd78f req-fb3e06da-70e5-4a12-994d-b2296a8c0f6c service placement] 10.222.0.42 "GET /placement/allocations/f0055a24-6552-4500-8b8f-eac28c29908f" status: 200 len: 19 microversion: 1.28
Aug 23 00:19:55.869042 n-d-852002-3 devstack@placement-api.service[108358]: [pid: 108358|app: 0|req: 355/690] 10.222.0.42 () {60 vars in 1380 bytes} [Tue Aug 23 00:19:55 2022] GET /placement/allocations/f0055a24-6552-4500-8b8f-eac28c29908f => generated 19 bytes in 18 msecs (HTTP/1.1 200) 8 headers in 295 bytes (1 switches on core 0)
Aug 23 00:19:55.878167 n-d-852002-3 devstack@placement-api.service[108359]: DEBUG placement.requestlog [req-f61864ca-ebeb-48e5-aac7-464387fcd78f req-73aaf4e0-ff9b-43f9-995f-8dec93956085 None None] Starting request: 10.222.0.42 "PUT /placement/allocations/f0055a24-6552-4500-8b8f-eac28c29908f" {{(pid=108359) __call__ /opt/stack/placement/placement/requestlog.py:55}}
Aug 23 00:19:56.097630 n-d-852002-3 devstack@placement-api.service[108359]: DEBUG dbcounter [-] [108359] Writing DB stats placement:SELECT=86,placement:INSERT=6,placement:DELETE=6,placement:UPDATE=2 {{(pid=108359) stat_writer /usr/local/lib/python3.8/dist-packages/dbcounter.py:114}}
Aug 23 00:19:56.121945 n-d-852002-3 devstack@placement-api.service[108358]: DEBUG placement.requestlog [req-514d9e9f-2ab3-4c32-a2b3-ccd4d50a8169 req-31f82d38-c48f-4e88-9524-6b660c409d85 None None] Starting request: 10.222.0.42 "GET /placement/allocation_candidates?limit=1000&resources=DISK_GB%3A1%2CMEMORY_MB%3A1024%2CVCPU%3A1&root_required=%21COMPUTE_STATUS_DISABLED" {{(pid=108358) __call__ /opt/stack/placement/placement/requestlog.py:55}}
Aug 23 00:19:56.232625 n-d-852002-3 devstack@placement-api.service[108358]: DEBUG placement.objects.research_context [req-514d9e9f-2ab3-4c32-a2b3-ccd4d50a8169 req-31f82d38-c48f-4e88-9524-6b660c409d85 service placement] getting providers with 1 DISK_GB {{(pid=108358) __init__ /opt/stack/placement/placement/objects/research_context.py:136}}
Aug 23 00:19:56.258794 n-d-852002-3 devstack@placement-api.service[108358]: DEBUG placement.objects.research_context [req-514d9e9f-2ab3-4c32-a2b3-ccd4d50a8169 req-31f82d38-c48f-4e88-9524-6b660c409d85 service placement] getting providers with 1024 MEMORY_MB {{(pid=108358) __init__ /opt/stack/placement/placement/objects/research_context.py:136}}
Aug 23 00:19:56.262641 n-d-852002-3 devstack@placement-api.service[108359]: DEBUG placement.handlers.allocation [req-f61864ca-ebeb-48e5-aac7-464387fcd78f req-73aaf4e0-ff9b-43f9-995f-8dec93956085 service placement] Successfully wrote allocations [, , ] {{(pid=108359) _update_consumers_and_create_allocations /opt/stack/placement/placement/handlers/allocation.py:462}}
Aug 23 00:19:56.274717 n-d-852002-3 devstack@placement-api.service[108358]: DEBUG placement.objects.research_context [req-514d9e9f-2ab3-4c32-a2b3-ccd4d50a8169 req-31f82d38-c48f-4e88-9524-6b660c409d85 service placement] getting providers with 1 VCPU {{(pid=108358) __init__ /opt/stack/placement/placement/objects/research_context.py:136}}
Aug 23 00:19:56.289328 n-d-852002-3 devstack@placement-api.service[108358]: DEBUG placement.objects.research_context [req-514d9e9f-2ab3-4c32-a2b3-ccd4d50a8169 req-31f82d38-c48f-4e88-9524-6b660c409d85 service placement] found 2 providers with available 1 DISK_GB {{(pid=108358) get_provider_ids_matching /opt/stack/placement/placement/objects/research_context.py:563}}
Aug 23 00:19:56.289595 n-d-852002-3 devstack@placement-api.service[108358]: DEBUG placement.objects.research_context [req-514d9e9f-2ab3-4c32-a2b3-ccd4d50a8169 req-31f82d38-c48f-4e88-9524-6b660c409d85 service placement] found 2 providers with available 1024 MEMORY_MB {{(pid=108358) get_provider_ids_matching /opt/stack/placement/placement/objects/research_context.py:563}}
Aug 23 00:19:56.290790 n-d-852002-3 devstack@placement-api.service[108358]: DEBUG placement.objects.research_context [req-514d9e9f-2ab3-4c32-a2b3-ccd4d50a8169 req-31f82d38-c48f-4e88-9524-6b660c409d85 service placement] found 2 providers after filtering by previous result {{(pid=108358) get_provider_ids_matching /opt/stack/placement/placement/objects/research_context.py:594}}
Aug 23 00:19:56.294187 n-d-852002-3 devstack@placement-api.service[108358]: DEBUG placement.objects.research_context [req-514d9e9f-2ab3-4c32-a2b3-ccd4d50a8169 req-31f82d38-c48f-4e88-9524-6b660c409d85 service placement] found 2 providers with available 1 VCPU {{(pid=108358) get_provider_ids_matching /opt/stack/placement/placement/objects/research_context.py:563}}
Aug 23 00:19:56.296785 n-d-852002-3 devstack@placement-api.service[108358]: DEBUG placement.objects.research_context [req-514d9e9f-2ab3-4c32-a2b3-ccd4d50a8169 req-31f82d38-c48f-4e88-9524-6b660c409d85 service placement] found 2 providers after filtering by previous result {{(pid=108358) get_provider_ids_matching /opt/stack/placement/placement/objects/research_context.py:594}}
Aug 23 00:19:56.327673 n-d-852002-3 devstack@placement-api.service[108358]: DEBUG placement.objects.allocation_candidate [req-514d9e9f-2ab3-4c32-a2b3-ccd4d50a8169 req-31f82d38-c48f-4e88-9524-6b660c409d85 service placement] RequestGroup(use_same_provider=False, resources={DISK_GB:1, MEMORY_MB:1024, VCPU:1}, traits=(), aggregates=[]) (suffix '') returned 2 matches {{(pid=108358) _get_by_requests /opt/stack/placement/placement/objects/allocation_candidate.py:156}}
Aug 23 00:19:56.329336 n-d-852002-3 devstack@placement-api.service[108358]: DEBUG placement.objects.allocation_candidate [req-514d9e9f-2ab3-4c32-a2b3-ccd4d50a8169 req-31f82d38-c48f-4e88-9524-6b660c409d85 service placement] Merging candidates yields 2 allocation requests and 2 provider summaries {{(pid=108358) _merge_candidates /opt/stack/placement/placement/objects/allocation_candidate.py:809}}
Aug 23 00:19:56.335395 n-d-852002-3 devstack@placement-api.service[108359]: INFO placement.requestlog [req-f61864ca-ebeb-48e5-aac7-464387fcd78f req-73aaf4e0-ff9b-43f9-995f-8dec93956085 service placement] 10.222.0.42 "PUT /placement/allocations/f0055a24-6552-4500-8b8f-eac28c29908f" status: 204 len: 0 microversion: 1.36
Aug 23 00:19:56.338115 n-d-852002-3 devstack@placement-api.service[108359]: [pid: 108359|app: 0|req: 336/691] 10.222.0.42 () {64 vars in 1433 bytes} [Tue Aug 23 00:19:55 2022] PUT /placement/allocations/f0055a24-6552-4500-8b8f-eac28c29908f => generated 0 bytes in 461 msecs (HTTP/1.1 204) 5 headers in 199 bytes (1 switches on core 0)
Aug 23 00:19:56.339664 n-d-852002-3 devstack@placement-api.service[108358]: INFO placement.requestlog [req-514d9e9f-2ab3-4c32-a2b3-ccd4d50a8169 req-31f82d38-c48f-4e88-9524-6b660c409d85 service placement] 10.222.0.42 "GET /placement/allocation_candidates?limit=1000&resources=DISK_GB%3A1%2CMEMORY_MB%3A1024%2CVCPU%3A1&root_required=%21COMPUTE_STATUS_DISABLED" status: 200 len: 1309 microversion: 1.36
Aug 23 00:19:56.340285 n-d-852002-3 devstack@placement-api.service[108358]: [pid: 108358|app: 0|req: 356/692] 10.222.0.42 () {60 vars in 1506 bytes} [Tue Aug 23 00:19:56 2022] GET /placement/allocation_candidates?limit=1000&resources=DISK_GB%3A1%2CMEMORY_MB%3A1024%2CVCPU%3A1&root_required=%21COMPUTE_STATUS_DISABLED => generated 1309 bytes in 219 msecs (HTTP/1.1 200) 8 headers in 297 bytes (2 switches on core 0)
Aug 23 00:19:56.450261 n-d-852002-3 devstack@placement-api.service[108359]: DEBUG placement.requestlog [req-f61864ca-ebeb-48e5-aac7-464387fcd78f req-47cf78a8-cdc4-4caa-9f31-9f56f10525c0 None None] Starting request: 10.222.0.42 "GET /placement/allocations/abc93d92-a5ea-4214-a39e-900e20def508" {{(pid=108359) __call__ /opt/stack/placement/placement/requestlog.py:55}}
Aug 23 00:19:56.467766 n-d-852002-3 devstack@placement-api.service[108359]: INFO placement.requestlog [req-f61864ca-ebeb-48e5-aac7-464387fcd78f req-47cf78a8-cdc4-4caa-9f31-9f56f10525c0 service placement] 10.222.0.42 "GET /placement/allocations/abc93d92-a5ea-4214-a39e-900e20def508" status: 200 len: 19 microversion: 1.28
Aug 23 00:19:56.471089 n-d-852002-3 devstack@placement-api.service[108358]: DEBUG placement.requestlog [req-514d9e9f-2ab3-4c32-a2b3-ccd4d50a8169 req-8e722602-8c95-40b6-8bfc-7108ee28be19 None None] Starting request: 10.222.0.42 "GET /placement/allocations/819cfd27-7d17-4f41-8974-4009186490be" {{(pid=108358) __call__ /opt/stack/placement/placement/requestlog.py:55}}
Aug 23 00:19:56.486886 n-d-852002-3 devstack@placement-api.service[108359]: [pid: 108359|app: 0|req: 337/693] 10.222.0.42 () {60 vars in 1380 bytes} [Tue Aug 23 00:19:56 2022] GET /placement/allocations/abc93d92-a5ea-4214-a39e-900e20def508 => generated 19 bytes in 37 msecs (HTTP/1.1 200) 8 headers in 295 bytes (1 switches on core 0)
Aug 23 00:19:56.487644 n-d-852002-3 devstack@placement-api.service[108359]: DEBUG placement.requestlog [req-f61864ca-ebeb-48e5-aac7-464387fcd78f req-d06db764-bbe5-439d-a3a6-1422fe79a46b None None] Starting request: 10.222.0.42 "PUT /placement/allocations/abc93d92-a5ea-4214-a39e-900e20def508" {{(pid=108359) __call__ /opt/stack/placement/placement/requestlog.py:55}}
Aug 23 00:19:56.494746 n-d-852002-3 devstack@placement-api.service[108358]: INFO placement.requestlog [req-514d9e9f-2ab3-4c32-a2b3-ccd4d50a8169 req-8e722602-8c95-40b6-8bfc-7108ee28be19 service placement] 10.222.0.42 "GET /placement/allocations/819cfd27-7d17-4f41-8974-4009186490be" status: 200 len: 19 microversion: 1.28
Aug 23 00:19:56.495013 n-d-852002-3 devstack@placement-api.service[108358]: [pid: 108358|app: 0|req: 357/694] 10.222.0.42 () {60 vars in 1380 bytes} [Tue Aug 23 00:19:56 2022] GET /placement/allocations/819cfd27-7d17-4f41-8974-4009186490be => generated 19 bytes in 24 msecs (HTTP/1.1 200) 8 headers in 295 bytes (1 switches on core 0)
Aug 23 00:19:56.505890 n-d-852002-3 devstack@placement-api.service[108358]: DEBUG placement.requestlog [req-514d9e9f-2ab3-4c32-a2b3-ccd4d50a8169 req-3f883196-bcf9-4616-8e4b-a8c4951e29bf None None] Starting request: 10.222.0.42 "PUT /placement/allocations/819cfd27-7d17-4f41-8974-4009186490be" {{(pid=108358) __call__ /opt/stack/placement/placement/requestlog.py:55}}
Aug 23 00:19:56.754468 n-d-852002-3 devstack@placement-api.service[108359]: DEBUG placement.handlers.allocation [req-f61864ca-ebeb-48e5-aac7-464387fcd78f req-d06db764-bbe5-439d-a3a6-1422fe79a46b service placement] Successfully wrote allocations [, , ] {{(pid=108359) _update_consumers_and_create_allocations /opt/stack/placement/placement/handlers/allocation.py:462}}
Aug 23 00:19:56.845346 n-d-852002-3 devstack@placement-api.service[108359]: INFO placement.requestlog [req-f61864ca-ebeb-48e5-aac7-464387fcd78f req-d06db764-bbe5-439d-a3a6-1422fe79a46b service placement] 10.222.0.42 "PUT /placement/allocations/abc93d92-a5ea-4214-a39e-900e20def508" status: 204 len: 0 microversion: 1.36
Aug 23 00:19:56.845748 n-d-852002-3 devstack@placement-api.service[108359]: [pid: 108359|app: 0|req: 338/695] 10.222.0.42 () {64 vars in 1433 bytes} [Tue Aug 23 00:19:56 2022] PUT /placement/allocations/abc93d92-a5ea-4214-a39e-900e20def508 => generated 0 bytes in 358 msecs (HTTP/1.1 204) 5 headers in 199 bytes (1 switches on core 0)
Aug 23 00:19:56.871454 n-d-852002-3 devstack@placement-api.service[108358]: DEBUG placement.handlers.allocation [req-514d9e9f-2ab3-4c32-a2b3-ccd4d50a8169 req-3f883196-bcf9-4616-8e4b-a8c4951e29bf service placement] Successfully wrote allocations [, , ] {{(pid=108358) _update_consumers_and_create_allocations /opt/stack/placement/placement/handlers/allocation.py:462}}
Aug 23 00:19:56.892659 n-d-852002-3 devstack@placement-api.service[108359]: DEBUG placement.requestlog [req-f61864ca-ebeb-48e5-aac7-464387fcd78f req-6d64cdea-4685-41b9-b2f5-f642e95ef74e None None] Starting request: 10.222.0.42 "GET /placement/allocations/6402a1c4-fc2a-4282-9735-b6cb72b2b16f" {{(pid=108359) __call__ /opt/stack/placement/placement/requestlog.py:55}}
Aug 23 00:19:56.911702 n-d-852002-3 devstack@placement-api.service[108359]: INFO placement.requestlog [req-f61864ca-ebeb-48e5-aac7-464387fcd78f req-6d64cdea-4685-41b9-b2f5-f642e95ef74e service placement] 10.222.0.42 "GET /placement/allocations/6402a1c4-fc2a-4282-9735-b6cb72b2b16f" status: 200 len: 19 microversion: 1.28
Aug 23 00:19:56.912389 n-d-852002-3 devstack@placement-api.service[108359]: [pid: 108359|app: 0|req: 339/696] 10.222.0.42 () {60 vars in 1380 bytes} [Tue Aug 23 00:19:56 2022] GET /placement/allocations/6402a1c4-fc2a-4282-9735-b6cb72b2b16f => generated 19 bytes in 20 msecs (HTTP/1.1 200) 8 headers in 295 bytes (2 switches on core 0)
Aug 23 00:19:56.925906 n-d-852002-3 devstack@placement-api.service[108359]: DEBUG placement.requestlog [req-f61864ca-ebeb-48e5-aac7-464387fcd78f req-17de0e98-cf55-4ec4-9ccb-67c333078ca1 None None] Starting request: 10.222.0.42 "PUT /placement/allocations/6402a1c4-fc2a-4282-9735-b6cb72b2b16f" {{(pid=108359) __call__ /opt/stack/placement/placement/requestlog.py:55}}
Aug 23 00:19:56.943589 n-d-852002-3 devstack@placement-api.service[108358]: INFO placement.requestlog [req-514d9e9f-2ab3-4c32-a2b3-ccd4d50a8169 req-3f883196-bcf9-4616-8e4b-a8c4951e29bf service placement] 10.222.0.42 "PUT /placement/allocations/819cfd27-7d17-4f41-8974-4009186490be" status: 204 len: 0 microversion: 1.36
Aug 23 00:19:56.944402 n-d-852002-3 devstack@placement-api.service[108358]: [pid: 108358|app: 0|req: 358/697] 10.222.0.42 () {64 vars in 1433 bytes} [Tue Aug 23 00:19:56 2022] PUT /placement/allocations/819cfd27-7d17-4f41-8974-4009186490be => generated 0 bytes in 438 msecs (HTTP/1.1 204) 5 headers in 199 bytes (2 switches on core 0)
Aug 23 00:19:57.136051 n-d-852002-3 devstack@placement-api.service[108359]: DEBUG placement.handlers.allocation [req-f61864ca-ebeb-48e5-aac7-464387fcd78f req-17de0e98-cf55-4ec4-9ccb-67c333078ca1 service placement] Successfully wrote allocations [, , ] {{(pid=108359) _update_consumers_and_create_allocations /opt/stack/placement/placement/handlers/allocation.py:462}}
Aug 23 00:19:57.210206 n-d-852002-3 devstack@placement-api.service[108359]: INFO placement.requestlog [req-f61864ca-ebeb-48e5-aac7-464387fcd78f req-17de0e98-cf55-4ec4-9ccb-67c333078ca1 service placement] 10.222.0.42 "PUT /placement/allocations/6402a1c4-fc2a-4282-9735-b6cb72b2b16f" status: 204 len: 0 microversion: 1.36
Aug 23 00:19:57.211110 n-d-852002-3 devstack@placement-api.service[108359]: [pid: 108359|app: 0|req: 340/698] 10.222.0.42 () {64 vars in 1433 bytes} [Tue Aug 23 00:19:56 2022] PUT /placement/allocations/6402a1c4-fc2a-4282-9735-b6cb72b2b16f => generated 0 bytes in 285 msecs (HTTP/1.1 204) 5 headers in 199 bytes (2 switches on core 0)
Aug 23 00:19:58.521140 n-d-852002-3 devstack@placement-api.service[108358]: DEBUG placement.requestlog [req-514d9e9f-2ab3-4c32-a2b3-ccd4d50a8169 req-6d923ee9-652f-4450-bf3a-d265dcc7ef0d None None] Starting request: 10.222.0.40 "GET /placement/allocations/819cfd27-7d17-4f41-8974-4009186490be" {{(pid=108358) __call__ /opt/stack/placement/placement/requestlog.py:55}}
Aug 23 00:19:58.576360 n-d-852002-3 devstack@placement-api.service[108358]: INFO placement.requestlog [req-514d9e9f-2ab3-4c32-a2b3-ccd4d50a8169 req-6d923ee9-652f-4450-bf3a-d265dcc7ef0d service placement] 10.222.0.40 "GET /placement/allocations/819cfd27-7d17-4f41-8974-4009186490be" status: 200 len: 259 microversion: 1.28
Aug 23 00:19:58.577567 n-d-852002-3 devstack@placement-api.service[108358]: [pid: 108358|app: 0|req: 359/699] 10.222.0.40 () {60 vars in 1377 bytes} [Tue Aug 23 00:19:58 2022] GET /placement/allocations/819cfd27-7d17-4f41-8974-4009186490be => generated 259 bytes in 57 msecs (HTTP/1.1 200) 8 headers in 296 bytes (1 switches on core 0)
Aug 23 00:19:58.703450 n-d-852002-3 devstack@placement-api.service[108359]: DEBUG placement.requestlog [req-8cb7b006-188a-47f5-9516-93eb1da90e71 req-3e1324db-c901-4053-8193-65ac9d965492 None None] Starting request: 10.222.0.42 "GET /placement/allocation_candidates?limit=1000&resources=DISK_GB%3A1%2CMEMORY_MB%3A1024%2CVCPU%3A1&root_required=%21COMPUTE_STATUS_DISABLED" {{(pid=108359) __call__ /opt/stack/placement/placement/requestlog.py:55}}
Aug 23 00:19:58.812971 n-d-852002-3 devstack@placement-api.service[108359]: DEBUG placement.objects.research_context [req-8cb7b006-188a-47f5-9516-93eb1da90e71 req-3e1324db-c901-4053-8193-65ac9d965492 service placement] getting providers with 1 DISK_GB {{(pid=108359) __init__ /opt/stack/placement/placement/objects/research_context.py:136}}
Aug 23 00:19:58.828698 n-d-852002-3 devstack@placement-api.service[108359]: DEBUG placement.objects.research_context [req-8cb7b006-188a-47f5-9516-93eb1da90e71 req-3e1324db-c901-4053-8193-65ac9d965492 service placement] getting providers with 1024 MEMORY_MB {{(pid=108359) __init__ /opt/stack/placement/placement/objects/research_context.py:136}}
Aug 23 00:19:58.835637 n-d-852002-3 devstack@placement-api.service[108359]: DEBUG placement.objects.research_context [req-8cb7b006-188a-47f5-9516-93eb1da90e71 req-3e1324db-c901-4053-8193-65ac9d965492 service placement] getting providers with 1 VCPU {{(pid=108359) __init__ /opt/stack/placement/placement/objects/research_context.py:136}}
Aug 23 00:19:58.841550 n-d-852002-3 devstack@placement-api.service[108359]: DEBUG placement.objects.research_context [req-8cb7b006-188a-47f5-9516-93eb1da90e71 req-3e1324db-c901-4053-8193-65ac9d965492 service placement] found 2 providers with available 1 DISK_GB {{(pid=108359) get_provider_ids_matching /opt/stack/placement/placement/objects/research_context.py:563}}
Aug 23 00:19:58.842091 n-d-852002-3 devstack@placement-api.service[108359]: DEBUG placement.objects.research_context [req-8cb7b006-188a-47f5-9516-93eb1da90e71 req-3e1324db-c901-4053-8193-65ac9d965492 service placement] found 2 providers with available 1024 MEMORY_MB {{(pid=108359) get_provider_ids_matching /opt/stack/placement/placement/objects/research_context.py:563}}
Aug 23 00:19:58.842584 n-d-852002-3 devstack@placement-api.service[108359]: DEBUG placement.objects.research_context [req-8cb7b006-188a-47f5-9516-93eb1da90e71 req-3e1324db-c901-4053-8193-65ac9d965492 service placement] found 2 providers after filtering by previous result {{(pid=108359) get_provider_ids_matching /opt/stack/placement/placement/objects/research_context.py:594}}
Aug 23 00:19:58.843031 n-d-852002-3 devstack@placement-api.service[108359]: DEBUG placement.objects.research_context [req-8cb7b006-188a-47f5-9516-93eb1da90e71 req-3e1324db-c901-4053-8193-65ac9d965492 service placement] found 2 providers with available 1 VCPU {{(pid=108359) get_provider_ids_matching /opt/stack/placement/placement/objects/research_context.py:563}}
Aug 23 00:19:58.843520 n-d-852002-3 devstack@placement-api.service[108359]: DEBUG placement.objects.research_context [req-8cb7b006-188a-47f5-9516-93eb1da90e71 req-3e1324db-c901-4053-8193-65ac9d965492 service placement] found 2 providers after filtering by previous result {{(pid=108359) get_provider_ids_matching /opt/stack/placement/placement/objects/research_context.py:594}}
Aug 23 00:19:58.857895 n-d-852002-3 devstack@placement-api.service[108359]: DEBUG placement.objects.allocation_candidate [req-8cb7b006-188a-47f5-9516-93eb1da90e71 req-3e1324db-c901-4053-8193-65ac9d965492 service placement] RequestGroup(use_same_provider=False, resources={DISK_GB:1, MEMORY_MB:1024, VCPU:1}, traits=(), aggregates=[]) (suffix '') returned 2 matches {{(pid=108359) _get_by_requests /opt/stack/placement/placement/objects/allocation_candidate.py:156}}
Aug 23 00:19:58.858266 n-d-852002-3 devstack@placement-api.service[108359]: DEBUG placement.objects.allocation_candidate [req-8cb7b006-188a-47f5-9516-93eb1da90e71 req-3e1324db-c901-4053-8193-65ac9d965492 service placement] Merging candidates yields 2 allocation requests and 2 provider summaries {{(pid=108359) _merge_candidates /opt/stack/placement/placement/objects/allocation_candidate.py:809}}
Aug 23 00:19:58.865196 n-d-852002-3 devstack@placement-api.service[108359]: INFO placement.requestlog [req-8cb7b006-188a-47f5-9516-93eb1da90e71 req-3e1324db-c901-4053-8193-65ac9d965492 service placement] 10.222.0.42 "GET /placement/allocation_candidates?limit=1000&resources=DISK_GB%3A1%2CMEMORY_MB%3A1024%2CVCPU%3A1&root_required=%21COMPUTE_STATUS_DISABLED" status: 200 len: 1309 microversion: 1.36
Aug 23 00:19:58.865704 n-d-852002-3 devstack@placement-api.service[108359]: [pid: 108359|app: 0|req: 341/700] 10.222.0.42 () {60 vars in 1506 bytes} [Tue Aug 23 00:19:58 2022] GET /placement/allocation_candidates?limit=1000&resources=DISK_GB%3A1%2CMEMORY_MB%3A1024%2CVCPU%3A1&root_required=%21COMPUTE_STATUS_DISABLED => generated 1309 bytes in 163 msecs (HTTP/1.1 200) 8 headers in 297 bytes (1 switches on core 0)
Aug 23 00:19:59.036354 n-d-852002-3 devstack@placement-api.service[108358]: DEBUG placement.requestlog [req-8cb7b006-188a-47f5-9516-93eb1da90e71 req-e17b7031-44ac-4689-8b9b-0203d92f3a1b None None] Starting request: 10.222.0.42 "GET /placement/allocations/666fd7f9-d2dd-40c2-9f3d-2769858d6880" {{(pid=108358) __call__ /opt/stack/placement/placement/requestlog.py:55}}
Aug 23 00:19:59.054994 n-d-852002-3 devstack@placement-api.service[108358]: INFO placement.requestlog [req-8cb7b006-188a-47f5-9516-93eb1da90e71 req-e17b7031-44ac-4689-8b9b-0203d92f3a1b service placement] 10.222.0.42 "GET /placement/allocations/666fd7f9-d2dd-40c2-9f3d-2769858d6880" status: 200 len: 19 microversion: 1.28
Aug 23 00:19:59.057117 n-d-852002-3 devstack@placement-api.service[108358]: [pid: 108358|app: 0|req: 360/701] 10.222.0.42 () {60 vars in 1380 bytes} [Tue Aug 23 00:19:59 2022] GET /placement/allocations/666fd7f9-d2dd-40c2-9f3d-2769858d6880 => generated 19 bytes in 21 msecs (HTTP/1.1 200) 8 headers in 295 bytes (1 switches on core 0)
Aug 23 00:19:59.069437 n-d-852002-3 devstack@placement-api.service[108359]: DEBUG placement.requestlog [req-8cb7b006-188a-47f5-9516-93eb1da90e71 req-1e079ed7-13b9-4e15-983b-0635f9da82b6 None None] Starting request: 10.222.0.42 "PUT /placement/allocations/666fd7f9-d2dd-40c2-9f3d-2769858d6880" {{(pid=108359) __call__ /opt/stack/placement/placement/requestlog.py:55}}
Aug 23 00:19:59.297049 n-d-852002-3 devstack@placement-api.service[108359]: DEBUG placement.handlers.allocation [req-8cb7b006-188a-47f5-9516-93eb1da90e71 req-1e079ed7-13b9-4e15-983b-0635f9da82b6 service placement] Successfully wrote allocations [, , ] {{(pid=108359) _update_consumers_and_create_allocations /opt/stack/placement/placement/handlers/allocation.py:462}}
Aug 23 00:19:59.319548 n-d-852002-3 devstack@placement-api.service[108358]: DEBUG placement.requestlog [req-f61864ca-ebeb-48e5-aac7-464387fcd78f req-77cc4657-1766-466b-ac37-4d8e87dd8399 None None] Starting request: 10.222.0.40 "GET /placement/allocations/f0055a24-6552-4500-8b8f-eac28c29908f" {{(pid=108358) __call__ /opt/stack/placement/placement/requestlog.py:55}}
Aug 23 00:19:59.377100 n-d-852002-3 devstack@placement-api.service[108358]: INFO placement.requestlog [req-f61864ca-ebeb-48e5-aac7-464387fcd78f req-77cc4657-1766-466b-ac37-4d8e87dd8399 service placement] 10.222.0.40 "GET /placement/allocations/f0055a24-6552-4500-8b8f-eac28c29908f" status: 200 len: 259 microversion: 1.28
Aug 23 00:19:59.380951 n-d-852002-3 devstack@placement-api.service[108358]: [pid: 108358|app: 0|req: 361/702] 10.222.0.40 () {60 vars in 1377 bytes} [Tue Aug 23 00:19:59 2022] GET /placement/allocations/f0055a24-6552-4500-8b8f-eac28c29908f => generated 259 bytes in 62 msecs (HTTP/1.1 200) 8 headers in 296 bytes (2 switches on core 0)
Aug 23 00:19:59.411112 n-d-852002-3 devstack@placement-api.service[108359]: INFO placement.requestlog [req-8cb7b006-188a-47f5-9516-93eb1da90e71 req-1e079ed7-13b9-4e15-983b-0635f9da82b6 service placement] 10.222.0.42 "PUT /placement/allocations/666fd7f9-d2dd-40c2-9f3d-2769858d6880" status: 204 len: 0 microversion: 1.36
Aug 23 00:19:59.413284 n-d-852002-3 devstack@placement-api.service[108359]: [pid: 108359|app: 0|req: 342/703] 10.222.0.42 () {64 vars in 1433 bytes} [Tue Aug 23 00:19:59 2022] PUT /placement/allocations/666fd7f9-d2dd-40c2-9f3d-2769858d6880 => generated 0 bytes in 344 msecs (HTTP/1.1 204) 5 headers in 199 bytes (1 switches on core 0)
Aug 23 00:19:59.737076 n-d-852002-3 devstack@placement-api.service[108358]: DEBUG placement.requestlog [req-f61864ca-ebeb-48e5-aac7-464387fcd78f req-39021bad-2089-4119-a2ea-bd8fddf0dc5b None None] Starting request: 10.222.0.64 "GET /placement/allocations/abc93d92-a5ea-4214-a39e-900e20def508" {{(pid=108358) __call__ /opt/stack/placement/placement/requestlog.py:55}}
Aug 23 00:19:59.805823 n-d-852002-3 devstack@placement-api.service[108358]: INFO placement.requestlog [req-f61864ca-ebeb-48e5-aac7-464387fcd78f req-39021bad-2089-4119-a2ea-bd8fddf0dc5b service placement] 10.222.0.64 "GET /placement/allocations/abc93d92-a5ea-4214-a39e-900e20def508" status: 200 len: 259 microversion: 1.28
Aug 23 00:19:59.808259 n-d-852002-3 devstack@placement-api.service[108358]: [pid: 108358|app: 0|req: 362/704] 10.222.0.64 () {60 vars in 1377 bytes} [Tue Aug 23 00:19:59 2022] GET /placement/allocations/abc93d92-a5ea-4214-a39e-900e20def508 => generated 259 bytes in 71 msecs (HTTP/1.1 200) 8 headers in 296 bytes (1 switches on core 0)
Aug 23 00:20:00.577356 n-d-852002-3 devstack@placement-api.service[108359]: DEBUG placement.requestlog [req-f61864ca-ebeb-48e5-aac7-464387fcd78f req-42878e72-4f1a-4bc1-be6a-c8d89d6158ac None None] Starting request: 10.222.0.40 "GET /placement/allocations/6402a1c4-fc2a-4282-9735-b6cb72b2b16f" {{(pid=108359) __call__ /opt/stack/placement/placement/requestlog.py:55}}
Aug 23 00:20:00.608731 n-d-852002-3 devstack@placement-api.service[108359]: INFO placement.requestlog [req-f61864ca-ebeb-48e5-aac7-464387fcd78f req-42878e72-4f1a-4bc1-be6a-c8d89d6158ac service placement] 10.222.0.40 "GET /placement/allocations/6402a1c4-fc2a-4282-9735-b6cb72b2b16f" status: 200 len: 259 microversion: 1.28
Aug 23 00:20:00.610193 n-d-852002-3 devstack@placement-api.service[108359]: [pid: 108359|app: 0|req: 343/705] 10.222.0.40 () {60 vars in 1377 bytes} [Tue Aug 23 00:20:00 2022] GET /placement/allocations/6402a1c4-fc2a-4282-9735-b6cb72b2b16f => generated 259 bytes in 33 msecs (HTTP/1.1 200) 8 headers in 296 bytes (1 switches on core 0)
Aug 23 00:20:00.954982 n-d-852002-3 devstack@placement-api.service[108358]: DEBUG placement.requestlog [req-8cb7b006-188a-47f5-9516-93eb1da90e71 req-a15898f5-7e2d-483b-844e-355421d178a7 None None] Starting request: 10.222.0.40 "GET /placement/allocations/666fd7f9-d2dd-40c2-9f3d-2769858d6880" {{(pid=108358) __call__ /opt/stack/placement/placement/requestlog.py:55}}
Aug 23 00:20:00.983933 n-d-852002-3 devstack@placement-api.service[108358]: INFO placement.requestlog [req-8cb7b006-188a-47f5-9516-93eb1da90e71 req-a15898f5-7e2d-483b-844e-355421d178a7 service placement] 10.222.0.40 "GET /placement/allocations/666fd7f9-d2dd-40c2-9f3d-2769858d6880" status: 200 len: 259 microversion: 1.28
Aug 23 00:20:00.984328 n-d-852002-3 devstack@placement-api.service[108358]: [pid: 108358|app: 0|req: 363/706] 10.222.0.40 () {60 vars in 1377 bytes} [Tue Aug 23 00:20:00 2022] GET /placement/allocations/666fd7f9-d2dd-40c2-9f3d-2769858d6880 => generated 259 bytes in 30 msecs (HTTP/1.1 200) 8 headers in 296 bytes (1 switches on core 0)
Aug 23 00:20:01.375407 n-d-852002-3 devstack@placement-api.service[108359]: DEBUG placement.requestlog [None req-0860cb5d-96b6-4c00-9b79-8fbe7f62d0d7 None None] Starting request: 10.222.0.42 "GET /placement/resource_providers/7663faea-6555-46c5-8d6a-769bdeef4b5b/aggregates" {{(pid=108359) __call__ /opt/stack/placement/placement/requestlog.py:55}}
Aug 23 00:20:01.400470 n-d-852002-3 devstack@placement-api.service[108359]: INFO placement.requestlog [None req-0860cb5d-96b6-4c00-9b79-8fbe7f62d0d7 service placement] 10.222.0.42 "GET /placement/resource_providers/7663faea-6555-46c5-8d6a-769bdeef4b5b/aggregates" status: 404 len: 235 microversion: 1.1
Aug 23 00:20:01.401552 n-d-852002-3 devstack@placement-api.service[108359]: [pid: 108359|app: 0|req: 344/707] 10.222.0.42 () {58 vars in 1362 bytes} [Tue Aug 23 00:20:01 2022] GET /placement/resource_providers/7663faea-6555-46c5-8d6a-769bdeef4b5b/aggregates => generated 235 bytes in 26 msecs (HTTP/1.1 404) 5 headers in 202 bytes (1 switches on core 0)
Aug 23 00:20:01.416893 n-d-852002-3 devstack@placement-api.service[108358]: DEBUG placement.requestlog [None req-bd631c35-0777-4a65-a174-2c8950d88732 None None] Starting request: 10.222.0.42 "DELETE /placement/resource_providers/7663faea-6555-46c5-8d6a-769bdeef4b5b" {{(pid=108358) __call__ /opt/stack/placement/placement/requestlog.py:55}}
Aug 23 00:20:01.429671 n-d-852002-3 devstack@placement-api.service[108358]: DEBUG placement.wsgi_wrapper [None req-bd631c35-0777-4a65-a174-2c8950d88732 service placement] Placement API returning an error response: No resource provider with uuid 7663faea-6555-46c5-8d6a-769bdeef4b5b found for delete {{(pid=108358) call_func /opt/stack/placement/placement/wsgi_wrapper.py:31}}
Aug 23 00:20:01.431854 n-d-852002-3 devstack@placement-api.service[108358]: INFO placement.requestlog [None req-bd631c35-0777-4a65-a174-2c8950d88732 service placement] 10.222.0.42 "DELETE /placement/resource_providers/7663faea-6555-46c5-8d6a-769bdeef4b5b" status: 404 len: 246 microversion: 1.1
Aug 23 00:20:01.432388 n-d-852002-3 devstack@placement-api.service[108358]: [pid: 108358|app: 0|req: 364/708] 10.222.0.42 () {60 vars in 1351 bytes} [Tue Aug 23 00:20:01 2022] DELETE /placement/resource_providers/7663faea-6555-46c5-8d6a-769bdeef4b5b => generated 246 bytes in 16 msecs (HTTP/1.1 404) 6 headers in 231 bytes (1 switches on core 0)
Aug 23 00:20:02.272071 n-d-852002-3 devstack@placement-api.service[108359]: DEBUG placement.requestlog [req-5de67b26-43bd-416c-95a7-2211fdf45d11 req-8765dddc-4e8c-4b43-a0ed-7c7ec8ba47d7 None None] Starting request: 10.222.0.64 "GET /placement/resource_providers/7651d7dd-e82d-4224-832c-a9a4b1eb3f60/allocations" {{(pid=108359) __call__ /opt/stack/placement/placement/requestlog.py:55}}
Aug 23 00:20:02.280050 n-d-852002-3 devstack@placement-api.service[108359]: DEBUG dbcounter [-] [108359] Writing DB stats placement:INSERT=16,placement:SELECT=68,placement:DELETE=8,placement:UPDATE=8 {{(pid=108359) stat_writer /usr/local/lib/python3.8/dist-packages/dbcounter.py:114}}
Aug 23 00:20:02.296549 n-d-852002-3 devstack@placement-api.service[108359]: INFO placement.requestlog [req-5de67b26-43bd-416c-95a7-2211fdf45d11 req-8765dddc-4e8c-4b43-a0ed-7c7ec8ba47d7 service placement] 10.222.0.64 "GET /placement/resource_providers/7651d7dd-e82d-4224-832c-a9a4b1eb3f60/allocations" status: 200 len: 356 microversion: 1.0
Aug 23 00:20:02.297398 n-d-852002-3 devstack@placement-api.service[108359]: [pid: 108359|app: 0|req: 345/709] 10.222.0.64 () {58 vars in 1390 bytes} [Tue Aug 23 00:20:02 2022] GET /placement/resource_providers/7651d7dd-e82d-4224-832c-a9a4b1eb3f60/allocations => generated 356 bytes in 26 msecs (HTTP/1.1 200) 6 headers in 224 bytes (1 switches on core 0)
Aug 23 00:20:11.426162 n-d-852002-3 devstack@placement-api.service[108358]: DEBUG dbcounter [-] [108358] Writing DB stats placement:SELECT=59,placement:INSERT=6,placement:DELETE=2,placement:UPDATE=2 {{(pid=108358) stat_writer /usr/local/lib/python3.8/dist-packages/dbcounter.py:114}}
Aug 23 00:20:15.753332 n-d-852002-3 devstack@placement-api.service[108359]: DEBUG dbcounter [-] [108359] Writing DB stats placement:SELECT=5 {{(pid=108359) stat_writer /usr/local/lib/python3.8/dist-packages/dbcounter.py:114}}
Aug 23 00:20:18.302050 n-d-852002-3 devstack@placement-api.service[108358]: DEBUG placement.requestlog [req-2442f1f8-93de-409d-8a4e-1e4d2240994c req-5495d79a-daea-4b07-80d3-591e7df6d4b1 None None] Starting request: 10.222.0.42 "GET /placement/allocation_candidates?limit=1000&resources=DISK_GB%3A1%2CMEMORY_MB%3A1024%2CVCPU%3A1&root_required=%21COMPUTE_STATUS_DISABLED" {{(pid=108358) __call__ /opt/stack/placement/placement/requestlog.py:55}}
Aug 23 00:20:18.387822 n-d-852002-3 devstack@placement-api.service[108358]: DEBUG placement.objects.research_context [req-2442f1f8-93de-409d-8a4e-1e4d2240994c req-5495d79a-daea-4b07-80d3-591e7df6d4b1 service placement] getting providers with 1 DISK_GB {{(pid=108358) __init__ /opt/stack/placement/placement/objects/research_context.py:136}}
Aug 23 00:20:18.401265 n-d-852002-3 devstack@placement-api.service[108358]: DEBUG placement.objects.research_context [req-2442f1f8-93de-409d-8a4e-1e4d2240994c req-5495d79a-daea-4b07-80d3-591e7df6d4b1 service placement] getting providers with 1024 MEMORY_MB {{(pid=108358) __init__ /opt/stack/placement/placement/objects/research_context.py:136}}
Aug 23 00:20:18.413832 n-d-852002-3 devstack@placement-api.service[108358]: DEBUG placement.objects.research_context [req-2442f1f8-93de-409d-8a4e-1e4d2240994c req-5495d79a-daea-4b07-80d3-591e7df6d4b1 service placement] getting providers with 1 VCPU {{(pid=108358) __init__ /opt/stack/placement/placement/objects/research_context.py:136}}
Aug 23 00:20:18.438125 n-d-852002-3 devstack@placement-api.service[108358]: DEBUG placement.objects.research_context [req-2442f1f8-93de-409d-8a4e-1e4d2240994c req-5495d79a-daea-4b07-80d3-591e7df6d4b1 service placement] found 2 providers with available 1 DISK_GB {{(pid=108358) get_provider_ids_matching /opt/stack/placement/placement/objects/research_context.py:563}}
Aug 23 00:20:18.438403 n-d-852002-3 devstack@placement-api.service[108358]: DEBUG placement.objects.research_context [req-2442f1f8-93de-409d-8a4e-1e4d2240994c req-5495d79a-daea-4b07-80d3-591e7df6d4b1 service placement] found 2 providers with available 1024 MEMORY_MB {{(pid=108358) get_provider_ids_matching /opt/stack/placement/placement/objects/research_context.py:563}}
Aug 23 00:20:18.438703 n-d-852002-3 devstack@placement-api.service[108358]: DEBUG placement.objects.research_context [req-2442f1f8-93de-409d-8a4e-1e4d2240994c req-5495d79a-daea-4b07-80d3-591e7df6d4b1 service placement] found 2 providers after filtering by previous result {{(pid=108358) get_provider_ids_matching /opt/stack/placement/placement/objects/research_context.py:594}}
Aug 23 00:20:18.438959 n-d-852002-3 devstack@placement-api.service[108358]: DEBUG placement.objects.research_context [req-2442f1f8-93de-409d-8a4e-1e4d2240994c req-5495d79a-daea-4b07-80d3-591e7df6d4b1 service placement] found 2 providers with available 1 VCPU {{(pid=108358) get_provider_ids_matching /opt/stack/placement/placement/objects/research_context.py:563}}
Aug 23 00:20:18.439217 n-d-852002-3 devstack@placement-api.service[108358]: DEBUG placement.objects.research_context [req-2442f1f8-93de-409d-8a4e-1e4d2240994c req-5495d79a-daea-4b07-80d3-591e7df6d4b1 service placement] found 2 providers after filtering by previous result {{(pid=108358) get_provider_ids_matching /opt/stack/placement/placement/objects/research_context.py:594}}
Aug 23 00:20:18.464395 n-d-852002-3 devstack@placement-api.service[108358]: DEBUG placement.objects.allocation_candidate [req-2442f1f8-93de-409d-8a4e-1e4d2240994c req-5495d79a-daea-4b07-80d3-591e7df6d4b1 service placement] RequestGroup(use_same_provider=False, resources={DISK_GB:1, MEMORY_MB:1024, VCPU:1}, traits=(), aggregates=[]) (suffix '') returned 2 matches {{(pid=108358) _get_by_requests /opt/stack/placement/placement/objects/allocation_candidate.py:156}}
Aug 23 00:20:18.465530 n-d-852002-3 devstack@placement-api.service[108358]: DEBUG placement.objects.allocation_candidate [req-2442f1f8-93de-409d-8a4e-1e4d2240994c req-5495d79a-daea-4b07-80d3-591e7df6d4b1 service placement] Merging candidates yields 2 allocation requests and 2 provider summaries {{(pid=108358) _merge_candidates /opt/stack/placement/placement/objects/allocation_candidate.py:809}}
Aug 23 00:20:18.473082 n-d-852002-3 devstack@placement-api.service[108358]: INFO placement.requestlog [req-2442f1f8-93de-409d-8a4e-1e4d2240994c req-5495d79a-daea-4b07-80d3-591e7df6d4b1 service placement] 10.222.0.42 "GET /placement/allocation_candidates?limit=1000&resources=DISK_GB%3A1%2CMEMORY_MB%3A1024%2CVCPU%3A1&root_required=%21COMPUTE_STATUS_DISABLED" status: 200 len: 1309 microversion: 1.36
Aug 23 00:20:18.474132 n-d-852002-3 devstack@placement-api.service[108358]: [pid: 108358|app: 0|req: 365/710] 10.222.0.42 () {60 vars in 1506 bytes} [Tue Aug 23 00:20:18 2022] GET /placement/allocation_candidates?limit=1000&resources=DISK_GB%3A1%2CMEMORY_MB%3A1024%2CVCPU%3A1&root_required=%21COMPUTE_STATUS_DISABLED => generated 1309 bytes in 172 msecs (HTTP/1.1 200) 8 headers in 297 bytes (1 switches on core 0)
Aug 23 00:20:18.625489 n-d-852002-3 devstack@placement-api.service[108359]: DEBUG placement.requestlog [req-2442f1f8-93de-409d-8a4e-1e4d2240994c req-196afb6c-d38b-4e46-ad2e-1239c6d2473b None None] Starting request: 10.222.0.42 "GET /placement/allocations/2c703dd5-b9b6-464a-9055-83a5721904ed" {{(pid=108359) __call__ /opt/stack/placement/placement/requestlog.py:55}}
Aug 23 00:20:18.650958 n-d-852002-3 devstack@placement-api.service[108359]: INFO placement.requestlog [req-2442f1f8-93de-409d-8a4e-1e4d2240994c req-196afb6c-d38b-4e46-ad2e-1239c6d2473b service placement] 10.222.0.42 "GET /placement/allocations/2c703dd5-b9b6-464a-9055-83a5721904ed" status: 200 len: 19 microversion: 1.28
Aug 23 00:20:18.661326 n-d-852002-3 devstack@placement-api.service[108358]: DEBUG placement.requestlog [req-2442f1f8-93de-409d-8a4e-1e4d2240994c req-db6d10c9-3940-432e-bff3-0144967f1e15 None None] Starting request: 10.222.0.42 "PUT /placement/allocations/2c703dd5-b9b6-464a-9055-83a5721904ed" {{(pid=108358) __call__ /opt/stack/placement/placement/requestlog.py:55}}
Aug 23 00:20:18.663129 n-d-852002-3 devstack@placement-api.service[108359]: [pid: 108359|app: 0|req: 346/711] 10.222.0.42 () {60 vars in 1380 bytes} [Tue Aug 23 00:20:18 2022] GET /placement/allocations/2c703dd5-b9b6-464a-9055-83a5721904ed => generated 19 bytes in 38 msecs (HTTP/1.1 200) 8 headers in 295 bytes (1 switches on core 0)
Aug 23 00:20:19.037015 n-d-852002-3 devstack@placement-api.service[108358]: DEBUG placement.handlers.allocation [req-2442f1f8-93de-409d-8a4e-1e4d2240994c req-db6d10c9-3940-432e-bff3-0144967f1e15 service placement] Successfully wrote allocations [, , ] {{(pid=108358) _update_consumers_and_create_allocations /opt/stack/placement/placement/handlers/allocation.py:462}}
Aug 23 00:20:19.129638 n-d-852002-3 devstack@placement-api.service[108358]: INFO placement.requestlog [req-2442f1f8-93de-409d-8a4e-1e4d2240994c req-db6d10c9-3940-432e-bff3-0144967f1e15 service placement] 10.222.0.42 "PUT /placement/allocations/2c703dd5-b9b6-464a-9055-83a5721904ed" status: 204 len: 0 microversion: 1.36
Aug 23 00:20:19.130298 n-d-852002-3 devstack@placement-api.service[108358]: [pid: 108358|app: 0|req: 366/712] 10.222.0.42 () {64 vars in 1433 bytes} [Tue Aug 23 00:20:18 2022] PUT /placement/allocations/2c703dd5-b9b6-464a-9055-83a5721904ed => generated 0 bytes in 469 msecs (HTTP/1.1 204) 5 headers in 199 bytes (2 switches on core 0)
Aug 23 00:20:19.935705 n-d-852002-3 devstack@placement-api.service[108359]: DEBUG placement.requestlog [req-0f5f3d6a-f231-419f-bbd3-4b5c5c2841fe req-c83f35d9-e783-4e38-9082-d8a66541beb7 None None] Starting request: 10.222.0.64 "DELETE /placement/allocations/dc31d880-7e2b-495d-8caa-0dc3ab9aabee" {{(pid=108359) __call__ /opt/stack/placement/placement/requestlog.py:55}}
Aug 23 00:20:20.169157 n-d-852002-3 devstack@placement-api.service[108359]: DEBUG placement.handlers.allocation [req-0f5f3d6a-f231-419f-bbd3-4b5c5c2841fe req-c83f35d9-e783-4e38-9082-d8a66541beb7 service placement] Successfully deleted allocations [, , ] {{(pid=108359) delete_allocations /opt/stack/placement/placement/handlers/allocation.py:627}}
Aug 23 00:20:20.169652 n-d-852002-3 devstack@placement-api.service[108359]: INFO placement.requestlog [req-0f5f3d6a-f231-419f-bbd3-4b5c5c2841fe req-c83f35d9-e783-4e38-9082-d8a66541beb7 service placement] 10.222.0.64 "DELETE /placement/allocations/dc31d880-7e2b-495d-8caa-0dc3ab9aabee" status: 204 len: 0 microversion: 1.0
Aug 23 00:20:20.170908 n-d-852002-3 devstack@placement-api.service[108359]: [pid: 108359|app: 0|req: 347/713] 10.222.0.64 () {60 vars in 1355 bytes} [Tue Aug 23 00:20:19 2022] DELETE /placement/allocations/dc31d880-7e2b-495d-8caa-0dc3ab9aabee => generated 0 bytes in 235 msecs (HTTP/1.1 204) 5 headers in 198 bytes (1 switches on core 0)
Aug 23 00:20:20.352436 n-d-852002-3 devstack@placement-api.service[108358]: DEBUG placement.requestlog [req-2442f1f8-93de-409d-8a4e-1e4d2240994c req-2a58a96c-6b7a-48c1-929f-e97c2221e438 None None] Starting request: 10.222.0.64 "GET /placement/allocations/2c703dd5-b9b6-464a-9055-83a5721904ed" {{(pid=108358) __call__ /opt/stack/placement/placement/requestlog.py:55}}
Aug 23 00:20:20.376328 n-d-852002-3 devstack@placement-api.service[108358]: INFO placement.requestlog [req-2442f1f8-93de-409d-8a4e-1e4d2240994c req-2a58a96c-6b7a-48c1-929f-e97c2221e438 service placement] 10.222.0.64 "GET /placement/allocations/2c703dd5-b9b6-464a-9055-83a5721904ed" status: 200 len: 259 microversion: 1.28
Aug 23 00:20:20.377308 n-d-852002-3 devstack@placement-api.service[108358]: [pid: 108358|app: 0|req: 367/714] 10.222.0.64 () {60 vars in 1377 bytes} [Tue Aug 23 00:20:20 2022] GET /placement/allocations/2c703dd5-b9b6-464a-9055-83a5721904ed => generated 259 bytes in 25 msecs (HTTP/1.1 200) 8 headers in 296 bytes (1 switches on core 0)
Aug 23 00:20:25.654618 n-d-852002-3 devstack@placement-api.service[108359]: DEBUG placement.requestlog [req-da91953b-c930-4520-84d5-7afe6aebea9d req-c936f227-3e9e-408b-9a61-b35a5da8cdf4 None None] Starting request: 10.222.0.40 "GET /placement/resource_providers/709ed95b-c36f-4ea0-ac4a-b00255e546b0/allocations" {{(pid=108359) __call__ /opt/stack/placement/placement/requestlog.py:55}}
Aug 23 00:20:25.703362 n-d-852002-3 devstack@placement-api.service[108359]: INFO placement.requestlog [req-da91953b-c930-4520-84d5-7afe6aebea9d req-c936f227-3e9e-408b-9a61-b35a5da8cdf4 service placement] 10.222.0.40 "GET /placement/resource_providers/709ed95b-c36f-4ea0-ac4a-b00255e546b0/allocations" status: 200 len: 659 microversion: 1.0
