Aug 02 16:04:31.351388 n-d-851892-1 devstack@placement-api.service[112367]: DEBUG placement.objects.research_context [req-295adf33-9228-40a5-ae52-413b9c984642 req-2c8ad57a-38df-4bef-a780-63a1f890a4a3 service placement] found 2 providers after filtering by previous result {{(pid=112367) get_provider_ids_matching /opt/stack/placement/placement/objects/research_context.py:594}}
Aug 02 16:04:31.351669 n-d-851892-1 devstack@placement-api.service[112367]: DEBUG placement.objects.research_context [req-295adf33-9228-40a5-ae52-413b9c984642 req-2c8ad57a-38df-4bef-a780-63a1f890a4a3 service placement] found 2 providers with available 1 VCPU {{(pid=112367) get_provider_ids_matching /opt/stack/placement/placement/objects/research_context.py:563}}
Aug 02 16:04:31.352858 n-d-851892-1 devstack@placement-api.service[112367]: DEBUG placement.objects.research_context [req-295adf33-9228-40a5-ae52-413b9c984642 req-2c8ad57a-38df-4bef-a780-63a1f890a4a3 service placement] found 2 providers after filtering by previous result {{(pid=112367) get_provider_ids_matching /opt/stack/placement/placement/objects/research_context.py:594}}
Aug 02 16:04:31.400456 n-d-851892-1 devstack@placement-api.service[112367]: DEBUG placement.objects.allocation_candidate [req-295adf33-9228-40a5-ae52-413b9c984642 req-2c8ad57a-38df-4bef-a780-63a1f890a4a3 service placement] RequestGroup(use_same_provider=False, resources={DISK_GB:1, MEMORY_MB:1024, VCPU:1}, traits=(), aggregates=[]) (suffix '') returned 2 matches {{(pid=112367) _get_by_requests /opt/stack/placement/placement/objects/allocation_candidate.py:156}}
Aug 02 16:04:31.401215 n-d-851892-1 devstack@placement-api.service[112367]: DEBUG placement.objects.allocation_candidate [req-295adf33-9228-40a5-ae52-413b9c984642 req-2c8ad57a-38df-4bef-a780-63a1f890a4a3 service placement] Merging candidates yields 2 allocation requests and 2 provider summaries {{(pid=112367) _merge_candidates /opt/stack/placement/placement/objects/allocation_candidate.py:809}}
Aug 02 16:04:31.403432 n-d-851892-1 devstack@placement-api.service[112367]: INFO placement.requestlog [req-295adf33-9228-40a5-ae52-413b9c984642 req-2c8ad57a-38df-4bef-a780-63a1f890a4a3 service placement] 10.222.0.49 "GET /placement/allocation_candidates?limit=1000&resources=DISK_GB%3A1%2CMEMORY_MB%3A1024%2CVCPU%3A1&root_required=%21COMPUTE_STATUS_DISABLED" status: 200 len: 1309 microversion: 1.36
Aug 02 16:04:31.404820 n-d-851892-1 devstack@placement-api.service[112367]: [pid: 112367|app: 0|req: 373/752] 10.222.0.49 () {60 vars in 1506 bytes} [Tue Aug 2 16:04:31 2022] GET /placement/allocation_candidates?limit=1000&resources=DISK_GB%3A1%2CMEMORY_MB%3A1024%2CVCPU%3A1&root_required=%21COMPUTE_STATUS_DISABLED => generated 1309 bytes in 267 msecs (HTTP/1.1 200) 8 headers in 297 bytes (1 switches on core 0)
Aug 02 16:04:31.561989 n-d-851892-1 devstack@placement-api.service[112368]: DEBUG placement.requestlog [req-295adf33-9228-40a5-ae52-413b9c984642 req-d813c986-0a3e-44f2-866d-d04874adf2d3 None None] Starting request: 10.222.0.49 "GET /placement/allocations/a4ac32d2-47a4-4529-b75a-9eb6ec60bf50" {{(pid=112368) __call__ /opt/stack/placement/placement/requestlog.py:55}}
Aug 02 16:04:31.575079 n-d-851892-1 devstack@placement-api.service[112368]: INFO placement.requestlog [req-295adf33-9228-40a5-ae52-413b9c984642 req-d813c986-0a3e-44f2-866d-d04874adf2d3 service placement] 10.222.0.49 "GET /placement/allocations/a4ac32d2-47a4-4529-b75a-9eb6ec60bf50" status: 200 len: 19 microversion: 1.28
Aug 02 16:04:31.581394 n-d-851892-1 devstack@placement-api.service[112368]: [pid: 112368|app: 0|req: 380/753] 10.222.0.49 () {60 vars in 1380 bytes} [Tue Aug 2 16:04:31 2022] GET /placement/allocations/a4ac32d2-47a4-4529-b75a-9eb6ec60bf50 => generated 19 bytes in 20 msecs (HTTP/1.1 200) 8 headers in 295 bytes (1 switches on core 0)
Aug 02 16:04:31.583085 n-d-851892-1 devstack@placement-api.service[112367]: DEBUG placement.requestlog [req-295adf33-9228-40a5-ae52-413b9c984642 req-6cfe1480-4ef5-41b7-bce9-6bb5237974f2 None None] Starting request: 10.222.0.49 "PUT /placement/allocations/a4ac32d2-47a4-4529-b75a-9eb6ec60bf50" {{(pid=112367) __call__ /opt/stack/placement/placement/requestlog.py:55}}
Aug 02 16:04:31.704917 n-d-851892-1 devstack@placement-api.service[112368]: DEBUG placement.requestlog [req-f9f84468-c8be-4695-b64d-bb537f55f79d req-abaa1daa-b61b-45d5-ac0c-12403f9dc75a None None] Starting request: 10.222.0.67 "GET /placement/resource_providers/6ff6aa0f-2b60-4e3c-a74e-0037c1061f4b/allocations" {{(pid=112368) __call__ /opt/stack/placement/placement/requestlog.py:55}}
Aug 02 16:04:31.763460 n-d-851892-1 devstack@placement-api.service[112368]: INFO placement.requestlog [req-f9f84468-c8be-4695-b64d-bb537f55f79d req-abaa1daa-b61b-45d5-ac0c-12403f9dc75a service placement] 10.222.0.67 "GET /placement/resource_providers/6ff6aa0f-2b60-4e3c-a74e-0037c1061f4b/allocations" status: 200 len: 355 microversion: 1.0
Aug 02 16:04:31.763910 n-d-851892-1 devstack@placement-api.service[112368]: [pid: 112368|app: 0|req: 381/754] 10.222.0.67 () {58 vars in 1390 bytes} [Tue Aug 2 16:04:31 2022] GET /placement/resource_providers/6ff6aa0f-2b60-4e3c-a74e-0037c1061f4b/allocations => generated 355 bytes in 59 msecs (HTTP/1.1 200) 6 headers in 224 bytes (2 switches on core 0)
Aug 02 16:04:32.041386 n-d-851892-1 devstack@placement-api.service[112367]: DEBUG placement.handlers.allocation [req-295adf33-9228-40a5-ae52-413b9c984642 req-6cfe1480-4ef5-41b7-bce9-6bb5237974f2 service placement] Successfully wrote allocations [, , ] {{(pid=112367) _update_consumers_and_create_allocations /opt/stack/placement/placement/handlers/allocation.py:462}}
Aug 02 16:04:32.137237 n-d-851892-1 devstack@placement-api.service[112367]: INFO placement.requestlog [req-295adf33-9228-40a5-ae52-413b9c984642 req-6cfe1480-4ef5-41b7-bce9-6bb5237974f2 service placement] 10.222.0.49 "PUT /placement/allocations/a4ac32d2-47a4-4529-b75a-9eb6ec60bf50" status: 204 len: 0 microversion: 1.36
Aug 02 16:04:32.138283 n-d-851892-1 devstack@placement-api.service[112367]: [pid: 112367|app: 0|req: 374/755] 10.222.0.49 () {64 vars in 1433 bytes} [Tue Aug 2 16:04:31 2022] PUT /placement/allocations/a4ac32d2-47a4-4529-b75a-9eb6ec60bf50 => generated 0 bytes in 555 msecs (HTTP/1.1 204) 5 headers in 199 bytes (1 switches on core 0)
Aug 02 16:04:33.644054 n-d-851892-1 devstack@placement-api.service[112368]: DEBUG placement.requestlog [req-295adf33-9228-40a5-ae52-413b9c984642 req-3ca1ddbc-b418-4196-9432-69bb0d718ebb None None] Starting request: 10.222.0.46 "GET /placement/allocations/a4ac32d2-47a4-4529-b75a-9eb6ec60bf50" {{(pid=112368) __call__ /opt/stack/placement/placement/requestlog.py:55}}
Aug 02 16:04:33.688932 n-d-851892-1 devstack@placement-api.service[112368]: INFO placement.requestlog [req-295adf33-9228-40a5-ae52-413b9c984642 req-3ca1ddbc-b418-4196-9432-69bb0d718ebb service placement] 10.222.0.46 "GET /placement/allocations/a4ac32d2-47a4-4529-b75a-9eb6ec60bf50" status: 200 len: 259 microversion: 1.28
Aug 02 16:04:33.689980 n-d-851892-1 devstack@placement-api.service[112368]: [pid: 112368|app: 0|req: 382/756] 10.222.0.46 () {60 vars in 1377 bytes} [Tue Aug 2 16:04:33 2022] GET /placement/allocations/a4ac32d2-47a4-4529-b75a-9eb6ec60bf50 => generated 259 bytes in 53 msecs (HTTP/1.1 200) 8 headers in 296 bytes (1 switches on core 0)
Aug 02 16:04:33.925449 n-d-851892-1 devstack@placement-api.service[112367]: DEBUG placement.requestlog [req-da64dea2-756e-440a-84a2-7dc92b509fb0 req-f1beae93-7e0c-4ddc-a1d2-84ee7ed10209 None None] Starting request: 10.222.0.67 "DELETE /placement/allocations/8998263c-ffeb-44f7-a065-8c84b6a68ee5" {{(pid=112367) __call__ /opt/stack/placement/placement/requestlog.py:55}}
Aug 02 16:04:34.126860 n-d-851892-1 devstack@placement-api.service[112367]: DEBUG placement.handlers.allocation [req-da64dea2-756e-440a-84a2-7dc92b509fb0 req-f1beae93-7e0c-4ddc-a1d2-84ee7ed10209 service placement] Successfully deleted allocations [, , ] {{(pid=112367) delete_allocations /opt/stack/placement/placement/handlers/allocation.py:627}}
Aug 02 16:04:34.128870 n-d-851892-1 devstack@placement-api.service[112367]: INFO placement.requestlog [req-da64dea2-756e-440a-84a2-7dc92b509fb0 req-f1beae93-7e0c-4ddc-a1d2-84ee7ed10209 service placement] 10.222.0.67 "DELETE /placement/allocations/8998263c-ffeb-44f7-a065-8c84b6a68ee5" status: 204 len: 0 microversion: 1.0
Aug 02 16:04:34.129721 n-d-851892-1 devstack@placement-api.service[112367]: [pid: 112367|app: 0|req: 375/757] 10.222.0.67 () {60 vars in 1355 bytes} [Tue Aug 2 16:04:33 2022] DELETE /placement/allocations/8998263c-ffeb-44f7-a065-8c84b6a68ee5 => generated 0 bytes in 207 msecs (HTTP/1.1 204) 5 headers in 198 bytes (1 switches on core 0)
Aug 02 16:04:37.292491 n-d-851892-1 devstack@placement-api.service[112368]: DEBUG placement.requestlog [req-be773c21-2b7f-4238-ab5a-a3b6e147a504 req-dbf23e9b-6cca-4878-a803-b32c005c8320 None None] Starting request: 10.222.0.49 "GET /placement/allocation_candidates?limit=1000&resources=DISK_GB%3A1%2CMEMORY_MB%3A1024%2CVCPU%3A1&root_required=%21COMPUTE_STATUS_DISABLED" {{(pid=112368) __call__ /opt/stack/placement/placement/requestlog.py:55}}
Aug 02 16:04:37.605571 n-d-851892-1 devstack@placement-api.service[112368]: DEBUG placement.objects.research_context [req-be773c21-2b7f-4238-ab5a-a3b6e147a504 req-dbf23e9b-6cca-4878-a803-b32c005c8320 service placement] getting providers with 1 DISK_GB {{(pid=112368) __init__ /opt/stack/placement/placement/objects/research_context.py:136}}
Aug 02 16:04:37.612530 n-d-851892-1 devstack@placement-api.service[112368]: DEBUG placement.objects.research_context [req-be773c21-2b7f-4238-ab5a-a3b6e147a504 req-dbf23e9b-6cca-4878-a803-b32c005c8320 service placement] getting providers with 1024 MEMORY_MB {{(pid=112368) __init__ /opt/stack/placement/placement/objects/research_context.py:136}}
Aug 02 16:04:37.621216 n-d-851892-1 devstack@placement-api.service[112368]: DEBUG placement.objects.research_context [req-be773c21-2b7f-4238-ab5a-a3b6e147a504 req-dbf23e9b-6cca-4878-a803-b32c005c8320 service placement] getting providers with 1 VCPU {{(pid=112368) __init__ /opt/stack/placement/placement/objects/research_context.py:136}}
Aug 02 16:04:37.628437 n-d-851892-1 devstack@placement-api.service[112368]: DEBUG placement.objects.research_context [req-be773c21-2b7f-4238-ab5a-a3b6e147a504 req-dbf23e9b-6cca-4878-a803-b32c005c8320 service placement] found 2 providers with available 1 DISK_GB {{(pid=112368) get_provider_ids_matching /opt/stack/placement/placement/objects/research_context.py:563}}
Aug 02 16:04:37.628945 n-d-851892-1 devstack@placement-api.service[112368]: DEBUG placement.objects.research_context [req-be773c21-2b7f-4238-ab5a-a3b6e147a504 req-dbf23e9b-6cca-4878-a803-b32c005c8320 service placement] found 2 providers with available 1024 MEMORY_MB {{(pid=112368) get_provider_ids_matching /opt/stack/placement/placement/objects/research_context.py:563}}
Aug 02 16:04:37.629387 n-d-851892-1 devstack@placement-api.service[112368]: DEBUG placement.objects.research_context [req-be773c21-2b7f-4238-ab5a-a3b6e147a504 req-dbf23e9b-6cca-4878-a803-b32c005c8320 service placement] found 2 providers after filtering by previous result {{(pid=112368) get_provider_ids_matching /opt/stack/placement/placement/objects/research_context.py:594}}
Aug 02 16:04:37.629818 n-d-851892-1 devstack@placement-api.service[112368]: DEBUG placement.objects.research_context [req-be773c21-2b7f-4238-ab5a-a3b6e147a504 req-dbf23e9b-6cca-4878-a803-b32c005c8320 service placement] found 2 providers with available 1 VCPU {{(pid=112368) get_provider_ids_matching /opt/stack/placement/placement/objects/research_context.py:563}}
Aug 02 16:04:37.630256 n-d-851892-1 devstack@placement-api.service[112368]: DEBUG placement.objects.research_context [req-be773c21-2b7f-4238-ab5a-a3b6e147a504 req-dbf23e9b-6cca-4878-a803-b32c005c8320 service placement] found 2 providers after filtering by previous result {{(pid=112368) get_provider_ids_matching /opt/stack/placement/placement/objects/research_context.py:594}}
Aug 02 16:04:37.642954 n-d-851892-1 devstack@placement-api.service[112368]: DEBUG placement.objects.allocation_candidate [req-be773c21-2b7f-4238-ab5a-a3b6e147a504 req-dbf23e9b-6cca-4878-a803-b32c005c8320 service placement] RequestGroup(use_same_provider=False, resources={DISK_GB:1, MEMORY_MB:1024, VCPU:1}, traits=(), aggregates=[]) (suffix '') returned 2 matches {{(pid=112368) _get_by_requests /opt/stack/placement/placement/objects/allocation_candidate.py:156}}
Aug 02 16:04:37.643634 n-d-851892-1 devstack@placement-api.service[112368]: DEBUG placement.objects.allocation_candidate [req-be773c21-2b7f-4238-ab5a-a3b6e147a504 req-dbf23e9b-6cca-4878-a803-b32c005c8320 service placement] Merging candidates yields 2 allocation requests and 2 provider summaries {{(pid=112368) _merge_candidates /opt/stack/placement/placement/objects/allocation_candidate.py:809}}
Aug 02 16:04:37.649089 n-d-851892-1 devstack@placement-api.service[112368]: INFO placement.requestlog [req-be773c21-2b7f-4238-ab5a-a3b6e147a504 req-dbf23e9b-6cca-4878-a803-b32c005c8320 service placement] 10.222.0.49 "GET /placement/allocation_candidates?limit=1000&resources=DISK_GB%3A1%2CMEMORY_MB%3A1024%2CVCPU%3A1&root_required=%21COMPUTE_STATUS_DISABLED" status: 200 len: 1309 microversion: 1.36
Aug 02 16:04:37.650056 n-d-851892-1 devstack@placement-api.service[112368]: [pid: 112368|app: 0|req: 383/758] 10.222.0.49 () {60 vars in 1506 bytes} [Tue Aug 2 16:04:37 2022] GET /placement/allocation_candidates?limit=1000&resources=DISK_GB%3A1%2CMEMORY_MB%3A1024%2CVCPU%3A1&root_required=%21COMPUTE_STATUS_DISABLED => generated 1309 bytes in 358 msecs (HTTP/1.1 200) 8 headers in 297 bytes (1 switches on core 0)
Aug 02 16:04:37.790220 n-d-851892-1 devstack@placement-api.service[112367]: DEBUG placement.requestlog [req-be773c21-2b7f-4238-ab5a-a3b6e147a504 req-0baad951-2aad-42fd-a792-725d3d2d0b23 None None] Starting request: 10.222.0.49 "GET /placement/allocations/d67fef65-c1e1-4dc2-956c-9842157ab827" {{(pid=112367) __call__ /opt/stack/placement/placement/requestlog.py:55}}
Aug 02 16:04:37.805422 n-d-851892-1 devstack@placement-api.service[112367]: INFO placement.requestlog [req-be773c21-2b7f-4238-ab5a-a3b6e147a504 req-0baad951-2aad-42fd-a792-725d3d2d0b23 service placement] 10.222.0.49 "GET /placement/allocations/d67fef65-c1e1-4dc2-956c-9842157ab827" status: 200 len: 19 microversion: 1.28
Aug 02 16:04:37.806790 n-d-851892-1 devstack@placement-api.service[112367]: [pid: 112367|app: 0|req: 376/759] 10.222.0.49 () {60 vars in 1380 bytes} [Tue Aug 2 16:04:37 2022] GET /placement/allocations/d67fef65-c1e1-4dc2-956c-9842157ab827 => generated 19 bytes in 17 msecs (HTTP/1.1 200) 8 headers in 295 bytes (1 switches on core 0)
Aug 02 16:04:37.818441 n-d-851892-1 devstack@placement-api.service[112368]: DEBUG placement.requestlog [req-be773c21-2b7f-4238-ab5a-a3b6e147a504 req-76c2e686-066a-4f63-87fb-dccd45d6d773 None None] Starting request: 10.222.0.49 "PUT /placement/allocations/d67fef65-c1e1-4dc2-956c-9842157ab827" {{(pid=112368) __call__ /opt/stack/placement/placement/requestlog.py:55}}
Aug 02 16:04:38.035611 n-d-851892-1 devstack@placement-api.service[112368]: DEBUG placement.handlers.allocation [req-be773c21-2b7f-4238-ab5a-a3b6e147a504 req-76c2e686-066a-4f63-87fb-dccd45d6d773 service placement] Successfully wrote allocations [, , ] {{(pid=112368) _update_consumers_and_create_allocations /opt/stack/placement/placement/handlers/allocation.py:462}}
Aug 02 16:04:38.156225 n-d-851892-1 devstack@placement-api.service[112368]: INFO placement.requestlog [req-be773c21-2b7f-4238-ab5a-a3b6e147a504 req-76c2e686-066a-4f63-87fb-dccd45d6d773 service placement] 10.222.0.49 "PUT /placement/allocations/d67fef65-c1e1-4dc2-956c-9842157ab827" status: 204 len: 0 microversion: 1.36
Aug 02 16:04:38.157156 n-d-851892-1 devstack@placement-api.service[112368]: [pid: 112368|app: 0|req: 384/760] 10.222.0.49 () {64 vars in 1433 bytes} [Tue Aug 2 16:04:37 2022] PUT /placement/allocations/d67fef65-c1e1-4dc2-956c-9842157ab827 => generated 0 bytes in 339 msecs (HTTP/1.1 204) 5 headers in 199 bytes (1 switches on core 0)
Aug 02 16:04:38.278345 n-d-851892-1 devstack@placement-api.service[112367]: DEBUG placement.requestlog [req-be773c21-2b7f-4238-ab5a-a3b6e147a504 req-da7e1ea7-db57-4c79-b3dc-c000226fdd8f None None] Starting request: 10.222.0.49 "DELETE /placement/allocations/d67fef65-c1e1-4dc2-956c-9842157ab827" {{(pid=112367) __call__ /opt/stack/placement/placement/requestlog.py:55}}
Aug 02 16:04:38.300657 n-d-851892-1 devstack@placement-api.service[112368]: DEBUG placement.requestlog [None req-208a59e8-1b34-4d27-94ce-1758e4f278f8 None None] Starting request: 10.222.0.49 "GET /placement/" {{(pid=112368) __call__ /opt/stack/placement/placement/requestlog.py:55}}
Aug 02 16:04:38.302745 n-d-851892-1 devstack@placement-api.service[112368]: INFO placement.requestlog [None req-208a59e8-1b34-4d27-94ce-1758e4f278f8 None None] 10.222.0.49 "GET /placement/" status: 200 len: 136 microversion: 1.0
Aug 02 16:04:38.303305 n-d-851892-1 devstack@placement-api.service[112368]: [pid: 112368|app: 0|req: 385/761] 10.222.0.49 () {54 vars in 907 bytes} [Tue Aug 2 16:04:38 2022] GET /placement => generated 136 bytes in 3 msecs (HTTP/1.1 200) 6 headers in 224 bytes (1 switches on core 0)
Aug 02 16:04:38.316574 n-d-851892-1 devstack@placement-api.service[112368]: DEBUG placement.requestlog [req-46ecebc0-c0d3-4537-9b5c-8f2aba5d9b6a req-0e42abb8-6760-4ae4-ac3f-5efcba789684 None None] Starting request: 10.222.0.49 "DELETE /placement/allocations/d67fef65-c1e1-4dc2-956c-9842157ab827" {{(pid=112368) __call__ /opt/stack/placement/placement/requestlog.py:55}}
Aug 02 16:04:38.651326 n-d-851892-1 devstack@placement-api.service[112368]: DEBUG placement.handlers.allocation [req-46ecebc0-c0d3-4537-9b5c-8f2aba5d9b6a req-0e42abb8-6760-4ae4-ac3f-5efcba789684 service placement] Successfully deleted allocations [, , ] {{(pid=112368) delete_allocations /opt/stack/placement/placement/handlers/allocation.py:627}}
Aug 02 16:04:38.651861 n-d-851892-1 devstack@placement-api.service[112368]: INFO placement.requestlog [req-46ecebc0-c0d3-4537-9b5c-8f2aba5d9b6a req-0e42abb8-6760-4ae4-ac3f-5efcba789684 service placement] 10.222.0.49 "DELETE /placement/allocations/d67fef65-c1e1-4dc2-956c-9842157ab827" status: 204 len: 0 microversion: 1.0
Aug 02 16:04:38.653123 n-d-851892-1 devstack@placement-api.service[112367]: DEBUG placement.handlers.allocation [req-be773c21-2b7f-4238-ab5a-a3b6e147a504 req-da7e1ea7-db57-4c79-b3dc-c000226fdd8f service placement] Successfully deleted allocations [, , ] {{(pid=112367) delete_allocations /opt/stack/placement/placement/handlers/allocation.py:627}}
Aug 02 16:04:38.653681 n-d-851892-1 devstack@placement-api.service[112367]: INFO placement.requestlog [req-be773c21-2b7f-4238-ab5a-a3b6e147a504 req-da7e1ea7-db57-4c79-b3dc-c000226fdd8f service placement] 10.222.0.49 "DELETE /placement/allocations/d67fef65-c1e1-4dc2-956c-9842157ab827" status: 204 len: 0 microversion: 1.0
Aug 02 16:04:38.654035 n-d-851892-1 devstack@placement-api.service[112367]: [pid: 112367|app: 0|req: 377/762] 10.222.0.49 () {60 vars in 1358 bytes} [Tue Aug 2 16:04:38 2022] DELETE /placement/allocations/d67fef65-c1e1-4dc2-956c-9842157ab827 => generated 0 bytes in 376 msecs (HTTP/1.1 204) 5 headers in 198 bytes (2 switches on core 0)
Aug 02 16:04:38.654528 n-d-851892-1 devstack@placement-api.service[112368]: [pid: 112368|app: 0|req: 386/763] 10.222.0.49 () {60 vars in 1349 bytes} [Tue Aug 2 16:04:38 2022] DELETE /placement/allocations/d67fef65-c1e1-4dc2-956c-9842157ab827 => generated 0 bytes in 338 msecs (HTTP/1.1 204) 5 headers in 198 bytes (2 switches on core 0)
Aug 02 16:04:42.030805 n-d-851892-1 devstack@placement-api.service[112367]: DEBUG placement.requestlog [req-6a96b149-f713-4d16-8c22-3ab90a97d0d8 req-0629dba9-29cc-4c94-b7ad-dc1e6764cd5c None None] Starting request: 10.222.0.49 "GET /placement/allocation_candidates?limit=1000&resources=DISK_GB%3A1%2CMEMORY_MB%3A1024%2CVCPU%3A1&root_required=%21COMPUTE_STATUS_DISABLED" {{(pid=112367) __call__ /opt/stack/placement/placement/requestlog.py:55}}
Aug 02 16:04:42.213678 n-d-851892-1 devstack@placement-api.service[112367]: DEBUG placement.objects.research_context [req-6a96b149-f713-4d16-8c22-3ab90a97d0d8 req-0629dba9-29cc-4c94-b7ad-dc1e6764cd5c service placement] getting providers with 1 DISK_GB {{(pid=112367) __init__ /opt/stack/placement/placement/objects/research_context.py:136}}
Aug 02 16:04:42.246523 n-d-851892-1 devstack@placement-api.service[112367]: DEBUG placement.objects.research_context [req-6a96b149-f713-4d16-8c22-3ab90a97d0d8 req-0629dba9-29cc-4c94-b7ad-dc1e6764cd5c service placement] getting providers with 1024 MEMORY_MB {{(pid=112367) __init__ /opt/stack/placement/placement/objects/research_context.py:136}}
Aug 02 16:04:42.269362 n-d-851892-1 devstack@placement-api.service[112367]: DEBUG placement.objects.research_context [req-6a96b149-f713-4d16-8c22-3ab90a97d0d8 req-0629dba9-29cc-4c94-b7ad-dc1e6764cd5c service placement] getting providers with 1 VCPU {{(pid=112367) __init__ /opt/stack/placement/placement/objects/research_context.py:136}}
Aug 02 16:04:42.297363 n-d-851892-1 devstack@placement-api.service[112367]: DEBUG placement.objects.research_context [req-6a96b149-f713-4d16-8c22-3ab90a97d0d8 req-0629dba9-29cc-4c94-b7ad-dc1e6764cd5c service placement] found 2 providers with available 1 DISK_GB {{(pid=112367) get_provider_ids_matching /opt/stack/placement/placement/objects/research_context.py:563}}
Aug 02 16:04:42.297660 n-d-851892-1 devstack@placement-api.service[112367]: DEBUG placement.objects.research_context [req-6a96b149-f713-4d16-8c22-3ab90a97d0d8 req-0629dba9-29cc-4c94-b7ad-dc1e6764cd5c service placement] found 2 providers with available 1024 MEMORY_MB {{(pid=112367) get_provider_ids_matching /opt/stack/placement/placement/objects/research_context.py:563}}
Aug 02 16:04:42.300048 n-d-851892-1 devstack@placement-api.service[112367]: DEBUG placement.objects.research_context [req-6a96b149-f713-4d16-8c22-3ab90a97d0d8 req-0629dba9-29cc-4c94-b7ad-dc1e6764cd5c service placement] found 2 providers after filtering by previous result {{(pid=112367) get_provider_ids_matching /opt/stack/placement/placement/objects/research_context.py:594}}
Aug 02 16:04:42.300544 n-d-851892-1 devstack@placement-api.service[112367]: DEBUG placement.objects.research_context [req-6a96b149-f713-4d16-8c22-3ab90a97d0d8 req-0629dba9-29cc-4c94-b7ad-dc1e6764cd5c service placement] found 2 providers with available 1 VCPU {{(pid=112367) get_provider_ids_matching /opt/stack/placement/placement/objects/research_context.py:563}}
Aug 02 16:04:42.301257 n-d-851892-1 devstack@placement-api.service[112367]: DEBUG placement.objects.research_context [req-6a96b149-f713-4d16-8c22-3ab90a97d0d8 req-0629dba9-29cc-4c94-b7ad-dc1e6764cd5c service placement] found 2 providers after filtering by previous result {{(pid=112367) get_provider_ids_matching /opt/stack/placement/placement/objects/research_context.py:594}}
Aug 02 16:04:42.340187 n-d-851892-1 devstack@placement-api.service[112367]: DEBUG placement.objects.allocation_candidate [req-6a96b149-f713-4d16-8c22-3ab90a97d0d8 req-0629dba9-29cc-4c94-b7ad-dc1e6764cd5c service placement] RequestGroup(use_same_provider=False, resources={DISK_GB:1, MEMORY_MB:1024, VCPU:1}, traits=(), aggregates=[]) (suffix '') returned 2 matches {{(pid=112367) _get_by_requests /opt/stack/placement/placement/objects/allocation_candidate.py:156}}
Aug 02 16:04:42.340674 n-d-851892-1 devstack@placement-api.service[112367]: DEBUG placement.objects.allocation_candidate [req-6a96b149-f713-4d16-8c22-3ab90a97d0d8 req-0629dba9-29cc-4c94-b7ad-dc1e6764cd5c service placement] Merging candidates yields 2 allocation requests and 2 provider summaries {{(pid=112367) _merge_candidates /opt/stack/placement/placement/objects/allocation_candidate.py:809}}
Aug 02 16:04:42.349891 n-d-851892-1 devstack@placement-api.service[112367]: INFO placement.requestlog [req-6a96b149-f713-4d16-8c22-3ab90a97d0d8 req-0629dba9-29cc-4c94-b7ad-dc1e6764cd5c service placement] 10.222.0.49 "GET /placement/allocation_candidates?limit=1000&resources=DISK_GB%3A1%2CMEMORY_MB%3A1024%2CVCPU%3A1&root_required=%21COMPUTE_STATUS_DISABLED" status: 200 len: 1309 microversion: 1.36
Aug 02 16:04:42.351844 n-d-851892-1 devstack@placement-api.service[112367]: [pid: 112367|app: 0|req: 378/764] 10.222.0.49 () {60 vars in 1506 bytes} [Tue Aug 2 16:04:42 2022] GET /placement/allocation_candidates?limit=1000&resources=DISK_GB%3A1%2CMEMORY_MB%3A1024%2CVCPU%3A1&root_required=%21COMPUTE_STATUS_DISABLED => generated 1309 bytes in 321 msecs (HTTP/1.1 200) 8 headers in 297 bytes (1 switches on core 0)
Aug 02 16:04:42.470046 n-d-851892-1 devstack@placement-api.service[112368]: DEBUG placement.requestlog [req-6a96b149-f713-4d16-8c22-3ab90a97d0d8 req-90696205-92bc-469c-a123-b7eeb1d23b89 None None] Starting request: 10.222.0.49 "GET /placement/allocations/883cda16-6093-407e-a1ea-ee8eedd67371" {{(pid=112368) __call__ /opt/stack/placement/placement/requestlog.py:55}}
Aug 02 16:04:42.503641 n-d-851892-1 devstack@placement-api.service[112368]: INFO placement.requestlog [req-6a96b149-f713-4d16-8c22-3ab90a97d0d8 req-90696205-92bc-469c-a123-b7eeb1d23b89 service placement] 10.222.0.49 "GET /placement/allocations/883cda16-6093-407e-a1ea-ee8eedd67371" status: 200 len: 19 microversion: 1.28
Aug 02 16:04:42.503641 n-d-851892-1 devstack@placement-api.service[112368]: [pid: 112368|app: 0|req: 387/765] 10.222.0.49 () {60 vars in 1380 bytes} [Tue Aug 2 16:04:42 2022] GET /placement/allocations/883cda16-6093-407e-a1ea-ee8eedd67371 => generated 19 bytes in 24 msecs (HTTP/1.1 200) 8 headers in 295 bytes (1 switches on core 0)
Aug 02 16:04:42.503855 n-d-851892-1 devstack@placement-api.service[112367]: DEBUG placement.requestlog [req-6a96b149-f713-4d16-8c22-3ab90a97d0d8 req-26d756fc-1f0b-4958-9f3f-513704da2a19 None None] Starting request: 10.222.0.49 "PUT /placement/allocations/883cda16-6093-407e-a1ea-ee8eedd67371" {{(pid=112367) __call__ /opt/stack/placement/placement/requestlog.py:55}}
Aug 02 16:04:42.730250 n-d-851892-1 devstack@placement-api.service[112367]: DEBUG placement.handlers.allocation [req-6a96b149-f713-4d16-8c22-3ab90a97d0d8 req-26d756fc-1f0b-4958-9f3f-513704da2a19 service placement] Successfully wrote allocations [, , ] {{(pid=112367) _update_consumers_and_create_allocations /opt/stack/placement/placement/handlers/allocation.py:462}}
Aug 02 16:04:42.799905 n-d-851892-1 devstack@placement-api.service[112367]: INFO placement.requestlog [req-6a96b149-f713-4d16-8c22-3ab90a97d0d8 req-26d756fc-1f0b-4958-9f3f-513704da2a19 service placement] 10.222.0.49 "PUT /placement/allocations/883cda16-6093-407e-a1ea-ee8eedd67371" status: 204 len: 0 microversion: 1.36
Aug 02 16:04:42.800502 n-d-851892-1 devstack@placement-api.service[112367]: [pid: 112367|app: 0|req: 379/766] 10.222.0.49 () {64 vars in 1433 bytes} [Tue Aug 2 16:04:42 2022] PUT /placement/allocations/883cda16-6093-407e-a1ea-ee8eedd67371 => generated 0 bytes in 300 msecs (HTTP/1.1 204) 5 headers in 199 bytes (1 switches on core 0)
Aug 02 16:04:44.031924 n-d-851892-1 devstack@placement-api.service[112368]: DEBUG placement.requestlog [req-6a96b149-f713-4d16-8c22-3ab90a97d0d8 req-217a344a-2883-4538-90ec-34eb40f5d266 None None] Starting request: 10.222.0.67 "GET /placement/allocations/883cda16-6093-407e-a1ea-ee8eedd67371" {{(pid=112368) __call__ /opt/stack/placement/placement/requestlog.py:55}}
Aug 02 16:04:44.097912 n-d-851892-1 devstack@placement-api.service[112368]: INFO placement.requestlog [req-6a96b149-f713-4d16-8c22-3ab90a97d0d8 req-217a344a-2883-4538-90ec-34eb40f5d266 service placement] 10.222.0.67 "GET /placement/allocations/883cda16-6093-407e-a1ea-ee8eedd67371" status: 200 len: 259 microversion: 1.28
Aug 02 16:04:44.099746 n-d-851892-1 devstack@placement-api.service[112368]: [pid: 112368|app: 0|req: 388/767] 10.222.0.67 () {60 vars in 1377 bytes} [Tue Aug 2 16:04:44 2022] GET /placement/allocations/883cda16-6093-407e-a1ea-ee8eedd67371 => generated 259 bytes in 68 msecs (HTTP/1.1 200) 8 headers in 296 bytes (1 switches on core 0)
Aug 02 16:04:44.503323 n-d-851892-1 devstack@placement-api.service[112367]: DEBUG placement.requestlog [req-4012eb47-0de6-4dc3-a871-dc8270a120b8 req-0ad34b57-bc3d-47b7-a47f-2adf85ddd80f None None] Starting request: 10.222.0.46 "DELETE /placement/allocations/e16042b9-37e5-4376-8c97-90c8791e3478" {{(pid=112367) __call__ /opt/stack/placement/placement/requestlog.py:55}}
Aug 02 16:04:44.637672 n-d-851892-1 devstack@placement-api.service[112367]: DEBUG dbcounter [-] [112367] Writing DB stats placement:SELECT=77,placement:INSERT=10,placement:DELETE=9,placement:UPDATE=4 {{(pid=112367) stat_writer /usr/local/lib/python3.8/dist-packages/dbcounter.py:114}}
Aug 02 16:04:44.708860 n-d-851892-1 devstack@placement-api.service[112367]: DEBUG placement.handlers.allocation [req-4012eb47-0de6-4dc3-a871-dc8270a120b8 req-0ad34b57-bc3d-47b7-a47f-2adf85ddd80f service placement] Successfully deleted allocations [, , ] {{(pid=112367) delete_allocations /opt/stack/placement/placement/handlers/allocation.py:627}}
Aug 02 16:04:44.709603 n-d-851892-1 devstack@placement-api.service[112367]: INFO placement.requestlog [req-4012eb47-0de6-4dc3-a871-dc8270a120b8 req-0ad34b57-bc3d-47b7-a47f-2adf85ddd80f service placement] 10.222.0.46 "DELETE /placement/allocations/e16042b9-37e5-4376-8c97-90c8791e3478" status: 204 len: 0 microversion: 1.0
Aug 02 16:04:44.719858 n-d-851892-1 devstack@placement-api.service[112367]: [pid: 112367|app: 0|req: 380/768] 10.222.0.46 () {60 vars in 1355 bytes} [Tue Aug 2 16:04:44 2022] DELETE /placement/allocations/e16042b9-37e5-4376-8c97-90c8791e3478 => generated 0 bytes in 207 msecs (HTTP/1.1 204) 5 headers in 198 bytes (1 switches on core 0)
Aug 02 16:04:54.066864 n-d-851892-1 devstack@placement-api.service[112368]: DEBUG dbcounter [-] [112368] Writing DB stats placement:SELECT=60,placement:INSERT=4,placement:DELETE=4,placement:UPDATE=2 {{(pid=112368) stat_writer /usr/local/lib/python3.8/dist-packages/dbcounter.py:114}}
Aug 02 16:04:54.282713 n-d-851892-1 devstack@placement-api.service[112368]: DEBUG placement.requestlog [req-d621c98a-2971-48f9-900f-5f89058d46b2 req-273b3931-76e0-4f4b-b3b4-22e626fecd84 None None] Starting request: 10.222.0.49 "GET /placement/allocation_candidates?limit=1000&resources=DISK_GB%3A1%2CMEMORY_MB%3A1024%2CVCPU%3A1&root_required=%21COMPUTE_STATUS_DISABLED" {{(pid=112368) __call__ /opt/stack/placement/placement/requestlog.py:55}}
Aug 02 16:04:54.348216 n-d-851892-1 devstack@placement-api.service[112368]: DEBUG placement.objects.research_context [req-d621c98a-2971-48f9-900f-5f89058d46b2 req-273b3931-76e0-4f4b-b3b4-22e626fecd84 service placement] getting providers with 1 DISK_GB {{(pid=112368) __init__ /opt/stack/placement/placement/objects/research_context.py:136}}
Aug 02 16:04:54.356941 n-d-851892-1 devstack@placement-api.service[112368]: DEBUG placement.objects.research_context [req-d621c98a-2971-48f9-900f-5f89058d46b2 req-273b3931-76e0-4f4b-b3b4-22e626fecd84 service placement] getting providers with 1024 MEMORY_MB {{(pid=112368) __init__ /opt/stack/placement/placement/objects/research_context.py:136}}
Aug 02 16:04:54.364653 n-d-851892-1 devstack@placement-api.service[112368]: DEBUG placement.objects.research_context [req-d621c98a-2971-48f9-900f-5f89058d46b2 req-273b3931-76e0-4f4b-b3b4-22e626fecd84 service placement] getting providers with 1 VCPU {{(pid=112368) __init__ /opt/stack/placement/placement/objects/research_context.py:136}}
Aug 02 16:04:54.373497 n-d-851892-1 devstack@placement-api.service[112368]: DEBUG placement.objects.research_context [req-d621c98a-2971-48f9-900f-5f89058d46b2 req-273b3931-76e0-4f4b-b3b4-22e626fecd84 service placement] found 2 providers with available 1 DISK_GB {{(pid=112368) get_provider_ids_matching /opt/stack/placement/placement/objects/research_context.py:563}}
Aug 02 16:04:54.374032 n-d-851892-1 devstack@placement-api.service[112368]: DEBUG placement.objects.research_context [req-d621c98a-2971-48f9-900f-5f89058d46b2 req-273b3931-76e0-4f4b-b3b4-22e626fecd84 service placement] found 2 providers with available 1024 MEMORY_MB {{(pid=112368) get_provider_ids_matching /opt/stack/placement/placement/objects/research_context.py:563}}
Aug 02 16:04:54.374704 n-d-851892-1 devstack@placement-api.service[112368]: DEBUG placement.objects.research_context [req-d621c98a-2971-48f9-900f-5f89058d46b2 req-273b3931-76e0-4f4b-b3b4-22e626fecd84 service placement] found 2 providers after filtering by previous result {{(pid=112368) get_provider_ids_matching /opt/stack/placement/placement/objects/research_context.py:594}}
Aug 02 16:04:54.375192 n-d-851892-1 devstack@placement-api.service[112368]: DEBUG placement.objects.research_context [req-d621c98a-2971-48f9-900f-5f89058d46b2 req-273b3931-76e0-4f4b-b3b4-22e626fecd84 service placement] found 2 providers with available 1 VCPU {{(pid=112368) get_provider_ids_matching /opt/stack/placement/placement/objects/research_context.py:563}}
Aug 02 16:04:54.375717 n-d-851892-1 devstack@placement-api.service[112368]: DEBUG placement.objects.research_context [req-d621c98a-2971-48f9-900f-5f89058d46b2 req-273b3931-76e0-4f4b-b3b4-22e626fecd84 service placement] found 2 providers after filtering by previous result {{(pid=112368) get_provider_ids_matching /opt/stack/placement/placement/objects/research_context.py:594}}
Aug 02 16:04:54.421658 n-d-851892-1 devstack@placement-api.service[112368]: DEBUG placement.objects.allocation_candidate [req-d621c98a-2971-48f9-900f-5f89058d46b2 req-273b3931-76e0-4f4b-b3b4-22e626fecd84 service placement] RequestGroup(use_same_provider=False, resources={DISK_GB:1, MEMORY_MB:1024, VCPU:1}, traits=(), aggregates=[]) (suffix '') returned 2 matches {{(pid=112368) _get_by_requests /opt/stack/placement/placement/objects/allocation_candidate.py:156}}
Aug 02 16:04:54.422612 n-d-851892-1 devstack@placement-api.service[112368]: DEBUG placement.objects.allocation_candidate [req-d621c98a-2971-48f9-900f-5f89058d46b2 req-273b3931-76e0-4f4b-b3b4-22e626fecd84 service placement] Merging candidates yields 2 allocation requests and 2 provider summaries {{(pid=112368) _merge_candidates /opt/stack/placement/placement/objects/allocation_candidate.py:809}}
Aug 02 16:04:54.425037 n-d-851892-1 devstack@placement-api.service[112368]: INFO placement.requestlog [req-d621c98a-2971-48f9-900f-5f89058d46b2 req-273b3931-76e0-4f4b-b3b4-22e626fecd84 service placement] 10.222.0.49 "GET /placement/allocation_candidates?limit=1000&resources=DISK_GB%3A1%2CMEMORY_MB%3A1024%2CVCPU%3A1&root_required=%21COMPUTE_STATUS_DISABLED" status: 200 len: 1309 microversion: 1.36
Aug 02 16:04:54.427866 n-d-851892-1 devstack@placement-api.service[112368]: [pid: 112368|app: 0|req: 389/769] 10.222.0.49 () {60 vars in 1506 bytes} [Tue Aug 2 16:04:54 2022] GET /placement/allocation_candidates?limit=1000&resources=DISK_GB%3A1%2CMEMORY_MB%3A1024%2CVCPU%3A1&root_required=%21COMPUTE_STATUS_DISABLED => generated 1309 bytes in 145 msecs (HTTP/1.1 200) 8 headers in 297 bytes (1 switches on core 0)
Aug 02 16:04:54.555331 n-d-851892-1 devstack@placement-api.service[112367]: DEBUG placement.requestlog [req-d621c98a-2971-48f9-900f-5f89058d46b2 req-d3d44bba-0713-4e7b-ac9d-00468db3cb71 None None] Starting request: 10.222.0.49 "GET /placement/allocations/27712588-7072-458e-962e-41bac7fc2760" {{(pid=112367) __call__ /opt/stack/placement/placement/requestlog.py:55}}
Aug 02 16:04:54.572228 n-d-851892-1 devstack@placement-api.service[112367]: INFO placement.requestlog [req-d621c98a-2971-48f9-900f-5f89058d46b2 req-d3d44bba-0713-4e7b-ac9d-00468db3cb71 service placement] 10.222.0.49 "GET /placement/allocations/27712588-7072-458e-962e-41bac7fc2760" status: 200 len: 19 microversion: 1.28
Aug 02 16:04:54.575871 n-d-851892-1 devstack@placement-api.service[112367]: [pid: 112367|app: 0|req: 381/770] 10.222.0.49 () {60 vars in 1380 bytes} [Tue Aug 2 16:04:54 2022] GET /placement/allocations/27712588-7072-458e-962e-41bac7fc2760 => generated 19 bytes in 21 msecs (HTTP/1.1 200) 8 headers in 295 bytes (1 switches on core 0)
Aug 02 16:04:54.584458 n-d-851892-1 devstack@placement-api.service[112368]: DEBUG placement.requestlog [req-d621c98a-2971-48f9-900f-5f89058d46b2 req-c65240d0-0e22-456a-a5c7-f9cf9d69d627 None None] Starting request: 10.222.0.49 "PUT /placement/allocations/27712588-7072-458e-962e-41bac7fc2760" {{(pid=112368) __call__ /opt/stack/placement/placement/requestlog.py:55}}
Aug 02 16:04:54.752269 n-d-851892-1 devstack@placement-api.service[112367]: DEBUG placement.requestlog [None req-e8e662b9-47c9-49eb-b104-bcffae8564c8 None None] Starting request: 10.222.0.49 "GET /placement/resource_providers/97e44c79-0f72-406b-9f1b-e8d42a69edc5/aggregates" {{(pid=112367) __call__ /opt/stack/placement/placement/requestlog.py:55}}
Aug 02 16:04:54.787532 n-d-851892-1 devstack@placement-api.service[112367]: INFO placement.requestlog [None req-e8e662b9-47c9-49eb-b104-bcffae8564c8 service placement] 10.222.0.49 "GET /placement/resource_providers/97e44c79-0f72-406b-9f1b-e8d42a69edc5/aggregates" status: 404 len: 235 microversion: 1.1
Aug 02 16:04:54.788429 n-d-851892-1 devstack@placement-api.service[112367]: [pid: 112367|app: 0|req: 382/771] 10.222.0.49 () {58 vars in 1362 bytes} [Tue Aug 2 16:04:54 2022] GET /placement/resource_providers/97e44c79-0f72-406b-9f1b-e8d42a69edc5/aggregates => generated 235 bytes in 36 msecs (HTTP/1.1 404) 5 headers in 202 bytes (2 switches on core 0)
Aug 02 16:04:54.824662 n-d-851892-1 devstack@placement-api.service[112367]: DEBUG placement.requestlog [None req-eebe8356-b0aa-48eb-abc6-6b72b1b69e2e None None] Starting request: 10.222.0.49 "DELETE /placement/resource_providers/97e44c79-0f72-406b-9f1b-e8d42a69edc5" {{(pid=112367) __call__ /opt/stack/placement/placement/requestlog.py:55}}
Aug 02 16:04:54.834829 n-d-851892-1 devstack@placement-api.service[112367]: DEBUG placement.wsgi_wrapper [None req-eebe8356-b0aa-48eb-abc6-6b72b1b69e2e service placement] Placement API returning an error response: No resource provider with uuid 97e44c79-0f72-406b-9f1b-e8d42a69edc5 found for delete {{(pid=112367) call_func /opt/stack/placement/placement/wsgi_wrapper.py:31}}
Aug 02 16:04:54.835861 n-d-851892-1 devstack@placement-api.service[112367]: INFO placement.requestlog [None req-eebe8356-b0aa-48eb-abc6-6b72b1b69e2e service placement] 10.222.0.49 "DELETE /placement/resource_providers/97e44c79-0f72-406b-9f1b-e8d42a69edc5" status: 404 len: 246 microversion: 1.1
Aug 02 16:04:54.836672 n-d-851892-1 devstack@placement-api.service[112367]: [pid: 112367|app: 0|req: 383/772] 10.222.0.49 () {60 vars in 1351 bytes} [Tue Aug 2 16:04:54 2022] DELETE /placement/resource_providers/97e44c79-0f72-406b-9f1b-e8d42a69edc5 => generated 246 bytes in 12 msecs (HTTP/1.1 404) 6 headers in 231 bytes (1 switches on core 0)
Aug 02 16:04:55.057560 n-d-851892-1 devstack@placement-api.service[112368]: DEBUG placement.handlers.allocation [req-d621c98a-2971-48f9-900f-5f89058d46b2 req-c65240d0-0e22-456a-a5c7-f9cf9d69d627 service placement] Successfully wrote allocations [, , ] {{(pid=112368) _update_consumers_and_create_allocations /opt/stack/placement/placement/handlers/allocation.py:462}}
Aug 02 16:04:55.137352 n-d-851892-1 devstack@placement-api.service[112368]: INFO placement.requestlog [req-d621c98a-2971-48f9-900f-5f89058d46b2 req-c65240d0-0e22-456a-a5c7-f9cf9d69d627 service placement] 10.222.0.49 "PUT /placement/allocations/27712588-7072-458e-962e-41bac7fc2760" status: 204 len: 0 microversion: 1.36
Aug 02 16:04:55.142117 n-d-851892-1 devstack@placement-api.service[112368]: [pid: 112368|app: 0|req: 390/773] 10.222.0.49 () {64 vars in 1433 bytes} [Tue Aug 2 16:04:54 2022] PUT /placement/allocations/27712588-7072-458e-962e-41bac7fc2760 => generated 0 bytes in 556 msecs (HTTP/1.1 204) 5 headers in 199 bytes (1 switches on core 0)
Aug 02 16:04:56.602441 n-d-851892-1 devstack@placement-api.service[112367]: DEBUG placement.requestlog [req-d621c98a-2971-48f9-900f-5f89058d46b2 req-a7e06d5d-6eea-471a-8500-35fc07f6dbf6 None None] Starting request: 10.222.0.46 "GET /placement/allocations/27712588-7072-458e-962e-41bac7fc2760" {{(pid=112367) __call__ /opt/stack/placement/placement/requestlog.py:55}}
Aug 02 16:04:56.636257 n-d-851892-1 devstack@placement-api.service[112367]: INFO placement.requestlog [req-d621c98a-2971-48f9-900f-5f89058d46b2 req-a7e06d5d-6eea-471a-8500-35fc07f6dbf6 service placement] 10.222.0.46 "GET /placement/allocations/27712588-7072-458e-962e-41bac7fc2760" status: 200 len: 259 microversion: 1.28
Aug 02 16:04:56.636645 n-d-851892-1 devstack@placement-api.service[112367]: [pid: 112367|app: 0|req: 384/774] 10.222.0.46 () {60 vars in 1377 bytes} [Tue Aug 2 16:04:56 2022] GET /placement/allocations/27712588-7072-458e-962e-41bac7fc2760 => generated 259 bytes in 34 msecs (HTTP/1.1 200) 8 headers in 296 bytes (1 switches on core 0)
Aug 02 16:04:58.277285 n-d-851892-1 devstack@placement-api.service[112368]: DEBUG placement.requestlog [req-b05e8dba-ccb8-41e0-ae3b-6923f0c2f4b3 req-82a13e15-1a63-4392-bf5e-8d074349e125 None None] Starting request: 10.222.0.49 "GET /placement/allocation_candidates?limit=1000&resources=MEMORY_MB%3A1024%2CVCPU%3A1&root_required=%21COMPUTE_STATUS_DISABLED" {{(pid=112368) __call__ /opt/stack/placement/placement/requestlog.py:55}}
Aug 02 16:04:58.345060 n-d-851892-1 devstack@placement-api.service[112368]: DEBUG placement.objects.research_context [req-b05e8dba-ccb8-41e0-ae3b-6923f0c2f4b3 req-82a13e15-1a63-4392-bf5e-8d074349e125 service placement] getting providers with 1024 MEMORY_MB {{(pid=112368) __init__ /opt/stack/placement/placement/objects/research_context.py:136}}
Aug 02 16:04:58.351568 n-d-851892-1 devstack@placement-api.service[112368]: DEBUG placement.objects.research_context [req-b05e8dba-ccb8-41e0-ae3b-6923f0c2f4b3 req-82a13e15-1a63-4392-bf5e-8d074349e125 service placement] getting providers with 1 VCPU {{(pid=112368) __init__ /opt/stack/placement/placement/objects/research_context.py:136}}
Aug 02 16:04:58.358464 n-d-851892-1 devstack@placement-api.service[112368]: DEBUG placement.objects.research_context [req-b05e8dba-ccb8-41e0-ae3b-6923f0c2f4b3 req-82a13e15-1a63-4392-bf5e-8d074349e125 service placement] found 2 providers with available 1024 MEMORY_MB {{(pid=112368) get_provider_ids_matching /opt/stack/placement/placement/objects/research_context.py:563}}
Aug 02 16:04:58.358736 n-d-851892-1 devstack@placement-api.service[112368]: DEBUG placement.objects.research_context [req-b05e8dba-ccb8-41e0-ae3b-6923f0c2f4b3 req-82a13e15-1a63-4392-bf5e-8d074349e125 service placement] found 2 providers with available 1 VCPU {{(pid=112368) get_provider_ids_matching /opt/stack/placement/placement/objects/research_context.py:563}}
Aug 02 16:04:58.359189 n-d-851892-1 devstack@placement-api.service[112368]: DEBUG placement.objects.research_context [req-b05e8dba-ccb8-41e0-ae3b-6923f0c2f4b3 req-82a13e15-1a63-4392-bf5e-8d074349e125 service placement] found 2 providers after filtering by previous result {{(pid=112368) get_provider_ids_matching /opt/stack/placement/placement/objects/research_context.py:594}}
Aug 02 16:04:58.372157 n-d-851892-1 devstack@placement-api.service[112368]: DEBUG placement.objects.allocation_candidate [req-b05e8dba-ccb8-41e0-ae3b-6923f0c2f4b3 req-82a13e15-1a63-4392-bf5e-8d074349e125 service placement] RequestGroup(use_same_provider=False, resources={MEMORY_MB:1024, VCPU:1}, traits=(), aggregates=[]) (suffix '') returned 2 matches {{(pid=112368) _get_by_requests /opt/stack/placement/placement/objects/allocation_candidate.py:156}}
Aug 02 16:04:58.372756 n-d-851892-1 devstack@placement-api.service[112368]: DEBUG placement.objects.allocation_candidate [req-b05e8dba-ccb8-41e0-ae3b-6923f0c2f4b3 req-82a13e15-1a63-4392-bf5e-8d074349e125 service placement] Merging candidates yields 2 allocation requests and 2 provider summaries {{(pid=112368) _merge_candidates /opt/stack/placement/placement/objects/allocation_candidate.py:809}}
Aug 02 16:04:58.374422 n-d-851892-1 devstack@placement-api.service[112368]: INFO placement.requestlog [req-b05e8dba-ccb8-41e0-ae3b-6923f0c2f4b3 req-82a13e15-1a63-4392-bf5e-8d074349e125 service placement] 10.222.0.49 "GET /placement/allocation_candidates?limit=1000&resources=MEMORY_MB%3A1024%2CVCPU%3A1&root_required=%21COMPUTE_STATUS_DISABLED" status: 200 len: 1281 microversion: 1.36
Aug 02 16:04:58.375127 n-d-851892-1 devstack@placement-api.service[112368]: [pid: 112368|app: 0|req: 391/775] 10.222.0.49 () {60 vars in 1478 bytes} [Tue Aug 2 16:04:58 2022] GET /placement/allocation_candidates?limit=1000&resources=MEMORY_MB%3A1024%2CVCPU%3A1&root_required=%21COMPUTE_STATUS_DISABLED => generated 1281 bytes in 101 msecs (HTTP/1.1 200) 8 headers in 297 bytes (1 switches on core 0)
Aug 02 16:04:58.503783 n-d-851892-1 devstack@placement-api.service[112367]: DEBUG placement.requestlog [req-b05e8dba-ccb8-41e0-ae3b-6923f0c2f4b3 req-a965a4e7-41a6-43e7-b6ba-3fc784213d77 None None] Starting request: 10.222.0.49 "GET /placement/allocations/d157da06-c440-4be9-9b10-b40f7e991223" {{(pid=112367) __call__ /opt/stack/placement/placement/requestlog.py:55}}
Aug 02 16:04:58.515583 n-d-851892-1 devstack@placement-api.service[112367]: INFO placement.requestlog [req-b05e8dba-ccb8-41e0-ae3b-6923f0c2f4b3 req-a965a4e7-41a6-43e7-b6ba-3fc784213d77 service placement] 10.222.0.49 "GET /placement/allocations/d157da06-c440-4be9-9b10-b40f7e991223" status: 200 len: 19 microversion: 1.28
Aug 02 16:04:58.516251 n-d-851892-1 devstack@placement-api.service[112367]: [pid: 112367|app: 0|req: 385/776] 10.222.0.49 () {60 vars in 1380 bytes} [Tue Aug 2 16:04:58 2022] GET /placement/allocations/d157da06-c440-4be9-9b10-b40f7e991223 => generated 19 bytes in 13 msecs (HTTP/1.1 200) 8 headers in 295 bytes (1 switches on core 0)
Aug 02 16:04:58.522427 n-d-851892-1 devstack@placement-api.service[112368]: DEBUG placement.requestlog [req-b05e8dba-ccb8-41e0-ae3b-6923f0c2f4b3 req-627832b7-7470-4c71-bccf-bb808ed69bdb None None] Starting request: 10.222.0.49 "PUT /placement/allocations/d157da06-c440-4be9-9b10-b40f7e991223" {{(pid=112368) __call__ /opt/stack/placement/placement/requestlog.py:55}}
Aug 02 16:04:58.891835 n-d-851892-1 devstack@placement-api.service[112368]: DEBUG placement.handlers.allocation [req-b05e8dba-ccb8-41e0-ae3b-6923f0c2f4b3 req-627832b7-7470-4c71-bccf-bb808ed69bdb service placement] Successfully wrote allocations [, ] {{(pid=112368) _update_consumers_and_create_allocations /opt/stack/placement/placement/handlers/allocation.py:462}}
Aug 02 16:04:58.953325 n-d-851892-1 devstack@placement-api.service[112368]: INFO placement.requestlog [req-b05e8dba-ccb8-41e0-ae3b-6923f0c2f4b3 req-627832b7-7470-4c71-bccf-bb808ed69bdb service placement] 10.222.0.49 "PUT /placement/allocations/d157da06-c440-4be9-9b10-b40f7e991223" status: 204 len: 0 microversion: 1.36
Aug 02 16:04:58.954179 n-d-851892-1 devstack@placement-api.service[112368]: [pid: 112368|app: 0|req: 392/777] 10.222.0.49 () {64 vars in 1433 bytes} [Tue Aug 2 16:04:58 2022] PUT /placement/allocations/d157da06-c440-4be9-9b10-b40f7e991223 => generated 0 bytes in 432 msecs (HTTP/1.1 204) 5 headers in 199 bytes (1 switches on core 0)
Aug 02 16:05:00.564802 n-d-851892-1 devstack@placement-api.service[112367]: DEBUG placement.requestlog [req-b05e8dba-ccb8-41e0-ae3b-6923f0c2f4b3 req-ff15ce1f-7c34-4e11-906d-349f697ae7be None None] Starting request: 10.222.0.67 "GET /placement/allocations/d157da06-c440-4be9-9b10-b40f7e991223" {{(pid=112367) __call__ /opt/stack/placement/placement/requestlog.py:55}}
Aug 02 16:05:00.625022 n-d-851892-1 devstack@placement-api.service[112367]: INFO placement.requestlog [req-b05e8dba-ccb8-41e0-ae3b-6923f0c2f4b3 req-ff15ce1f-7c34-4e11-906d-349f697ae7be service placement] 10.222.0.67 "GET /placement/allocations/d157da06-c440-4be9-9b10-b40f7e991223" status: 200 len: 245 microversion: 1.28
Aug 02 16:05:00.627256 n-d-851892-1 devstack@placement-api.service[112367]: [pid: 112367|app: 0|req: 386/778] 10.222.0.67 () {60 vars in 1377 bytes} [Tue Aug 2 16:05:00 2022] GET /placement/allocations/d157da06-c440-4be9-9b10-b40f7e991223 => generated 245 bytes in 63 msecs (HTTP/1.1 200) 8 headers in 296 bytes (1 switches on core 0)
Aug 02 16:05:08.891946 n-d-851892-1 devstack@placement-api.service[112368]: DEBUG dbcounter [-] [112368] Writing DB stats placement:SELECT=53,placement:INSERT=11,placement:DELETE=4,placement:UPDATE=4 {{(pid=112368) stat_writer /usr/local/lib/python3.8/dist-packages/dbcounter.py:114}}
Aug 02 16:05:09.468628 n-d-851892-1 devstack@placement-api.service[112368]: DEBUG placement.requestlog [req-6ce69fea-37a3-4bfc-8f95-4b284054cd34 req-b693f878-bbeb-4aae-9b5d-c6d7e5da59a9 None None] Starting request: 10.222.0.67 "DELETE /placement/allocations/883cda16-6093-407e-a1ea-ee8eedd67371" {{(pid=112368) __call__ /opt/stack/placement/placement/requestlog.py:55}}
Aug 02 16:05:09.769833 n-d-851892-1 devstack@placement-api.service[112368]: DEBUG placement.handlers.allocation [req-6ce69fea-37a3-4bfc-8f95-4b284054cd34 req-b693f878-bbeb-4aae-9b5d-c6d7e5da59a9 service placement] Successfully deleted allocations [, , ] {{(pid=112368) delete_allocations /opt/stack/placement/placement/handlers/allocation.py:627}}
Aug 02 16:05:09.770329 n-d-851892-1 devstack@placement-api.service[112368]: INFO placement.requestlog [req-6ce69fea-37a3-4bfc-8f95-4b284054cd34 req-b693f878-bbeb-4aae-9b5d-c6d7e5da59a9 service placement] 10.222.0.67 "DELETE /placement/allocations/883cda16-6093-407e-a1ea-ee8eedd67371" status: 204 len: 0 microversion: 1.0
Aug 02 16:05:09.776062 n-d-851892-1 devstack@placement-api.service[112368]: [pid: 112368|app: 0|req: 393/779] 10.222.0.67 () {60 vars in 1355 bytes} [Tue Aug 2 16:05:09 2022] DELETE /placement/allocations/883cda16-6093-407e-a1ea-ee8eedd67371 => generated 0 bytes in 302 msecs (HTTP/1.1 204) 5 headers in 198 bytes (1 switches on core 0)
