Aug 03 13:49:11.577466 n-d-851832-4 devstack@keystone.service[80728]: ERROR keystone.server.flask.application return self._get_role(session, role_id).to_dict()
Aug 03 13:49:11.577466 n-d-851832-4 devstack@keystone.service[80728]: ERROR keystone.server.flask.application
File "/opt/stack/keystone/keystone/assignment/role_backends/sql.py", line 65, in _get_role
Aug 03 13:49:11.577466 n-d-851832-4 devstack@keystone.service[80728]: ERROR keystone.server.flask.application raise exception.RoleNotFound(role_id=role_id)
Aug 03 13:49:11.577466 n-d-851832-4 devstack@keystone.service[80728]: ERROR keystone.server.flask.application keystone.exception.RoleNotFound: Could not find role: admin.
Aug 03 13:49:11.577466 n-d-851832-4 devstack@keystone.service[80728]: ERROR keystone.server.flask.application
Aug 03 13:49:11.577466 n-d-851832-4 devstack@keystone.service[80728]: [pid: 80728|app: 0|req: 123/248] 10.222.0.46 () {56 vars in 1096 bytes} [Wed Aug 3 13:49:11 2022] GET /identity/v3/roles/admin => generated 83 bytes in 234 msecs (HTTP/1.1 404) 5 headers in 183 bytes (2 switches on core 0)
Aug 03 13:49:11.586887 n-d-851832-4 devstack@keystone.service[80728]: DEBUG keystone.server.flask.request_processing.middleware.auth_context [None req-36bdf53f-4d25-4be9-86c7-dc674d17168d None admin] Authenticating user token {{(pid=80728) process_request /usr/local/lib/python3.8/dist-packages/keystonemiddleware/auth_token/__init__.py:407}}
Aug 03 13:49:11.609257 n-d-851832-4 devstack@keystone.service[80729]: DEBUG keystone.server.flask.request_processing.middleware.auth_context [None req-6093ff99-21f9-48a8-b750-340f95410520 None admin] Validating token access rules against request {{(pid=80729) validate_allowed_request /usr/local/lib/python3.8/dist-packages/keystonemiddleware/auth_token/__init__.py:545}}
Aug 03 13:49:11.658063 n-d-851832-4 devstack@keystone.service[80729]: DEBUG keystone.server.flask.request_processing.middleware.auth_context [None req-84ff49d3-ded4-4152-849e-c6eae440aa61 None admin] RBAC: auth_context: {'token': , 'domain_id': None, 'trust_id': None, 'trustor_id': None, 'trustee_id': None, 'domain_name': None, 'group_ids': [], 'user_id': 'ee1792b0a2e24b5584ca2dad149e1d01', 'user_domain_id': 'default', 'system_scope': 'all', 'project_id': None, 'project_domain_id': None, 'roles': ['admin', 'member', 'reader'], 'is_admin_project': True, 'service_user_id': None, 'service_user_domain_id': None, 'service_project_id': None, 'service_project_domain_id': None, 'service_roles': []} {{(pid=80729) fill_context /opt/stack/keystone/keystone/server/flask/request_processing/middleware/auth_context.py:478}}
Aug 03 13:49:11.659353 n-d-851832-4 devstack@keystone.service[80729]: DEBUG keystone.server.flask.request_processing.req_logging [None req-84ff49d3-ded4-4152-849e-c6eae440aa61 None admin] REQUEST_METHOD: `GET` {{(pid=80729) log_request_info /opt/stack/keystone/keystone/server/flask/request_processing/req_logging.py:27}}
Aug 03 13:49:11.660014 n-d-851832-4 devstack@keystone.service[80729]: DEBUG keystone.server.flask.request_processing.req_logging [None req-84ff49d3-ded4-4152-849e-c6eae440aa61 None admin] SCRIPT_NAME: `/identity` {{(pid=80729) log_request_info /opt/stack/keystone/keystone/server/flask/request_processing/req_logging.py:28}}
Aug 03 13:49:11.660014 n-d-851832-4 devstack@keystone.service[80729]: DEBUG keystone.server.flask.request_processing.req_logging [None req-84ff49d3-ded4-4152-849e-c6eae440aa61 None admin] PATH_INFO: `/v3/role_assignments` {{(pid=80729) log_request_info /opt/stack/keystone/keystone/server/flask/request_processing/req_logging.py:29}}
Aug 03 13:49:11.662728 n-d-851832-4 devstack@keystone.service[80729]: DEBUG keystone.common.rbac_enforcer.enforcer [None req-84ff49d3-ded4-4152-849e-c6eae440aa61 None admin] RBAC: Adding query filter params (role.id=1980da4b37bc4f41913356b483f28db4, scope.project.id=1b2f4921ce844eae8c776ae2473e70ea, user.id=60e9acba47ee428b95c1bf5730b35b7d) {{(pid=80729) _extract_filter_values /opt/stack/keystone/keystone/common/rbac_enforcer/enforcer.py:167}}
Aug 03 13:49:11.663054 n-d-851832-4 devstack@keystone.service[80729]: DEBUG keystone.common.rbac_enforcer.enforcer [None req-84ff49d3-ded4-4152-849e-c6eae440aa61 None admin] RBAC: Authorizing `identity:list_role_assignments()` {{(pid=80729) enforce_call /opt/stack/keystone/keystone/common/rbac_enforcer/enforcer.py:449}}
Aug 03 13:49:11.664561 n-d-851832-4 devstack@keystone.service[80729]: DEBUG keystone.common.rbac_enforcer.enforcer [None req-84ff49d3-ded4-4152-849e-c6eae440aa61 None admin] RBAC: Authorization granted {{(pid=80729) enforce_call /opt/stack/keystone/keystone/common/rbac_enforcer/enforcer.py:457}}
Aug 03 13:49:11.670973 n-d-851832-4 devstack@keystone.service[80729]: [pid: 80729|app: 0|req: 126/249] 10.222.0.46 () {56 vars in 1374 bytes} [Wed Aug 3 13:49:11 2022] GET /identity/v3/role_assignments?user.id=60e9acba47ee428b95c1bf5730b35b7d&scope.project.id=1b2f4921ce844eae8c776ae2473e70ea&role.id=1980da4b37bc4f41913356b483f28db4 => generated 259 bytes in 221 msecs (HTTP/1.1 200) 5 headers in 177 bytes (1 switches on core 0)
Aug 03 13:49:11.711820 n-d-851832-4 devstack@keystone.service[80728]: DEBUG keystone.server.flask.request_processing.middleware.auth_context [None req-36bdf53f-4d25-4be9-86c7-dc674d17168d None admin] Validating token access rules against request {{(pid=80728) validate_allowed_request /usr/local/lib/python3.8/dist-packages/keystonemiddleware/auth_token/__init__.py:545}}
Aug 03 13:49:11.754771 n-d-851832-4 devstack@keystone.service[80728]: DEBUG keystone.server.flask.request_processing.middleware.auth_context [None req-0e5a4a1d-b401-4d73-98b7-39980633298f None admin] RBAC: auth_context: {'token': , 'domain_id': None, 'trust_id': None, 'trustor_id': None, 'trustee_id': None, 'domain_name': None, 'group_ids': [], 'user_id': 'ee1792b0a2e24b5584ca2dad149e1d01', 'user_domain_id': 'default', 'system_scope': 'all', 'project_id': None, 'project_domain_id': None, 'roles': ['admin', 'member', 'reader'], 'is_admin_project': True, 'service_user_id': None, 'service_user_domain_id': None, 'service_project_id': None, 'service_project_domain_id': None, 'service_roles': []} {{(pid=80728) fill_context /opt/stack/keystone/keystone/server/flask/request_processing/middleware/auth_context.py:478}}
Aug 03 13:49:11.755781 n-d-851832-4 devstack@keystone.service[80728]: DEBUG keystone.server.flask.request_processing.req_logging [None req-0e5a4a1d-b401-4d73-98b7-39980633298f None admin] REQUEST_METHOD: `GET` {{(pid=80728) log_request_info /opt/stack/keystone/keystone/server/flask/request_processing/req_logging.py:27}}
Aug 03 13:49:11.756293 n-d-851832-4 devstack@keystone.service[80728]: DEBUG keystone.server.flask.request_processing.req_logging [None req-0e5a4a1d-b401-4d73-98b7-39980633298f None admin] SCRIPT_NAME: `/identity` {{(pid=80728) log_request_info /opt/stack/keystone/keystone/server/flask/request_processing/req_logging.py:28}}
Aug 03 13:49:11.756765 n-d-851832-4 devstack@keystone.service[80728]: DEBUG keystone.server.flask.request_processing.req_logging [None req-0e5a4a1d-b401-4d73-98b7-39980633298f None admin] PATH_INFO: `/v3/roles` {{(pid=80728) log_request_info /opt/stack/keystone/keystone/server/flask/request_processing/req_logging.py:29}}
Aug 03 13:49:11.757716 n-d-851832-4 devstack@keystone.service[80728]: DEBUG keystone.common.rbac_enforcer.enforcer [None req-0e5a4a1d-b401-4d73-98b7-39980633298f None admin] RBAC: Adding query filter params (name=admin) {{(pid=80728) _extract_filter_values /opt/stack/keystone/keystone/common/rbac_enforcer/enforcer.py:167}}
Aug 03 13:49:11.758223 n-d-851832-4 devstack@keystone.service[80728]: DEBUG keystone.common.rbac_enforcer.enforcer [None req-0e5a4a1d-b401-4d73-98b7-39980633298f None admin] RBAC: Authorizing `identity:list_roles()` {{(pid=80728) enforce_call /opt/stack/keystone/keystone/common/rbac_enforcer/enforcer.py:449}}
Aug 03 13:49:11.759924 n-d-851832-4 devstack@keystone.service[80728]: DEBUG keystone.common.rbac_enforcer.enforcer [None req-0e5a4a1d-b401-4d73-98b7-39980633298f None admin] RBAC: Authorization granted {{(pid=80728) enforce_call /opt/stack/keystone/keystone/common/rbac_enforcer/enforcer.py:457}}
Aug 03 13:49:11.770221 n-d-851832-4 devstack@keystone.service[80728]: [pid: 80728|app: 0|req: 124/250] 10.222.0.46 () {56 vars in 1099 bytes} [Wed Aug 3 13:49:11 2022] GET /identity/v3/roles?name=admin => generated 339 bytes in 184 msecs (HTTP/1.1 200) 5 headers in 177 bytes (1 switches on core 0)
Aug 03 13:49:11.776464 n-d-851832-4 devstack@keystone.service[80729]: DEBUG keystone.server.flask.request_processing.middleware.auth_context [None req-84ff49d3-ded4-4152-849e-c6eae440aa61 None admin] Authenticating user token {{(pid=80729) process_request /usr/local/lib/python3.8/dist-packages/keystonemiddleware/auth_token/__init__.py:407}}
Aug 03 13:49:11.865425 n-d-851832-4 devstack@keystone.service[80728]: DEBUG keystone.server.flask.request_processing.req_logging [None req-fce4e149-d28d-4722-a5a6-c6378c9d0577 None None] REQUEST_METHOD: `GET` {{(pid=80728) log_request_info /opt/stack/keystone/keystone/server/flask/request_processing/req_logging.py:27}}
Aug 03 13:49:11.866062 n-d-851832-4 devstack@keystone.service[80728]: DEBUG keystone.server.flask.request_processing.req_logging [None req-fce4e149-d28d-4722-a5a6-c6378c9d0577 None None] SCRIPT_NAME: `/identity` {{(pid=80728) log_request_info /opt/stack/keystone/keystone/server/flask/request_processing/req_logging.py:28}}
Aug 03 13:49:11.866557 n-d-851832-4 devstack@keystone.service[80728]: DEBUG keystone.server.flask.request_processing.req_logging [None req-fce4e149-d28d-4722-a5a6-c6378c9d0577 None None] PATH_INFO: `/` {{(pid=80728) log_request_info /opt/stack/keystone/keystone/server/flask/request_processing/req_logging.py:29}}
Aug 03 13:49:11.868448 n-d-851832-4 devstack@keystone.service[80728]: [pid: 80728|app: 0|req: 125/251] 10.222.0.46 () {54 vars in 926 bytes} [Wed Aug 3 13:49:11 2022] GET /identity => generated 270 bytes in 4 msecs (HTTP/1.1 300) 6 headers in 234 bytes (1 switches on core 0)
Aug 03 13:49:11.873440 n-d-851832-4 devstack@keystone.service[80728]: DEBUG keystone.server.flask.request_processing.req_logging [None req-0fe630ff-784d-41d0-bb04-3b72219e1d3e None None] REQUEST_METHOD: `POST` {{(pid=80728) log_request_info /opt/stack/keystone/keystone/server/flask/request_processing/req_logging.py:27}}
Aug 03 13:49:11.874266 n-d-851832-4 devstack@keystone.service[80728]: DEBUG keystone.server.flask.request_processing.req_logging [None req-0fe630ff-784d-41d0-bb04-3b72219e1d3e None None] SCRIPT_NAME: `/identity` {{(pid=80728) log_request_info /opt/stack/keystone/keystone/server/flask/request_processing/req_logging.py:28}}
Aug 03 13:49:11.874736 n-d-851832-4 devstack@keystone.service[80728]: DEBUG keystone.server.flask.request_processing.req_logging [None req-0fe630ff-784d-41d0-bb04-3b72219e1d3e None None] PATH_INFO: `/v3/auth/tokens` {{(pid=80728) log_request_info /opt/stack/keystone/keystone/server/flask/request_processing/req_logging.py:29}}
Aug 03 13:49:11.908316 n-d-851832-4 devstack@keystone.service[80728]: DEBUG keystone.auth.core [None req-0fe630ff-784d-41d0-bb04-3b72219e1d3e None None] MFA Rules not processed for user `ee1792b0a2e24b5584ca2dad149e1d01`. Rule list: `[]` (Enabled: `True`). {{(pid=80728) check_auth_methods_against_rules /opt/stack/keystone/keystone/auth/core.py:438}}
Aug 03 13:49:11.913862 n-d-851832-4 devstack@keystone.service[80728]: DEBUG keystone.common.fernet_utils [None req-0fe630ff-784d-41d0-bb04-3b72219e1d3e None None] Loaded 2 Fernet keys from /etc/keystone/fernet-keys/, but `[fernet_tokens] max_active_keys = 3`; perhaps there have not been enough key rotations to reach `max_active_keys` yet? {{(pid=80728) load_keys /opt/stack/keystone/keystone/common/fernet_utils.py:286}}
Aug 03 13:49:11.948483 n-d-851832-4 devstack@keystone.service[80729]: DEBUG keystone.server.flask.request_processing.middleware.auth_context [None req-84ff49d3-ded4-4152-849e-c6eae440aa61 None admin] Validating token access rules against request {{(pid=80729) validate_allowed_request /usr/local/lib/python3.8/dist-packages/keystonemiddleware/auth_token/__init__.py:545}}
Aug 03 13:49:11.965753 n-d-851832-4 devstack@keystone.service[80728]: DEBUG dbcounter [-] [80728] Writing DB stats keystone:SELECT=100 {{(pid=80728) stat_writer /usr/local/lib/python3.8/dist-packages/dbcounter.py:114}}
Aug 03 13:49:12.040143 n-d-851832-4 devstack@keystone.service[80729]: DEBUG keystone.server.flask.request_processing.middleware.auth_context [None req-65007c34-4954-499f-bd05-19f061736224 None admin] RBAC: auth_context: {'token': , 'domain_id': None, 'trust_id': None, 'trustor_id': None, 'trustee_id': None, 'domain_name': None, 'group_ids': [], 'user_id': 'ee1792b0a2e24b5584ca2dad149e1d01', 'user_domain_id': 'default', 'system_scope': 'all', 'project_id': None, 'project_domain_id': None, 'roles': ['admin', 'member', 'reader'], 'is_admin_project': True, 'service_user_id': None, 'service_user_domain_id': None, 'service_project_id': None, 'service_project_domain_id': None, 'service_roles': []} {{(pid=80729) fill_context /opt/stack/keystone/keystone/server/flask/request_processing/middleware/auth_context.py:478}}
Aug 03 13:49:12.041187 n-d-851832-4 devstack@keystone.service[80729]: DEBUG keystone.server.flask.request_processing.req_logging [None req-65007c34-4954-499f-bd05-19f061736224 None admin] REQUEST_METHOD: `GET` {{(pid=80729) log_request_info /opt/stack/keystone/keystone/server/flask/request_processing/req_logging.py:27}}
Aug 03 13:49:12.041666 n-d-851832-4 devstack@keystone.service[80729]: DEBUG keystone.server.flask.request_processing.req_logging [None req-65007c34-4954-499f-bd05-19f061736224 None admin] SCRIPT_NAME: `/identity` {{(pid=80729) log_request_info /opt/stack/keystone/keystone/server/flask/request_processing/req_logging.py:28}}
Aug 03 13:49:12.042132 n-d-851832-4 devstack@keystone.service[80729]: DEBUG keystone.server.flask.request_processing.req_logging [None req-65007c34-4954-499f-bd05-19f061736224 None admin] PATH_INFO: `/v3/users/4cb399485c984ac98ebbdd2b40502623` {{(pid=80729) log_request_info /opt/stack/keystone/keystone/server/flask/request_processing/req_logging.py:29}}
Aug 03 13:49:12.043916 n-d-851832-4 devstack@keystone.service[80729]: DEBUG keystone.common.rbac_enforcer.enforcer [None req-65007c34-4954-499f-bd05-19f061736224 None admin] RBAC: Authorizing `identity:get_user(user_id=4cb399485c984ac98ebbdd2b40502623)` {{(pid=80729) enforce_call /opt/stack/keystone/keystone/common/rbac_enforcer/enforcer.py:449}}
Aug 03 13:49:12.045636 n-d-851832-4 devstack@keystone.service[80729]: DEBUG keystone.common.rbac_enforcer.enforcer [None req-65007c34-4954-499f-bd05-19f061736224 None admin] RBAC: Authorization granted {{(pid=80729) enforce_call /opt/stack/keystone/keystone/common/rbac_enforcer/enforcer.py:457}}
Aug 03 13:49:12.049251 n-d-851832-4 devstack@keystone.service[80729]: [pid: 80729|app: 0|req: 127/252] 10.222.0.46 () {56 vars in 1177 bytes} [Wed Aug 3 13:49:11 2022] GET /identity/v3/users/4cb399485c984ac98ebbdd2b40502623 => generated 283 bytes in 273 msecs (HTTP/1.1 200) 5 headers in 177 bytes (1 switches on core 0)
Aug 03 13:49:12.067053 n-d-851832-4 devstack@keystone.service[80729]: DEBUG keystone.server.flask.request_processing.middleware.auth_context [None req-65007c34-4954-499f-bd05-19f061736224 None admin] Authenticating user token {{(pid=80729) process_request /usr/local/lib/python3.8/dist-packages/keystonemiddleware/auth_token/__init__.py:407}}
Aug 03 13:49:12.077192 n-d-851832-4 devstack@keystone.service[80729]: DEBUG dbcounter [-] [80729] Writing DB stats keystone:SELECT=100 {{(pid=80729) stat_writer /usr/local/lib/python3.8/dist-packages/dbcounter.py:114}}
Aug 03 13:49:12.078518 n-d-851832-4 devstack@keystone.service[80728]: [pid: 80728|app: 0|req: 126/253] 10.222.0.46 () {58 vars in 1023 bytes} [Wed Aug 3 13:49:11 2022] POST /identity/v3/auth/tokens => generated 799 bytes in 206 msecs (HTTP/1.1 201) 6 headers in 363 bytes (2 switches on core 0)
Aug 03 13:49:12.114502 n-d-851832-4 devstack@keystone.service[80728]: DEBUG keystone.server.flask.request_processing.middleware.auth_context [None req-0fe630ff-784d-41d0-bb04-3b72219e1d3e None None] Authenticating user token {{(pid=80728) process_request /usr/local/lib/python3.8/dist-packages/keystonemiddleware/auth_token/__init__.py:407}}
Aug 03 13:49:12.256931 n-d-851832-4 devstack@keystone.service[80728]: DEBUG keystone.server.flask.request_processing.middleware.auth_context [None req-0fe630ff-784d-41d0-bb04-3b72219e1d3e None None] Validating token access rules against request {{(pid=80728) validate_allowed_request /usr/local/lib/python3.8/dist-packages/keystonemiddleware/auth_token/__init__.py:545}}
Aug 03 13:49:12.265993 n-d-851832-4 devstack@keystone.service[80729]: DEBUG keystone.server.flask.request_processing.middleware.auth_context [None req-65007c34-4954-499f-bd05-19f061736224 None admin] Validating token access rules against request {{(pid=80729) validate_allowed_request /usr/local/lib/python3.8/dist-packages/keystonemiddleware/auth_token/__init__.py:545}}
Aug 03 13:49:12.297286 n-d-851832-4 devstack@keystone.service[80728]: DEBUG keystone.server.flask.request_processing.middleware.auth_context [None req-5747833a-86dd-424a-8dba-aa3dc4dab3dd None admin] RBAC: auth_context: {'token': , 'domain_id': None, 'trust_id': None, 'trustor_id': None, 'trustee_id': None, 'domain_name': None, 'group_ids': [], 'user_id': 'ee1792b0a2e24b5584ca2dad149e1d01', 'user_domain_id': 'default', 'system_scope': 'all', 'project_id': None, 'project_domain_id': None, 'roles': ['admin', 'member', 'reader'], 'is_admin_project': True, 'service_user_id': None, 'service_user_domain_id': None, 'service_project_id': None, 'service_project_domain_id': None, 'service_roles': []} {{(pid=80728) fill_context /opt/stack/keystone/keystone/server/flask/request_processing/middleware/auth_context.py:478}}
Aug 03 13:49:12.298419 n-d-851832-4 devstack@keystone.service[80728]: DEBUG keystone.server.flask.request_processing.req_logging [None req-5747833a-86dd-424a-8dba-aa3dc4dab3dd None admin] REQUEST_METHOD: `GET` {{(pid=80728) log_request_info /opt/stack/keystone/keystone/server/flask/request_processing/req_logging.py:27}}
Aug 03 13:49:12.299010 n-d-851832-4 devstack@keystone.service[80728]: DEBUG keystone.server.flask.request_processing.req_logging [None req-5747833a-86dd-424a-8dba-aa3dc4dab3dd None admin] SCRIPT_NAME: `/identity` {{(pid=80728) log_request_info /opt/stack/keystone/keystone/server/flask/request_processing/req_logging.py:28}}
Aug 03 13:49:12.300107 n-d-851832-4 devstack@keystone.service[80728]: DEBUG keystone.server.flask.request_processing.req_logging [None req-5747833a-86dd-424a-8dba-aa3dc4dab3dd None admin] PATH_INFO: `/v3/roles/member` {{(pid=80728) log_request_info /opt/stack/keystone/keystone/server/flask/request_processing/req_logging.py:29}}
Aug 03 13:49:12.313933 n-d-851832-4 devstack@keystone.service[80728]: DEBUG keystone.common.rbac_enforcer.enforcer [None req-5747833a-86dd-424a-8dba-aa3dc4dab3dd None admin] Extracting inferred target data resulted in "NOT FOUND (404)". {{(pid=80728) enforce_call /opt/stack/keystone/keystone/common/rbac_enforcer/enforcer.py:409}}
Aug 03 13:49:12.320442 n-d-851832-4 devstack@keystone.service[80728]: ERROR keystone.server.flask.application [None req-5747833a-86dd-424a-8dba-aa3dc4dab3dd None admin] Could not find role: member.: keystone.exception.RoleNotFound: Could not find role: member.
Aug 03 13:49:12.320442 n-d-851832-4 devstack@keystone.service[80728]: ERROR keystone.server.flask.application
Traceback (most recent call last):
Aug 03 13:49:12.320442 n-d-851832-4 devstack@keystone.service[80728]: ERROR keystone.server.flask.application
File "/usr/local/lib/python3.8/dist-packages/flask/app.py", line 1517, in full_dispatch_request
Aug 03 13:49:12.320442 n-d-851832-4 devstack@keystone.service[80728]: ERROR keystone.server.flask.application rv = self.dispatch_request()
Aug 03 13:49:12.320442 n-d-851832-4 devstack@keystone.service[80728]: ERROR keystone.server.flask.application
File "/usr/local/lib/python3.8/dist-packages/flask/app.py", line 1503, in dispatch_request
Aug 03 13:49:12.320442 n-d-851832-4 devstack@keystone.service[80728]: ERROR keystone.server.flask.application return self.ensure_sync(self.view_functions[rule.endpoint])(**req.view_args)
Aug 03 13:49:12.320442 n-d-851832-4 devstack@keystone.service[80728]: ERROR keystone.server.flask.application
File "/usr/local/lib/python3.8/dist-packages/flask_restful/__init__.py", line 467, in wrapper
Aug 03 13:49:12.320442 n-d-851832-4 devstack@keystone.service[80728]: ERROR keystone.server.flask.application resp = resource(*args, **kwargs)
Aug 03 13:49:12.320442 n-d-851832-4 devstack@keystone.service[80728]: ERROR keystone.server.flask.application
File "/usr/local/lib/python3.8/dist-packages/flask/views.py", line 84, in view
Aug 03 13:49:12.320442 n-d-851832-4 devstack@keystone.service[80728]: ERROR keystone.server.flask.application return current_app.ensure_sync(self.dispatch_request)(*args, **kwargs)
Aug 03 13:49:12.320442 n-d-851832-4 devstack@keystone.service[80728]: ERROR keystone.server.flask.application
File "/usr/local/lib/python3.8/dist-packages/flask_restful/__init__.py", line 582, in dispatch_request
Aug 03 13:49:12.320442 n-d-851832-4 devstack@keystone.service[80728]: ERROR keystone.server.flask.application resp = meth(*args, **kwargs)
Aug 03 13:49:12.320442 n-d-851832-4 devstack@keystone.service[80728]: ERROR keystone.server.flask.application
File "/opt/stack/keystone/keystone/api/roles.py", line 50, in get
Aug 03 13:49:12.320442 n-d-851832-4 devstack@keystone.service[80728]: ERROR keystone.server.flask.application return self._get_role(role_id)
Aug 03 13:49:12.320442 n-d-851832-4 devstack@keystone.service[80728]: ERROR keystone.server.flask.application
File "/opt/stack/keystone/keystone/api/roles.py", line 70, in _get_role
Aug 03 13:49:12.320442 n-d-851832-4 devstack@keystone.service[80728]: ERROR keystone.server.flask.application ENFORCER.enforce_call(action='identity:get_role')
Aug 03 13:49:12.321349 n-d-851832-4 devstack@keystone.service[80728]: ERROR keystone.server.flask.application
File "/opt/stack/keystone/keystone/common/rbac_enforcer/enforcer.py", line 402, in enforce_call
Aug 03 13:49:12.321349 n-d-851832-4 devstack@keystone.service[80728]: ERROR keystone.server.flask.application policy_dict.update(cls._extract_member_target_data(
Aug 03 13:49:12.321349 n-d-851832-4 devstack@keystone.service[80728]: ERROR keystone.server.flask.application
File "/opt/stack/keystone/keystone/common/rbac_enforcer/enforcer.py", line 234, in _extract_member_target_data
Aug 03 13:49:12.321349 n-d-851832-4 devstack@keystone.service[80728]: ERROR keystone.server.flask.application member_name: func(flask.request.view_args[key])
Aug 03 13:49:12.321349 n-d-851832-4 devstack@keystone.service[80728]: ERROR keystone.server.flask.application
File "/opt/stack/keystone/keystone/common/manager.py", line 115, in wrapped
Aug 03 13:49:12.321349 n-d-851832-4 devstack@keystone.service[80728]: ERROR keystone.server.flask.application __ret_val = __f(*args, **kwargs)
Aug 03 13:49:12.321349 n-d-851832-4 devstack@keystone.service[80728]: ERROR keystone.server.flask.application
File "/usr/local/lib/python3.8/dist-packages/decorator.py", line 232, in fun
Aug 03 13:49:12.321349 n-d-851832-4 devstack@keystone.service[80728]: ERROR keystone.server.flask.application return caller(func, *(extras + args), **kw)
Aug 03 13:49:12.321349 n-d-851832-4 devstack@keystone.service[80728]: ERROR keystone.server.flask.application
File "/usr/local/lib/python3.8/dist-packages/dogpile/cache/region.py", line 1577, in get_or_create_for_user_func
Aug 03 13:49:12.321349 n-d-851832-4 devstack@keystone.service[80728]: ERROR keystone.server.flask.application return self.get_or_create(
Aug 03 13:49:12.321349 n-d-851832-4 devstack@keystone.service[80728]: ERROR keystone.server.flask.application
File "/usr/local/lib/python3.8/dist-packages/dogpile/cache/region.py", line 1042, in get_or_create
Aug 03 13:49:12.321349 n-d-851832-4 devstack@keystone.service[80728]: ERROR keystone.server.flask.application with Lock(
Aug 03 13:49:12.321349 n-d-851832-4 devstack@keystone.service[80728]: ERROR keystone.server.flask.application
File "/usr/local/lib/python3.8/dist-packages/dogpile/lock.py", line 185, in __enter__
Aug 03 13:49:12.321349 n-d-851832-4 devstack@keystone.service[80728]: ERROR keystone.server.flask.application return self._enter()
Aug 03 13:49:12.321349 n-d-851832-4 devstack@keystone.service[80728]: ERROR keystone.server.flask.application
File "/usr/local/lib/python3.8/dist-packages/dogpile/lock.py", line 94, in _enter
Aug 03 13:49:12.321349 n-d-851832-4 devstack@keystone.service[80728]: ERROR keystone.server.flask.application generated = self._enter_create(value, createdtime)
Aug 03 13:49:12.322129 n-d-851832-4 devstack@keystone.service[80728]: ERROR keystone.server.flask.application
File "/usr/local/lib/python3.8/dist-packages/dogpile/lock.py", line 178, in _enter_create
Aug 03 13:49:12.322129 n-d-851832-4 devstack@keystone.service[80728]: ERROR keystone.server.flask.application return self.creator()
Aug 03 13:49:12.322129 n-d-851832-4 devstack@keystone.service[80728]: ERROR keystone.server.flask.application
File "/usr/local/lib/python3.8/dist-packages/dogpile/cache/region.py", line 995, in gen_value
Aug 03 13:49:12.322129 n-d-851832-4 devstack@keystone.service[80728]: ERROR keystone.server.flask.application created_value = creator(
Aug 03 13:49:12.322129 n-d-851832-4 devstack@keystone.service[80728]: ERROR keystone.server.flask.application
File "/opt/stack/keystone/keystone/assignment/core.py", line 1276, in get_role
Aug 03 13:49:12.322129 n-d-851832-4 devstack@keystone.service[80728]: ERROR keystone.server.flask.application return self.driver.get_role(role_id)
Aug 03 13:49:12.322129 n-d-851832-4 devstack@keystone.service[80728]: ERROR keystone.server.flask.application
File "/opt/stack/keystone/keystone/assignment/role_backends/sql.py", line 70, in get_role
Aug 03 13:49:12.322129 n-d-851832-4 devstack@keystone.service[80728]: ERROR keystone.server.flask.application return self._get_role(session, role_id).to_dict()
Aug 03 13:49:12.322129 n-d-851832-4 devstack@keystone.service[80728]: ERROR keystone.server.flask.application
File "/opt/stack/keystone/keystone/assignment/role_backends/sql.py", line 65, in _get_role
Aug 03 13:49:12.322129 n-d-851832-4 devstack@keystone.service[80728]: ERROR keystone.server.flask.application raise exception.RoleNotFound(role_id=role_id)
Aug 03 13:49:12.322129 n-d-851832-4 devstack@keystone.service[80728]: ERROR keystone.server.flask.application keystone.exception.RoleNotFound: Could not find role: member.
Aug 03 13:49:12.322129 n-d-851832-4 devstack@keystone.service[80728]: ERROR keystone.server.flask.application
Aug 03 13:49:12.324558 n-d-851832-4 devstack@keystone.service[80728]: [pid: 80728|app: 0|req: 127/254] 10.222.0.46 () {56 vars in 1099 bytes} [Wed Aug 3 13:49:12 2022] GET /identity/v3/roles/member => generated 84 bytes in 211 msecs (HTTP/1.1 404) 5 headers in 183 bytes (2 switches on core 0)
Aug 03 13:49:12.333233 n-d-851832-4 devstack@keystone.service[80728]: DEBUG keystone.server.flask.request_processing.middleware.auth_context [None req-5747833a-86dd-424a-8dba-aa3dc4dab3dd None admin] Authenticating user token {{(pid=80728) process_request /usr/local/lib/python3.8/dist-packages/keystonemiddleware/auth_token/__init__.py:407}}
Aug 03 13:49:12.335847 n-d-851832-4 devstack@keystone.service[80729]: DEBUG keystone.server.flask.request_processing.middleware.auth_context [None req-7e35b37e-62d2-435c-8064-d2a38a5374e0 None admin] RBAC: auth_context: {'token': , 'domain_id': None, 'trust_id': None, 'trustor_id': None, 'trustee_id': None, 'domain_name': None, 'group_ids': [], 'user_id': 'ee1792b0a2e24b5584ca2dad149e1d01', 'user_domain_id': 'default', 'system_scope': 'all', 'project_id': None, 'project_domain_id': None, 'roles': ['admin', 'member', 'reader'], 'is_admin_project': True, 'service_user_id': None, 'service_user_domain_id': None, 'service_project_id': None, 'service_project_domain_id': None, 'service_roles': []} {{(pid=80729) fill_context /opt/stack/keystone/keystone/server/flask/request_processing/middleware/auth_context.py:478}}
Aug 03 13:49:12.336523 n-d-851832-4 devstack@keystone.service[80729]: DEBUG keystone.server.flask.request_processing.req_logging [None req-7e35b37e-62d2-435c-8064-d2a38a5374e0 None admin] REQUEST_METHOD: `GET` {{(pid=80729) log_request_info /opt/stack/keystone/keystone/server/flask/request_processing/req_logging.py:27}}
Aug 03 13:49:12.336815 n-d-851832-4 devstack@keystone.service[80729]: DEBUG keystone.server.flask.request_processing.req_logging [None req-7e35b37e-62d2-435c-8064-d2a38a5374e0 None admin] SCRIPT_NAME: `/identity` {{(pid=80729) log_request_info /opt/stack/keystone/keystone/server/flask/request_processing/req_logging.py:28}}
Aug 03 13:49:12.337097 n-d-851832-4 devstack@keystone.service[80729]: DEBUG keystone.server.flask.request_processing.req_logging [None req-7e35b37e-62d2-435c-8064-d2a38a5374e0 None admin] PATH_INFO: `/v3/auth/tokens` {{(pid=80729) log_request_info /opt/stack/keystone/keystone/server/flask/request_processing/req_logging.py:29}}
Aug 03 13:49:12.357401 n-d-851832-4 devstack@keystone.service[80728]: DEBUG dbcounter [-] [80728] Writing DB stats keystone:SELECT=100 {{(pid=80728) stat_writer /usr/local/lib/python3.8/dist-packages/dbcounter.py:114}}
Aug 03 13:49:12.494358 n-d-851832-4 devstack@keystone.service[80728]: DEBUG keystone.server.flask.request_processing.middleware.auth_context [None req-5747833a-86dd-424a-8dba-aa3dc4dab3dd None admin] Validating token access rules against request {{(pid=80728) validate_allowed_request /usr/local/lib/python3.8/dist-packages/keystonemiddleware/auth_token/__init__.py:545}}
Aug 03 13:49:12.497948 n-d-851832-4 devstack@keystone.service[80729]: DEBUG keystone.common.rbac_enforcer.enforcer [None req-7e35b37e-62d2-435c-8064-d2a38a5374e0 None admin] RBAC: Authorizing `identity:validate_token()` {{(pid=80729) enforce_call /opt/stack/keystone/keystone/common/rbac_enforcer/enforcer.py:449}}
Aug 03 13:49:12.499831 n-d-851832-4 devstack@keystone.service[80729]: DEBUG keystone.common.rbac_enforcer.enforcer [None req-7e35b37e-62d2-435c-8064-d2a38a5374e0 None admin] RBAC: Authorization granted {{(pid=80729) enforce_call /opt/stack/keystone/keystone/common/rbac_enforcer/enforcer.py:457}}
Aug 03 13:49:12.515650 n-d-851832-4 devstack@keystone.service[80729]: DEBUG dbcounter [-] [80729] Writing DB stats keystone:SELECT=100 {{(pid=80729) stat_writer /usr/local/lib/python3.8/dist-packages/dbcounter.py:114}}
Aug 03 13:49:12.608994 n-d-851832-4 devstack@keystone.service[80728]: DEBUG keystone.server.flask.request_processing.middleware.auth_context [None req-70095702-238c-4f46-8799-2ad7f183cc75 None admin] RBAC: auth_context: {'token': , 'domain_id': None, 'trust_id': None, 'trustor_id': None, 'trustee_id': None, 'domain_name': None, 'group_ids': [], 'user_id': 'ee1792b0a2e24b5584ca2dad149e1d01', 'user_domain_id': 'default', 'system_scope': 'all', 'project_id': None, 'project_domain_id': None, 'roles': ['admin', 'member', 'reader'], 'is_admin_project': True, 'service_user_id': None, 'service_user_domain_id': None, 'service_project_id': None, 'service_project_domain_id': None, 'service_roles': []} {{(pid=80728) fill_context /opt/stack/keystone/keystone/server/flask/request_processing/middleware/auth_context.py:478}}
Aug 03 13:49:12.609620 n-d-851832-4 devstack@keystone.service[80728]: DEBUG keystone.server.flask.request_processing.req_logging [None req-70095702-238c-4f46-8799-2ad7f183cc75 None admin] REQUEST_METHOD: `GET` {{(pid=80728) log_request_info /opt/stack/keystone/keystone/server/flask/request_processing/req_logging.py:27}}
Aug 03 13:49:12.609911 n-d-851832-4 devstack@keystone.service[80728]: DEBUG keystone.server.flask.request_processing.req_logging [None req-70095702-238c-4f46-8799-2ad7f183cc75 None admin] SCRIPT_NAME: `/identity` {{(pid=80728) log_request_info /opt/stack/keystone/keystone/server/flask/request_processing/req_logging.py:28}}
Aug 03 13:49:12.610193 n-d-851832-4 devstack@keystone.service[80728]: DEBUG keystone.server.flask.request_processing.req_logging [None req-70095702-238c-4f46-8799-2ad7f183cc75 None admin] PATH_INFO: `/v3/roles` {{(pid=80728) log_request_info /opt/stack/keystone/keystone/server/flask/request_processing/req_logging.py:29}}
Aug 03 13:49:12.610947 n-d-851832-4 devstack@keystone.service[80728]: DEBUG keystone.common.rbac_enforcer.enforcer [None req-70095702-238c-4f46-8799-2ad7f183cc75 None admin] RBAC: Adding query filter params (name=member) {{(pid=80728) _extract_filter_values /opt/stack/keystone/keystone/common/rbac_enforcer/enforcer.py:167}}
Aug 03 13:49:12.611253 n-d-851832-4 devstack@keystone.service[80728]: DEBUG keystone.common.rbac_enforcer.enforcer [None req-70095702-238c-4f46-8799-2ad7f183cc75 None admin] RBAC: Authorizing `identity:list_roles()` {{(pid=80728) enforce_call /opt/stack/keystone/keystone/common/rbac_enforcer/enforcer.py:449}}
Aug 03 13:49:12.613123 n-d-851832-4 devstack@keystone.service[80728]: DEBUG keystone.common.rbac_enforcer.enforcer [None req-70095702-238c-4f46-8799-2ad7f183cc75 None admin] RBAC: Authorization granted {{(pid=80728) enforce_call /opt/stack/keystone/keystone/common/rbac_enforcer/enforcer.py:457}}
Aug 03 13:49:12.634412 n-d-851832-4 devstack@keystone.service[80728]: [pid: 80728|app: 0|req: 128/255] 10.222.0.46 () {56 vars in 1101 bytes} [Wed Aug 3 13:49:12 2022] GET /identity/v3/roles?name=member => generated 341 bytes in 301 msecs (HTTP/1.1 200) 5 headers in 177 bytes (1 switches on core 0)
Aug 03 13:49:12.640019 n-d-851832-4 devstack@keystone.service[80728]: DEBUG keystone.server.flask.request_processing.middleware.auth_context [None req-70095702-238c-4f46-8799-2ad7f183cc75 None admin] Authenticating user token {{(pid=80728) process_request /usr/local/lib/python3.8/dist-packages/keystonemiddleware/auth_token/__init__.py:407}}
Aug 03 13:49:12.669977 n-d-851832-4 devstack@keystone.service[80729]: [pid: 80729|app: 0|req: 128/256] 10.222.0.46 () {58 vars in 1282 bytes} [Wed Aug 3 13:49:12 2022] GET /identity/v3/auth/tokens => generated 799 bytes in 599 msecs (HTTP/1.1 200) 6 headers in 358 bytes (2 switches on core 0)
Aug 03 13:49:12.672300 n-d-851832-4 devstack@keystone.service[80729]: DEBUG keystone.server.flask.request_processing.middleware.auth_context [None req-7e35b37e-62d2-435c-8064-d2a38a5374e0 None admin] Authenticating user token {{(pid=80729) process_request /usr/local/lib/python3.8/dist-packages/keystonemiddleware/auth_token/__init__.py:407}}
Aug 03 13:49:12.772635 n-d-851832-4 devstack@keystone.service[80728]: DEBUG dbcounter [-] [80728] Writing DB stats keystone:SELECT=100 {{(pid=80728) stat_writer /usr/local/lib/python3.8/dist-packages/dbcounter.py:114}}
Aug 03 13:49:12.821319 n-d-851832-4 devstack@keystone.service[80729]: DEBUG keystone.server.flask.request_processing.middleware.auth_context [None req-7e35b37e-62d2-435c-8064-d2a38a5374e0 None admin] Validating token access rules against request {{(pid=80729) validate_allowed_request /usr/local/lib/python3.8/dist-packages/keystonemiddleware/auth_token/__init__.py:545}}
Aug 03 13:49:12.829140 n-d-851832-4 devstack@keystone.service[80728]: DEBUG keystone.server.flask.request_processing.middleware.auth_context [None req-70095702-238c-4f46-8799-2ad7f183cc75 None admin] Validating token access rules against request {{(pid=80728) validate_allowed_request /usr/local/lib/python3.8/dist-packages/keystonemiddleware/auth_token/__init__.py:545}}
Aug 03 13:49:12.835696 n-d-851832-4 devstack@keystone.service[80729]: DEBUG dbcounter [-] [80729] Writing DB stats keystone:SELECT=100 {{(pid=80729) stat_writer /usr/local/lib/python3.8/dist-packages/dbcounter.py:114}}
Aug 03 13:49:12.902124 n-d-851832-4 devstack@keystone.service[80728]: DEBUG keystone.server.flask.request_processing.middleware.auth_context [None req-6091c453-8761-44d2-9c11-81874cf224bc None admin] RBAC: auth_context: {'token': , 'domain_id': None, 'trust_id': None, 'trustor_id': None, 'trustee_id': None, 'domain_name': None, 'group_ids': [], 'user_id': 'ee1792b0a2e24b5584ca2dad149e1d01', 'user_domain_id': 'default', 'system_scope': 'all', 'project_id': None, 'project_domain_id': None, 'roles': ['admin', 'member', 'reader'], 'is_admin_project': True, 'service_user_id': None, 'service_user_domain_id': None, 'service_project_id': None, 'service_project_domain_id': None, 'service_roles': []} {{(pid=80728) fill_context /opt/stack/keystone/keystone/server/flask/request_processing/middleware/auth_context.py:478}}
Aug 03 13:49:12.902674 n-d-851832-4 devstack@keystone.service[80728]: DEBUG keystone.server.flask.request_processing.req_logging [None req-6091c453-8761-44d2-9c11-81874cf224bc None admin] REQUEST_METHOD: `GET` {{(pid=80728) log_request_info /opt/stack/keystone/keystone/server/flask/request_processing/req_logging.py:27}}
Aug 03 13:49:12.902956 n-d-851832-4 devstack@keystone.service[80728]: DEBUG keystone.server.flask.request_processing.req_logging [None req-6091c453-8761-44d2-9c11-81874cf224bc None admin] SCRIPT_NAME: `/identity` {{(pid=80728) log_request_info /opt/stack/keystone/keystone/server/flask/request_processing/req_logging.py:28}}
Aug 03 13:49:12.903231 n-d-851832-4 devstack@keystone.service[80728]: DEBUG keystone.server.flask.request_processing.req_logging [None req-6091c453-8761-44d2-9c11-81874cf224bc None admin] PATH_INFO: `/v3/users/c740d0a4459c4d1f8f4d5a3ad3ab8014` {{(pid=80728) log_request_info /opt/stack/keystone/keystone/server/flask/request_processing/req_logging.py:29}}
Aug 03 13:49:12.904914 n-d-851832-4 devstack@keystone.service[80728]: DEBUG keystone.common.rbac_enforcer.enforcer [None req-6091c453-8761-44d2-9c11-81874cf224bc None admin] RBAC: Authorizing `identity:get_user(user_id=c740d0a4459c4d1f8f4d5a3ad3ab8014)` {{(pid=80728) enforce_call /opt/stack/keystone/keystone/common/rbac_enforcer/enforcer.py:449}}
Aug 03 13:49:12.908209 n-d-851832-4 devstack@keystone.service[80728]: DEBUG keystone.common.rbac_enforcer.enforcer [None req-6091c453-8761-44d2-9c11-81874cf224bc None admin] RBAC: Authorization granted {{(pid=80728) enforce_call /opt/stack/keystone/keystone/common/rbac_enforcer/enforcer.py:457}}
Aug 03 13:49:12.909518 n-d-851832-4 devstack@keystone.service[80729]: DEBUG keystone.server.flask.request_processing.middleware.auth_context [None req-eeef442d-d9ba-47ba-aa24-28f56dfd16fc None admin] RBAC: auth_context: {'token': , 'domain_id': None, 'trust_id': None, 'trustor_id': None, 'trustee_id': None, 'domain_name': None, 'group_ids': [], 'user_id': 'ee1792b0a2e24b5584ca2dad149e1d01', 'user_domain_id': 'default', 'system_scope': 'all', 'project_id': None, 'project_domain_id': None, 'roles': ['admin', 'member', 'reader'], 'is_admin_project': True, 'service_user_id': None, 'service_user_domain_id': None, 'service_project_id': None, 'service_project_domain_id': None, 'service_roles': []} {{(pid=80729) fill_context /opt/stack/keystone/keystone/server/flask/request_processing/middleware/auth_context.py:478}}
Aug 03 13:49:12.910170 n-d-851832-4 devstack@keystone.service[80729]: DEBUG keystone.server.flask.request_processing.req_logging [None req-eeef442d-d9ba-47ba-aa24-28f56dfd16fc None admin] REQUEST_METHOD: `GET` {{(pid=80729) log_request_info /opt/stack/keystone/keystone/server/flask/request_processing/req_logging.py:27}}
Aug 03 13:49:12.910445 n-d-851832-4 devstack@keystone.service[80729]: DEBUG keystone.server.flask.request_processing.req_logging [None req-eeef442d-d9ba-47ba-aa24-28f56dfd16fc None admin] SCRIPT_NAME: `/identity` {{(pid=80729) log_request_info /opt/stack/keystone/keystone/server/flask/request_processing/req_logging.py:28}}
Aug 03 13:49:12.910717 n-d-851832-4 devstack@keystone.service[80729]: DEBUG keystone.server.flask.request_processing.req_logging [None req-eeef442d-d9ba-47ba-aa24-28f56dfd16fc None admin] PATH_INFO: `/v3/projects/1b2f4921ce844eae8c776ae2473e70ea` {{(pid=80729) log_request_info /opt/stack/keystone/keystone/server/flask/request_processing/req_logging.py:29}}
Aug 03 13:49:12.912879 n-d-851832-4 devstack@keystone.service[80729]: DEBUG keystone.common.rbac_enforcer.enforcer [None req-eeef442d-d9ba-47ba-aa24-28f56dfd16fc None admin] RBAC: Authorizing `identity:get_project(project_id=1b2f4921ce844eae8c776ae2473e70ea)` {{(pid=80729) enforce_call /opt/stack/keystone/keystone/common/rbac_enforcer/enforcer.py:449}}
Aug 03 13:49:12.914329 n-d-851832-4 devstack@keystone.service[80729]: DEBUG keystone.common.rbac_enforcer.enforcer [None req-eeef442d-d9ba-47ba-aa24-28f56dfd16fc None admin] RBAC: Authorization granted {{(pid=80729) enforce_call /opt/stack/keystone/keystone/common/rbac_enforcer/enforcer.py:457}}
Aug 03 13:49:12.920718 n-d-851832-4 devstack@keystone.service[80728]: [pid: 80728|app: 0|req: 129/257] 10.222.0.46 () {56 vars in 1177 bytes} [Wed Aug 3 13:49:12 2022] GET /identity/v3/users/c740d0a4459c4d1f8f4d5a3ad3ab8014 => generated 297 bytes in 281 msecs (HTTP/1.1 200) 5 headers in 177 bytes (2 switches on core 0)
Aug 03 13:49:12.922157 n-d-851832-4 devstack@keystone.service[80728]: DEBUG keystone.server.flask.request_processing.req_logging [None req-8b196337-5520-4794-8b7e-95bccd195732 None None] REQUEST_METHOD: `GET` {{(pid=80728) log_request_info /opt/stack/keystone/keystone/server/flask/request_processing/req_logging.py:27}}
Aug 03 13:49:12.922454 n-d-851832-4 devstack@keystone.service[80728]: DEBUG keystone.server.flask.request_processing.req_logging [None req-8b196337-5520-4794-8b7e-95bccd195732 None None] SCRIPT_NAME: `/identity` {{(pid=80728) log_request_info /opt/stack/keystone/keystone/server/flask/request_processing/req_logging.py:28}}
Aug 03 13:49:12.922734 n-d-851832-4 devstack@keystone.service[80728]: DEBUG keystone.server.flask.request_processing.req_logging [None req-8b196337-5520-4794-8b7e-95bccd195732 None None] PATH_INFO: `/` {{(pid=80728) log_request_info /opt/stack/keystone/keystone/server/flask/request_processing/req_logging.py:29}}
Aug 03 13:49:12.925004 n-d-851832-4 devstack@keystone.service[80729]: [pid: 80729|app: 0|req: 129/258] 10.222.0.46 () {56 vars in 1186 bytes} [Wed Aug 3 13:49:12 2022] GET /identity/v3/projects/1b2f4921ce844eae8c776ae2473e70ea => generated 302 bytes in 253 msecs (HTTP/1.1 200) 5 headers in 177 bytes (1 switches on core 0)
Aug 03 13:49:12.925993 n-d-851832-4 devstack@keystone.service[80729]: DEBUG keystone.server.flask.request_processing.middleware.auth_context [None req-eeef442d-d9ba-47ba-aa24-28f56dfd16fc None admin] Authenticating user token {{(pid=80729) process_request /usr/local/lib/python3.8/dist-packages/keystonemiddleware/auth_token/__init__.py:407}}
Aug 03 13:49:12.927549 n-d-851832-4 devstack@keystone.service[80728]: [pid: 80728|app: 0|req: 130/259] 10.222.0.46 () {54 vars in 926 bytes} [Wed Aug 3 13:49:12 2022] GET /identity => generated 270 bytes in 5 msecs (HTTP/1.1 300) 6 headers in 234 bytes (1 switches on core 0)
Aug 03 13:49:12.933429 n-d-851832-4 devstack@keystone.service[80728]: DEBUG keystone.server.flask.request_processing.req_logging [None req-0d4561d1-1e04-4439-be28-5878f3dd931f None None] REQUEST_METHOD: `POST` {{(pid=80728) log_request_info /opt/stack/keystone/keystone/server/flask/request_processing/req_logging.py:27}}
Aug 03 13:49:12.933715 n-d-851832-4 devstack@keystone.service[80728]: DEBUG keystone.server.flask.request_processing.req_logging [None req-0d4561d1-1e04-4439-be28-5878f3dd931f None None] SCRIPT_NAME: `/identity` {{(pid=80728) log_request_info /opt/stack/keystone/keystone/server/flask/request_processing/req_logging.py:28}}
Aug 03 13:49:12.934050 n-d-851832-4 devstack@keystone.service[80728]: DEBUG keystone.server.flask.request_processing.req_logging [None req-0d4561d1-1e04-4439-be28-5878f3dd931f None None] PATH_INFO: `/v3/auth/tokens` {{(pid=80728) log_request_info /opt/stack/keystone/keystone/server/flask/request_processing/req_logging.py:29}}
Aug 03 13:49:12.973179 n-d-851832-4 devstack@keystone.service[80728]: DEBUG keystone.auth.core [None req-0d4561d1-1e04-4439-be28-5878f3dd931f None None] MFA Rules not processed for user `ee1792b0a2e24b5584ca2dad149e1d01`. Rule list: `[]` (Enabled: `True`). {{(pid=80728) check_auth_methods_against_rules /opt/stack/keystone/keystone/auth/core.py:438}}
Aug 03 13:49:12.974379 n-d-851832-4 devstack@keystone.service[80728]: DEBUG keystone.common.fernet_utils [None req-0d4561d1-1e04-4439-be28-5878f3dd931f None None] Loaded 2 Fernet keys from /etc/keystone/fernet-keys/, but `[fernet_tokens] max_active_keys = 3`; perhaps there have not been enough key rotations to reach `max_active_keys` yet? {{(pid=80728) load_keys /opt/stack/keystone/keystone/common/fernet_utils.py:286}}
Aug 03 13:49:13.055563 n-d-851832-4 devstack@keystone.service[80728]: [pid: 80728|app: 0|req: 131/260] 10.222.0.46 () {58 vars in 1023 bytes} [Wed Aug 3 13:49:12 2022] POST /identity/v3/auth/tokens => generated 799 bytes in 123 msecs (HTTP/1.1 201) 6 headers in 363 bytes (1 switches on core 0)
Aug 03 13:49:13.056563 n-d-851832-4 devstack@keystone.service[80728]: DEBUG keystone.server.flask.request_processing.middleware.auth_context [None req-0d4561d1-1e04-4439-be28-5878f3dd931f None None] Authenticating user token {{(pid=80728) process_request /usr/local/lib/python3.8/dist-packages/keystonemiddleware/auth_token/__init__.py:407}}
Aug 03 13:49:13.151040 n-d-851832-4 devstack@keystone.service[80729]: DEBUG keystone.server.flask.request_processing.middleware.auth_context [None req-eeef442d-d9ba-47ba-aa24-28f56dfd16fc None admin] Validating token access rules against request {{(pid=80729) validate_allowed_request /usr/local/lib/python3.8/dist-packages/keystonemiddleware/auth_token/__init__.py:545}}
Aug 03 13:49:13.165120 n-d-851832-4 devstack@keystone.service[80728]: DEBUG dbcounter [-] [80728] Writing DB stats keystone:SELECT=100 {{(pid=80728) stat_writer /usr/local/lib/python3.8/dist-packages/dbcounter.py:114}}
Aug 03 13:49:13.188582 n-d-851832-4 devstack@keystone.service[80728]: DEBUG keystone.server.flask.request_processing.middleware.auth_context [None req-0d4561d1-1e04-4439-be28-5878f3dd931f None None] Validating token access rules against request {{(pid=80728) validate_allowed_request /usr/local/lib/python3.8/dist-packages/keystonemiddleware/auth_token/__init__.py:545}}
Aug 03 13:49:13.194185 n-d-851832-4 devstack@keystone.service[80729]: DEBUG keystone.server.flask.request_processing.middleware.auth_context [None req-c9fcb1e2-56f5-4dc9-b435-d2de429b0d7d None admin] RBAC: auth_context: {'token': , 'domain_id': None, 'trust_id': None, 'trustor_id': None, 'trustee_id': None, 'domain_name': None, 'group_ids': [], 'user_id': 'ee1792b0a2e24b5584ca2dad149e1d01', 'user_domain_id': 'default', 'system_scope': 'all', 'project_id': None, 'project_domain_id': None, 'roles': ['admin', 'member', 'reader'], 'is_admin_project': True, 'service_user_id': None, 'service_user_domain_id': None, 'service_project_id': None, 'service_project_domain_id': None, 'service_roles': []} {{(pid=80729) fill_context /opt/stack/keystone/keystone/server/flask/request_processing/middleware/auth_context.py:478}}
Aug 03 13:49:13.194823 n-d-851832-4 devstack@keystone.service[80729]: DEBUG keystone.server.flask.request_processing.req_logging [None req-c9fcb1e2-56f5-4dc9-b435-d2de429b0d7d None admin] REQUEST_METHOD: `GET` {{(pid=80729) log_request_info /opt/stack/keystone/keystone/server/flask/request_processing/req_logging.py:27}}
Aug 03 13:49:13.195104 n-d-851832-4 devstack@keystone.service[80729]: DEBUG keystone.server.flask.request_processing.req_logging [None req-c9fcb1e2-56f5-4dc9-b435-d2de429b0d7d None admin] SCRIPT_NAME: `/identity` {{(pid=80729) log_request_info /opt/stack/keystone/keystone/server/flask/request_processing/req_logging.py:28}}
Aug 03 13:49:13.195379 n-d-851832-4 devstack@keystone.service[80729]: DEBUG keystone.server.flask.request_processing.req_logging [None req-c9fcb1e2-56f5-4dc9-b435-d2de429b0d7d None admin] PATH_INFO: `/v3/projects/1b2f4921ce844eae8c776ae2473e70ea` {{(pid=80729) log_request_info /opt/stack/keystone/keystone/server/flask/request_processing/req_logging.py:29}}
Aug 03 13:49:13.200924 n-d-851832-4 devstack@keystone.service[80729]: DEBUG keystone.common.rbac_enforcer.enforcer [None req-c9fcb1e2-56f5-4dc9-b435-d2de429b0d7d None admin] RBAC: Authorizing `identity:get_project(project_id=1b2f4921ce844eae8c776ae2473e70ea)` {{(pid=80729) enforce_call /opt/stack/keystone/keystone/common/rbac_enforcer/enforcer.py:449}}
Aug 03 13:49:13.202379 n-d-851832-4 devstack@keystone.service[80729]: DEBUG keystone.common.rbac_enforcer.enforcer [None req-c9fcb1e2-56f5-4dc9-b435-d2de429b0d7d None admin] RBAC: Authorization granted {{(pid=80729) enforce_call /opt/stack/keystone/keystone/common/rbac_enforcer/enforcer.py:457}}
Aug 03 13:49:13.204283 n-d-851832-4 devstack@keystone.service[80729]: [pid: 80729|app: 0|req: 130/261] 10.222.0.46 () {56 vars in 1186 bytes} [Wed Aug 3 13:49:12 2022] GET /identity/v3/projects/1b2f4921ce844eae8c776ae2473e70ea => generated 302 bytes in 279 msecs (HTTP/1.1 200) 5 headers in 177 bytes (1 switches on core 0)
Aug 03 13:49:13.204872 n-d-851832-4 devstack@keystone.service[80729]: DEBUG keystone.server.flask.request_processing.middleware.auth_context [None req-c9fcb1e2-56f5-4dc9-b435-d2de429b0d7d None admin] Authenticating user token {{(pid=80729) process_request /usr/local/lib/python3.8/dist-packages/keystonemiddleware/auth_token/__init__.py:407}}
Aug 03 13:49:13.268544 n-d-851832-4 devstack@keystone.service[80729]: DEBUG dbcounter [-] [80729] Writing DB stats keystone:SELECT=100 {{(pid=80729) stat_writer /usr/local/lib/python3.8/dist-packages/dbcounter.py:114}}
