Jul 28 11:38:28.090885 n-d-851368-1 devstack@placement-api.service[105155]: [pid: 105155|app: 0|req: 333/673] 10.222.0.93 () {64 vars in 1433 bytes} [Thu Jul 28 11:38:27 2022] PUT /placement/allocations/d738d032-8063-4a65-b8bf-ef5d59ddd66d => generated 0 bytes in 193 msecs (HTTP/1.1 204) 5 headers in 199 bytes (1 switches on core 0)
Jul 28 11:38:28.773103 n-d-851368-1 devstack@placement-api.service[105154]: DEBUG placement.requestlog [req-092ba199-64e2-4841-836e-79e17d5cfbeb req-0a98d08b-de46-40ae-9db1-c1cca56df4ef None None] Starting request: 10.222.0.48 "GET /placement/allocations/d738d032-8063-4a65-b8bf-ef5d59ddd66d" {{(pid=105154) __call__ /opt/stack/placement/placement/requestlog.py:55}}
Jul 28 11:38:29.155205 n-d-851368-1 devstack@placement-api.service[105154]: INFO placement.requestlog [req-092ba199-64e2-4841-836e-79e17d5cfbeb req-0a98d08b-de46-40ae-9db1-c1cca56df4ef service placement] 10.222.0.48 "GET /placement/allocations/d738d032-8063-4a65-b8bf-ef5d59ddd66d" status: 200 len: 259 microversion: 1.28
Jul 28 11:38:29.156729 n-d-851368-1 devstack@placement-api.service[105154]: [pid: 105154|app: 0|req: 341/674] 10.222.0.48 () {60 vars in 1377 bytes} [Thu Jul 28 11:38:28 2022] GET /placement/allocations/d738d032-8063-4a65-b8bf-ef5d59ddd66d => generated 259 bytes in 384 msecs (HTTP/1.1 200) 8 headers in 296 bytes (1 switches on core 0)
Jul 28 11:38:33.606937 n-d-851368-1 devstack@placement-api.service[105155]: DEBUG placement.requestlog [req-e1676797-5700-4580-a4a1-1c0f02b4fda5 req-6f78d495-c12f-430c-a815-7340c23f0214 None None] Starting request: 10.222.0.93 "GET /placement/allocation_candidates?limit=1000&resources=DISK_GB%3A1%2CMEMORY_MB%3A1024%2CVCPU%3A1&root_required=%21COMPUTE_STATUS_DISABLED" {{(pid=105155) __call__ /opt/stack/placement/placement/requestlog.py:55}}
Jul 28 11:38:33.767695 n-d-851368-1 devstack@placement-api.service[105155]: DEBUG placement.objects.research_context [req-e1676797-5700-4580-a4a1-1c0f02b4fda5 req-6f78d495-c12f-430c-a815-7340c23f0214 service placement] getting providers with 1 DISK_GB {{(pid=105155) __init__ /opt/stack/placement/placement/objects/research_context.py:136}}
Jul 28 11:38:33.786181 n-d-851368-1 devstack@placement-api.service[105155]: DEBUG placement.objects.research_context [req-e1676797-5700-4580-a4a1-1c0f02b4fda5 req-6f78d495-c12f-430c-a815-7340c23f0214 service placement] getting providers with 1024 MEMORY_MB {{(pid=105155) __init__ /opt/stack/placement/placement/objects/research_context.py:136}}
Jul 28 11:38:33.809899 n-d-851368-1 devstack@placement-api.service[105155]: DEBUG placement.objects.research_context [req-e1676797-5700-4580-a4a1-1c0f02b4fda5 req-6f78d495-c12f-430c-a815-7340c23f0214 service placement] getting providers with 1 VCPU {{(pid=105155) __init__ /opt/stack/placement/placement/objects/research_context.py:136}}
Jul 28 11:38:33.831332 n-d-851368-1 devstack@placement-api.service[105155]: DEBUG placement.objects.research_context [req-e1676797-5700-4580-a4a1-1c0f02b4fda5 req-6f78d495-c12f-430c-a815-7340c23f0214 service placement] found 2 providers with available 1 DISK_GB {{(pid=105155) get_provider_ids_matching /opt/stack/placement/placement/objects/research_context.py:563}}
Jul 28 11:38:33.831829 n-d-851368-1 devstack@placement-api.service[105155]: DEBUG placement.objects.research_context [req-e1676797-5700-4580-a4a1-1c0f02b4fda5 req-6f78d495-c12f-430c-a815-7340c23f0214 service placement] found 2 providers with available 1024 MEMORY_MB {{(pid=105155) get_provider_ids_matching /opt/stack/placement/placement/objects/research_context.py:563}}
Jul 28 11:38:33.832239 n-d-851368-1 devstack@placement-api.service[105155]: DEBUG placement.objects.research_context [req-e1676797-5700-4580-a4a1-1c0f02b4fda5 req-6f78d495-c12f-430c-a815-7340c23f0214 service placement] found 2 providers after filtering by previous result {{(pid=105155) get_provider_ids_matching /opt/stack/placement/placement/objects/research_context.py:594}}
Jul 28 11:38:33.832239 n-d-851368-1 devstack@placement-api.service[105155]: DEBUG placement.objects.research_context [req-e1676797-5700-4580-a4a1-1c0f02b4fda5 req-6f78d495-c12f-430c-a815-7340c23f0214 service placement] found 2 providers with available 1 VCPU {{(pid=105155) get_provider_ids_matching /opt/stack/placement/placement/objects/research_context.py:563}}
Jul 28 11:38:33.832435 n-d-851368-1 devstack@placement-api.service[105155]: DEBUG placement.objects.research_context [req-e1676797-5700-4580-a4a1-1c0f02b4fda5 req-6f78d495-c12f-430c-a815-7340c23f0214 service placement] found 2 providers after filtering by previous result {{(pid=105155) get_provider_ids_matching /opt/stack/placement/placement/objects/research_context.py:594}}
Jul 28 11:38:33.874700 n-d-851368-1 devstack@placement-api.service[105155]: DEBUG placement.objects.allocation_candidate [req-e1676797-5700-4580-a4a1-1c0f02b4fda5 req-6f78d495-c12f-430c-a815-7340c23f0214 service placement] RequestGroup(use_same_provider=False, resources={DISK_GB:1, MEMORY_MB:1024, VCPU:1}, traits=(), aggregates=[]) (suffix '') returned 2 matches {{(pid=105155) _get_by_requests /opt/stack/placement/placement/objects/allocation_candidate.py:156}}
Jul 28 11:38:33.875280 n-d-851368-1 devstack@placement-api.service[105155]: DEBUG placement.objects.allocation_candidate [req-e1676797-5700-4580-a4a1-1c0f02b4fda5 req-6f78d495-c12f-430c-a815-7340c23f0214 service placement] Merging candidates yields 2 allocation requests and 2 provider summaries {{(pid=105155) _merge_candidates /opt/stack/placement/placement/objects/allocation_candidate.py:809}}
Jul 28 11:38:33.882831 n-d-851368-1 devstack@placement-api.service[105155]: INFO placement.requestlog [req-e1676797-5700-4580-a4a1-1c0f02b4fda5 req-6f78d495-c12f-430c-a815-7340c23f0214 service placement] 10.222.0.93 "GET /placement/allocation_candidates?limit=1000&resources=DISK_GB%3A1%2CMEMORY_MB%3A1024%2CVCPU%3A1&root_required=%21COMPUTE_STATUS_DISABLED" status: 200 len: 1309 microversion: 1.36
Jul 28 11:38:33.883458 n-d-851368-1 devstack@placement-api.service[105155]: [pid: 105155|app: 0|req: 334/675] 10.222.0.93 () {60 vars in 1506 bytes} [Thu Jul 28 11:38:33 2022] GET /placement/allocation_candidates?limit=1000&resources=DISK_GB%3A1%2CMEMORY_MB%3A1024%2CVCPU%3A1&root_required=%21COMPUTE_STATUS_DISABLED => generated 1309 bytes in 277 msecs (HTTP/1.1 200) 8 headers in 297 bytes (1 switches on core 0)
Jul 28 11:38:34.189356 n-d-851368-1 devstack@placement-api.service[105154]: DEBUG placement.requestlog [req-e1676797-5700-4580-a4a1-1c0f02b4fda5 req-4c428fcc-17bc-4192-8b0e-f334b7e01deb None None] Starting request: 10.222.0.93 "GET /placement/allocations/a47e80e3-0309-4e90-8975-92a0a6287584" {{(pid=105154) __call__ /opt/stack/placement/placement/requestlog.py:55}}
Jul 28 11:38:34.210753 n-d-851368-1 devstack@placement-api.service[105154]: INFO placement.requestlog [req-e1676797-5700-4580-a4a1-1c0f02b4fda5 req-4c428fcc-17bc-4192-8b0e-f334b7e01deb service placement] 10.222.0.93 "GET /placement/allocations/a47e80e3-0309-4e90-8975-92a0a6287584" status: 200 len: 19 microversion: 1.28
Jul 28 11:38:34.216070 n-d-851368-1 devstack@placement-api.service[105154]: [pid: 105154|app: 0|req: 342/676] 10.222.0.93 () {60 vars in 1380 bytes} [Thu Jul 28 11:38:34 2022] GET /placement/allocations/a47e80e3-0309-4e90-8975-92a0a6287584 => generated 19 bytes in 27 msecs (HTTP/1.1 200) 8 headers in 295 bytes (1 switches on core 0)
Jul 28 11:38:34.230005 n-d-851368-1 devstack@placement-api.service[105155]: DEBUG placement.requestlog [req-e1676797-5700-4580-a4a1-1c0f02b4fda5 req-decb5a92-1c70-4689-94e4-be243b68f4bf None None] Starting request: 10.222.0.93 "PUT /placement/allocations/a47e80e3-0309-4e90-8975-92a0a6287584" {{(pid=105155) __call__ /opt/stack/placement/placement/requestlog.py:55}}
Jul 28 11:38:34.365579 n-d-851368-1 devstack@placement-api.service[105155]: DEBUG placement.handlers.allocation [req-e1676797-5700-4580-a4a1-1c0f02b4fda5 req-decb5a92-1c70-4689-94e4-be243b68f4bf service placement] Successfully wrote allocations [, , ] {{(pid=105155) _update_consumers_and_create_allocations /opt/stack/placement/placement/handlers/allocation.py:462}}
Jul 28 11:38:34.371357 n-d-851368-1 devstack@placement-api.service[105155]: INFO placement.requestlog [req-e1676797-5700-4580-a4a1-1c0f02b4fda5 req-decb5a92-1c70-4689-94e4-be243b68f4bf service placement] 10.222.0.93 "PUT /placement/allocations/a47e80e3-0309-4e90-8975-92a0a6287584" status: 204 len: 0 microversion: 1.36
Jul 28 11:38:34.372459 n-d-851368-1 devstack@placement-api.service[105155]: [pid: 105155|app: 0|req: 335/677] 10.222.0.93 () {64 vars in 1433 bytes} [Thu Jul 28 11:38:34 2022] PUT /placement/allocations/a47e80e3-0309-4e90-8975-92a0a6287584 => generated 0 bytes in 143 msecs (HTTP/1.1 204) 5 headers in 199 bytes (1 switches on core 0)
Jul 28 11:38:35.077842 n-d-851368-1 devstack@placement-api.service[105154]: DEBUG placement.requestlog [req-e1676797-5700-4580-a4a1-1c0f02b4fda5 req-3c4fefad-63b1-4fdd-87e5-76b3a15d2f57 None None] Starting request: 10.222.0.86 "GET /placement/allocations/a47e80e3-0309-4e90-8975-92a0a6287584" {{(pid=105154) __call__ /opt/stack/placement/placement/requestlog.py:55}}
Jul 28 11:38:35.282011 n-d-851368-1 devstack@placement-api.service[105154]: INFO placement.requestlog [req-e1676797-5700-4580-a4a1-1c0f02b4fda5 req-3c4fefad-63b1-4fdd-87e5-76b3a15d2f57 service placement] 10.222.0.86 "GET /placement/allocations/a47e80e3-0309-4e90-8975-92a0a6287584" status: 200 len: 259 microversion: 1.28
Jul 28 11:38:35.283586 n-d-851368-1 devstack@placement-api.service[105154]: [pid: 105154|app: 0|req: 343/678] 10.222.0.86 () {60 vars in 1377 bytes} [Thu Jul 28 11:38:35 2022] GET /placement/allocations/a47e80e3-0309-4e90-8975-92a0a6287584 => generated 259 bytes in 207 msecs (HTTP/1.1 200) 8 headers in 296 bytes (1 switches on core 0)
Jul 28 11:38:35.642993 n-d-851368-1 devstack@placement-api.service[105155]: DEBUG placement.requestlog [req-e1676797-5700-4580-a4a1-1c0f02b4fda5 req-b2a31902-54ea-4208-9b61-15094a9ad84e None None] Starting request: 10.222.0.86 "GET /placement/resource_providers?in_tree=10e4a66d-0781-4bfa-8074-08f2eaac2fcd" {{(pid=105155) __call__ /opt/stack/placement/placement/requestlog.py:55}}
Jul 28 11:38:35.715174 n-d-851368-1 devstack@placement-api.service[105155]: INFO placement.requestlog [req-e1676797-5700-4580-a4a1-1c0f02b4fda5 req-b2a31902-54ea-4208-9b61-15094a9ad84e service placement] 10.222.0.86 "GET /placement/resource_providers?in_tree=10e4a66d-0781-4bfa-8074-08f2eaac2fcd" status: 200 len: 863 microversion: 1.14
Jul 28 11:38:35.716267 n-d-851368-1 devstack@placement-api.service[105155]: [pid: 105155|app: 0|req: 336/679] 10.222.0.86 () {60 vars in 1376 bytes} [Thu Jul 28 11:38:35 2022] GET /placement/resource_providers?in_tree=10e4a66d-0781-4bfa-8074-08f2eaac2fcd => generated 863 bytes in 74 msecs (HTTP/1.1 200) 6 headers in 225 bytes (1 switches on core 0)
Jul 28 11:38:35.731329 n-d-851368-1 devstack@placement-api.service[105154]: DEBUG placement.requestlog [req-e1676797-5700-4580-a4a1-1c0f02b4fda5 req-9a48ee8c-b4c2-42fb-ba21-a83191cb5622 None None] Starting request: 10.222.0.86 "GET /placement/resource_providers/10e4a66d-0781-4bfa-8074-08f2eaac2fcd/inventories" {{(pid=105154) __call__ /opt/stack/placement/placement/requestlog.py:55}}
Jul 28 11:38:35.778346 n-d-851368-1 devstack@placement-api.service[105154]: INFO placement.requestlog [req-e1676797-5700-4580-a4a1-1c0f02b4fda5 req-9a48ee8c-b4c2-42fb-ba21-a83191cb5622 service placement] 10.222.0.86 "GET /placement/resource_providers/10e4a66d-0781-4bfa-8074-08f2eaac2fcd/inventories" status: 200 len: 398 microversion: 1.0
Jul 28 11:38:35.779403 n-d-851368-1 devstack@placement-api.service[105154]: [pid: 105154|app: 0|req: 344/680] 10.222.0.86 () {58 vars in 1390 bytes} [Thu Jul 28 11:38:35 2022] GET /placement/resource_providers/10e4a66d-0781-4bfa-8074-08f2eaac2fcd/inventories => generated 398 bytes in 48 msecs (HTTP/1.1 200) 6 headers in 224 bytes (1 switches on core 0)
Jul 28 11:38:35.800370 n-d-851368-1 devstack@placement-api.service[105155]: DEBUG placement.requestlog [req-e1676797-5700-4580-a4a1-1c0f02b4fda5 req-d4e13bad-b85a-42e5-86b8-5184727a8090 None None] Starting request: 10.222.0.86 "GET /placement/resource_providers/10e4a66d-0781-4bfa-8074-08f2eaac2fcd/aggregates" {{(pid=105155) __call__ /opt/stack/placement/placement/requestlog.py:55}}
Jul 28 11:38:35.819426 n-d-851368-1 devstack@placement-api.service[105155]: INFO placement.requestlog [req-e1676797-5700-4580-a4a1-1c0f02b4fda5 req-d4e13bad-b85a-42e5-86b8-5184727a8090 service placement] 10.222.0.86 "GET /placement/resource_providers/10e4a66d-0781-4bfa-8074-08f2eaac2fcd/aggregates" status: 200 len: 54 microversion: 1.19
Jul 28 11:38:35.827406 n-d-851368-1 devstack@placement-api.service[105155]: [pid: 105155|app: 0|req: 337/681] 10.222.0.86 () {60 vars in 1431 bytes} [Thu Jul 28 11:38:35 2022] GET /placement/resource_providers/10e4a66d-0781-4bfa-8074-08f2eaac2fcd/aggregates => generated 54 bytes in 27 msecs (HTTP/1.1 200) 8 headers in 295 bytes (1 switches on core 0)
Jul 28 11:38:35.841773 n-d-851368-1 devstack@placement-api.service[105154]: DEBUG placement.requestlog [req-e1676797-5700-4580-a4a1-1c0f02b4fda5 req-1fd19a75-92cd-4e85-b19a-81a471f66815 None None] Starting request: 10.222.0.86 "GET /placement/resource_providers/10e4a66d-0781-4bfa-8074-08f2eaac2fcd/traits" {{(pid=105154) __call__ /opt/stack/placement/placement/requestlog.py:55}}
Jul 28 11:38:35.931046 n-d-851368-1 devstack@placement-api.service[105154]: INFO placement.requestlog [req-e1676797-5700-4580-a4a1-1c0f02b4fda5 req-1fd19a75-92cd-4e85-b19a-81a471f66815 service placement] 10.222.0.86 "GET /placement/resource_providers/10e4a66d-0781-4bfa-8074-08f2eaac2fcd/traits" status: 200 len: 212 microversion: 1.6
Jul 28 11:38:35.931921 n-d-851368-1 devstack@placement-api.service[105154]: [pid: 105154|app: 0|req: 345/682] 10.222.0.86 () {60 vars in 1418 bytes} [Thu Jul 28 11:38:35 2022] GET /placement/resource_providers/10e4a66d-0781-4bfa-8074-08f2eaac2fcd/traits => generated 212 bytes in 90 msecs (HTTP/1.1 200) 6 headers in 224 bytes (1 switches on core 0)
Jul 28 11:38:36.497246 n-d-851368-1 devstack@placement-api.service[105155]: DEBUG placement.requestlog [req-4be5738b-40f5-4d04-9405-8bca674913fe req-5b48bb43-d156-4d72-aab4-9ef91e857be5 None None] Starting request: 10.222.0.48 "DELETE /placement/allocations/19b50771-15aa-4cbf-b2b4-d8dbd81a2339" {{(pid=105155) __call__ /opt/stack/placement/placement/requestlog.py:55}}
Jul 28 11:38:36.539333 n-d-851368-1 devstack@placement-api.service[105154]: DEBUG placement.requestlog [req-c87b7c77-b0bf-4586-b87a-e29240a840df req-8ed346c5-e445-473c-9689-d612d62c0075 None None] Starting request: 10.222.0.86 "DELETE /placement/allocations/3a70dc22-0b38-4f37-919a-45cde364058a" {{(pid=105154) __call__ /opt/stack/placement/placement/requestlog.py:55}}
Jul 28 11:38:36.588969 n-d-851368-1 devstack@placement-api.service[105155]: DEBUG placement.handlers.allocation [req-4be5738b-40f5-4d04-9405-8bca674913fe req-5b48bb43-d156-4d72-aab4-9ef91e857be5 service placement] Successfully deleted allocations [, , ] {{(pid=105155) delete_allocations /opt/stack/placement/placement/handlers/allocation.py:627}}
Jul 28 11:38:36.590038 n-d-851368-1 devstack@placement-api.service[105155]: INFO placement.requestlog [req-4be5738b-40f5-4d04-9405-8bca674913fe req-5b48bb43-d156-4d72-aab4-9ef91e857be5 service placement] 10.222.0.48 "DELETE /placement/allocations/19b50771-15aa-4cbf-b2b4-d8dbd81a2339" status: 204 len: 0 microversion: 1.0
Jul 28 11:38:36.591978 n-d-851368-1 devstack@placement-api.service[105155]: [pid: 105155|app: 0|req: 338/683] 10.222.0.48 () {60 vars in 1355 bytes} [Thu Jul 28 11:38:36 2022] DELETE /placement/allocations/19b50771-15aa-4cbf-b2b4-d8dbd81a2339 => generated 0 bytes in 94 msecs (HTTP/1.1 204) 5 headers in 198 bytes (1 switches on core 0)
Jul 28 11:38:36.640424 n-d-851368-1 devstack@placement-api.service[105154]: DEBUG placement.handlers.allocation [req-c87b7c77-b0bf-4586-b87a-e29240a840df req-8ed346c5-e445-473c-9689-d612d62c0075 service placement] Successfully deleted allocations [, , ] {{(pid=105154) delete_allocations /opt/stack/placement/placement/handlers/allocation.py:627}}
Jul 28 11:38:36.643160 n-d-851368-1 devstack@placement-api.service[105154]: INFO placement.requestlog [req-c87b7c77-b0bf-4586-b87a-e29240a840df req-8ed346c5-e445-473c-9689-d612d62c0075 service placement] 10.222.0.86 "DELETE /placement/allocations/3a70dc22-0b38-4f37-919a-45cde364058a" status: 204 len: 0 microversion: 1.0
Jul 28 11:38:36.649258 n-d-851368-1 devstack@placement-api.service[105154]: [pid: 105154|app: 0|req: 346/684] 10.222.0.86 () {60 vars in 1355 bytes} [Thu Jul 28 11:38:36 2022] DELETE /placement/allocations/3a70dc22-0b38-4f37-919a-45cde364058a => generated 0 bytes in 110 msecs (HTTP/1.1 204) 5 headers in 198 bytes (2 switches on core 0)
Jul 28 11:38:37.329989 n-d-851368-1 devstack@placement-api.service[105155]: DEBUG placement.requestlog [None req-1a24e1da-c0e1-4ecd-957d-fc634b3fedc6 None None] Starting request: 10.222.0.93 "GET /placement/resource_providers/bd2e20a6-48b7-4e4b-98fc-525f76f95f5e/aggregates" {{(pid=105155) __call__ /opt/stack/placement/placement/requestlog.py:55}}
Jul 28 11:38:37.341990 n-d-851368-1 devstack@placement-api.service[105155]: INFO placement.requestlog [None req-1a24e1da-c0e1-4ecd-957d-fc634b3fedc6 service placement] 10.222.0.93 "GET /placement/resource_providers/bd2e20a6-48b7-4e4b-98fc-525f76f95f5e/aggregates" status: 404 len: 235 microversion: 1.1
Jul 28 11:38:37.345848 n-d-851368-1 devstack@placement-api.service[105155]: [pid: 105155|app: 0|req: 339/685] 10.222.0.93 () {58 vars in 1362 bytes} [Thu Jul 28 11:38:37 2022] GET /placement/resource_providers/bd2e20a6-48b7-4e4b-98fc-525f76f95f5e/aggregates => generated 235 bytes in 16 msecs (HTTP/1.1 404) 5 headers in 202 bytes (1 switches on core 0)
Jul 28 11:38:37.446831 n-d-851368-1 devstack@placement-api.service[105154]: DEBUG placement.requestlog [None req-d67d5c77-8659-484e-b30f-943a5600d330 None None] Starting request: 10.222.0.93 "DELETE /placement/resource_providers/bd2e20a6-48b7-4e4b-98fc-525f76f95f5e" {{(pid=105154) __call__ /opt/stack/placement/placement/requestlog.py:55}}
Jul 28 11:38:37.467384 n-d-851368-1 devstack@placement-api.service[105154]: DEBUG placement.wsgi_wrapper [None req-d67d5c77-8659-484e-b30f-943a5600d330 service placement] Placement API returning an error response: No resource provider with uuid bd2e20a6-48b7-4e4b-98fc-525f76f95f5e found for delete {{(pid=105154) call_func /opt/stack/placement/placement/wsgi_wrapper.py:31}}
Jul 28 11:38:37.468062 n-d-851368-1 devstack@placement-api.service[105154]: INFO placement.requestlog [None req-d67d5c77-8659-484e-b30f-943a5600d330 service placement] 10.222.0.93 "DELETE /placement/resource_providers/bd2e20a6-48b7-4e4b-98fc-525f76f95f5e" status: 404 len: 246 microversion: 1.1
Jul 28 11:38:37.468432 n-d-851368-1 devstack@placement-api.service[105154]: [pid: 105154|app: 0|req: 347/686] 10.222.0.93 () {60 vars in 1351 bytes} [Thu Jul 28 11:38:37 2022] DELETE /placement/resource_providers/bd2e20a6-48b7-4e4b-98fc-525f76f95f5e => generated 246 bytes in 24 msecs (HTTP/1.1 404) 6 headers in 231 bytes (1 switches on core 0)
Jul 28 11:38:41.172397 n-d-851368-1 devstack@placement-api.service[105155]: DEBUG placement.requestlog [None req-541b0522-a891-4924-875d-ed76228beb13 None None] Starting request: 10.222.0.93 "GET /placement/resource_providers/8b007b65-9d19-4c35-b2f5-80cf3184267e/aggregates" {{(pid=105155) __call__ /opt/stack/placement/placement/requestlog.py:55}}
Jul 28 11:38:41.193071 n-d-851368-1 devstack@placement-api.service[105155]: INFO placement.requestlog [None req-541b0522-a891-4924-875d-ed76228beb13 service placement] 10.222.0.93 "GET /placement/resource_providers/8b007b65-9d19-4c35-b2f5-80cf3184267e/aggregates" status: 404 len: 235 microversion: 1.1
Jul 28 11:38:41.194054 n-d-851368-1 devstack@placement-api.service[105155]: [pid: 105155|app: 0|req: 340/687] 10.222.0.93 () {58 vars in 1362 bytes} [Thu Jul 28 11:38:41 2022] GET /placement/resource_providers/8b007b65-9d19-4c35-b2f5-80cf3184267e/aggregates => generated 235 bytes in 22 msecs (HTTP/1.1 404) 5 headers in 202 bytes (1 switches on core 0)
Jul 28 11:38:41.241499 n-d-851368-1 devstack@placement-api.service[105154]: DEBUG placement.requestlog [None req-5de88e9c-ae3f-4677-a209-d1e709c848ee None None] Starting request: 10.222.0.93 "DELETE /placement/resource_providers/8b007b65-9d19-4c35-b2f5-80cf3184267e" {{(pid=105154) __call__ /opt/stack/placement/placement/requestlog.py:55}}
Jul 28 11:38:41.274084 n-d-851368-1 devstack@placement-api.service[105154]: DEBUG placement.wsgi_wrapper [None req-5de88e9c-ae3f-4677-a209-d1e709c848ee service placement] Placement API returning an error response: No resource provider with uuid 8b007b65-9d19-4c35-b2f5-80cf3184267e found for delete {{(pid=105154) call_func /opt/stack/placement/placement/wsgi_wrapper.py:31}}
Jul 28 11:38:41.275030 n-d-851368-1 devstack@placement-api.service[105154]: INFO placement.requestlog [None req-5de88e9c-ae3f-4677-a209-d1e709c848ee service placement] 10.222.0.93 "DELETE /placement/resource_providers/8b007b65-9d19-4c35-b2f5-80cf3184267e" status: 404 len: 246 microversion: 1.1
Jul 28 11:38:41.282231 n-d-851368-1 devstack@placement-api.service[105154]: [pid: 105154|app: 0|req: 348/688] 10.222.0.93 () {60 vars in 1351 bytes} [Thu Jul 28 11:38:41 2022] DELETE /placement/resource_providers/8b007b65-9d19-4c35-b2f5-80cf3184267e => generated 246 bytes in 41 msecs (HTTP/1.1 404) 6 headers in 231 bytes (1 switches on core 0)
Jul 28 11:38:48.824652 n-d-851368-1 devstack@placement-api.service[105155]: DEBUG placement.requestlog [req-28a14daf-9ea9-4d07-b526-a27336f4210a req-5d5f47cd-d7e0-402c-927b-e487fbb8be36 None None] Starting request: 10.222.0.86 "DELETE /placement/allocations/a4aa2aa8-82d1-445a-af29-c51f041c331a" {{(pid=105155) __call__ /opt/stack/placement/placement/requestlog.py:55}}
Jul 28 11:38:48.940483 n-d-851368-1 devstack@placement-api.service[105155]: DEBUG placement.handlers.allocation [req-28a14daf-9ea9-4d07-b526-a27336f4210a req-5d5f47cd-d7e0-402c-927b-e487fbb8be36 service placement] Successfully deleted allocations [, ] {{(pid=105155) delete_allocations /opt/stack/placement/placement/handlers/allocation.py:627}}
Jul 28 11:38:48.941105 n-d-851368-1 devstack@placement-api.service[105155]: INFO placement.requestlog [req-28a14daf-9ea9-4d07-b526-a27336f4210a req-5d5f47cd-d7e0-402c-927b-e487fbb8be36 service placement] 10.222.0.86 "DELETE /placement/allocations/a4aa2aa8-82d1-445a-af29-c51f041c331a" status: 204 len: 0 microversion: 1.0
Jul 28 11:38:48.941802 n-d-851368-1 devstack@placement-api.service[105155]: [pid: 105155|app: 0|req: 341/689] 10.222.0.86 () {60 vars in 1355 bytes} [Thu Jul 28 11:38:48 2022] DELETE /placement/allocations/a4aa2aa8-82d1-445a-af29-c51f041c331a => generated 0 bytes in 118 msecs (HTTP/1.1 204) 5 headers in 198 bytes (1 switches on core 0)
Jul 28 11:38:51.258250 n-d-851368-1 devstack@placement-api.service[105154]: DEBUG dbcounter [-] [105154] Writing DB stats placement:SELECT=34,placement:DELETE=2 {{(pid=105154) stat_writer /usr/local/lib/python3.8/dist-packages/dbcounter.py:114}}
Jul 28 11:38:54.218940 n-d-851368-1 devstack@placement-api.service[105154]: DEBUG placement.requestlog [None req-810b142b-8f9a-4a71-a59c-16bc09258391 None None] Starting request: 10.222.0.93 "GET /placement/resource_providers/97c49c66-1623-4b7d-b49a-1290ebfb3c53/aggregates" {{(pid=105154) __call__ /opt/stack/placement/placement/requestlog.py:55}}
Jul 28 11:38:54.239370 n-d-851368-1 devstack@placement-api.service[105154]: INFO placement.requestlog [None req-810b142b-8f9a-4a71-a59c-16bc09258391 service placement] 10.222.0.93 "GET /placement/resource_providers/97c49c66-1623-4b7d-b49a-1290ebfb3c53/aggregates" status: 404 len: 235 microversion: 1.1
Jul 28 11:38:54.265627 n-d-851368-1 devstack@placement-api.service[105154]: [pid: 105154|app: 0|req: 349/690] 10.222.0.93 () {58 vars in 1362 bytes} [Thu Jul 28 11:38:54 2022] GET /placement/resource_providers/97c49c66-1623-4b7d-b49a-1290ebfb3c53/aggregates => generated 235 bytes in 47 msecs (HTTP/1.1 404) 5 headers in 202 bytes (1 switches on core 0)
Jul 28 11:38:54.396982 n-d-851368-1 devstack@placement-api.service[105155]: DEBUG placement.requestlog [None req-f0c96b9d-cb84-49af-ae77-178a7a63ee1c None None] Starting request: 10.222.0.93 "DELETE /placement/resource_providers/97c49c66-1623-4b7d-b49a-1290ebfb3c53" {{(pid=105155) __call__ /opt/stack/placement/placement/requestlog.py:55}}
Jul 28 11:38:54.405028 n-d-851368-1 devstack@placement-api.service[105155]: DEBUG dbcounter [-] [105155] Writing DB stats placement:SELECT=78,placement:INSERT=10,placement:DELETE=8,placement:UPDATE=4 {{(pid=105155) stat_writer /usr/local/lib/python3.8/dist-packages/dbcounter.py:114}}
Jul 28 11:38:54.423271 n-d-851368-1 devstack@placement-api.service[105155]: DEBUG placement.wsgi_wrapper [None req-f0c96b9d-cb84-49af-ae77-178a7a63ee1c service placement] Placement API returning an error response: No resource provider with uuid 97c49c66-1623-4b7d-b49a-1290ebfb3c53 found for delete {{(pid=105155) call_func /opt/stack/placement/placement/wsgi_wrapper.py:31}}
Jul 28 11:38:54.424217 n-d-851368-1 devstack@placement-api.service[105155]: INFO placement.requestlog [None req-f0c96b9d-cb84-49af-ae77-178a7a63ee1c service placement] 10.222.0.93 "DELETE /placement/resource_providers/97c49c66-1623-4b7d-b49a-1290ebfb3c53" status: 404 len: 246 microversion: 1.1
Jul 28 11:38:54.426218 n-d-851368-1 devstack@placement-api.service[105155]: [pid: 105155|app: 0|req: 342/691] 10.222.0.93 () {60 vars in 1351 bytes} [Thu Jul 28 11:38:54 2022] DELETE /placement/resource_providers/97c49c66-1623-4b7d-b49a-1290ebfb3c53 => generated 246 bytes in 30 msecs (HTTP/1.1 404) 6 headers in 231 bytes (1 switches on core 0)
Jul 28 11:38:59.629233 n-d-851368-1 devstack@placement-api.service[105154]: DEBUG placement.requestlog [req-e125aaaf-c44f-4729-b731-bfb31433dfaa req-a89abf3c-13a8-4af3-80af-2523b78e57c6 None None] Starting request: 10.222.0.86 "GET /placement/resource_providers/10e4a66d-0781-4bfa-8074-08f2eaac2fcd/allocations" {{(pid=105154) __call__ /opt/stack/placement/placement/requestlog.py:55}}
Jul 28 11:38:59.682169 n-d-851368-1 devstack@placement-api.service[105154]: INFO placement.requestlog [req-e125aaaf-c44f-4729-b731-bfb31433dfaa req-a89abf3c-13a8-4af3-80af-2523b78e57c6 service placement] 10.222.0.86 "GET /placement/resource_providers/10e4a66d-0781-4bfa-8074-08f2eaac2fcd/allocations" status: 200 len: 154 microversion: 1.0
Jul 28 11:38:59.682717 n-d-851368-1 devstack@placement-api.service[105154]: [pid: 105154|app: 0|req: 350/692] 10.222.0.86 () {58 vars in 1390 bytes} [Thu Jul 28 11:38:59 2022] GET /placement/resource_providers/10e4a66d-0781-4bfa-8074-08f2eaac2fcd/allocations => generated 154 bytes in 54 msecs (HTTP/1.1 200) 6 headers in 224 bytes (1 switches on core 0)
Jul 28 11:39:02.027443 n-d-851368-1 devstack@placement-api.service[105155]: DEBUG placement.requestlog [None req-5540968e-7772-4a34-9fce-c12fb9602837 None None] Starting request: 10.222.0.93 "GET /placement/resource_providers/704065e7-d0b0-462c-bb81-3e1d212bb882/aggregates" {{(pid=105155) __call__ /opt/stack/placement/placement/requestlog.py:55}}
Jul 28 11:39:02.045236 n-d-851368-1 devstack@placement-api.service[105155]: INFO placement.requestlog [None req-5540968e-7772-4a34-9fce-c12fb9602837 service placement] 10.222.0.93 "GET /placement/resource_providers/704065e7-d0b0-462c-bb81-3e1d212bb882/aggregates" status: 404 len: 235 microversion: 1.1
Jul 28 11:39:02.045604 n-d-851368-1 devstack@placement-api.service[105155]: [pid: 105155|app: 0|req: 343/693] 10.222.0.93 () {58 vars in 1362 bytes} [Thu Jul 28 11:39:02 2022] GET /placement/resource_providers/704065e7-d0b0-462c-bb81-3e1d212bb882/aggregates => generated 235 bytes in 18 msecs (HTTP/1.1 404) 5 headers in 202 bytes (1 switches on core 0)
Jul 28 11:39:02.118500 n-d-851368-1 devstack@placement-api.service[105154]: DEBUG placement.requestlog [None req-80288a8e-6e02-4c4c-9cb8-658f58991b81 None None] Starting request: 10.222.0.93 "DELETE /placement/resource_providers/704065e7-d0b0-462c-bb81-3e1d212bb882" {{(pid=105154) __call__ /opt/stack/placement/placement/requestlog.py:55}}
Jul 28 11:39:02.133669 n-d-851368-1 devstack@placement-api.service[105154]: DEBUG placement.wsgi_wrapper [None req-80288a8e-6e02-4c4c-9cb8-658f58991b81 service placement] Placement API returning an error response: No resource provider with uuid 704065e7-d0b0-462c-bb81-3e1d212bb882 found for delete {{(pid=105154) call_func /opt/stack/placement/placement/wsgi_wrapper.py:31}}
Jul 28 11:39:02.137049 n-d-851368-1 devstack@placement-api.service[105154]: INFO placement.requestlog [None req-80288a8e-6e02-4c4c-9cb8-658f58991b81 service placement] 10.222.0.93 "DELETE /placement/resource_providers/704065e7-d0b0-462c-bb81-3e1d212bb882" status: 404 len: 246 microversion: 1.1
Jul 28 11:39:02.137405 n-d-851368-1 devstack@placement-api.service[105154]: [pid: 105154|app: 0|req: 351/694] 10.222.0.93 () {60 vars in 1351 bytes} [Thu Jul 28 11:39:02 2022] DELETE /placement/resource_providers/704065e7-d0b0-462c-bb81-3e1d212bb882 => generated 246 bytes in 19 msecs (HTTP/1.1 404) 6 headers in 231 bytes (1 switches on core 0)
Jul 28 11:39:03.165889 n-d-851368-1 devstack@placement-api.service[105155]: DEBUG placement.requestlog [req-ff7299b1-4e74-4a36-a06d-849e866a05d8 req-cd48ab1d-f87f-4052-9b27-ce04bb336ee7 None None] Starting request: 10.222.0.48 "GET /placement/resource_providers/52e1cfd1-9f85-4244-81bd-82fd49669bd6/allocations" {{(pid=105155) __call__ /opt/stack/placement/placement/requestlog.py:55}}
Jul 28 11:39:03.224108 n-d-851368-1 devstack@placement-api.service[105155]: INFO placement.requestlog [req-ff7299b1-4e74-4a36-a06d-849e866a05d8 req-cd48ab1d-f87f-4052-9b27-ce04bb336ee7 service placement] 10.222.0.48 "GET /placement/resource_providers/52e1cfd1-9f85-4244-81bd-82fd49669bd6/allocations" status: 200 len: 255 microversion: 1.0
Jul 28 11:39:03.227803 n-d-851368-1 devstack@placement-api.service[105155]: [pid: 105155|app: 0|req: 344/695] 10.222.0.48 () {58 vars in 1390 bytes} [Thu Jul 28 11:39:03 2022] GET /placement/resource_providers/52e1cfd1-9f85-4244-81bd-82fd49669bd6/allocations => generated 255 bytes in 62 msecs (HTTP/1.1 200) 6 headers in 224 bytes (1 switches on core 0)
Jul 28 11:39:03.292520 n-d-851368-1 devstack@placement-api.service[105154]: DEBUG placement.requestlog [req-ff7299b1-4e74-4a36-a06d-849e866a05d8 req-3e3a2497-4d11-4796-97a9-f36c81ccd181 None None] Starting request: 10.222.0.48 "GET /placement/resource_providers?in_tree=52e1cfd1-9f85-4244-81bd-82fd49669bd6" {{(pid=105154) __call__ /opt/stack/placement/placement/requestlog.py:55}}
Jul 28 11:39:03.357578 n-d-851368-1 devstack@placement-api.service[105154]: INFO placement.requestlog [req-ff7299b1-4e74-4a36-a06d-849e866a05d8 req-3e3a2497-4d11-4796-97a9-f36c81ccd181 service placement] 10.222.0.48 "GET /placement/resource_providers?in_tree=52e1cfd1-9f85-4244-81bd-82fd49669bd6" status: 200 len: 863 microversion: 1.14
Jul 28 11:39:03.364789 n-d-851368-1 devstack@placement-api.service[105154]: [pid: 105154|app: 0|req: 352/696] 10.222.0.48 () {60 vars in 1376 bytes} [Thu Jul 28 11:39:03 2022] GET /placement/resource_providers?in_tree=52e1cfd1-9f85-4244-81bd-82fd49669bd6 => generated 863 bytes in 72 msecs (HTTP/1.1 200) 6 headers in 225 bytes (1 switches on core 0)
Jul 28 11:39:03.372643 n-d-851368-1 devstack@placement-api.service[105155]: DEBUG placement.requestlog [req-ff7299b1-4e74-4a36-a06d-849e866a05d8 req-98efcff8-630a-479b-8ad9-f42a369a3981 None None] Starting request: 10.222.0.48 "GET /placement/resource_providers/52e1cfd1-9f85-4244-81bd-82fd49669bd6/inventories" {{(pid=105155) __call__ /opt/stack/placement/placement/requestlog.py:55}}
Jul 28 11:39:03.428630 n-d-851368-1 devstack@placement-api.service[105155]: INFO placement.requestlog [req-ff7299b1-4e74-4a36-a06d-849e866a05d8 req-98efcff8-630a-479b-8ad9-f42a369a3981 service placement] 10.222.0.48 "GET /placement/resource_providers/52e1cfd1-9f85-4244-81bd-82fd49669bd6/inventories" status: 200 len: 398 microversion: 1.0
Jul 28 11:39:03.434292 n-d-851368-1 devstack@placement-api.service[105155]: [pid: 105155|app: 0|req: 345/697] 10.222.0.48 () {58 vars in 1390 bytes} [Thu Jul 28 11:39:03 2022] GET /placement/resource_providers/52e1cfd1-9f85-4244-81bd-82fd49669bd6/inventories => generated 398 bytes in 62 msecs (HTTP/1.1 200) 6 headers in 224 bytes (1 switches on core 0)
Jul 28 11:39:03.457691 n-d-851368-1 devstack@placement-api.service[105154]: DEBUG placement.requestlog [req-ff7299b1-4e74-4a36-a06d-849e866a05d8 req-f7d035b3-4993-4b7e-aca8-d3c1ef71a841 None None] Starting request: 10.222.0.48 "GET /placement/resource_providers/52e1cfd1-9f85-4244-81bd-82fd49669bd6/aggregates" {{(pid=105154) __call__ /opt/stack/placement/placement/requestlog.py:55}}
Jul 28 11:39:03.482909 n-d-851368-1 devstack@placement-api.service[105154]: INFO placement.requestlog [req-ff7299b1-4e74-4a36-a06d-849e866a05d8 req-f7d035b3-4993-4b7e-aca8-d3c1ef71a841 service placement] 10.222.0.48 "GET /placement/resource_providers/52e1cfd1-9f85-4244-81bd-82fd49669bd6/aggregates" status: 200 len: 54 microversion: 1.19
Jul 28 11:39:03.483629 n-d-851368-1 devstack@placement-api.service[105154]: [pid: 105154|app: 0|req: 353/698] 10.222.0.48 () {60 vars in 1431 bytes} [Thu Jul 28 11:39:03 2022] GET /placement/resource_providers/52e1cfd1-9f85-4244-81bd-82fd49669bd6/aggregates => generated 54 bytes in 26 msecs (HTTP/1.1 200) 8 headers in 295 bytes (1 switches on core 0)
Jul 28 11:39:03.497382 n-d-851368-1 devstack@placement-api.service[105155]: DEBUG placement.requestlog [req-ff7299b1-4e74-4a36-a06d-849e866a05d8 req-6d6f9004-94c2-466e-84ea-d75ef83f0b3e None None] Starting request: 10.222.0.48 "GET /placement/resource_providers/52e1cfd1-9f85-4244-81bd-82fd49669bd6/traits" {{(pid=105155) __call__ /opt/stack/placement/placement/requestlog.py:55}}
Jul 28 11:39:03.548945 n-d-851368-1 devstack@placement-api.service[105155]: INFO placement.requestlog [req-ff7299b1-4e74-4a36-a06d-849e866a05d8 req-6d6f9004-94c2-466e-84ea-d75ef83f0b3e service placement] 10.222.0.48 "GET /placement/resource_providers/52e1cfd1-9f85-4244-81bd-82fd49669bd6/traits" status: 200 len: 212 microversion: 1.6
Jul 28 11:39:03.549586 n-d-851368-1 devstack@placement-api.service[105155]: [pid: 105155|app: 0|req: 346/699] 10.222.0.48 () {60 vars in 1418 bytes} [Thu Jul 28 11:39:03 2022] GET /placement/resource_providers/52e1cfd1-9f85-4244-81bd-82fd49669bd6/traits => generated 212 bytes in 53 msecs (HTTP/1.1 200) 6 headers in 224 bytes (1 switches on core 0)
Jul 28 11:39:06.224233 n-d-851368-1 devstack@placement-api.service[105154]: DEBUG placement.requestlog [req-31a1bf80-7df0-4088-8082-1d4b457ff9fa req-99747ee3-9fe6-4a66-86d0-41fcf1a588da None None] Starting request: 10.222.0.86 "GET /placement/allocations/a47e80e3-0309-4e90-8975-92a0a6287584" {{(pid=105154) __call__ /opt/stack/placement/placement/requestlog.py:55}}
Jul 28 11:39:06.259351 n-d-851368-1 devstack@placement-api.service[105154]: INFO placement.requestlog [req-31a1bf80-7df0-4088-8082-1d4b457ff9fa req-99747ee3-9fe6-4a66-86d0-41fcf1a588da service placement] 10.222.0.86 "GET /placement/allocations/a47e80e3-0309-4e90-8975-92a0a6287584" status: 200 len: 259 microversion: 1.28
Jul 28 11:39:06.260679 n-d-851368-1 devstack@placement-api.service[105154]: [pid: 105154|app: 0|req: 354/700] 10.222.0.86 () {60 vars in 1377 bytes} [Thu Jul 28 11:39:06 2022] GET /placement/allocations/a47e80e3-0309-4e90-8975-92a0a6287584 => generated 259 bytes in 45 msecs (HTTP/1.1 200) 8 headers in 296 bytes (1 switches on core 0)
Jul 28 11:39:07.068831 n-d-851368-1 devstack@placement-api.service[105155]: DEBUG placement.requestlog [None req-3583e98b-06a1-4398-8afb-bf4d35c88bd1 None None] Starting request: 10.222.0.93 "GET /placement/resource_providers/fe44712a-4bd9-4f50-a287-6f2a894f9d4d/aggregates" {{(pid=105155) __call__ /opt/stack/placement/placement/requestlog.py:55}}
Jul 28 11:39:07.091603 n-d-851368-1 devstack@placement-api.service[105155]: INFO placement.requestlog [None req-3583e98b-06a1-4398-8afb-bf4d35c88bd1 service placement] 10.222.0.93 "GET /placement/resource_providers/fe44712a-4bd9-4f50-a287-6f2a894f9d4d/aggregates" status: 404 len: 235 microversion: 1.1
Jul 28 11:39:07.092682 n-d-851368-1 devstack@placement-api.service[105155]: [pid: 105155|app: 0|req: 347/701] 10.222.0.93 () {58 vars in 1362 bytes} [Thu Jul 28 11:39:07 2022] GET /placement/resource_providers/fe44712a-4bd9-4f50-a287-6f2a894f9d4d/aggregates => generated 235 bytes in 24 msecs (HTTP/1.1 404) 5 headers in 202 bytes (1 switches on core 0)
Jul 28 11:39:07.448554 n-d-851368-1 devstack@placement-api.service[105154]: DEBUG placement.requestlog [None req-9056559e-4c6f-45c6-94a0-970aa4ab9eb6 None None] Starting request: 10.222.0.93 "DELETE /placement/resource_providers/fe44712a-4bd9-4f50-a287-6f2a894f9d4d" {{(pid=105154) __call__ /opt/stack/placement/placement/requestlog.py:55}}
Jul 28 11:39:07.463708 n-d-851368-1 devstack@placement-api.service[105154]: DEBUG placement.wsgi_wrapper [None req-9056559e-4c6f-45c6-94a0-970aa4ab9eb6 service placement] Placement API returning an error response: No resource provider with uuid fe44712a-4bd9-4f50-a287-6f2a894f9d4d found for delete {{(pid=105154) call_func /opt/stack/placement/placement/wsgi_wrapper.py:31}}
Jul 28 11:39:07.464657 n-d-851368-1 devstack@placement-api.service[105154]: INFO placement.requestlog [None req-9056559e-4c6f-45c6-94a0-970aa4ab9eb6 service placement] 10.222.0.93 "DELETE /placement/resource_providers/fe44712a-4bd9-4f50-a287-6f2a894f9d4d" status: 404 len: 246 microversion: 1.1
Jul 28 11:39:07.465385 n-d-851368-1 devstack@placement-api.service[105154]: [pid: 105154|app: 0|req: 355/702] 10.222.0.93 () {60 vars in 1351 bytes} [Thu Jul 28 11:39:07 2022] DELETE /placement/resource_providers/fe44712a-4bd9-4f50-a287-6f2a894f9d4d => generated 246 bytes in 18 msecs (HTTP/1.1 404) 6 headers in 231 bytes (1 switches on core 0)
Jul 28 11:39:16.611317 n-d-851368-1 devstack@placement-api.service[105155]: DEBUG placement.requestlog [None req-120cce9d-a632-4676-a665-b5e56b0795e1 None None] Starting request: 10.222.0.93 "GET /placement/resource_providers/d31611f5-ceb8-468b-af89-7ddd4c82ec94/aggregates" {{(pid=105155) __call__ /opt/stack/placement/placement/requestlog.py:55}}
Jul 28 11:39:16.626604 n-d-851368-1 devstack@placement-api.service[105155]: INFO placement.requestlog [None req-120cce9d-a632-4676-a665-b5e56b0795e1 service placement] 10.222.0.93 "GET /placement/resource_providers/d31611f5-ceb8-468b-af89-7ddd4c82ec94/aggregates" status: 404 len: 235 microversion: 1.1
Jul 28 11:39:16.627232 n-d-851368-1 devstack@placement-api.service[105155]: [pid: 105155|app: 0|req: 348/703] 10.222.0.93 () {58 vars in 1362 bytes} [Thu Jul 28 11:39:16 2022] GET /placement/resource_providers/d31611f5-ceb8-468b-af89-7ddd4c82ec94/aggregates => generated 235 bytes in 16 msecs (HTTP/1.1 404) 5 headers in 202 bytes (1 switches on core 0)
Jul 28 11:39:16.653385 n-d-851368-1 devstack@placement-api.service[105154]: DEBUG placement.requestlog [None req-670e6d2c-9542-4c2a-a8ba-35c5b1386e06 None None] Starting request: 10.222.0.93 "DELETE /placement/resource_providers/d31611f5-ceb8-468b-af89-7ddd4c82ec94" {{(pid=105154) __call__ /opt/stack/placement/placement/requestlog.py:55}}
Jul 28 11:39:16.665454 n-d-851368-1 devstack@placement-api.service[105154]: DEBUG placement.wsgi_wrapper [None req-670e6d2c-9542-4c2a-a8ba-35c5b1386e06 service placement] Placement API returning an error response: No resource provider with uuid d31611f5-ceb8-468b-af89-7ddd4c82ec94 found for delete {{(pid=105154) call_func /opt/stack/placement/placement/wsgi_wrapper.py:31}}
Jul 28 11:39:16.667527 n-d-851368-1 devstack@placement-api.service[105154]: INFO placement.requestlog [None req-670e6d2c-9542-4c2a-a8ba-35c5b1386e06 service placement] 10.222.0.93 "DELETE /placement/resource_providers/d31611f5-ceb8-468b-af89-7ddd4c82ec94" status: 404 len: 246 microversion: 1.1
Jul 28 11:39:16.671386 n-d-851368-1 devstack@placement-api.service[105154]: [pid: 105154|app: 0|req: 356/704] 10.222.0.93 () {60 vars in 1351 bytes} [Thu Jul 28 11:39:16 2022] DELETE /placement/resource_providers/d31611f5-ceb8-468b-af89-7ddd4c82ec94 => generated 246 bytes in 18 msecs (HTTP/1.1 404) 6 headers in 231 bytes (1 switches on core 0)
Jul 28 11:39:26.622122 n-d-851368-1 devstack@placement-api.service[105155]: DEBUG dbcounter [-] [105155] Writing DB stats placement:SELECT=24 {{(pid=105155) stat_writer /usr/local/lib/python3.8/dist-packages/dbcounter.py:114}}
Jul 28 11:39:26.663339 n-d-851368-1 devstack@placement-api.service[105154]: DEBUG dbcounter [-] [105154] Writing DB stats placement:SELECT=25 {{(pid=105154) stat_writer /usr/local/lib/python3.8/dist-packages/dbcounter.py:114}}
Jul 28 11:39:28.163451 n-d-851368-1 devstack@placement-api.service[105155]: DEBUG placement.requestlog [req-3fff999b-feef-4c79-8623-1e4e41643ccc req-f9b2c99d-0a57-49a9-84d7-a8c35b209cf8 None None] Starting request: 10.222.0.93 "GET /placement/allocation_candidates?limit=1000&resources=DISK_GB%3A1%2CMEMORY_MB%3A1024%2CVCPU%3A1&root_required=%21COMPUTE_STATUS_DISABLED" {{(pid=105155) __call__ /opt/stack/placement/placement/requestlog.py:55}}
Jul 28 11:39:28.273316 n-d-851368-1 devstack@placement-api.service[105155]: DEBUG placement.objects.research_context [req-3fff999b-feef-4c79-8623-1e4e41643ccc req-f9b2c99d-0a57-49a9-84d7-a8c35b209cf8 service placement] getting providers with 1 DISK_GB {{(pid=105155) __init__ /opt/stack/placement/placement/objects/research_context.py:136}}
Jul 28 11:39:28.292268 n-d-851368-1 devstack@placement-api.service[105155]: DEBUG placement.objects.research_context [req-3fff999b-feef-4c79-8623-1e4e41643ccc req-f9b2c99d-0a57-49a9-84d7-a8c35b209cf8 service placement] getting providers with 1024 MEMORY_MB {{(pid=105155) __init__ /opt/stack/placement/placement/objects/research_context.py:136}}
Jul 28 11:39:28.308554 n-d-851368-1 devstack@placement-api.service[105155]: DEBUG placement.objects.research_context [req-3fff999b-feef-4c79-8623-1e4e41643ccc req-f9b2c99d-0a57-49a9-84d7-a8c35b209cf8 service placement] getting providers with 1 VCPU {{(pid=105155) __init__ /opt/stack/placement/placement/objects/research_context.py:136}}
Jul 28 11:39:28.338504 n-d-851368-1 devstack@placement-api.service[105155]: DEBUG placement.objects.research_context [req-3fff999b-feef-4c79-8623-1e4e41643ccc req-f9b2c99d-0a57-49a9-84d7-a8c35b209cf8 service placement] found 2 providers with available 1 DISK_GB {{(pid=105155) get_provider_ids_matching /opt/stack/placement/placement/objects/research_context.py:563}}
Jul 28 11:39:28.338967 n-d-851368-1 devstack@placement-api.service[105155]: DEBUG placement.objects.research_context [req-3fff999b-feef-4c79-8623-1e4e41643ccc req-f9b2c99d-0a57-49a9-84d7-a8c35b209cf8 service placement] found 2 providers with available 1024 MEMORY_MB {{(pid=105155) get_provider_ids_matching /opt/stack/placement/placement/objects/research_context.py:563}}
Jul 28 11:39:28.339542 n-d-851368-1 devstack@placement-api.service[105155]: DEBUG placement.objects.research_context [req-3fff999b-feef-4c79-8623-1e4e41643ccc req-f9b2c99d-0a57-49a9-84d7-a8c35b209cf8 service placement] found 2 providers after filtering by previous result {{(pid=105155) get_provider_ids_matching /opt/stack/placement/placement/objects/research_context.py:594}}
Jul 28 11:39:28.339953 n-d-851368-1 devstack@placement-api.service[105155]: DEBUG placement.objects.research_context [req-3fff999b-feef-4c79-8623-1e4e41643ccc req-f9b2c99d-0a57-49a9-84d7-a8c35b209cf8 service placement] found 2 providers with available 1 VCPU {{(pid=105155) get_provider_ids_matching /opt/stack/placement/placement/objects/research_context.py:563}}
Jul 28 11:39:28.340385 n-d-851368-1 devstack@placement-api.service[105155]: DEBUG placement.objects.research_context [req-3fff999b-feef-4c79-8623-1e4e41643ccc req-f9b2c99d-0a57-49a9-84d7-a8c35b209cf8 service placement] found 2 providers after filtering by previous result {{(pid=105155) get_provider_ids_matching /opt/stack/placement/placement/objects/research_context.py:594}}
Jul 28 11:39:28.367263 n-d-851368-1 devstack@placement-api.service[105155]: DEBUG placement.objects.allocation_candidate [req-3fff999b-feef-4c79-8623-1e4e41643ccc req-f9b2c99d-0a57-49a9-84d7-a8c35b209cf8 service placement] RequestGroup(use_same_provider=False, resources={DISK_GB:1, MEMORY_MB:1024, VCPU:1}, traits=(), aggregates=[]) (suffix '') returned 2 matches {{(pid=105155) _get_by_requests /opt/stack/placement/placement/objects/allocation_candidate.py:156}}
Jul 28 11:39:28.368787 n-d-851368-1 devstack@placement-api.service[105155]: DEBUG placement.objects.allocation_candidate [req-3fff999b-feef-4c79-8623-1e4e41643ccc req-f9b2c99d-0a57-49a9-84d7-a8c35b209cf8 service placement] Merging candidates yields 2 allocation requests and 2 provider summaries {{(pid=105155) _merge_candidates /opt/stack/placement/placement/objects/allocation_candidate.py:809}}
Jul 28 11:39:28.376305 n-d-851368-1 devstack@placement-api.service[105155]: INFO placement.requestlog [req-3fff999b-feef-4c79-8623-1e4e41643ccc req-f9b2c99d-0a57-49a9-84d7-a8c35b209cf8 service placement] 10.222.0.93 "GET /placement/allocation_candidates?limit=1000&resources=DISK_GB%3A1%2CMEMORY_MB%3A1024%2CVCPU%3A1&root_required=%21COMPUTE_STATUS_DISABLED" status: 200 len: 1309 microversion: 1.36
Jul 28 11:39:28.377306 n-d-851368-1 devstack@placement-api.service[105155]: [pid: 105155|app: 0|req: 349/705] 10.222.0.93 () {60 vars in 1506 bytes} [Thu Jul 28 11:39:28 2022] GET /placement/allocation_candidates?limit=1000&resources=DISK_GB%3A1%2CMEMORY_MB%3A1024%2CVCPU%3A1&root_required=%21COMPUTE_STATUS_DISABLED => generated 1309 bytes in 214 msecs (HTTP/1.1 200) 8 headers in 297 bytes (1 switches on core 0)
Jul 28 11:39:28.526086 n-d-851368-1 devstack@placement-api.service[105154]: DEBUG placement.requestlog [req-3fff999b-feef-4c79-8623-1e4e41643ccc req-0c70c1d4-de75-43a6-910d-d9ae926b12e5 None None] Starting request: 10.222.0.93 "GET /placement/allocations/cb22cdd7-700e-4c4b-bf2b-9b8d17d431b8" {{(pid=105154) __call__ /opt/stack/placement/placement/requestlog.py:55}}
Jul 28 11:39:28.562905 n-d-851368-1 devstack@placement-api.service[105154]: INFO placement.requestlog [req-3fff999b-feef-4c79-8623-1e4e41643ccc req-0c70c1d4-de75-43a6-910d-d9ae926b12e5 service placement] 10.222.0.93 "GET /placement/allocations/cb22cdd7-700e-4c4b-bf2b-9b8d17d431b8" status: 200 len: 19 microversion: 1.28
Jul 28 11:39:28.563649 n-d-851368-1 devstack@placement-api.service[105154]: [pid: 105154|app: 0|req: 357/706] 10.222.0.93 () {60 vars in 1380 bytes} [Thu Jul 28 11:39:28 2022] GET /placement/allocations/cb22cdd7-700e-4c4b-bf2b-9b8d17d431b8 => generated 19 bytes in 38 msecs (HTTP/1.1 200) 8 headers in 295 bytes (1 switches on core 0)
Jul 28 11:39:28.574029 n-d-851368-1 devstack@placement-api.service[105155]: DEBUG placement.requestlog [req-3fff999b-feef-4c79-8623-1e4e41643ccc req-2881dea1-29f5-4827-83c3-58e27702ad12 None None] Starting request: 10.222.0.93 "PUT /placement/allocations/cb22cdd7-700e-4c4b-bf2b-9b8d17d431b8" {{(pid=105155) __call__ /opt/stack/placement/placement/requestlog.py:55}}
Jul 28 11:39:28.748682 n-d-851368-1 devstack@placement-api.service[105155]: DEBUG placement.handlers.allocation [req-3fff999b-feef-4c79-8623-1e4e41643ccc req-2881dea1-29f5-4827-83c3-58e27702ad12 service placement] Successfully wrote allocations [, , ] {{(pid=105155) _update_consumers_and_create_allocations /opt/stack/placement/placement/handlers/allocation.py:462}}
Jul 28 11:39:28.752264 n-d-851368-1 devstack@placement-api.service[105155]: INFO placement.requestlog [req-3fff999b-feef-4c79-8623-1e4e41643ccc req-2881dea1-29f5-4827-83c3-58e27702ad12 service placement] 10.222.0.93 "PUT /placement/allocations/cb22cdd7-700e-4c4b-bf2b-9b8d17d431b8" status: 204 len: 0 microversion: 1.36
Jul 28 11:39:28.754044 n-d-851368-1 devstack@placement-api.service[105155]: [pid: 105155|app: 0|req: 350/707] 10.222.0.93 () {64 vars in 1433 bytes} [Thu Jul 28 11:39:28 2022] PUT /placement/allocations/cb22cdd7-700e-4c4b-bf2b-9b8d17d431b8 => generated 0 bytes in 179 msecs (HTTP/1.1 204) 5 headers in 199 bytes (1 switches on core 0)
Jul 28 11:39:29.546496 n-d-851368-1 devstack@placement-api.service[105154]: DEBUG placement.requestlog [req-af2a9912-fc4b-4a36-90b8-1fb7e340951e req-cbca374f-3b9a-459e-a030-41b74b05e78f None None] Starting request: 10.222.0.93 "GET /placement/allocation_candidates?limit=1000&resources=DISK_GB%3A1%2CMEMORY_MB%3A1024%2CVCPU%3A1&root_required=%21COMPUTE_STATUS_DISABLED" {{(pid=105154) __call__ /opt/stack/placement/placement/requestlog.py:55}}
Jul 28 11:39:29.646318 n-d-851368-1 devstack@placement-api.service[105154]: DEBUG placement.objects.research_context [req-af2a9912-fc4b-4a36-90b8-1fb7e340951e req-cbca374f-3b9a-459e-a030-41b74b05e78f service placement] getting providers with 1 DISK_GB {{(pid=105154) __init__ /opt/stack/placement/placement/objects/research_context.py:136}}
Jul 28 11:39:29.667996 n-d-851368-1 devstack@placement-api.service[105154]: DEBUG placement.objects.research_context [req-af2a9912-fc4b-4a36-90b8-1fb7e340951e req-cbca374f-3b9a-459e-a030-41b74b05e78f service placement] getting providers with 1024 MEMORY_MB {{(pid=105154) __init__ /opt/stack/placement/placement/objects/research_context.py:136}}
Jul 28 11:39:29.674795 n-d-851368-1 devstack@placement-api.service[105154]: DEBUG placement.objects.research_context [req-af2a9912-fc4b-4a36-90b8-1fb7e340951e req-cbca374f-3b9a-459e-a030-41b74b05e78f service placement] getting providers with 1 VCPU {{(pid=105154) __init__ /opt/stack/placement/placement/objects/research_context.py:136}}
